000
CDUS43 KGRR 292126
CLIBIV


CLIMATE REPORT
NATIONAL WEATHER SERVICE GRAND RAPIDS, MI
525 PM EDT SUN MAR 29 2015


...................................

...THE HOLLAND/TULIP CITY MI CLIMATE SUMMARY FOR MARCH 29 2015...
VALID TODAY AS OF 0500 PM LOCAL TIME.

CLIMATE NORMAL PERIOD 1981 TO 2010
CLIMATE RECORD PERIOD 1996 TO 2015


WEATHER ITEM   OBSERVED TIME   NORMAL DEPARTURE LAST
                VALUE   (LST)  VALUE  FROM      YEAR
                                      NORMAL
......................................................
TEMPERATURE (F)
 TODAY
  MAXIMUM         44   1228 PM  50     -6       44
  MINIMUM         20    233 AM  33    -13       29
  AVERAGE         32            42    -10       37

PRECIPITATION (IN)
  TODAY            0.05          0.07  -0.02     0.00
  MONTH TO DATE    0.54          2.14  -1.60     1.14
  SINCE MAR 1      0.54          2.14  -1.60     1.14
  SINCE JAN 1      2.02          6.03  -4.01     5.10

DEGREE DAYS
 HEATING
  TODAY           33            24      9       28
  MONTH TO DATE  935           829    106     1087
  SINCE MAR 1    935           829    106     1087
  SINCE JUL 1   5902          5329    573     6245

 COOLING
  TODAY            0             0      0        0
  MONTH TO DATE    0             0      0        0
  SINCE MAR 1      0             0      0        0
  SINCE JAN 1      0             0      0        0
......................................................


WIND (MPH)
  RESULTANT WIND SPEED  13   RESULTANT WIND DIRECTION   S (180)
  HIGHEST WIND SPEED    28   HIGHEST WIND DIRECTION     S (170)
  HIGHEST GUST SPEED    37   HIGHEST GUST DIRECTION     S (170)
  AVERAGE WIND SPEED    13.0


SKY COVER
  AVERAGE SKY COVER 0.2


WEATHER CONDITIONS
 THE FOLLOWING WEATHER WAS RECORDED TODAY.
  LIGHT RAIN
  LIGHT SNOW
  FOG
  HAZE


RELATIVE HUMIDITY (PERCENT)
 HIGHEST    82           400 PM
 LOWEST     33          1200 PM
 AVERAGE    58

..........................................................


THE HOLLAND/TULIP CITY MI CLIMATE NORMALS FOR TOMORROW
                         NORMAL
 MAXIMUM TEMPERATURE (F)   51
 MINIMUM TEMPERATURE (F)   33


SUNRISE AND SUNSET
MARCH 29 2015.........SUNRISE   733 AM EDT   SUNSET   807 PM EDT
MARCH 30 2015.........SUNRISE   731 AM EDT   SUNSET   808 PM EDT


-  INDICATES NEGATIVE NUMBERS.
R  INDICATES RECORD WAS SET OR TIED.
MM INDICATES DATA IS MISSING.
T  INDICATES TRACE AMOUNT.




$$
