000
CDUS43 KGRR 240539
CLIBIV


CLIMATE REPORT
NATIONAL WEATHER SERVICE GRAND RAPIDS, MI
134 AM EDT THU APR 24 2014


...................................

...THE HOLLAND/TULIP CITY MI CLIMATE SUMMARY FOR APRIL 23 2014...

CLIMATE NORMAL PERIOD 1981 TO 2010
CLIMATE RECORD PERIOD 9999 TO 9999


WEATHER ITEM   OBSERVED TIME   NORMAL DEPARTURE LAST
                VALUE   (LST)  VALUE  FROM      YEAR
                                      NORMAL
......................................................
TEMPERATURE (F)
 YESTERDAY
  MAXIMUM         53   1154 AM  61     -8       66
  MINIMUM         34    629 AM  41     -7       40
  AVERAGE         44            51     -7       53

PRECIPITATION (IN)
  YESTERDAY        0.00          0.11  -0.11     0.41
  MONTH TO DATE    1.53          2.28  -0.75     8.78
  SINCE MAR 1      2.67          4.55  -1.88     9.78
  SINCE JAN 1      6.63          8.44  -1.81    15.54

DEGREE DAYS
 HEATING
  YESTERDAY       21            14      7       12
  MONTH TO DATE  421           416      5      484
  SINCE MAR 1   1547          1290    257     1474
  SINCE JUL 1   6705          5790    915     5726

 COOLING
  YESTERDAY        0             0      0        0
  MONTH TO DATE    0             0      0        0
  SINCE MAR 1      0             0      0        0
  SINCE JAN 1      0             0      0        0
......................................................


WIND (MPH)
  RESULTANT WIND SPEED   4   RESULTANT WIND DIRECTION   N (340)
  HIGHEST WIND SPEED    16   HIGHEST WIND DIRECTION     W (290)
  HIGHEST GUST SPEED    24   HIGHEST GUST DIRECTION     W (270)
  AVERAGE WIND SPEED     6.6


SKY COVER
  AVERAGE SKY COVER 0.0


WEATHER CONDITIONS
 THE FOLLOWING WEATHER WAS RECORDED YESTERDAY.
  NO SIGNIFICANT WEATHER WAS OBSERVED.


RELATIVE HUMIDITY (PERCENT)
 HIGHEST    75           500 AM
 LOWEST     38          1200 PM
 AVERAGE    57

..........................................................


THE HOLLAND/TULIP CITY MI CLIMATE NORMALS FOR TODAY
                         NORMAL
 MAXIMUM TEMPERATURE (F)   62
 MINIMUM TEMPERATURE (F)   42


SUNRISE AND SUNSET
APRIL 24 2014.........SUNRISE   649 AM EDT   SUNSET   837 PM EDT
APRIL 25 2014.........SUNRISE   647 AM EDT   SUNSET   838 PM EDT


-  INDICATES NEGATIVE NUMBERS.
R  INDICATES RECORD WAS SET OR TIED.
MM INDICATES DATA IS MISSING.
T  INDICATES TRACE AMOUNT.




$$
