000
CDUS43 KGRR 222130
CLIBIV


CLIMATE REPORT
NATIONAL WEATHER SERVICE GRAND RAPIDS, MI
528 PM EDT SAT JUL 22 2017


...................................

...THE HOLLAND/TULIP CITY MI CLIMATE SUMMARY FOR JULY 22 2017...
VALID TODAY AS OF 0500 PM LOCAL TIME.

CLIMATE NORMAL PERIOD 1981 TO 2010
CLIMATE RECORD PERIOD 1996 TO 2017


WEATHER ITEM   OBSERVED TIME   NORMAL DEPARTURE LAST
                VALUE   (LST)  VALUE  FROM      YEAR
                                      NORMAL
......................................................
TEMPERATURE (F)
 TODAY
  MAXIMUM         79   1018 AM  82     -3       83
  MINIMUM         69    522 AM  63      6       65
  AVERAGE         74            73      1       74

PRECIPITATION (IN)
  TODAY            0.12          0.10   0.02     0.00
  MONTH TO DATE    3.25          2.05   1.20     1.14
  SINCE JUN 1      6.56          6.27   0.29     3.42
  SINCE JAN 1     21.73         18.86   2.87    16.55

DEGREE DAYS
 HEATING
  TODAY            0             0      0        0
  MONTH TO DATE    1             0      1        7
  SINCE JUN 1     21            48    -27       43
  SINCE JUL 1      1             0      1        7

 COOLING
  TODAY            9             8      1        9
  MONTH TO DATE  145           170    -25      163
  SINCE JUN 1    298           316    -18      295
  SINCE JAN 1    329           358    -29      354
......................................................


WIND (MPH)
  RESULTANT WIND SPEED   4   RESULTANT WIND DIRECTION   W (250)
  HIGHEST WIND SPEED    15   HIGHEST WIND DIRECTION     W (280)
  HIGHEST GUST SPEED    23   HIGHEST GUST DIRECTION     W (280)
  AVERAGE WIND SPEED     7.7


SKY COVER
  AVERAGE SKY COVER 0.8


WEATHER CONDITIONS
 THE FOLLOWING WEATHER WAS RECORDED TODAY.
  RAIN
  LIGHT RAIN
  FOG


RELATIVE HUMIDITY (PERCENT)
 HIGHEST    97           600 AM
 LOWEST     76          1000 AM
 AVERAGE    87

..........................................................


THE HOLLAND/TULIP CITY MI CLIMATE NORMALS FOR TOMORROW
                         NORMAL
 MAXIMUM TEMPERATURE (F)   82
 MINIMUM TEMPERATURE (F)   63


SUNRISE AND SUNSET
JULY 22 2017..........SUNRISE   626 AM EDT   SUNSET   915 PM EDT
JULY 23 2017..........SUNRISE   627 AM EDT   SUNSET   915 PM EDT


-  INDICATES NEGATIVE NUMBERS.
R  INDICATES RECORD WAS SET OR TIED.
MM INDICATES DATA IS MISSING.
T  INDICATES TRACE AMOUNT.




$$

jam
