000
CDUS43 KGRR 201350
CLIBIV


CLIMATE REPORT
NATIONAL WEATHER SERVICE GRAND RAPIDS, MI
950 AM EDT WED SEP 20 2017


...................................

...THE HOLLAND/TULIP CITY MI CLIMATE SUMMARY FOR SEPTEMBER 20 2017...
VALID AS OF 0900 AM LOCAL TIME.

CLIMATE NORMAL PERIOD 1981 TO 2010
CLIMATE RECORD PERIOD 1996 TO 2017


WEATHER ITEM   OBSERVED TIME   NORMAL DEPARTURE LAST
                VALUE   (LST)  VALUE  FROM      YEAR
                                      NORMAL
......................................................
TEMPERATURE (F)
 TODAY
  MAXIMUM         68    759 AM  72     -4       82
  MINIMUM         63    125 AM  52     11       58
  AVERAGE         66            62      4       70

PRECIPITATION (IN)
  TODAY            0.00          0.15  -0.15     0.06
  MONTH TO DATE    0.53          2.31  -1.78     1.02
  SINCE SEP 1      0.53          2.31  -1.78     1.02
  SINCE JAN 1     25.35         25.52  -0.17    22.90

DEGREE DAYS
 HEATING
  TODAY            0             5     -5        0
  MONTH TO DATE   75            51     24        8
  SINCE SEP 1     75            51     24        8
  SINCE JUL 1     96            66     30       15

 COOLING
  TODAY            1             1      0        5
  MONTH TO DATE   29            53    -24       81
  SINCE SEP 1     29            53    -24       81
  SINCE JAN 1    514           671   -157      760
......................................................


WIND (MPH)
  RESULTANT WIND SPEED   4   RESULTANT WIND DIRECTION  SE (130)
  HIGHEST WIND SPEED     9   HIGHEST WIND DIRECTION     S (170)
  HIGHEST GUST SPEED    11   HIGHEST GUST DIRECTION     S (180)
  AVERAGE WIND SPEED     4.1


SKY COVER
  AVERAGE SKY COVER 0.9


WEATHER CONDITIONS
 THE FOLLOWING WEATHER WAS RECORDED TODAY.
  FOG


RELATIVE HUMIDITY (PERCENT)
 HIGHEST    93           200 AM
 LOWEST     87          1200 AM
 AVERAGE    90

..........................................................


THE HOLLAND/TULIP CITY MI CLIMATE NORMALS FOR TOMORROW
                         NORMAL
 MAXIMUM TEMPERATURE (F)   72
 MINIMUM TEMPERATURE (F)   51


SUNRISE AND SUNSET
SEPTEMBER 20 2017.....SUNRISE   730 AM EDT   SUNSET   745 PM EDT
SEPTEMBER 21 2017.....SUNRISE   731 AM EDT   SUNSET   743 PM EDT


-  INDICATES NEGATIVE NUMBERS.
R  INDICATES RECORD WAS SET OR TIED.
MM INDICATES DATA IS MISSING.
T  INDICATES TRACE AMOUNT.




$$
