000
CDUS43 KGRR 252126
CLIBIV


CLIMATE REPORT
NATIONAL WEATHER SERVICE GRAND RAPIDS, MI
524 PM EDT FRI JUL 25 2014


...................................

...THE HOLLAND/TULIP CITY MI CLIMATE SUMMARY FOR JULY 25 2014...
VALID TODAY AS OF 0500 PM LOCAL TIME.

CLIMATE NORMAL PERIOD 1981 TO 2010
CLIMATE RECORD PERIOD 9999 TO 9999


WEATHER ITEM   OBSERVED TIME   RECORD YEAR NORMAL DEPARTURE LAST
                VALUE   (LST)  VALUE       VALUE  FROM      YEAR
                                                  NORMAL
..................................................................
TEMPERATURE (F)
 TODAY
  MAXIMUM         77   1256 PM  MM      MM  82     -5       78
  MINIMUM         50    350 AM  MM      MM  63    -13       52
  AVERAGE         64                        72     -8       65

PRECIPITATION (IN)
  TODAY            0.00         MM      MM   0.08  -0.08     0.00
  MONTH TO DATE    2.59                      2.29   0.30     1.64
  SINCE JUN 1      6.32                      6.51  -0.19     6.27
  SINCE JAN 1     15.85                     19.10  -3.25    24.80

DEGREE DAYS
 HEATING
  TODAY            1                         0      1        0
  MONTH TO DATE    9                         0      9        0
  SINCE JUN 1     32                        48    -16       34
  SINCE JUL 1      9                         0      9        0

 COOLING
  TODAY            0                         8     -8        0
  MONTH TO DATE   91                       194   -103      262
  SINCE JUN 1    274                       340    -66      426
  SINCE JAN 1    313                       382    -69      516
..................................................................


WIND (MPH)
  RESULTANT WIND SPEED   4   RESULTANT WIND DIRECTION  SW (220)
  HIGHEST WIND SPEED    15   HIGHEST WIND DIRECTION     W (250)
  HIGHEST GUST SPEED    18   HIGHEST GUST DIRECTION    SW (230)
  AVERAGE WIND SPEED     4.8



WEATHER CONDITIONS
 THE FOLLOWING WEATHER WAS RECORDED TODAY.
  NO SIGNIFICANT WEATHER WAS OBSERVED.


RELATIVE HUMIDITY (PERCENT)
 HIGHEST    89          1200 AM
 LOWEST     43          1200 PM
 AVERAGE    66

..........................................................




SUNRISE AND SUNSET
JULY 25 2014..........SUNRISE   629 AM EDT   SUNSET   913 PM EDT
JULY 26 2014..........SUNRISE   630 AM EDT   SUNSET   912 PM EDT


-  INDICATES NEGATIVE NUMBERS.
R  INDICATES RECORD WAS SET OR TIED.
MM INDICATES DATA IS MISSING.
T  INDICATES TRACE AMOUNT.




$$

63
