000
CDUS46 KBOI 270931
CLIBKE


CLIMATE REPORT
NATIONAL WEATHER SERVICE BOISE ID
331 AM MDT FRI MAR 27 2015


...................................

...THE BAKER OR CLIMATE SUMMARY FOR MARCH 26 2015...

CLIMATE NORMAL PERIOD 1981 TO 2010
CLIMATE RECORD PERIOD 1948 TO 2015


WEATHER ITEM   OBSERVED TIME   RECORD YEAR NORMAL DEPARTURE LAST
                VALUE   (LST)  VALUE       VALUE  FROM      YEAR
                                                  NORMAL
..................................................................
TEMPERATURE (F)
 YESTERDAY
  MAXIMUM         65    339 PM  73    1997  53     12       53
  MINIMUM         24    605 AM  16    1950  27     -3       25
  AVERAGE         45                        40      5       39

PRECIPITATION (IN)
  YESTERDAY        0.00          0.38 1965   0.02  -0.02     0.01
  MONTH TO DATE    0.49                      0.68  -0.19     0.81
  SINCE OCT 1      3.79                      4.57  -0.78     3.67
  SINCE JAN 1      1.59                      2.06  -0.47     2.50

DEGREE DAYS
 HEATING
  YESTERDAY       20                        25     -5       26
  MONTH TO DATE  610                       727   -117      630
  SINCE MAR 1    610                       727   -117      630
  SINCE JUL 1   5286                      6247   -961     6156

 COOLING
  YESTERDAY        0                         0      0        0
  MONTH TO DATE    0                         0      0        0
  SINCE MAR 1      0                         0      0        0
  SINCE JAN 1      0                         0      0        0
..................................................................


WIND (MPH)
  RESULTANT WIND SPEED   2   RESULTANT WIND DIRECTION   E (90)
  HIGHEST WIND SPEED    17   HIGHEST WIND DIRECTION     E (70)
  HIGHEST GUST SPEED    22   HIGHEST GUST DIRECTION     E (70)
  AVERAGE WIND SPEED     4.1


SKY COVER
  AVERAGE SKY COVER 0.2


WEATHER CONDITIONS
 THE FOLLOWING WEATHER WAS RECORDED YESTERDAY.
  FOG
  FOG W/VISIBILITY <= 1/4 MILE


RELATIVE HUMIDITY (PERCENT)
 HIGHEST   100           100 AM
 LOWEST     44           200 PM
 AVERAGE    72

..........................................................


THE BAKER OR CLIMATE NORMALS FOR TODAY
                         NORMAL    RECORD    YEAR
 MAXIMUM TEMPERATURE (F)   53        74      1966
 MINIMUM TEMPERATURE (F)   27        15      1976


SUNRISE AND SUNSET
MARCH 27 2015.........SUNRISE   642 AM PDT   SUNSET   712 PM PDT
MARCH 28 2015.........SUNRISE   640 AM PDT   SUNSET   714 PM PDT


-  INDICATES NEGATIVE NUMBERS.
R  INDICATES RECORD WAS SET OR TIED.
MM INDICATES DATA IS MISSING.
T  INDICATES TRACE AMOUNT.




$$
