000
CDUS46 KBOI 010931
CLIBKE


CLIMATE REPORT
NATIONAL WEATHER SERVICE BOISE ID
330 AM MDT SUN MAY 1 2016


...................................

...THE BAKER OR CLIMATE SUMMARY FOR APRIL 30 2016...

CLIMATE NORMAL PERIOD 1981 TO 2010
CLIMATE RECORD PERIOD 1948 TO 2016


WEATHER ITEM   OBSERVED TIME   RECORD YEAR NORMAL DEPARTURE LAST
                VALUE   (LST)  VALUE       VALUE  FROM      YEAR
                                                  NORMAL
..................................................................
TEMPERATURE (F)
 YESTERDAY
  MAXIMUM         59    235 PM  82    1981  62     -3       65
  MINIMUM         42   1159 PM  19    2013  32     10       27
                                      1991
  AVERAGE         51                        47      4       46

PRECIPITATION (IN)
  YESTERDAY        0.00          0.22 1987   0.04  -0.04     0.00
  MONTH TO DATE    0.35                      0.85  -0.50     0.62
  SINCE OCT 1      3.81                      5.56  -1.75     4.44
  SINCE JAN 1      1.27                      3.05  -1.78     2.24

DEGREE DAYS
 HEATING
  YESTERDAY       14                        18     -4       19
  MONTH TO DATE  478                       646   -168      664
  SINCE MAR 1   1265                      1493   -228     1366
  SINCE JUL 1   6309                      7013   -704     6042

 COOLING
  YESTERDAY        0                         0      0        0
  MONTH TO DATE    0                         0      0        0
  SINCE MAR 1      0                         0      0        0
  SINCE JAN 1      0                         0      0        0
..................................................................


WIND (MPH)
  RESULTANT WIND SPEED  17   RESULTANT WIND DIRECTION  NW (320)
  HIGHEST WIND SPEED    31   HIGHEST WIND DIRECTION    NW (320)
  HIGHEST GUST SPEED    38   HIGHEST GUST DIRECTION    NW (320)
  AVERAGE WIND SPEED    17.2


SKY COVER
  AVERAGE SKY COVER 0.4


WEATHER CONDITIONS
 THE FOLLOWING WEATHER WAS RECORDED YESTERDAY.
  NO SIGNIFICANT WEATHER WAS OBSERVED.


RELATIVE HUMIDITY (PERCENT)
 HIGHEST    76          1200 AM
 LOWEST     40           200 PM
 AVERAGE    58

..........................................................


THE BAKER OR CLIMATE NORMALS FOR TODAY
                         NORMAL    RECORD    YEAR
 MAXIMUM TEMPERATURE (F)   62        82      1998
 MINIMUM TEMPERATURE (F)   32        15      2013


SUNRISE AND SUNSET
MAY  1 2016...........SUNRISE   540 AM PDT   SUNSET   757 PM PDT
MAY  2 2016...........SUNRISE   539 AM PDT   SUNSET   758 PM PDT


-  INDICATES NEGATIVE NUMBERS.
R  INDICATES RECORD WAS SET OR TIED.
MM INDICATES DATA IS MISSING.
T  INDICATES TRACE AMOUNT.




$$
