000
CDUS46 KBOI 300931
CLIBKE


CLIMATE REPORT
NATIONAL WEATHER SERVICE BOISE ID
330 AM MDT TUE MAY 30 2017


...................................

...THE BAKER OR CLIMATE SUMMARY FOR MAY 29 2017...

CLIMATE NORMAL PERIOD 1981 TO 2010
CLIMATE RECORD PERIOD 1928 TO 2017


WEATHER ITEM   OBSERVED TIME   RECORD YEAR NORMAL DEPARTURE LAST
                VALUE   (LST)  VALUE       VALUE  FROM      YEAR
                                                  NORMAL
..................................................................
TEMPERATURE (F)
 YESTERDAY
  MAXIMUM         85    417 PM  92    1986  69     16       74
  MINIMUM         39    430 AM  28    2014  39      0       36
  AVERAGE         62                        54      8       55

PRECIPITATION (IN)
  YESTERDAY        0.00          1.65 1953   0.05  -0.05     0.00
  MONTH TO DATE    0.33                      1.37  -1.04     1.07
  SINCE OCT 1      6.48                      6.93  -0.45     4.88
  SINCE JAN 1      3.74                      4.42  -0.68     2.34

DEGREE DAYS
 HEATING
  YESTERDAY        3                        11     -8       10
  MONTH TO DATE  427                       413     14      356
  SINCE MAR 1   1847                      1906    -59     1621
  SINCE JUL 1   7675                      7426    249     6665

 COOLING
  YESTERDAY        0                         0      0        0
  MONTH TO DATE    0                         0      0        0
  SINCE MAR 1      0                         0      0        0
  SINCE JAN 1      0                         0      0        0
..................................................................


WIND (MPH)
  RESULTANT WIND SPEED   0   RESULTANT WIND DIRECTION  SE (140)
  HIGHEST WIND SPEED    12   HIGHEST WIND DIRECTION    SE (120)
  HIGHEST GUST SPEED    15   HIGHEST GUST DIRECTION    SE (140)
  AVERAGE WIND SPEED     3.2


SKY COVER
  AVERAGE SKY COVER 0.0


WEATHER CONDITIONS
 THE FOLLOWING WEATHER WAS RECORDED YESTERDAY.
  FOG


RELATIVE HUMIDITY (PERCENT)
 HIGHEST   100           300 AM
 LOWEST     14           200 PM
 AVERAGE    57

..........................................................


THE BAKER OR CLIMATE NORMALS FOR TODAY
                         NORMAL    RECORD    YEAR
 MAXIMUM TEMPERATURE (F)   69        94      1986
 MINIMUM TEMPERATURE (F)   40        28      2010


SUNRISE AND SUNSET
MAY 30 2017...........SUNRISE   509 AM PDT   SUNSET   829 PM PDT
MAY 31 2017...........SUNRISE   509 AM PDT   SUNSET   830 PM PDT


-  INDICATES NEGATIVE NUMBERS.
R  INDICATES RECORD WAS SET OR TIED.
MM INDICATES DATA IS MISSING.
T  INDICATES TRACE AMOUNT.




$$
