000
CDUS46 KBOI 230933
CLIBKE


CLIMATE REPORT
NATIONAL WEATHER SERVICE BOISE ID
232 AM MST SUN NOV 23 2014


...................................

...THE BAKER OR CLIMATE SUMMARY FOR NOVEMBER 22 2014...

CLIMATE NORMAL PERIOD 1981 TO 2010
CLIMATE RECORD PERIOD 1948 TO 2014


WEATHER ITEM   OBSERVED TIME   RECORD YEAR NORMAL DEPARTURE LAST
                VALUE   (LST)  VALUE       VALUE  FROM      YEAR
                                                  NORMAL
..................................................................
TEMPERATURE (F)
 YESTERDAY
  MAXIMUM         44    136 PM  58    1954  40      4       38
  MINIMUM         31   1142 PM  -8    1985  21     10        5
  AVERAGE         38                        30      8       22

PRECIPITATION (IN)
  YESTERDAY        0.15          0.29 1977   0.03   0.12     0.00
  MONTH TO DATE    0.43                      0.65  -0.22     0.36
  SINCE OCT 1      0.66                      1.28  -0.62     0.53
  SINCE JAN 1      6.66                      8.90  -2.24     8.30

DEGREE DAYS
 HEATING
  YESTERDAY       27                        35     -8       43
  MONTH TO DATE  797                       669    128      650
  SINCE SEP 1   1496                      1597   -101     1609
  SINCE JUL 1   1573                      1748   -175     1641

 COOLING
  YESTERDAY        0                         0      0        0
  MONTH TO DATE    0                         0      0        0
  SINCE SEP 1     15                         9      6       28
  SINCE JAN 1    250                       169     81      258
..................................................................


WIND (MPH)
  RESULTANT WIND SPEED   8   RESULTANT WIND DIRECTION  NW (310)
  HIGHEST WIND SPEED    29   HIGHEST WIND DIRECTION    NW (300)
  HIGHEST GUST SPEED    39   HIGHEST GUST DIRECTION    NW (320)
  AVERAGE WIND SPEED     9.0


SKY COVER
  AVERAGE SKY COVER 0.7


WEATHER CONDITIONS
 THE FOLLOWING WEATHER WAS RECORDED YESTERDAY.
  LIGHT RAIN
  LIGHT SNOW
  FOG


RELATIVE HUMIDITY (PERCENT)
 HIGHEST   100           400 AM
 LOWEST     62          1200 PM
 AVERAGE    81

..........................................................


THE BAKER OR CLIMATE NORMALS FOR TODAY
                         NORMAL    RECORD    YEAR
 MAXIMUM TEMPERATURE (F)   40        53      1954
 MINIMUM TEMPERATURE (F)   20       -15      1985


SUNRISE AND SUNSET
NOVEMBER 23 2014......SUNRISE   659 AM PST   SUNSET   416 PM PST
NOVEMBER 24 2014......SUNRISE   700 AM PST   SUNSET   415 PM PST


-  INDICATES NEGATIVE NUMBERS.
R  INDICATES RECORD WAS SET OR TIED.
MM INDICATES DATA IS MISSING.
T  INDICATES TRACE AMOUNT.




$$
