000
CDUS46 KBOI 220936
CLIBKE


CLIMATE REPORT
NATIONAL WEATHER SERVICE BOISE ID
236 AM MST WED NOV 22 2017


...................................

...THE BAKER OR CLIMATE SUMMARY FOR NOVEMBER 21 2017...

CLIMATE NORMAL PERIOD 1981 TO 2010
CLIMATE RECORD PERIOD 1928 TO 2017


WEATHER ITEM   OBSERVED TIME   RECORD YEAR NORMAL DEPARTURE LAST
                VALUE   (LST)  VALUE       VALUE  FROM      YEAR
                                                  NORMAL
..................................................................
TEMPERATURE (F)
 YESTERDAY
  MAXIMUM         53   1009 PM  60    2006  41     12       38
                                      1974
                                      1936
  MINIMUM         35   1247 AM  -3    1985  21     14       23
  AVERAGE         44                        31     13       31

PRECIPITATION (IN)
  YESTERDAY        0.02          0.30 1981   0.03  -0.01     0.01
  MONTH TO DATE    0.36                      0.62  -0.26     0.41
  SINCE OCT 1      0.92                      1.25  -0.33     1.74
  SINCE JAN 1      6.66                      8.87  -2.21     5.44

DEGREE DAYS
 HEATING
  YESTERDAY       21                        34    -13       34
  MONTH TO DATE  538                       634    -96      474
  SINCE SEP 1   1396                      1562   -166     1357
  SINCE JUL 1   1408                      1713   -305     1503

 COOLING
  YESTERDAY        0                         0      0        0
  MONTH TO DATE    0                         0      0        0
  SINCE SEP 1     53                         9     44        0
  SINCE JAN 1    357                       169    188      132
..................................................................


WIND (MPH)
  RESULTANT WIND SPEED   4   RESULTANT WIND DIRECTION   E (90)
  HIGHEST WIND SPEED    22   HIGHEST WIND DIRECTION     E (100)
  HIGHEST GUST SPEED    26   HIGHEST GUST DIRECTION     E (100)
  AVERAGE WIND SPEED     7.0


SKY COVER
  AVERAGE SKY COVER 0.9


WEATHER CONDITIONS
 THE FOLLOWING WEATHER WAS RECORDED YESTERDAY.
  LIGHT RAIN
  FOG
  FOG W/VISIBILITY <= 1/4 MILE


RELATIVE HUMIDITY (PERCENT)
 HIGHEST   100           200 AM
 LOWEST     77           500 PM
 AVERAGE    89

..........................................................


THE BAKER OR CLIMATE NORMALS FOR TODAY
                         NORMAL    RECORD    YEAR
 MAXIMUM TEMPERATURE (F)   40        58      1954
 MINIMUM TEMPERATURE (F)   21        -8      1985


SUNRISE AND SUNSET
NOVEMBER 22 2017......SUNRISE   658 AM PST   SUNSET   416 PM PST
NOVEMBER 23 2017......SUNRISE   659 AM PST   SUNSET   416 PM PST


-  INDICATES NEGATIVE NUMBERS.
R  INDICATES RECORD WAS SET OR TIED.
MM INDICATES DATA IS MISSING.
T  INDICATES TRACE AMOUNT.




$$
