000
CDUS46 KBOI 190943
CLIBKE


CLIMATE REPORT
NATIONAL WEATHER SERVICE BOISE ID
242 AM MST MON FEB 19 2018


...................................

...THE BAKER OR CLIMATE SUMMARY FOR FEBRUARY 18 2018...

CLIMATE NORMAL PERIOD 1981 TO 2010
CLIMATE RECORD PERIOD 1928 TO 2018


WEATHER ITEM   OBSERVED TIME   RECORD YEAR NORMAL DEPARTURE LAST
                VALUE   (LST)  VALUE       VALUE  FROM      YEAR
                                                  NORMAL
..................................................................
TEMPERATURE (F)
 YESTERDAY
  MAXIMUM         39   1207 PM  60    1977  41     -2       46
  MINIMUM         19   1130 PM  -3    2006  19      0       33
                                      1952
  AVERAGE         29                        30     -1       40

PRECIPITATION (IN)
  YESTERDAY        0.02          0.26 1986   0.02   0.00     0.13
  MONTH TO DATE    0.13                      0.37  -0.24     0.70
  SINCE OCT 1      2.35                      3.68  -1.33     4.12
  SINCE JAN 1      1.09                      1.17  -0.08     1.38

DEGREE DAYS
 HEATING
  YESTERDAY       36                        35      1       25
  MONTH TO DATE  513                       663   -150      577
  SINCE DEC 1   2684                      3149   -465     3731
  SINCE JUL 1   4314                      5186   -872     5505

 COOLING
  YESTERDAY        0                         0      0        0
  MONTH TO DATE    0                         0      0        0
  SINCE DEC 1      0                         0      0        0
  SINCE JAN 1      0                         0      0        0
..................................................................


WIND (MPH)
  RESULTANT WIND SPEED   8   RESULTANT WIND DIRECTION  NW (330)
  HIGHEST WIND SPEED    22   HIGHEST WIND DIRECTION    NW (330)
  HIGHEST GUST SPEED    26   HIGHEST GUST DIRECTION    NW (330)
  AVERAGE WIND SPEED     8.9


SKY COVER
  AVERAGE SKY COVER 0.5


WEATHER CONDITIONS
 THE FOLLOWING WEATHER WAS RECORDED YESTERDAY.
  LIGHT SNOW
  FOG
  HAZE


RELATIVE HUMIDITY (PERCENT)
 HIGHEST    81           700 PM
 LOWEST     40           300 PM
 AVERAGE    61

..........................................................


THE BAKER OR CLIMATE NORMALS FOR TODAY
                         NORMAL    RECORD    YEAR
 MAXIMUM TEMPERATURE (F)   41        61      1995
 MINIMUM TEMPERATURE (F)   20        -2      2006


SUNRISE AND SUNSET
FEBRUARY 19 2018......SUNRISE   645 AM PST   SUNSET   525 PM PST
FEBRUARY 20 2018......SUNRISE   644 AM PST   SUNSET   527 PM PST


-  INDICATES NEGATIVE NUMBERS.
R  INDICATES RECORD WAS SET OR TIED.
MM INDICATES DATA IS MISSING.
T  INDICATES TRACE AMOUNT.




$$
