000
CDUS46 KBOI 260931
CLIBKE


CLIMATE REPORT
NATIONAL WEATHER SERVICE BOISE ID
330 AM MDT MON SEP 26 2016


...................................

...THE BAKER OR CLIMATE SUMMARY FOR SEPTEMBER 25 2016...

CLIMATE NORMAL PERIOD 1981 TO 2010
CLIMATE RECORD PERIOD 1948 TO 2016


WEATHER ITEM   OBSERVED TIME   RECORD YEAR NORMAL DEPARTURE LAST
                VALUE   (LST)  VALUE       VALUE  FROM      YEAR
                                                  NORMAL
..................................................................
TEMPERATURE (F)
 YESTERDAY
  MAXIMUM         78    323 PM  91    1943  71      7       89
  MINIMUM         29    442 AM  21    1970  33     -4       31
  AVERAGE         54                        52      2       60

PRECIPITATION (IN)
  YESTERDAY        0.00          0.31 1998   0.02  -0.02     0.00
  MONTH TO DATE    0.07                      0.47  -0.40     0.68
  SINCE OCT 1      6.24                     10.05  -3.81    10.16
  SINCE JAN 1      3.70                      7.54  -3.84     7.96

DEGREE DAYS
 HEATING
  YESTERDAY       11                        13     -2        5
  MONTH TO DATE  285                       220     65      228
  SINCE SEP 1    285                       220     65      228
  SINCE JUL 1    431                       371     60      324

 COOLING
  YESTERDAY        0                         0      0        0
  MONTH TO DATE    0                         7     -7        2
  SINCE SEP 1      0                         7     -7        2
  SINCE JAN 1    132                       167    -35      225
..................................................................


WIND (MPH)
  RESULTANT WIND SPEED   1   RESULTANT WIND DIRECTION  NE (30)
  HIGHEST WIND SPEED     9   HIGHEST WIND DIRECTION     S (170)
  HIGHEST GUST SPEED    11   HIGHEST GUST DIRECTION     S (160)
  AVERAGE WIND SPEED     1.6


SKY COVER
  AVERAGE SKY COVER 0.0


WEATHER CONDITIONS
 THE FOLLOWING WEATHER WAS RECORDED YESTERDAY.
  NO SIGNIFICANT WEATHER WAS OBSERVED.


RELATIVE HUMIDITY (PERCENT)
 HIGHEST    85           300 AM
 LOWEST     20          1200 PM
 AVERAGE    53

..........................................................


THE BAKER OR CLIMATE NORMALS FOR TODAY
                         NORMAL    RECORD    YEAR
 MAXIMUM TEMPERATURE (F)   71        90      1963
 MINIMUM TEMPERATURE (F)   33        21      1955


SUNRISE AND SUNSET
SEPTEMBER 26 2016.....SUNRISE   644 AM PDT   SUNSET   640 PM PDT
SEPTEMBER 27 2016.....SUNRISE   645 AM PDT   SUNSET   638 PM PDT


-  INDICATES NEGATIVE NUMBERS.
R  INDICATES RECORD WAS SET OR TIED.
MM INDICATES DATA IS MISSING.
T  INDICATES TRACE AMOUNT.




$$
