000
CDUS46 KBOI 050931
CLIBKE


CLIMATE REPORT
NATIONAL WEATHER SERVICE BOISE ID
231 AM MST THU MAR 5 2015


...................................

...THE BAKER OR CLIMATE SUMMARY FOR MARCH 4 2015...

CLIMATE NORMAL PERIOD 1981 TO 2010
CLIMATE RECORD PERIOD 1948 TO 2015


WEATHER ITEM   OBSERVED TIME   RECORD YEAR NORMAL DEPARTURE LAST
                VALUE   (LST)  VALUE       VALUE  FROM      YEAR
                                                  NORMAL
..................................................................
TEMPERATURE (F)
 YESTERDAY
  MAXIMUM         46    410 PM  66    1986  46      0       56
  MINIMUM          8    639 AM   1    1989  23    -15       23
  AVERAGE         27                        34     -7       40

PRECIPITATION (IN)
  YESTERDAY        0.00          0.39 1983   0.02  -0.02     0.00
  MONTH TO DATE    T                         0.10  -0.10     0.24
  SINCE OCT 1      3.30                      3.99  -0.69     3.10
  SINCE JAN 1      1.10                      1.48  -0.38     1.93

DEGREE DAYS
 HEATING
  YESTERDAY       38                        31      7       25
  MONTH TO DATE  139                       125     14      103
  SINCE MAR 1    139                       125     14      103
  SINCE JUL 1   4815                      5645   -830     5629

 COOLING
  YESTERDAY        0                         0      0        0
  MONTH TO DATE    0                         0      0        0
  SINCE MAR 1      0                         0      0        0
  SINCE JAN 1      0                         0      0        0
..................................................................


WIND (MPH)
  RESULTANT WIND SPEED   1   RESULTANT WIND DIRECTION  SE (150)
  HIGHEST WIND SPEED     8   HIGHEST WIND DIRECTION     N (360)
  HIGHEST GUST SPEED    13   HIGHEST GUST DIRECTION    NE (50)
  AVERAGE WIND SPEED     1.5


SKY COVER
  AVERAGE SKY COVER 0.0


WEATHER CONDITIONS
 THE FOLLOWING WEATHER WAS RECORDED YESTERDAY.
  NO SIGNIFICANT WEATHER WAS OBSERVED.


RELATIVE HUMIDITY (PERCENT)
 HIGHEST    92           400 AM
 LOWEST     18           400 PM
 AVERAGE    55

..........................................................


THE BAKER OR CLIMATE NORMALS FOR TODAY
                         NORMAL    RECORD    YEAR
 MAXIMUM TEMPERATURE (F)   47        65      1986
 MINIMUM TEMPERATURE (F)   23        -5      1955


SUNRISE AND SUNSET
MARCH  5 2015.........SUNRISE   622 AM PST   SUNSET   544 PM PST
MARCH  6 2015.........SUNRISE   620 AM PST   SUNSET   545 PM PST


-  INDICATES NEGATIVE NUMBERS.
R  INDICATES RECORD WAS SET OR TIED.
MM INDICATES DATA IS MISSING.
T  INDICATES TRACE AMOUNT.




$$
