246
CDUS46 KBOI 250933
CLIBKE


CLIMATE REPORT
NATIONAL WEATHER SERVICE BOISE ID
332 AM MDT WED MAY 25 2016


...................................

...THE BAKER OR CLIMATE SUMMARY FOR MAY 24 2016...

CLIMATE NORMAL PERIOD 1981 TO 2010
CLIMATE RECORD PERIOD 1948 TO 2016


WEATHER ITEM   OBSERVED TIME   RECORD YEAR NORMAL DEPARTURE LAST
                VALUE   (LST)  VALUE       VALUE  FROM      YEAR
                                                  NORMAL
..................................................................
TEMPERATURE (F)
 YESTERDAY
  MAXIMUM         64    254 PM  91    2003  68     -4       74
  MINIMUM         34    351 AM  28    2002  38     -4       45
  AVERAGE         49                        53     -4       60

PRECIPITATION (IN)
  YESTERDAY        0.00          1.03 1973   0.05  -0.05     0.00
  MONTH TO DATE    1.07                      1.11  -0.04     1.87
  SINCE OCT 1      4.88                      6.67  -1.79     6.31
  SINCE JAN 1      2.34                      4.16  -1.82     4.11

DEGREE DAYS
 HEATING
  YESTERDAY       16                        12      4        5
  MONTH TO DATE  294                       356    -62      291
  SINCE MAR 1   1559                      1849   -290     1657
  SINCE JUL 1   6603                      7369   -766     6333

 COOLING
  YESTERDAY        0                         0      0        0
  MONTH TO DATE    0                         0      0        0
  SINCE MAR 1      0                         0      0        0
  SINCE JAN 1      0                         0      0        0
..................................................................


WIND (MPH)
  RESULTANT WIND SPEED   5   RESULTANT WIND DIRECTION  NW (300)
  HIGHEST WIND SPEED    17   HIGHEST WIND DIRECTION    NW (310)
  HIGHEST GUST SPEED    20   HIGHEST GUST DIRECTION    NW (300)
  AVERAGE WIND SPEED     7.3


SKY COVER
  AVERAGE SKY COVER 0.4


WEATHER CONDITIONS
 THE FOLLOWING WEATHER WAS RECORDED YESTERDAY.
  NO SIGNIFICANT WEATHER WAS OBSERVED.


RELATIVE HUMIDITY (PERCENT)
 HIGHEST    92          1200 AM
 LOWEST     37           300 PM
 AVERAGE    65

..........................................................


THE BAKER OR CLIMATE NORMALS FOR TODAY
                         NORMAL    RECORD    YEAR
 MAXIMUM TEMPERATURE (F)   68        90      1961
 MINIMUM TEMPERATURE (F)   39        25      1975


SUNRISE AND SUNSET
MAY 25 2016...........SUNRISE   513 AM PDT   SUNSET   824 PM PDT
MAY 26 2016...........SUNRISE   512 AM PDT   SUNSET   825 PM PDT


-  INDICATES NEGATIVE NUMBERS.
R  INDICATES RECORD WAS SET OR TIED.
MM INDICATES DATA IS MISSING.
T  INDICATES TRACE AMOUNT.




$$
