000
CDUS46 KBOI 290933
CLIBKE


CLIMATE REPORT
NATIONAL WEATHER SERVICE BOISE ID
332 AM MDT WED JUL 29 2015


...................................

...THE BAKER OR CLIMATE SUMMARY FOR JULY 28 2015...

CLIMATE NORMAL PERIOD 1981 TO 2010
CLIMATE RECORD PERIOD 1948 TO 2015


WEATHER ITEM   OBSERVED TIME   RECORD YEAR NORMAL DEPARTURE LAST
                VALUE   (LST)  VALUE       VALUE  FROM      YEAR
                                                  NORMAL
..................................................................
TEMPERATURE (F)
 YESTERDAY
  MAXIMUM         78    450 PM 100    1999  87     -9       97
  MINIMUM         33R   429 AM  36    1959  47    -14       58
  AVERAGE         56                        67    -11       78

PRECIPITATION (IN)
  YESTERDAY        0.00          0.81 1970   0.01  -0.01     0.00
  MONTH TO DATE    2.72                      0.59   2.13     0.05
  SINCE OCT 1      9.46                      8.81   0.65     6.09
  SINCE JAN 1      7.26                      6.30   0.96     4.92

DEGREE DAYS
 HEATING
  YESTERDAY        9                         1      8        0
  MONTH TO DATE   38                        64    -26       13
  SINCE JUN 1    122                       290   -168      246
  SINCE JUL 1     38                        64    -26       13

 COOLING
  YESTERDAY        0                         3     -3       13
  MONTH TO DATE   71                        65      6      140
  SINCE JUN 1    139                        81     58      140
  SINCE JAN 1    140                        83     57      140
..................................................................


WIND (MPH)
  RESULTANT WIND SPEED   0   RESULTANT WIND DIRECTION  NW (330)
  HIGHEST WIND SPEED     9   HIGHEST WIND DIRECTION    SW (240)
  HIGHEST GUST SPEED    11   HIGHEST GUST DIRECTION    NE (40)
  AVERAGE WIND SPEED     1.9


SKY COVER
  AVERAGE SKY COVER 0.0


WEATHER CONDITIONS
 THE FOLLOWING WEATHER WAS RECORDED YESTERDAY.
  NO SIGNIFICANT WEATHER WAS OBSERVED.


RELATIVE HUMIDITY (PERCENT)
 HIGHEST    92           200 AM
 LOWEST     19           300 PM
 AVERAGE    56

..........................................................


THE BAKER OR CLIMATE NORMALS FOR TODAY
                         NORMAL    RECORD    YEAR
 MAXIMUM TEMPERATURE (F)   87        98      2003
 MINIMUM TEMPERATURE (F)   47        35      1959


SUNRISE AND SUNSET
JULY 29 2015..........SUNRISE   533 AM PDT   SUNSET   821 PM PDT
JULY 30 2015..........SUNRISE   535 AM PDT   SUNSET   820 PM PDT


-  INDICATES NEGATIVE NUMBERS.
R  INDICATES RECORD WAS SET OR TIED.
MM INDICATES DATA IS MISSING.
T  INDICATES TRACE AMOUNT.




$$
