000
CDUS46 KBOI 050931
CLIBKE


CLIMATE REPORT
NATIONAL WEATHER SERVICE BOISE ID
330 AM MDT SUN JUL 5 2015


...................................

...THE BAKER OR CLIMATE SUMMARY FOR JULY 4 2015...

CLIMATE NORMAL PERIOD 1981 TO 2010
CLIMATE RECORD PERIOD 1948 TO 2015


WEATHER ITEM   OBSERVED TIME   RECORD YEAR NORMAL DEPARTURE LAST
                VALUE   (LST)  VALUE       VALUE  FROM      YEAR
                                                  NORMAL
..................................................................
TEMPERATURE (F)
 YESTERDAY
  MAXIMUM         95   1248 PM 102    2001  81     14       85
  MINIMUM         48    419 AM  35    2012  45      3       52
  AVERAGE         72                        63      9       69

PRECIPITATION (IN)
  YESTERDAY        0.00          0.16 1950   0.02  -0.02     0.00
  MONTH TO DATE    0.00                      0.10  -0.10      T
  SINCE OCT 1      6.74                      8.32  -1.58     6.04
  SINCE JAN 1      4.54                      5.81  -1.27     4.87

DEGREE DAYS
 HEATING
  YESTERDAY        0                         4     -4        0
  MONTH TO DATE    0                        16    -16        0
  SINCE JUN 1     84                       242   -158      233
  SINCE JUL 1      0                        16    -16        0

 COOLING
  YESTERDAY        7                         1      6        4
  MONTH TO DATE   29                         4     25       14
  SINCE JUN 1     97                        20     77       14
  SINCE JAN 1     98                        22     76       14
..................................................................


WIND (MPH)
  RESULTANT WIND SPEED   3   RESULTANT WIND DIRECTION   W (290)
  HIGHEST WIND SPEED    13   HIGHEST WIND DIRECTION    NW (320)
  HIGHEST GUST SPEED    15   HIGHEST GUST DIRECTION    NW (320)
  AVERAGE WIND SPEED     4.6


SKY COVER
  AVERAGE SKY COVER 0.0


WEATHER CONDITIONS
 THE FOLLOWING WEATHER WAS RECORDED YESTERDAY.
  NO SIGNIFICANT WEATHER WAS OBSERVED.


RELATIVE HUMIDITY (PERCENT)
 HIGHEST    83           200 AM
 LOWEST     15          1200 PM
 AVERAGE    49

..........................................................


THE BAKER OR CLIMATE NORMALS FOR TODAY
                         NORMAL    RECORD    YEAR
 MAXIMUM TEMPERATURE (F)   81        98      1975
 MINIMUM TEMPERATURE (F)   45        31      1986


SUNRISE AND SUNSET
JULY  5 2015..........SUNRISE   511 AM PDT   SUNSET   840 PM PDT
JULY  6 2015..........SUNRISE   512 AM PDT   SUNSET   840 PM PDT


-  INDICATES NEGATIVE NUMBERS.
R  INDICATES RECORD WAS SET OR TIED.
MM INDICATES DATA IS MISSING.
T  INDICATES TRACE AMOUNT.




$$
