000
CDUS46 KBOI 230931
CLIBKE


CLIMATE REPORT
NATIONAL WEATHER SERVICE BOISE ID
330 AM MDT SUN JUL 23 2017


...................................

...THE BAKER OR CLIMATE SUMMARY FOR JULY 22 2017...

CLIMATE NORMAL PERIOD 1981 TO 2010
CLIMATE RECORD PERIOD 1928 TO 2017


WEATHER ITEM   OBSERVED TIME   RECORD YEAR NORMAL DEPARTURE LAST
                VALUE   (LST)  VALUE       VALUE  FROM      YEAR
                                                  NORMAL
..................................................................
TEMPERATURE (F)
 YESTERDAY
  MAXIMUM         89    254 PM 102    1980  86      3       80
                                      1961
  MINIMUM         43    448 AM  34    1965  47     -4       49
  AVERAGE         66                        66      0       65

PRECIPITATION (IN)
  YESTERDAY        0.00          0.61 1955   0.02  -0.02     0.00
  MONTH TO DATE    T                         0.49  -0.49     0.80
  SINCE OCT 1      7.53                      8.71  -1.18     6.05
  SINCE JAN 1      4.79                      6.20  -1.41     3.51

DEGREE DAYS
 HEATING
  YESTERDAY        0                         1     -1        0
  MONTH TO DATE    6                        58    -52       81
  SINCE JUN 1    182                       284   -102      273
  SINCE JUL 1      6                        58    -52       81

 COOLING
  YESTERDAY        1                         3     -2        0
  MONTH TO DATE   83                        47     36        3
  SINCE JUN 1    104                        63     41       49
  SINCE JAN 1    104                        65     39       49
..................................................................


WIND (MPH)
  RESULTANT WIND SPEED   4   RESULTANT WIND DIRECTION   W (290)
  HIGHEST WIND SPEED    16   HIGHEST WIND DIRECTION    NW (320)
  HIGHEST GUST SPEED    19   HIGHEST GUST DIRECTION    NW (320)
  AVERAGE WIND SPEED     6.4


SKY COVER
  AVERAGE SKY COVER 0.0


WEATHER CONDITIONS
 THE FOLLOWING WEATHER WAS RECORDED YESTERDAY.
  NO SIGNIFICANT WEATHER WAS OBSERVED.


RELATIVE HUMIDITY (PERCENT)
 HIGHEST    83           500 AM
 LOWEST     16          1200 PM
 AVERAGE    50

..........................................................


THE BAKER OR CLIMATE NORMALS FOR TODAY
                         NORMAL    RECORD    YEAR
 MAXIMUM TEMPERATURE (F)   86       101      2006
 MINIMUM TEMPERATURE (F)   47        36      2011


SUNRISE AND SUNSET
JULY 23 2017..........SUNRISE   528 AM PDT   SUNSET   827 PM PDT
JULY 24 2017..........SUNRISE   529 AM PDT   SUNSET   826 PM PDT


-  INDICATES NEGATIVE NUMBERS.
R  INDICATES RECORD WAS SET OR TIED.
MM INDICATES DATA IS MISSING.
T  INDICATES TRACE AMOUNT.




$$
