000
CDUS46 KBOI 220937
CLIBKE


CLIMATE REPORT
NATIONAL WEATHER SERVICE BOISE ID
337 AM MDT FRI SEP 22 2017


...................................

...THE BAKER OR CLIMATE SUMMARY FOR SEPTEMBER 21 2017...

CLIMATE NORMAL PERIOD 1981 TO 2010
CLIMATE RECORD PERIOD 1928 TO 2017


WEATHER ITEM   OBSERVED TIME   RECORD YEAR NORMAL DEPARTURE LAST
                VALUE   (LST)  VALUE       VALUE  FROM      YEAR
                                                  NORMAL
..................................................................
TEMPERATURE (F)
 YESTERDAY
  MAXIMUM         57    309 PM  92    1966  73    -16       61
  MINIMUM         29    335 AM  22    1983  35     -6       38
  AVERAGE         43                        54    -11       50

PRECIPITATION (IN)
  YESTERDAY        0.00          0.31 1945   0.02  -0.02     0.00
  MONTH TO DATE    0.13                      0.40  -0.27     0.05
  SINCE OCT 1      8.45                      9.98  -1.53     6.22
  SINCE JAN 1      5.71                      7.47  -1.76     3.68

DEGREE DAYS
 HEATING
  YESTERDAY       22                        11     11       15
  MONTH TO DATE  117                       170    -53      233
  SINCE SEP 1    117                       170    -53      233
  SINCE JUL 1    129                       321   -192      379

 COOLING
  YESTERDAY        0                         0      0        0
  MONTH TO DATE   53                         7     46        0
  SINCE SEP 1     53                         7     46        0
  SINCE JAN 1    357                       167    190      132
..................................................................


WIND (MPH)
  RESULTANT WIND SPEED   7   RESULTANT WIND DIRECTION  NW (310)
  HIGHEST WIND SPEED    20   HIGHEST WIND DIRECTION    NW (310)
  HIGHEST GUST SPEED    25   HIGHEST GUST DIRECTION    NW (320)
  AVERAGE WIND SPEED     8.7


SKY COVER
  AVERAGE SKY COVER 0.5


WEATHER CONDITIONS
 THE FOLLOWING WEATHER WAS RECORDED YESTERDAY.
  NO SIGNIFICANT WEATHER WAS OBSERVED.


RELATIVE HUMIDITY (PERCENT)
 HIGHEST    92           200 AM
 LOWEST     41           200 PM
 AVERAGE    67

..........................................................


THE BAKER OR CLIMATE NORMALS FOR TODAY
                         NORMAL    RECORD    YEAR
 MAXIMUM TEMPERATURE (F)   72        92      1966
 MINIMUM TEMPERATURE (F)   34        20      1961


SUNRISE AND SUNSET
SEPTEMBER 22 2017.....SUNRISE   639 AM PDT   SUNSET   648 PM PDT
SEPTEMBER 23 2017.....SUNRISE   640 AM PDT   SUNSET   646 PM PDT


-  INDICATES NEGATIVE NUMBERS.
R  INDICATES RECORD WAS SET OR TIED.
MM INDICATES DATA IS MISSING.
T  INDICATES TRACE AMOUNT.




$$
