852
CDUS41 KRLX 140829
CLIBKW


CLIMATE REPORT
NATIONAL WEATHER SERVICE CHARLESTON WV
327 AM EST SUN FEB 14 2016


...................................

...THE BECKLEY WV CLIMATE SUMMARY FOR FEBRUARY 13 2016...

CLIMATE NORMAL PERIOD 1981 TO 2010
CLIMATE RECORD PERIOD 1963 TO 2016


WEATHER ITEM   OBSERVED TIME   RECORD YEAR NORMAL DEPARTURE LAST
                VALUE   (LST)  VALUE       VALUE  FROM      YEAR
                                                  NORMAL
..................................................................
TEMPERATURE (F)
 YESTERDAY
  MAXIMUM         19   1232 AM  70    1932  43    -24       23
  MINIMUM          3   1159 PM -12    1899  25    -22        4
  AVERAGE         11                        34    -23       14

PRECIPITATION (IN)
  YESTERDAY        0.01          1.03 1971   0.09  -0.08      T
  MONTH TO DATE    0.83                      1.25  -0.42     1.05
  SINCE JAN 1      3.25                      4.06  -0.81     3.28

SNOWFALL (IN)
  YESTERDAY        2.4
  MONTH TO DATE    9.7
  SINCE SEP 1     28.4
  SNOW DEPTH       4

DEGREE DAYS
 HEATING
  YESTERDAY       54                        31     23       51
  MONTH TO DATE  446                       417     29      438
  SINCE DEC 1   2083                      2421   -338     2369
  SINCE JUL 1   2942                      3561   -619     3610

 COOLING
  YESTERDAY        0                         0      0        0
  MONTH TO DATE    0                         0      0        0
  SINCE DEC 1      0                         0      0        0
  SINCE JAN 1      0                         0      0        0
..................................................................


WIND (MPH)
  HIGHEST WIND SPEED    26   HIGHEST WIND DIRECTION    NW (300)
  HIGHEST GUST SPEED    34   HIGHEST GUST DIRECTION     W (290)
  AVERAGE WIND SPEED    12.6


SKY COVER
  POSSIBLE SUNSHINE  MM
  AVERAGE SKY COVER 0.6


WEATHER CONDITIONS
 THE FOLLOWING WEATHER WAS RECORDED YESTERDAY.
  SNOW
  LIGHT SNOW
  FOG
  HAZE
  BLOWING SNOW


RELATIVE HUMIDITY (PERCENT)
 HIGHEST    84           300 AM
 LOWEST     46           500 PM
 AVERAGE    65

..........................................................


THE BECKLEY WV CLIMATE NORMALS FOR TODAY
                         NORMAL    RECORD    YEAR
 MAXIMUM TEMPERATURE (F)   43        69      1932
 MINIMUM TEMPERATURE (F)   26       -13      1899


SUNRISE AND SUNSET
FEBRUARY 14 2016......SUNRISE   716 AM EST   SUNSET   602 PM EST
FEBRUARY 15 2016......SUNRISE   715 AM EST   SUNSET   603 PM EST


-  INDICATES NEGATIVE NUMBERS.
R  INDICATES RECORD WAS SET OR TIED.
MM INDICATES DATA IS MISSING.
T  INDICATES TRACE AMOUNT.




$$
