000
CDUS41 KRLX 022216
CLIBKW


CLIMATE REPORT
NATIONAL WEATHER SERVICE CHARLESTON WV
516 PM EST FRI DEC 2 2016


...................................

...THE BECKLEY WV CLIMATE SUMMARY FOR DECEMBER 2 2016...
VALID TODAY AS OF 0500 PM LOCAL TIME.

CLIMATE NORMAL PERIOD 1981 TO 2010
CLIMATE RECORD PERIOD 1963 TO 2016


WEATHER ITEM   OBSERVED TIME   RECORD YEAR NORMAL DEPARTURE LAST
                VALUE   (LST)  VALUE       VALUE  FROM      YEAR
                                                  NORMAL
..................................................................
TEMPERATURE (F)
 TODAY
  MAXIMUM         38    222 PM  69    1916  46     -8       56
                                      1912
  MINIMUM         29    740 AM   4    1960  30     -1       37
  AVERAGE         34                        38     -4       47

PRECIPITATION (IN)
  TODAY            0.00          1.52 1991   0.09  -0.09     0.65
  MONTH TO DATE    0.00                      0.19  -0.19     1.41
  SINCE DEC 1      0.00                      0.19  -0.19     1.41
  SINCE JAN 1     43.00                     38.38   4.62    45.98

DEGREE DAYS
 HEATING
  TODAY           31                        27      4       18
  MONTH TO DATE   56                        54      2       33
  SINCE DEC 1     56                        54      2       33
  SINCE JUL 1    831                      1194   -363      892

 COOLING
  TODAY            0                         0      0        0
  MONTH TO DATE    0                         0      0        0
  SINCE DEC 1      0                         0      0        0
  SINCE JAN 1    844                       557    287      758
..................................................................


WIND (MPH)
  HIGHEST WIND SPEED    20   HIGHEST WIND DIRECTION     W (270)
  HIGHEST GUST SPEED    26   HIGHEST GUST DIRECTION     W (250)
  AVERAGE WIND SPEED     7.6


SKY COVER
  POSSIBLE SUNSHINE  MM
  AVERAGE SKY COVER 0.8


WEATHER CONDITIONS
 THE FOLLOWING WEATHER WAS RECORDED TODAY.
  NO SIGNIFICANT WEATHER WAS OBSERVED.


RELATIVE HUMIDITY (PERCENT)
 HIGHEST    85           500 AM
 LOWEST     64          1100 AM
 AVERAGE    75

..........................................................


THE BECKLEY WV CLIMATE NORMALS FOR TOMORROW
                         NORMAL    RECORD    YEAR
 MAXIMUM TEMPERATURE (F)   46        69      1982
 MINIMUM TEMPERATURE (F)   30         0      1942


SUNRISE AND SUNSET
DECEMBER  2 2016......SUNRISE   722 AM EST   SUNSET   506 PM EST
DECEMBER  3 2016......SUNRISE   723 AM EST   SUNSET   505 PM EST


-  INDICATES NEGATIVE NUMBERS.
R  INDICATES RECORD WAS SET OR TIED.
MM INDICATES DATA IS MISSING.
T  INDICATES TRACE AMOUNT.




$$
