000
CDUS41 KRLX 230726
CLIBKW


CLIMATE REPORT
NATIONAL WEATHER SERVICE CHARLESTON WV
325 AM EDT SUN APR 23 2017


...................................

...THE BECKLEY WV CLIMATE SUMMARY FOR APRIL 22 2017...

CLIMATE NORMAL PERIOD 1981 TO 2010
CLIMATE RECORD PERIOD 1963 TO 2017


WEATHER ITEM   OBSERVED TIME   RECORD YEAR NORMAL DEPARTURE LAST
                VALUE   (LST)  VALUE       VALUE  FROM      YEAR
                                                  NORMAL
..................................................................
TEMPERATURE (F)
 YESTERDAY
  MAXIMUM         59   1231 AM  85    1915  65     -6       63
  MINIMUM         45   1159 PM  24    1953  43      2       48
  AVERAGE         52                        54     -2       56

PRECIPITATION (IN)
  YESTERDAY        0.33          4.00 1927   0.12   0.21     0.53
  MONTH TO DATE    2.73                      2.41   0.32     1.34
  SINCE JAN 1     13.27                     11.55   1.72     9.50

SNOWFALL (IN)
  YESTERDAY        0.0
  MONTH TO DATE    1.8
  SINCE SEP 1     26.0
  SNOW DEPTH       0

DEGREE DAYS
 HEATING
  YESTERDAY       13                        11      2        9
  MONTH TO DATE  181                       314   -133      315
  SINCE MAR 1    875                      1026   -151      771
  SINCE JUL 1   4009                      5027  -1018     4146

 COOLING
  YESTERDAY        0                         0      0        0
  MONTH TO DATE    9                         0      9        1
  SINCE MAR 1      9                         1      8        3
  SINCE JAN 1      9                         1      8        3
..................................................................


WIND (MPH)
  HIGHEST WIND SPEED    14   HIGHEST WIND DIRECTION     N (360)
  HIGHEST GUST SPEED    19   HIGHEST GUST DIRECTION     N (360)
  AVERAGE WIND SPEED     6.9


SKY COVER
  POSSIBLE SUNSHINE  MM
  AVERAGE SKY COVER 0.8


WEATHER CONDITIONS
 THE FOLLOWING WEATHER WAS RECORDED YESTERDAY.
  HEAVY RAIN
  RAIN
  LIGHT RAIN
  FOG
  FOG W/VISIBILITY <= 1/4 MILE


RELATIVE HUMIDITY (PERCENT)
 HIGHEST   100          1000 PM
 LOWEST     89           500 AM
 AVERAGE    95

..........................................................


THE BECKLEY WV CLIMATE NORMALS FOR TODAY
                         NORMAL    RECORD    YEAR
 MAXIMUM TEMPERATURE (F)   65        86      1960
 MINIMUM TEMPERATURE (F)   44        23      1936


SUNRISE AND SUNSET
APRIL 23 2017.........SUNRISE   638 AM EDT   SUNSET   808 PM EDT
APRIL 24 2017.........SUNRISE   637 AM EDT   SUNSET   809 PM EDT


-  INDICATES NEGATIVE NUMBERS.
R  INDICATES RECORD WAS SET OR TIED.
MM INDICATES DATA IS MISSING.
T  INDICATES TRACE AMOUNT.




$$
