000
CDUS41 KRLX 192117
CLIBKW


CLIMATE REPORT
NATIONAL WEATHER SERVICE CHARLESTON WV
517 PM EDT THU OCT 19 2017


...................................

...THE BECKLEY WV CLIMATE SUMMARY FOR OCTOBER 19 2017...
VALID TODAY AS OF 0500 PM LOCAL TIME.

CLIMATE NORMAL PERIOD 1981 TO 2010
CLIMATE RECORD PERIOD 1963 TO 2017


WEATHER ITEM   OBSERVED TIME   RECORD YEAR NORMAL DEPARTURE LAST
                VALUE   (LST)  VALUE       VALUE  FROM      YEAR
                                                  NORMAL
..................................................................
TEMPERATURE (F)
 TODAY
  MAXIMUM         69    323 PM  81    1938  63      6       80
                                      1908
  MINIMUM         40    702 AM  19    1930  42     -2       61
  AVERAGE         55                        52      3       71

PRECIPITATION (IN)
  TODAY            0.00          1.55 1906   0.08  -0.08     0.00
  MONTH TO DATE    1.76                      1.53   0.23     1.63
  SINCE SEP 1      3.61                      4.54  -0.93     3.83
  SINCE JAN 1     36.95                     34.20   2.75    38.96

DEGREE DAYS
 HEATING
  TODAY           10                        13     -3        0
  MONTH TO DATE   80                       199   -119      108
  SINCE SEP 1    178                       312   -134      125
  SINCE JUL 1    195                       333   -138      125

 COOLING
  TODAY            0                         0      0        6
  MONTH TO DATE   33                         2     31        8
  SINCE SEP 1     81                        59     22      138
  SINCE JAN 1    594                       552     42      839
..................................................................


WIND (MPH)
  HIGHEST WIND SPEED    12   HIGHEST WIND DIRECTION     W (260)
  HIGHEST GUST SPEED    16   HIGHEST GUST DIRECTION     S (160)
  AVERAGE WIND SPEED     5.0


SKY COVER
  POSSIBLE SUNSHINE  MM
  AVERAGE SKY COVER 0.0


WEATHER CONDITIONS
 THE FOLLOWING WEATHER WAS RECORDED TODAY.
  NO SIGNIFICANT WEATHER WAS OBSERVED.


RELATIVE HUMIDITY (PERCENT)
 HIGHEST    85           700 AM
 LOWEST     30           300 PM
 AVERAGE    58

..........................................................


THE BECKLEY WV CLIMATE NORMALS FOR TOMORROW
                         NORMAL    RECORD    YEAR
 MAXIMUM TEMPERATURE (F)   62        85      1920
 MINIMUM TEMPERATURE (F)   42        18      1972


SUNRISE AND SUNSET
OCTOBER 19 2017.......SUNRISE   737 AM EDT   SUNSET   641 PM EDT
OCTOBER 20 2017.......SUNRISE   738 AM EDT   SUNSET   640 PM EDT


-  INDICATES NEGATIVE NUMBERS.
R  INDICATES RECORD WAS SET OR TIED.
MM INDICATES DATA IS MISSING.
T  INDICATES TRACE AMOUNT.




$$
