000
CDUS41 KRLX 242115
CLIBKW


CLIMATE REPORT
NATIONAL WEATHER SERVICE CHARLESTON WV
515 PM EDT SAT JUN 24 2017


...................................

...THE BECKLEY WV CLIMATE SUMMARY FOR JUNE 24 2017...
VALID TODAY AS OF 0500 PM LOCAL TIME.

CLIMATE NORMAL PERIOD 1981 TO 2010
CLIMATE RECORD PERIOD 1963 TO 2017


WEATHER ITEM   OBSERVED TIME   RECORD YEAR NORMAL DEPARTURE LAST
                VALUE   (LST)  VALUE       VALUE  FROM      YEAR
                                                  NORMAL
..................................................................
TEMPERATURE (F)
 TODAY
  MAXIMUM         77    358 PM  90    1949  79     -2       76
                                      1931
                                      1914
  MINIMUM         62    650 AM  40    1918  60      2       62
  AVERAGE         70                        69      1       69

PRECIPITATION (IN)
  TODAY            0.00          1.78 1912   0.14  -0.14     0.08
  MONTH TO DATE    7.37                      3.18   4.19     6.21
  SINCE JUN 1      7.37                      3.18   4.19     6.21
  SINCE JAN 1     27.83                     20.34   7.49    23.32

DEGREE DAYS
 HEATING
  TODAY            0                         0      0        0
  MONTH TO DATE   28                        38    -10       16
  SINCE JUN 1     28                        38    -10       16
  SINCE JUL 1   4245                      5339  -1094     4395

 COOLING
  TODAY            5                         5      0        4
  MONTH TO DATE   87                        80      7      106
  SINCE JUN 1     87                        80      7      106
  SINCE JAN 1    152                       121     31      147
..................................................................


WIND (MPH)
  HIGHEST WIND SPEED    17   HIGHEST WIND DIRECTION     W (250)
  HIGHEST GUST SPEED    22   HIGHEST GUST DIRECTION     W (280)
  AVERAGE WIND SPEED     8.8


SKY COVER
  POSSIBLE SUNSHINE  MM
  AVERAGE SKY COVER 0.7


WEATHER CONDITIONS
 THE FOLLOWING WEATHER WAS RECORDED TODAY.
  NO SIGNIFICANT WEATHER WAS OBSERVED.


RELATIVE HUMIDITY (PERCENT)
 HIGHEST    93           100 AM
 LOWEST     46           200 PM
 AVERAGE    70

..........................................................


THE BECKLEY WV CLIMATE NORMALS FOR TOMORROW
                         NORMAL    RECORD    YEAR
 MAXIMUM TEMPERATURE (F)   79        91      1914
 MINIMUM TEMPERATURE (F)   60        38      1979


SUNRISE AND SUNSET
JUNE 24 2017..........SUNRISE   604 AM EDT   SUNSET   850 PM EDT
JUNE 25 2017..........SUNRISE   604 AM EDT   SUNSET   850 PM EDT


-  INDICATES NEGATIVE NUMBERS.
R  INDICATES RECORD WAS SET OR TIED.
MM INDICATES DATA IS MISSING.
T  INDICATES TRACE AMOUNT.




$$
