000
CDUS41 KRLX 202221
CLIBKW


CLIMATE REPORT
NATIONAL WEATHER SERVICE CHARLESTON WV
521 PM EST SAT JAN 20 2018


...................................

...THE BECKLEY WV CLIMATE SUMMARY FOR JANUARY 20 2018...
VALID TODAY AS OF 0500 PM LOCAL TIME.

CLIMATE NORMAL PERIOD 1981 TO 2010
CLIMATE RECORD PERIOD 1963 TO 2018


WEATHER ITEM   OBSERVED TIME   RECORD YEAR NORMAL DEPARTURE LAST
                VALUE   (LST)  VALUE       VALUE  FROM      YEAR
                                                  NORMAL
..................................................................
TEMPERATURE (F)
 TODAY
  MAXIMUM         49    237 PM  70    1906  39     10       62
  MINIMUM         28    127 AM -20    1985  23      5       46
  AVERAGE         39                        31      8       54

PRECIPITATION (IN)
  TODAY            0.00          1.56 1979   0.09  -0.09     0.20
  MONTH TO DATE    1.63                      1.83  -0.20     2.72
  SINCE DEC 1      3.53                      4.83  -1.30     7.36
  SINCE JAN 1      1.63                      1.83  -0.20     2.72

DEGREE DAYS
 HEATING
  TODAY           26                        34     -8       11
  MONTH TO DATE  829                       680    149      525
  SINCE DEC 1   1825                      1633    192     1445
  SINCE JUL 1   2808                      2773     35     2220

 COOLING
  TODAY            0                         0      0        0
  MONTH TO DATE    0                         0      0        0
  SINCE DEC 1      0                         0      0        0
  SINCE JAN 1      0                         0      0        0
..................................................................


WIND (MPH)
  HIGHEST WIND SPEED    24   HIGHEST WIND DIRECTION     W (270)
  HIGHEST GUST SPEED    31   HIGHEST GUST DIRECTION     W (280)
  AVERAGE WIND SPEED     9.8


SKY COVER
  POSSIBLE SUNSHINE  MM
  AVERAGE SKY COVER 0.7


WEATHER CONDITIONS
 THE FOLLOWING WEATHER WAS RECORDED TODAY.
  NO SIGNIFICANT WEATHER WAS OBSERVED.


RELATIVE HUMIDITY (PERCENT)
 HIGHEST    70          1000 AM
 LOWEST     31          1200 AM
 AVERAGE    51

..........................................................


THE BECKLEY WV CLIMATE NORMALS FOR TOMORROW
                         NORMAL    RECORD    YEAR
 MAXIMUM TEMPERATURE (F)   39        71      1906
 MINIMUM TEMPERATURE (F)   23       -22      1985


SUNRISE AND SUNSET
JANUARY 20 2018.......SUNRISE   737 AM EST   SUNSET   535 PM EST
JANUARY 21 2018.......SUNRISE   736 AM EST   SUNSET   536 PM EST


-  INDICATES NEGATIVE NUMBERS.
R  INDICATES RECORD WAS SET OR TIED.
MM INDICATES DATA IS MISSING.
T  INDICATES TRACE AMOUNT.




$$
