000
CDUS41 KRLX 220745
CLIBKW


CLIMATE REPORT
NATIONAL WEATHER SERVICE CHARLESTON WV
344 AM EDT TUE JUL 22 2014


...................................

...THE BECKLEY WV CLIMATE SUMMARY FOR JULY 21 2014...

CLIMATE NORMAL PERIOD 1981 TO 2010
CLIMATE RECORD PERIOD 1963 TO 2014


WEATHER ITEM   OBSERVED TIME   RECORD YEAR NORMAL DEPARTURE LAST
                VALUE   (LST)  VALUE       VALUE  FROM      YEAR
                                                  NORMAL
..................................................................
TEMPERATURE (F)
 YESTERDAY
  MAXIMUM         83    315 PM 103    1926  80      3       80
  MINIMUM         66    616 AM  42    1951  62      4       64
  AVERAGE         75                        71      4       72

PRECIPITATION (IN)
  YESTERDAY        0.00          2.82 1954   0.16  -0.16     0.30
  MONTH TO DATE    1.52                      3.36  -1.84     3.02
  SINCE JAN 1     19.50                     24.52  -5.02    23.22

SNOWFALL (IN)
  YESTERDAY        0.0
  MONTH TO DATE    0.0
  SINCE SEP 1     76.3
  SNOW DEPTH       0

DEGREE DAYS
 HEATING
  YESTERDAY        0                         0      0        0
  MONTH TO DATE   15                         0     15        0
  SINCE JUN 1     27                        39    -12        7
  SINCE JUL 1     15                         0     15        0

 COOLING
  YESTERDAY       10                         6      4        7
  MONTH TO DATE  111                       126    -15      175
  SINCE JUN 1    282                       237     45      300
  SINCE JAN 1    357                       278     79      367
..................................................................


WIND (MPH)
  HIGHEST WIND SPEED    15   HIGHEST WIND DIRECTION    SE (130)
  HIGHEST GUST SPEED    22   HIGHEST GUST DIRECTION    SE (130)
  AVERAGE WIND SPEED     6.9


SKY COVER
  POSSIBLE SUNSHINE  MM
  AVERAGE SKY COVER 0.4


WEATHER CONDITIONS
 THE FOLLOWING WEATHER WAS RECORDED YESTERDAY.
  NO SIGNIFICANT WEATHER WAS OBSERVED.


RELATIVE HUMIDITY (PERCENT)
 HIGHEST    87           200 AM
 LOWEST     47           200 PM
 AVERAGE    67

..........................................................


THE BECKLEY WV CLIMATE NORMALS FOR TODAY
                         NORMAL    RECORD    YEAR
 MAXIMUM TEMPERATURE (F)   80        92      2011
                                             1934
                                             1933
 MINIMUM TEMPERATURE (F)   62        47      1937
                                             1936


SUNRISE AND SUNSET
JULY 22 2014..........SUNRISE   620 AM EDT   SUNSET   842 PM EDT
JULY 23 2014..........SUNRISE   621 AM EDT   SUNSET   841 PM EDT


-  INDICATES NEGATIVE NUMBERS.
R  INDICATES RECORD WAS SET OR TIED.
MM INDICATES DATA IS MISSING.
T  INDICATES TRACE AMOUNT.




$$
