871
CDUS41 KRNK 240643
CLIBLF


CLIMATE REPORT
NATIONAL WEATHER SERVICE BLACKSBURG VA
234 AM EDT TUE MAY 24 2016


...................................

...THE BLUEFIELD WV CLIMATE SUMMARY FOR MAY 23 2016...

CLIMATE NORMAL PERIOD 1981 TO 2010
CLIMATE RECORD PERIOD 1959 TO 2016


WEATHER ITEM   OBSERVED TIME   RECORD YEAR NORMAL DEPARTURE LAST
                VALUE   (LST)  VALUE       VALUE  FROM      YEAR
                                                  NORMAL
..................................................................
TEMPERATURE (F)
 YESTERDAY
  MAXIMUM         60    418 PM  83    2004  73    -13       77
                                      1988
  MINIMUM         44    531 AM  35    1963  55    -11       50
  AVERAGE         52                        64    -12       64

PRECIPITATION (IN)
  YESTERDAY        0.02          1.30 1973   0.15  -0.13     0.00
  MONTH TO DATE    6.22                      3.11   3.11     1.70
  SINCE MAR 1      9.90                      9.96  -0.06    12.11
  SINCE JAN 1     14.72                     15.62  -0.90    15.67

SNOWFALL (IN)
  YESTERDAY        0.0                                       0.0
  MONTH TO DATE    0.0                                       0.0
  SINCE MAR 1      2.6                                       3.1
  SINCE JUL 1     34.8                                      39.7
  SNOW DEPTH       0

DEGREE DAYS
 HEATING
  YESTERDAY       13                         3     10        1
  MONTH TO DATE  225                       115    110       63
  SINCE MAR 1   1047                      1052     -5      915
  SINCE JUL 1   3860                      4545   -685     4835

 COOLING
  YESTERDAY        0                         3     -3        0
  MONTH TO DATE    4                        38    -34       82
  SINCE MAR 1      9                        66    -57       93
  SINCE JAN 1      9                        66    -57       93
..................................................................


WIND (MPH)
  HIGHEST WIND SPEED    10   HIGHEST WIND DIRECTION     W (280)
  HIGHEST GUST SPEED    17   HIGHEST GUST DIRECTION    NW (310)
  AVERAGE WIND SPEED     5.8


SKY COVER
  AVERAGE SKY COVER 0.8


WEATHER CONDITIONS
 THE FOLLOWING WEATHER WAS RECORDED YESTERDAY.
  LIGHT RAIN
  FOG
  FOG W/VISIBILITY <= 1/4 MILE


RELATIVE HUMIDITY (PERCENT)
 HIGHEST   100          1200 AM
 LOWEST     60           200 PM
 AVERAGE    80

..........................................................


THE BLUEFIELD WV CLIMATE NORMALS FOR TODAY
                         NORMAL    RECORD    YEAR
 MAXIMUM TEMPERATURE (F)   74        83      1991
 MINIMUM TEMPERATURE (F)   55        40      1963


SUNRISE AND SUNSET
MAY 24 2016...........SUNRISE   609 AM EDT   SUNSET   834 PM EDT
MAY 25 2016...........SUNRISE   609 AM EDT   SUNSET   835 PM EDT


-  INDICATES NEGATIVE NUMBERS.
R  INDICATES RECORD WAS SET OR TIED.
MM INDICATES DATA IS MISSING.
T  INDICATES TRACE AMOUNT.

REMARKS:

DUE TO A SENSOR FAILURE CAUSING MISSING TEMPERATURES ON DECEMBER 20-
21...JANUARY 19-20...AND JANUARY 22-25...THE SEASONAL HEATING DEGREE
DAY TOTAL AND DEPARTURE FROM NORMAL WILL BE CALCULATED WITHOUT DATA
FROM THESE DATES.

$$

RAB
