000
CDUS41 KRNK 140910
CLIBLF


CLIMATE REPORT
NATIONAL WEATHER SERVICE BLACKSBURG VA
401 AM EST THU DEC 14 2017


...................................

...THE BLUEFIELD WV CLIMATE SUMMARY FOR DECEMBER 13 2017...

CLIMATE NORMAL PERIOD 1981 TO 2010
CLIMATE RECORD PERIOD 1959 TO 2017


WEATHER ITEM   OBSERVED TIME   RECORD YEAR NORMAL DEPARTURE LAST
                VALUE   (LST)  VALUE       VALUE  FROM      YEAR
                                                  NORMAL
..................................................................
TEMPERATURE (F)
 YESTERDAY
  MAXIMUM         37    702 PM  69    2015  45     -8       46
  MINIMUM         11    739 AM  -9    1962  30    -19       31
  AVERAGE         24                        38    -14       39

PRECIPITATION (IN)
  YESTERDAY        T             0.85 1998   0.10  -0.10      T
  MONTH TO DATE    0.24                      1.28  -1.04     1.19
  SINCE DEC 1      0.24                      1.28  -1.04     1.19
  SINCE JAN 1     39.57                     38.00   1.57    32.82

SNOWFALL (IN)
  YESTERDAY        T                                         0.0
  MONTH TO DATE    2.7                                       0.9
  SINCE DEC 1      2.7                                       0.9
  SINCE JUL 1      3.0                                       0.9
  SNOW DEPTH       1

DEGREE DAYS
 HEATING
  YESTERDAY       41                        27     14       26
  MONTH TO DATE  375                       333     42      404
  SINCE DEC 1    375                       333     42      404
  SINCE JUL 1   1402                      1236    166     1180

 COOLING
  YESTERDAY        0                         0      0        0
  MONTH TO DATE    0                         0      0        0
  SINCE DEC 1      0                         0      0        0
  SINCE JAN 1    488                       853   -365      737
..................................................................


WIND (MPH)
  HIGHEST WIND SPEED    30   HIGHEST WIND DIRECTION     W (250)
  HIGHEST GUST SPEED    46   HIGHEST GUST DIRECTION     W (250)
  AVERAGE WIND SPEED    14.8


SKY COVER
  AVERAGE SKY COVER 0.5


WEATHER CONDITIONS
 THE FOLLOWING WEATHER WAS RECORDED YESTERDAY.
  LIGHT SNOW


RELATIVE HUMIDITY (PERCENT)
 HIGHEST    67           400 AM
 LOWEST     32           900 PM
 AVERAGE    50

..........................................................


THE BLUEFIELD WV CLIMATE NORMALS FOR TODAY
                         NORMAL    RECORD    YEAR
 MAXIMUM TEMPERATURE (F)   45        68      1984
 MINIMUM TEMPERATURE (F)   30         6      1960


SUNRISE AND SUNSET
DECEMBER 14 2017......SUNRISE   731 AM EST   SUNSET   508 PM EST
DECEMBER 15 2017......SUNRISE   732 AM EST   SUNSET   508 PM EST


-  INDICATES NEGATIVE NUMBERS.
R  INDICATES RECORD WAS SET OR TIED.
MM INDICATES DATA IS MISSING.
T  INDICATES TRACE AMOUNT.




$$
