000
CDUS41 KRNK 080553
CLIBLF


CLIMATE REPORT
NATIONAL WEATHER SERVICE BLACKSBURG VA
1248 AM EST MON FEB 8 2016


...................................

...THE BLUEFIELD WV CLIMATE SUMMARY FOR FEBRUARY 7 2016...

CLIMATE NORMAL PERIOD 1981 TO 2010
CLIMATE RECORD PERIOD 1959 TO 2016


WEATHER ITEM   OBSERVED TIME   RECORD YEAR NORMAL DEPARTURE LAST
                VALUE   (LST)  VALUE       VALUE  FROM      YEAR
                                                  NORMAL
..................................................................
TEMPERATURE (F)
 YESTERDAY
  MAXIMUM         43    439 PM  63    2005  44     -1       56
  MINIMUM         25    802 AM  -5    1978  28     -3       31
  AVERAGE         34                        36     -2       44

PRECIPITATION (IN)
  YESTERDAY        0.00          1.22 1961   0.10  -0.10     0.00
  MONTH TO DATE    0.73                      0.67   0.06     0.41
  SINCE DEC 1      6.41                      6.48  -0.07     4.28
  SINCE JAN 1      2.58                      3.57  -0.99     1.89

SNOWFALL (IN)
  YESTERDAY        0.0                                       0.0
  MONTH TO DATE    T                                         1.5
  SINCE DEC 1     18.7                                       4.5
  SINCE JUL 1     18.7                                       9.3
  SNOW DEPTH       0

DEGREE DAYS
 HEATING
  YESTERDAY       31                        29      2       21
  MONTH TO DATE  180                       207    -27      212
  SINCE DEC 1   1369                      2024   -655     1977
  SINCE JUL 1   2091                      2927   -836     3062

 COOLING
  YESTERDAY        0                         0      0        0
  MONTH TO DATE    0                         0      0        0
  SINCE DEC 1      3                         0      3        0
  SINCE JAN 1      0                         0      0        0
..................................................................


WIND (MPH)
  HIGHEST WIND SPEED    13   HIGHEST WIND DIRECTION    NW (300)
  HIGHEST GUST SPEED    22   HIGHEST GUST DIRECTION     N (350)
  AVERAGE WIND SPEED     5.8


SKY COVER
  AVERAGE SKY COVER 0.0


WEATHER CONDITIONS
 THE FOLLOWING WEATHER WAS RECORDED YESTERDAY.
  NO SIGNIFICANT WEATHER WAS OBSERVED.


RELATIVE HUMIDITY (PERCENT)
 HIGHEST    63           300 AM
 LOWEST     39           300 PM
 AVERAGE    51

..........................................................


THE BLUEFIELD WV CLIMATE NORMALS FOR TODAY
                         NORMAL    RECORD    YEAR
 MAXIMUM TEMPERATURE (F)   44        64      2001
 MINIMUM TEMPERATURE (F)   28         4      2003


SUNRISE AND SUNSET
FEBRUARY  8 2016......SUNRISE   722 AM EST   SUNSET   556 PM EST
FEBRUARY  9 2016......SUNRISE   721 AM EST   SUNSET   558 PM EST


-  INDICATES NEGATIVE NUMBERS.
R  INDICATES RECORD WAS SET OR TIED.
MM INDICATES DATA IS MISSING.
T  INDICATES TRACE AMOUNT.

REMARKS:

DUE TO AN EQUIPMENT OUTAGE AFFECTING THE TEMPERATURE ON DECEMBER 20-
21...JANUARY 19-20...AND JANUARY 22-25...ALL TEMPERATURE DATA AND
THE SEASONAL HEATING DEGREE DAY TOTAL AND DEPARTURE FROM NORMAL WILL
BE CALCULATED WITHOUT DATA FROM THESE DATES.

$$
