000
CDUS41 KRNK 170739
CLIBLF


CLIMATE REPORT
NATIONAL WEATHER SERVICE BLACKSBURG VA
328 AM EDT TUE OCT 17 2017


...................................

...THE BLUEFIELD WV CLIMATE SUMMARY FOR OCTOBER 16 2017...

CLIMATE NORMAL PERIOD 1981 TO 2010
CLIMATE RECORD PERIOD 1959 TO 2017


WEATHER ITEM   OBSERVED TIME   RECORD YEAR NORMAL DEPARTURE LAST
                VALUE   (LST)  VALUE       VALUE  FROM      YEAR
                                                  NORMAL
..................................................................
TEMPERATURE (F)
 YESTERDAY
  MAXIMUM         56   1200 AM  81    1989  66    -10       72
  MINIMUM         39   1129 PM  29    1986  47     -8       50
  AVERAGE         48                        56     -8       61

PRECIPITATION (IN)
  YESTERDAY        0.04          1.68 1974   0.08  -0.04     0.00
  MONTH TO DATE    1.57                      1.32   0.25     0.93
  SINCE SEP 1      2.41                      4.46  -2.05     1.81
  SINCE JAN 1     34.47                     32.85   1.62    28.70

SNOWFALL (IN)
  YESTERDAY        0.0                                       0.0
  MONTH TO DATE    0.0                                       0.0
  SINCE SEP 1      0.0                                       0.0
  SINCE JUL 1      0.0                                       0.0
  SNOW DEPTH       0

DEGREE DAYS
 HEATING
  YESTERDAY       17                         9      8        4
  MONTH TO DATE   45                       120    -75      130
  SINCE SEP 1    162                       193    -31      152
  SINCE JUL 1    188                       199    -11      152

 COOLING
  YESTERDAY        0                         1     -1        0
  MONTH TO DATE   25                        16      9        0
  SINCE SEP 1     64                       114    -50      118
  SINCE JAN 1    488                       848   -360      726
..................................................................


WIND (MPH)
  HIGHEST WIND SPEED    14   HIGHEST WIND DIRECTION    NW (320)
  HIGHEST GUST SPEED    21   HIGHEST GUST DIRECTION     N (10)
  AVERAGE WIND SPEED     5.8


SKY COVER
  AVERAGE SKY COVER 0.7


WEATHER CONDITIONS
 THE FOLLOWING WEATHER WAS RECORDED YESTERDAY.
  LIGHT RAIN
  FOG


RELATIVE HUMIDITY (PERCENT)
 HIGHEST    96           200 AM
 LOWEST     46           500 PM
 AVERAGE    71

..........................................................


THE BLUEFIELD WV CLIMATE NORMALS FOR TODAY
                         NORMAL    RECORD    YEAR
 MAXIMUM TEMPERATURE (F)   65        78      2000
 MINIMUM TEMPERATURE (F)   47        30      1977


SUNRISE AND SUNSET
OCTOBER 17 2017.......SUNRISE   735 AM EDT   SUNSET   645 PM EDT
OCTOBER 18 2017.......SUNRISE   736 AM EDT   SUNSET   643 PM EDT


-  INDICATES NEGATIVE NUMBERS.
R  INDICATES RECORD WAS SET OR TIED.
MM INDICATES DATA IS MISSING.
T  INDICATES TRACE AMOUNT.




$$
