000
CDUS41 KRNK 050904
CLIBLF


CLIMATE REPORT
NATIONAL WEATHER SERVICE BLACKSBURG VA
403 AM EST MON DEC 5 2016


...................................

...THE BLUEFIELD WV CLIMATE SUMMARY FOR DECEMBER 4 2016...

CLIMATE NORMAL PERIOD 1981 TO 2010
CLIMATE RECORD PERIOD 1959 TO 2016


WEATHER ITEM   OBSERVED TIME   RECORD YEAR NORMAL DEPARTURE LAST
                VALUE   (LST)  VALUE       VALUE  FROM      YEAR
                                                  NORMAL
..................................................................
TEMPERATURE (F)
 YESTERDAY
  MAXIMUM         42   1142 PM  74    1982  48     -6       49
  MINIMUM         28   1215 AM  11    1989  32     -4       26
  AVERAGE         35                        40     -5       38

PRECIPITATION (IN)
  YESTERDAY        0.05          1.61 1962   0.10  -0.05     0.00
  MONTH TO DATE    0.05                      0.39  -0.34     1.18
  SINCE DEC 1      0.05                      0.39  -0.34     1.18
  SINCE JAN 1     31.68                     37.11  -5.43    39.35

SNOWFALL (IN)
  YESTERDAY        T                                         0.0
  MONTH TO DATE    T                                          T
  SINCE DEC 1      T                                          T
  SINCE JUL 1      T                                          T
  SNOW DEPTH       0

DEGREE DAYS
 HEATING
  YESTERDAY       30                        25      5       27
  MONTH TO DATE  122                        97     25       87
  SINCE DEC 1    122                        97     25       87
  SINCE JUL 1    898                      1000   -102      809

 COOLING
  YESTERDAY        0                         0      0        0
  MONTH TO DATE    0                         0      0        0
  SINCE DEC 1      0                         0      0        0
  SINCE JAN 1    737                       853   -116     1041
..................................................................


WIND (MPH)
  HIGHEST WIND SPEED    17   HIGHEST WIND DIRECTION     S (160)
  HIGHEST GUST SPEED    27   HIGHEST GUST DIRECTION    SE (150)
  AVERAGE WIND SPEED     5.7


SKY COVER
  AVERAGE SKY COVER 0.9


WEATHER CONDITIONS
 THE FOLLOWING WEATHER WAS RECORDED YESTERDAY.
  LIGHT RAIN
  SLEET
  FOG


RELATIVE HUMIDITY (PERCENT)
 HIGHEST    92           500 PM
 LOWEST     72           900 AM
 AVERAGE    82

..........................................................


THE BLUEFIELD WV CLIMATE NORMALS FOR TODAY
                         NORMAL    RECORD    YEAR
 MAXIMUM TEMPERATURE (F)   48        71      2001
 MINIMUM TEMPERATURE (F)   32         6      1974


SUNRISE AND SUNSET
DECEMBER  5 2016......SUNRISE   724 AM EST   SUNSET   507 PM EST
DECEMBER  6 2016......SUNRISE   725 AM EST   SUNSET   507 PM EST


-  INDICATES NEGATIVE NUMBERS.
R  INDICATES RECORD WAS SET OR TIED.
MM INDICATES DATA IS MISSING.
T  INDICATES TRACE AMOUNT.

REMARKS:
DUE TO A POWER OUTAGE CAUSING A MISSING HIGH TEMPERATURE ON NOVEMBER
10...THE SEASONAL HEATING DEGREE DAY TOTAL AND DEPARTURE FROM
NORMAL WILL BE CALCULATED WITHOUT DATA FROM THIS DATE.


$$
