000
CDUS41 KRNK 190820
CLIBLF


CLIMATE REPORT
NATIONAL WEATHER SERVICE BLACKSBURG VA
314 AM EST THU JAN 19 2017


...................................

...THE BLUEFIELD WV CLIMATE SUMMARY FOR JANUARY 18 2017...

CLIMATE NORMAL PERIOD 1981 TO 2010
CLIMATE RECORD PERIOD 1959 TO 2017


WEATHER ITEM   OBSERVED TIME   RECORD YEAR NORMAL DEPARTURE LAST
                VALUE   (LST)  VALUE       VALUE  FROM      YEAR
                                                  NORMAL
..................................................................
TEMPERATURE (F)
 YESTERDAY
  MAXIMUM         53   1222 AM  63    1973  42     11       23
  MINIMUM         32   1138 PM  -6    1994  26      6        7
  AVERAGE         43                        34      9       15

PRECIPITATION (IN)
  YESTERDAY        T             1.02 1980   0.09  -0.09      T
  MONTH TO DATE    2.30                      1.69   0.61     0.71
  SINCE DEC 1      5.50                      4.60   0.90     4.54
  SINCE JAN 1      2.30                      1.69   0.61     0.71

SNOWFALL (IN)
  YESTERDAY        0.0                                        T
  MONTH TO DATE    3.8                                       2.0
  SINCE DEC 1      9.7                                       2.1
  SINCE JUL 1      9.7                                       2.1
  SNOW DEPTH       0

DEGREE DAYS
 HEATING
  YESTERDAY       22                        31     -9       50
  MONTH TO DATE  488                       558    -70      586
  SINCE DEC 1   1412                      1420     -8      983
  SINCE JUL 1   2188                      2323   -135     1705

 COOLING
  YESTERDAY        0                         0      0        0
  MONTH TO DATE    0                         0      0        0
  SINCE DEC 1      0                         0      0        3
  SINCE JAN 1      0                         0      0        0
..................................................................


WIND (MPH)
  HIGHEST WIND SPEED    22   HIGHEST WIND DIRECTION    NW (310)
  HIGHEST GUST SPEED    29   HIGHEST GUST DIRECTION    NW (320)
  AVERAGE WIND SPEED     9.3


SKY COVER
  AVERAGE SKY COVER 0.8


WEATHER CONDITIONS
 THE FOLLOWING WEATHER WAS RECORDED YESTERDAY.
  LIGHT RAIN
  FOG


RELATIVE HUMIDITY (PERCENT)
 HIGHEST    93          1200 AM
 LOWEST     70          1000 AM
 AVERAGE    82

..........................................................


THE BLUEFIELD WV CLIMATE NORMALS FOR TODAY
                         NORMAL    RECORD    YEAR
 MAXIMUM TEMPERATURE (F)   42        60      1996
 MINIMUM TEMPERATURE (F)   26       -18      1994


SUNRISE AND SUNSET
JANUARY 19 2017.......SUNRISE   736 AM EST   SUNSET   535 PM EST
JANUARY 20 2017.......SUNRISE   736 AM EST   SUNSET   537 PM EST


-  INDICATES NEGATIVE NUMBERS.
R  INDICATES RECORD WAS SET OR TIED.
MM INDICATES DATA IS MISSING.
T  INDICATES TRACE AMOUNT.

REMARKS:
DUE TO A POWER FAILURE CAUSING A MISING HIGH TEMPERATURE ON NOVEMBER
10...ALL TEMPERATURE AND HEATING DEGREE DAY INFORMATION WILL BE
CALCULATED WITHOUT DATA FROM THIS DATE.

$$
