936
CDUS41 KRNK 180846
CLIBLF


CLIMATE REPORT
NATIONAL WEATHER SERVICE BLACKSBURG VA
345 AM EST SUN FEB 18 2018


...................................

...THE BLUEFIELD WV CLIMATE SUMMARY FOR FEBRUARY 17 2018...

CLIMATE NORMAL PERIOD 1981 TO 2010
CLIMATE RECORD PERIOD 1959 TO 2018


WEATHER ITEM   OBSERVED TIME   RECORD YEAR NORMAL DEPARTURE LAST
                VALUE   (LST)  VALUE       VALUE  FROM      YEAR
                                                  NORMAL
..................................................................
TEMPERATURE (F)
 YESTERDAY
  MAXIMUM         44    934 PM  66    2011  46     -2       57
  MINIMUM         32    644 AM  -1    1973  29      3       29
  AVERAGE         38                        38      0       43

PRECIPITATION (IN)
  YESTERDAY        0.66          0.83 1982   0.10   0.56     0.00
  MONTH TO DATE    4.61                      1.64   2.97     0.70
  SINCE DEC 1      7.06                      7.45  -0.39     8.15
  SINCE JAN 1      6.10                      4.54   1.56     4.95

SNOWFALL (IN)
  YESTERDAY        0.0                                       0.0
  MONTH TO DATE    5.5                                       0.9
  SINCE DEC 1     14.4                                      17.2
  SINCE JUL 1     14.7                                      17.2
  SNOW DEPTH       0

DEGREE DAYS
 HEATING
  YESTERDAY       27                        27      0       22
  MONTH TO DATE  463                       488    -25      443
  SINCE DEC 1   2590                      2305    285     2184
  SINCE JUL 1   3617                      3208    409     2960

 COOLING
  YESTERDAY        0                         0      0        0
  MONTH TO DATE    0                         0      0        0
  SINCE DEC 1      0                         0      0        0
  SINCE JAN 1      0                         0      0        0
..................................................................


WIND (MPH)
  HIGHEST WIND SPEED    29   HIGHEST WIND DIRECTION     W (280)
  HIGHEST GUST SPEED    39   HIGHEST GUST DIRECTION     W (290)
  AVERAGE WIND SPEED     7.5


SKY COVER
  AVERAGE SKY COVER 0.8


WEATHER CONDITIONS
 THE FOLLOWING WEATHER WAS RECORDED YESTERDAY.
  HEAVY RAIN
  RAIN
  LIGHT RAIN
  FOG


RELATIVE HUMIDITY (PERCENT)
 HIGHEST   100           400 PM
 LOWEST     76          1000 AM
 AVERAGE    88

..........................................................


THE BLUEFIELD WV CLIMATE NORMALS FOR TODAY
                         NORMAL    RECORD    YEAR
 MAXIMUM TEMPERATURE (F)   46        64      1997
 MINIMUM TEMPERATURE (F)   30         4      1979


SUNRISE AND SUNSET
FEBRUARY 18 2018......SUNRISE   710 AM EST   SUNSET   608 PM EST
FEBRUARY 19 2018......SUNRISE   709 AM EST   SUNSET   609 PM EST


-  INDICATES NEGATIVE NUMBERS.
R  INDICATES RECORD WAS SET OR TIED.
MM INDICATES DATA IS MISSING.
T  INDICATES TRACE AMOUNT.




$$
