000
CDUS41 KRNK 281027
CLIBLF


CLIMATE REPORT
NATIONAL WEATHER SERVICE BLACKSBURG VA
525 AM EST SAT FEB 28 2015


...................................

...THE BLUEFIELD WV CLIMATE SUMMARY FOR FEBRUARY 27 2015...

CLIMATE NORMAL PERIOD 1981 TO 2010
CLIMATE RECORD PERIOD 1959 TO 2015


WEATHER ITEM   OBSERVED TIME   RECORD YEAR NORMAL DEPARTURE LAST
                VALUE   (LST)  VALUE       VALUE  FROM      YEAR
                                                  NORMAL
..................................................................
TEMPERATURE (F)
 YESTERDAY
  MAXIMUM         27   1226 AM  70    1996  49    -22       35
  MINIMUM         13   1159 PM  -1    1963  32    -19       16
  AVERAGE         20                        40    -20

PRECIPITATION (IN)
  YESTERDAY        T             2.66 1987   0.10  -0.10     0.00
  MONTH TO DATE    2.08                      2.65  -0.57     2.56
  SINCE DEC 1      5.95                      8.46  -2.51     9.13
  SINCE JAN 1      3.56                      5.55  -1.99     4.13

SNOWFALL (IN)
  YESTERDAY        0.2
  MONTH TO DATE   28.8
  SINCE DEC 1     31.8
  SINCE JUL 1     36.6
  SNOW DEPTH      11

DEGREE DAYS
 HEATING
  YESTERDAY       45                        25     20
  MONTH TO DATE 1030                       748    282
  SINCE DEC 1   2795                      2565    230
  SINCE JUL 1   3880                      3468    412

 COOLING
  YESTERDAY        0                         0      0
  MONTH TO DATE    0                         0      0
  SINCE DEC 1      0                         0      0
  SINCE JAN 1      0                         0      0
..................................................................


WIND (MPH)
  HIGHEST WIND SPEED    15   HIGHEST WIND DIRECTION     W (270)
  HIGHEST GUST SPEED    21   HIGHEST GUST DIRECTION     W (270)
  AVERAGE WIND SPEED     7.0


SKY COVER
  POSSIBLE SUNSHINE  MM
  AVERAGE SKY COVER 0.6


WEATHER CONDITIONS
 THE FOLLOWING WEATHER WAS RECORDED YESTERDAY.
  LIGHT SNOW


RELATIVE HUMIDITY (PERCENT)
 HIGHEST    77           700 AM
 LOWEST     46           400 PM
 AVERAGE    62

..........................................................


THE BLUEFIELD WV CLIMATE NORMALS FOR TODAY
                         NORMAL    RECORD    YEAR
 MAXIMUM TEMPERATURE (F)   49        67      2012
 MINIMUM TEMPERATURE (F)   32        10      2002


SUNRISE AND SUNSET
FEBRUARY 28 2015......SUNRISE   658 AM EST   SUNSET   618 PM EST
MARCH  1 2015.........SUNRISE   656 AM EST   SUNSET   619 PM EST


-  INDICATES NEGATIVE NUMBERS.
R  INDICATES RECORD WAS SET OR TIED.
MM INDICATES DATA IS MISSING.
T  INDICATES TRACE AMOUNT.




$$
