000
CDUS41 KRNK 240926
CLIBLF


CLIMATE REPORT
NATIONAL WEATHER SERVICE BLACKSBURG VA
524 AM EDT SAT JUN 24 2017


...................................

...THE BLUEFIELD WV CLIMATE SUMMARY FOR JUNE 23 2017...

CLIMATE NORMAL PERIOD 1981 TO 2010
CLIMATE RECORD PERIOD 1959 TO 2017


WEATHER ITEM   OBSERVED TIME   RECORD YEAR NORMAL DEPARTURE LAST
                VALUE   (LST)  VALUE       VALUE  FROM      YEAR
                                                  NORMAL
..................................................................
TEMPERATURE (F)
 YESTERDAY
  MAXIMUM         80    521 PM  90    1988  80      0       82
  MINIMUM         63   1159 PM  46    1972  63      0       64
  AVERAGE         72                        72      0       73

PRECIPITATION (IN)
  YESTERDAY        0.09          1.41 2016   0.13  -0.04     1.41
  MONTH TO DATE    4.14                      3.22   0.92     3.29
  SINCE JUN 1      4.14                      3.22   0.92     3.29
  SINCE JAN 1     24.94                     20.04   4.90    18.05

SNOWFALL (IN)
  YESTERDAY        0.0                                       0.0
  MONTH TO DATE    0.0                                       0.0
  SINCE JUN 1      0.0                                       0.0
  SINCE JUL 1     20.5                                      34.8
  SNOW DEPTH       0

DEGREE DAYS
 HEATING
  YESTERDAY        0                         0      0        0
  MONTH TO DATE   31                        21     10       16
  SINCE JUN 1     31                        21     10       16
  SINCE JUL 1   4292                      4587   -295     3882

 COOLING
  YESTERDAY        7                         7      0        8
  MONTH TO DATE   61                       116    -55       88
  SINCE JUN 1     61                       116    -55       88
  SINCE JAN 1    113                       207    -94      115
..................................................................


WIND (MPH)
  HIGHEST WIND SPEED    30   HIGHEST WIND DIRECTION     W (250)
  HIGHEST GUST SPEED    38   HIGHEST GUST DIRECTION    NW (300)
  AVERAGE WIND SPEED    11.5


SKY COVER
  AVERAGE SKY COVER 0.6


WEATHER CONDITIONS
 THE FOLLOWING WEATHER WAS RECORDED YESTERDAY.
  LIGHT RAIN
  FOG


RELATIVE HUMIDITY (PERCENT)
 HIGHEST    93          1100 PM
 LOWEST     51           500 PM
 AVERAGE    72

..........................................................


THE BLUEFIELD WV CLIMATE NORMALS FOR TODAY
                         NORMAL    RECORD    YEAR
 MAXIMUM TEMPERATURE (F)   80        87      1998
 MINIMUM TEMPERATURE (F)   63        46      1979


SUNRISE AND SUNSET
JUNE 24 2017..........SUNRISE   605 AM EDT   SUNSET   849 PM EDT
JUNE 25 2017..........SUNRISE   606 AM EDT   SUNSET   849 PM EDT


-  INDICATES NEGATIVE NUMBERS.
R  INDICATES RECORD WAS SET OR TIED.
MM INDICATES DATA IS MISSING.
T  INDICATES TRACE AMOUNT.

REMARKS:
DUE TO A POWER OUTAGE CAUSING A MISSING HIGH TEMPERATURE ON NOVEBMER 10...
THE SEASONAL HEATING DEGREE DAY TOTAL AND DEPARTURE FROM NORMAL WILL BE
CALCULATED IWHTOUT DATA FROM THIS DATE.

$$

RAB
