000
CDUS46 KSEW 240127
CLIBLI


CLIMATE REPORT
NATIONAL WEATHER SERVICE SEATTLE WA
626 PM PDT TUE SEP 23 2014


...................................

...THE BELLINGHAM WA AIRPORT CLIMATE SUMMARY FOR SEPTEMBER 23 2014...
VALID TODAY AS OF 0600 PM LOCAL TIME.

CLIMATE NORMAL PERIOD 1981 TO 2010
CLIMATE RECORD PERIOD 1949 TO 2014


WEATHER ITEM   OBSERVED TIME   RECORD YEAR NORMAL DEPARTURE LAST
                VALUE   (LST)  VALUE       VALUE  FROM      YEAR
                                                  NORMAL
..................................................................
TEMPERATURE (F)
 TODAY
  MAXIMUM         69   1259 PM  79    1957  65      4       58
  MINIMUM         55    436 AM  33    2000  46      9       48
  AVERAGE         62                        56      6       53

PRECIPITATION (IN)
  TODAY            T             0.97 1986   0.06  -0.06     0.40
  MONTH TO DATE    0.54                      1.29  -0.75     2.41
  SINCE OCT 1     30.62                     35.34  -4.72    20.27
  SINCE JAN 1     20.31                     21.64  -1.33    18.49

DEGREE DAYS
 HEATING
  TODAY            3                         9     -6       12
  MONTH TO DATE   70                       156    -86       71
  SINCE SEP 1     70                       156    -86       71

 COOLING
  TODAY            0                         0      0        0
  MONTH TO DATE    2                         0      2        6
  SINCE SEP 1      2                         0      2        6
  SINCE JAN 1    117                        40     77       95
..................................................................


WIND (MPH)
  RESULTANT WIND SPEED   1   RESULTANT WIND DIRECTION   E (110)
  HIGHEST WIND SPEED    20   HIGHEST WIND DIRECTION    SE (130)
  HIGHEST GUST SPEED    29   HIGHEST GUST DIRECTION    SE (130)
  AVERAGE WIND SPEED     1.7


SKY COVER
  AVERAGE SKY COVER 0.8


WEATHER CONDITIONS
 THE FOLLOWING WEATHER WAS RECORDED TODAY.
  RAIN
  LIGHT RAIN
  FOG


RELATIVE HUMIDITY (PERCENT)
 HIGHEST    93           100 AM
 LOWEST     78          1000 AM
 AVERAGE    86

..........................................................


THE BELLINGHAM WA AIRPORT CLIMATE NORMALS FOR TOMORROW
                         NORMAL    RECORD    YEAR
 MAXIMUM TEMPERATURE (F)   65        82      1974
 MINIMUM TEMPERATURE (F)   46        34      2000
                                             1955


SUNRISE AND SUNSET
SEPTEMBER 23 2014.....SUNRISE   658 AM PDT   SUNSET   706 PM PDT
SEPTEMBER 24 2014.....SUNRISE   700 AM PDT   SUNSET   703 PM PDT


-  INDICATES NEGATIVE NUMBERS.
R  INDICATES RECORD WAS SET OR TIED.
MM INDICATES DATA IS MISSING.
T  INDICATES TRACE AMOUNT.




$$
