000
CDUS46 KSEW 270831
CLIBLI


CLIMATE REPORT
NATIONAL WEATHER SERVICE SEATTLE WA
129 AM PDT WED MAY 27 2015


...................................

...THE BELLINGHAM WA AIRPORT CLIMATE SUMMARY FOR MAY 26 2015...

CLIMATE NORMAL PERIOD 1981 TO 2010
CLIMATE RECORD PERIOD 1949 TO 2015


WEATHER ITEM   OBSERVED TIME   RECORD YEAR NORMAL DEPARTURE LAST
                VALUE   (LST)  VALUE       VALUE  FROM      YEAR
                                                  NORMAL
..................................................................
TEMPERATURE (F)
 YESTERDAY
  MAXIMUM         70    519 PM  84    2005  64      6       62
  MINIMUM         55    441 AM  38    1951  48      7       49
  AVERAGE         63                        56      7       56

PRECIPITATION (IN)
  YESTERDAY        0.00          0.75 1989   0.08  -0.08     0.02
  MONTH TO DATE    0.67                      2.07  -1.40     2.47
  SINCE OCT 1     29.37                     29.37   0.00    27.17
  SINCE JAN 1     14.64                     15.67  -1.03    16.86

DEGREE DAYS
 HEATING
  YESTERDAY        2                         9     -7        9
  MONTH TO DATE  215                       300    -85      183
  SINCE MAR 1   1190                      1441   -251     1198

 COOLING
  YESTERDAY        0                         0      0        0
  MONTH TO DATE    0                         0      0        1
  SINCE MAR 1      0                         0      0        1
  SINCE JAN 1      0                         0      0        1
..................................................................


WIND (MPH)
  RESULTANT WIND SPEED   2   RESULTANT WIND DIRECTION   S (160)
  HIGHEST WIND SPEED    10   HIGHEST WIND DIRECTION     W (280)
  HIGHEST GUST SPEED    13   HIGHEST GUST DIRECTION     W (270)
  AVERAGE WIND SPEED     3.3


SKY COVER
  AVERAGE SKY COVER 0.7


WEATHER CONDITIONS
 THE FOLLOWING WEATHER WAS RECORDED YESTERDAY.
  NO SIGNIFICANT WEATHER WAS OBSERVED.


RELATIVE HUMIDITY (PERCENT)
 HIGHEST    93          1200 AM
 LOWEST     47           500 PM
 AVERAGE    70

..........................................................


THE BELLINGHAM WA AIRPORT CLIMATE NORMALS FOR TODAY
                         NORMAL    RECORD    YEAR
 MAXIMUM TEMPERATURE (F)   64        83      2005
 MINIMUM TEMPERATURE (F)   48        35      1973


SUNRISE AND SUNSET
MAY 27 2015...........SUNRISE   515 AM PDT   SUNSET   900 PM PDT
MAY 28 2015...........SUNRISE   515 AM PDT   SUNSET   901 PM PDT


-  INDICATES NEGATIVE NUMBERS.
R  INDICATES RECORD WAS SET OR TIED.
MM INDICATES DATA IS MISSING.
T  INDICATES TRACE AMOUNT.




$$
