000
CDUS46 KSEW 030120
CLIBLI


CLIMATE REPORT
NATIONAL WEATHER SERVICE SEATTLE WA
620 PM PDT TUE SEP 2 2014


...................................

...THE BELLINGHAM WA AIRPORT CLIMATE SUMMARY FOR SEPTEMBER 2 2014...
VALID TODAY AS OF 0600 PM LOCAL TIME.

CLIMATE NORMAL PERIOD 1981 TO 2010
CLIMATE RECORD PERIOD 1949 TO 2014


WEATHER ITEM   OBSERVED TIME   RECORD YEAR NORMAL DEPARTURE LAST
                VALUE   (LST)  VALUE       VALUE  FROM      YEAR
                                                  NORMAL
..................................................................
TEMPERATURE (F)
 TODAY
  MAXIMUM         62   1142 AM  87    1988  70     -8       75
  MINIMUM         57    402 PM  39    1984  51      6       58
  AVERAGE         60                        60      0       67

PRECIPITATION (IN)
  TODAY            0.19          0.39 1977   0.06   0.13     0.01
  MONTH TO DATE    0.19                      0.11   0.08     0.01
  SINCE OCT 1     30.27                     34.16  -3.89    17.87
  SINCE JAN 1     19.96                     20.46  -0.50    16.09

DEGREE DAYS
 HEATING
  TODAY            5                         5      0        0
  MONTH TO DATE    5                         9     -4        1
  SINCE SEP 1      5                         9     -4        1

 COOLING
  TODAY            0                         0      0        2
  MONTH TO DATE    1                         0      1        2
  SINCE SEP 1      1                         0      1        2
  SINCE JAN 1    116                        40     76       91
..................................................................


WIND (MPH)
  RESULTANT WIND SPEED   6   RESULTANT WIND DIRECTION   S (180)
  HIGHEST WIND SPEED    17   HIGHEST WIND DIRECTION     S (170)
  HIGHEST GUST SPEED    25   HIGHEST GUST DIRECTION     S (170)
  AVERAGE WIND SPEED     6.6


SKY COVER
  AVERAGE SKY COVER 1.0


WEATHER CONDITIONS
 THE FOLLOWING WEATHER WAS RECORDED TODAY.
  HEAVY RAIN
  RAIN
  LIGHT RAIN
  FOG


RELATIVE HUMIDITY (PERCENT)
 HIGHEST    87           300 AM
 LOWEST     78          1200 AM
 AVERAGE    83

..........................................................


THE BELLINGHAM WA AIRPORT CLIMATE NORMALS FOR TOMORROW
                         NORMAL    RECORD    YEAR
 MAXIMUM TEMPERATURE (F)   70        87      1988
 MINIMUM TEMPERATURE (F)   50        40      1958


SUNRISE AND SUNSET
SEPTEMBER  2 2014.....SUNRISE   629 AM PDT   SUNSET   750 PM PDT
SEPTEMBER  3 2014.....SUNRISE   630 AM PDT   SUNSET   748 PM PDT


-  INDICATES NEGATIVE NUMBERS.
R  INDICATES RECORD WAS SET OR TIED.
MM INDICATES DATA IS MISSING.
T  INDICATES TRACE AMOUNT.




$$
