000
CDUS46 KSEW 230828
CLIBLI


CLIMATE REPORT
NATIONAL WEATHER SERVICE SEATTLE WA
1228 AM PST SUN NOV 23 2014


...................................

...THE BELLINGHAM WA AIRPORT CLIMATE SUMMARY FOR NOVEMBER 22 2014...

CLIMATE NORMAL PERIOD 1981 TO 2010
CLIMATE RECORD PERIOD 1949 TO 2014


WEATHER ITEM   OBSERVED TIME   RECORD YEAR NORMAL DEPARTURE LAST
                VALUE   (LST)  VALUE       VALUE  FROM      YEAR
                                                  NORMAL
..................................................................
TEMPERATURE (F)
 YESTERDAY
  MAXIMUM         51    242 PM  60    1995  48      3       45
                                      1949
  MINIMUM         46    724 PM  11    1985  35     11       25
  AVERAGE         49                        42      7       35

PRECIPITATION (IN)
  YESTERDAY        0.01          0.92 2011   0.19  -0.18     0.00
  MONTH TO DATE    1.87                      4.32  -2.45     4.37
  SINCE OCT 1      7.44                      8.00  -0.56     6.54
  SINCE JAN 1     29.53                     30.13  -0.60    27.04

DEGREE DAYS
 HEATING
  YESTERDAY       16                        23     -7       30
  MONTH TO DATE  442                       459    -17      453
  SINCE SEP 1    815                      1166   -351     1085

 COOLING
  YESTERDAY        0                         0      0        0
  MONTH TO DATE    0                         0      0        0
  SINCE SEP 1      2                         2      0        6
  SINCE JAN 1    117                        42     75       95
..................................................................


WIND (MPH)
  RESULTANT WIND SPEED   7   RESULTANT WIND DIRECTION   S (170)
  HIGHEST WIND SPEED    14   HIGHEST WIND DIRECTION     S (170)
  HIGHEST GUST SPEED    20   HIGHEST GUST DIRECTION     S (160)
  AVERAGE WIND SPEED     7.7


SKY COVER
  AVERAGE SKY COVER 0.8


WEATHER CONDITIONS
 THE FOLLOWING WEATHER WAS RECORDED YESTERDAY.
  LIGHT RAIN


RELATIVE HUMIDITY (PERCENT)
 HIGHEST    82           900 AM
 LOWEST     66           100 AM
 AVERAGE    74

..........................................................


THE BELLINGHAM WA AIRPORT CLIMATE NORMALS FOR TODAY
                         NORMAL    RECORD    YEAR
 MAXIMUM TEMPERATURE (F)   48        61      1995
 MINIMUM TEMPERATURE (F)   35        10      1985


SUNRISE AND SUNSET
NOVEMBER 23 2014......SUNRISE   731 AM PST   SUNSET   422 PM PST
NOVEMBER 24 2014......SUNRISE   733 AM PST   SUNSET   421 PM PST


-  INDICATES NEGATIVE NUMBERS.
R  INDICATES RECORD WAS SET OR TIED.
MM INDICATES DATA IS MISSING.
T  INDICATES TRACE AMOUNT.




$$
