000
CDUS46 KSEW 020828
CLIBLI


CLIMATE REPORT
NATIONAL WEATHER SERVICE SEATTLE WA
1227 AM PST FRI DEC 2 2016


...................................

...THE BELLINGHAM WA AIRPORT CLIMATE SUMMARY FOR DECEMBER 1 2016...

CLIMATE NORMAL PERIOD 1981 TO 2010
CLIMATE RECORD PERIOD 1949 TO 2016


WEATHER ITEM   OBSERVED TIME   RECORD YEAR NORMAL DEPARTURE LAST
                VALUE   (LST)  VALUE       VALUE  FROM      YEAR
                                                  NORMAL
..................................................................
TEMPERATURE (F)
 YESTERDAY
  MAXIMUM         46    254 PM  61    1958  46      0       50
  MINIMUM         34    814 AM  19    2014  34      0       37
                                      1985
  AVERAGE         40                        40      0       44

PRECIPITATION (IN)
  YESTERDAY        0.02          1.30 1949   0.17  -0.15     0.33
  MONTH TO DATE    0.02                      0.17  -0.15     0.33
  SINCE OCT 1     15.18                      9.65   5.53     8.30
  SINCE JAN 1     34.59                     31.78   2.81    27.88

DEGREE DAYS
 HEATING
  YESTERDAY       25                        25      0       21
  MONTH TO DATE   25                        25      0       21
  SINCE DEC 1     25                        25      0       21

 COOLING
  YESTERDAY        0                         0      0        0
  MONTH TO DATE    0                         0      0        0
  SINCE DEC 1      0                         0      0        0
  SINCE JAN 1    101                        42     59      193
..................................................................


WIND (MPH)
  RESULTANT WIND SPEED   4   RESULTANT WIND DIRECTION  SE (140)
  HIGHEST WIND SPEED    10   HIGHEST WIND DIRECTION    SE (130)
  HIGHEST GUST SPEED    15   HIGHEST GUST DIRECTION     S (160)
  AVERAGE WIND SPEED     4.6


SKY COVER
  AVERAGE SKY COVER 0.7


WEATHER CONDITIONS
 THE FOLLOWING WEATHER WAS RECORDED YESTERDAY.
  LIGHT RAIN
  FOG


RELATIVE HUMIDITY (PERCENT)
 HIGHEST   100          1200 AM
 LOWEST     82           200 PM
 AVERAGE    91

..........................................................


THE BELLINGHAM WA AIRPORT CLIMATE NORMALS FOR TODAY
                         NORMAL    RECORD    YEAR
 MAXIMUM TEMPERATURE (F)   46        60      2015
 MINIMUM TEMPERATURE (F)   33        21      1954


SUNRISE AND SUNSET
DECEMBER  2 2016......SUNRISE   744 AM PST   SUNSET   415 PM PST
DECEMBER  3 2016......SUNRISE   745 AM PST   SUNSET   415 PM PST


-  INDICATES NEGATIVE NUMBERS.
R  INDICATES RECORD WAS SET OR TIED.
MM INDICATES DATA IS MISSING.
T  INDICATES TRACE AMOUNT.




$$
