000
CDUS46 KSEW 250838
CLIBLI


CLIMATE REPORT
NATIONAL WEATHER SERVICE SEATTLE WA
1238 AM PST SUN FEB 25 2018


...................................

...THE BELLINGHAM WA AIRPORT CLIMATE SUMMARY FOR FEBRUARY 24 2018...

CLIMATE NORMAL PERIOD 1981 TO 2010
CLIMATE RECORD PERIOD 1949 TO 2018


WEATHER ITEM   OBSERVED TIME   RECORD YEAR NORMAL DEPARTURE LAST
                VALUE   (LST)  VALUE       VALUE  FROM      YEAR
                                                  NORMAL
..................................................................
TEMPERATURE (F)
 YESTERDAY
  MAXIMUM         43    227 PM  61    1986  49     -6       45
  MINIMUM         31    639 AM  20    2011  34     -3       29
  AVERAGE         37                        41     -4       37

PRECIPITATION (IN)
  YESTERDAY        0.16          1.03 1986   0.10   0.06     0.14
  MONTH TO DATE    4.08                      2.61   1.47     3.84
  SINCE OCT 1     26.70                     20.98   5.72    24.63
  SINCE JAN 1      9.08                      7.28   1.80     5.51

DEGREE DAYS
 HEATING
  YESTERDAY       28                        24      4       28
  MONTH TO DATE  622                       587     35      620
  SINCE DEC 1   2167                      2221    -54     2477

 COOLING
  YESTERDAY        0                         0      0        0
  MONTH TO DATE    0                         0      0        0
  SINCE DEC 1      0                         0      0        0
  SINCE JAN 1      0                         0      0        0
..................................................................


WIND (MPH)
  RESULTANT WIND SPEED   6   RESULTANT WIND DIRECTION   S (160)
  HIGHEST WIND SPEED    21   HIGHEST WIND DIRECTION     S (160)
  HIGHEST GUST SPEED    30   HIGHEST GUST DIRECTION    SE (150)
  AVERAGE WIND SPEED     8.9


SKY COVER
  AVERAGE SKY COVER 0.9


WEATHER CONDITIONS
 THE FOLLOWING WEATHER WAS RECORDED YESTERDAY.
  LIGHT RAIN
  LT FREEZING RAIN
  LIGHT SNOW
  FOG


RELATIVE HUMIDITY (PERCENT)
 HIGHEST    96          1200 AM
 LOWEST     70           100 PM
 AVERAGE    83

..........................................................


THE BELLINGHAM WA AIRPORT CLIMATE NORMALS FOR TODAY
                         NORMAL    RECORD    YEAR
 MAXIMUM TEMPERATURE (F)   49        62      1992
 MINIMUM TEMPERATURE (F)   34        16      2011


SUNRISE AND SUNSET
FEBRUARY 25 2018......SUNRISE   659 AM PST   SUNSET   548 PM PST
FEBRUARY 26 2018......SUNRISE   657 AM PST   SUNSET   549 PM PST


-  INDICATES NEGATIVE NUMBERS.
R  INDICATES RECORD WAS SET OR TIED.
MM INDICATES DATA IS MISSING.
T  INDICATES TRACE AMOUNT.




$$
