000
CDUS46 KSEW 280832
CLIBLI


CLIMATE REPORT
NATIONAL WEATHER SERVICE SEATTLE WA
132 AM PDT SAT MAR 28 2015


...................................

...THE BELLINGHAM WA AIRPORT CLIMATE SUMMARY FOR MARCH 27 2015...

CLIMATE NORMAL PERIOD 1981 TO 2010
CLIMATE RECORD PERIOD 1949 TO 2015


WEATHER ITEM   OBSERVED TIME   RECORD YEAR NORMAL DEPARTURE LAST
                VALUE   (LST)  VALUE       VALUE  FROM      YEAR
                                                  NORMAL
..................................................................
TEMPERATURE (F)
 YESTERDAY
  MAXIMUM         63    254 PM  68    1994  54      9       54
  MINIMUM         44    408 AM  28    1991  38      6       45
                                      1954
  AVERAGE         54                        46      8       50

PRECIPITATION (IN)
  YESTERDAY        0.34          0.84 1968   0.11   0.23     0.07
  MONTH TO DATE    4.08                      2.79   1.29     5.19
  SINCE OCT 1     26.78                     24.18   2.60    21.08
  SINCE JAN 1     12.05                     10.48   1.57    10.77

DEGREE DAYS
 HEATING
  YESTERDAY       11                        19     -8       15
  MONTH TO DATE  456                       567   -111      529
  SINCE MAR 1    456                       567   -111      529

 COOLING
  YESTERDAY        0                         0      0        0
  MONTH TO DATE    0                         0      0        0
  SINCE MAR 1      0                         0      0        0
  SINCE JAN 1      0                         0      0        0
..................................................................


WIND (MPH)
  RESULTANT WIND SPEED   2   RESULTANT WIND DIRECTION  SE (150)
  HIGHEST WIND SPEED    12   HIGHEST WIND DIRECTION     W (290)
  HIGHEST GUST SPEED    16   HIGHEST GUST DIRECTION     S (200)
  AVERAGE WIND SPEED     3.5


SKY COVER
  AVERAGE SKY COVER 0.7


WEATHER CONDITIONS
 THE FOLLOWING WEATHER WAS RECORDED YESTERDAY.
  THUNDERSTORM
  HEAVY RAIN
  RAIN
  LIGHT RAIN
  FOG
  FOG W/VISIBILITY <= 1/4 MILE


RELATIVE HUMIDITY (PERCENT)
 HIGHEST   100           600 AM
 LOWEST     67           300 PM
 AVERAGE    84

..........................................................


THE BELLINGHAM WA AIRPORT CLIMATE NORMALS FOR TODAY
                         NORMAL    RECORD    YEAR
 MAXIMUM TEMPERATURE (F)   54        72      1994
 MINIMUM TEMPERATURE (F)   38        24      1954


SUNRISE AND SUNSET
MARCH 28 2015.........SUNRISE   656 AM PDT   SUNSET   735 PM PDT
MARCH 29 2015.........SUNRISE   654 AM PDT   SUNSET   736 PM PDT


-  INDICATES NEGATIVE NUMBERS.
R  INDICATES RECORD WAS SET OR TIED.
MM INDICATES DATA IS MISSING.
T  INDICATES TRACE AMOUNT.




$$
