000
CDUS46 KSEW 310826
CLIBLI


CLIMATE REPORT
NATIONAL WEATHER SERVICE SEATTLE WA
126 AM PDT THU JUL 31 2014


...................................

...THE BELLINGHAM WA AIRPORT CLIMATE SUMMARY FOR JULY 30 2014...

CLIMATE NORMAL PERIOD 1981 TO 2010
CLIMATE RECORD PERIOD 1949 TO 2014


WEATHER ITEM   OBSERVED TIME   RECORD YEAR NORMAL DEPARTURE LAST
                VALUE   (LST)  VALUE       VALUE  FROM      YEAR
                                                  NORMAL
..................................................................
TEMPERATURE (F)
 YESTERDAY
  MAXIMUM         79    320 PM  93    1965  73      6       70
  MINIMUM         57    518 AM  46    1986  54      3       56
  AVERAGE         68                        63      5       63

PRECIPITATION (IN)
  YESTERDAY        0.00          0.36 1964   0.03  -0.03     0.00
  MONTH TO DATE    1.13                      1.15  -0.02     0.05
  SINCE OCT 1     29.40                     32.79  -3.39    16.69
  SINCE JAN 1     19.09                     19.09   0.00    14.91

DEGREE DAYS
 HEATING
  YESTERDAY        0                         2     -2        2
  MONTH TO DATE   35                        83    -48       37
  SINCE JUN 1    171                       284   -113      172

 COOLING
  YESTERDAY        3                         0      3        0
  MONTH TO DATE   48                         0     48       35
  SINCE JUN 1     49                         4     45       49
  SINCE JAN 1     50                         4     46       49
..................................................................


WIND (MPH)
  RESULTANT WIND SPEED   6   RESULTANT WIND DIRECTION   S (170)
  HIGHEST WIND SPEED    12   HIGHEST WIND DIRECTION     S (170)
  HIGHEST GUST SPEED    17   HIGHEST GUST DIRECTION     S (190)
  AVERAGE WIND SPEED     6.0


SKY COVER
  AVERAGE SKY COVER 0.0


WEATHER CONDITIONS
 THE FOLLOWING WEATHER WAS RECORDED YESTERDAY.
  NO SIGNIFICANT WEATHER WAS OBSERVED.


RELATIVE HUMIDITY (PERCENT)
 HIGHEST    86           500 AM
 LOWEST     54           200 PM
 AVERAGE    70

..........................................................


THE BELLINGHAM WA AIRPORT CLIMATE NORMALS FOR TODAY
                         NORMAL    RECORD    YEAR
 MAXIMUM TEMPERATURE (F)   73        90      1965
 MINIMUM TEMPERATURE (F)   54        45      2008
                                             1957


SUNRISE AND SUNSET
JULY 31 2014..........SUNRISE   543 AM PDT   SUNSET   850 PM PDT
AUGUST  1 2014........SUNRISE   544 AM PDT   SUNSET   848 PM PDT


-  INDICATES NEGATIVE NUMBERS.
R  INDICATES RECORD WAS SET OR TIED.
MM INDICATES DATA IS MISSING.
T  INDICATES TRACE AMOUNT.




$$
