000
CDUS46 KSEW 280827
CLIBLI


CLIMATE REPORT
NATIONAL WEATHER SERVICE SEATTLE WA
127 AM PDT THU AUG 28 2014


...................................

...THE BELLINGHAM WA AIRPORT CLIMATE SUMMARY FOR AUGUST 27 2014...

CLIMATE NORMAL PERIOD 1981 TO 2010
CLIMATE RECORD PERIOD 1949 TO 2014


WEATHER ITEM   OBSERVED TIME   RECORD YEAR NORMAL DEPARTURE LAST
                VALUE   (LST)  VALUE       VALUE  FROM      YEAR
                                                  NORMAL
..................................................................
TEMPERATURE (F)
 YESTERDAY
  MAXIMUM         77    349 PM  85    1994  71      6       77
  MINIMUM         61    659 AM  41    1954  52      9       60
  AVERAGE         69                        61      8       69

PRECIPITATION (IN)
  YESTERDAY        0.00          0.83 1991   0.05  -0.05     0.10
  MONTH TO DATE    0.67                      1.03  -0.36     0.64
  SINCE OCT 1     30.07                     33.85  -3.78    17.33
  SINCE JAN 1     19.76                     20.15  -0.39    15.55

DEGREE DAYS
 HEATING
  YESTERDAY        0                         4     -4        0
  MONTH TO DATE   10                        64    -54       23
  SINCE JUN 1    181                       366   -185      199

 COOLING
  YESTERDAY        4                         0      4        4
  MONTH TO DATE   61                         0     61       30
  SINCE JUN 1    113                        23     90       79
  SINCE JAN 1    114                        23     91       79
..................................................................


WIND (MPH)
  RESULTANT WIND SPEED   6   RESULTANT WIND DIRECTION   S (170)
  HIGHEST WIND SPEED    14   HIGHEST WIND DIRECTION     S (170)
  HIGHEST GUST SPEED    21   HIGHEST GUST DIRECTION     S (170)
  AVERAGE WIND SPEED     7.0


SKY COVER
  AVERAGE SKY COVER 0.1


WEATHER CONDITIONS
 THE FOLLOWING WEATHER WAS RECORDED YESTERDAY.
  NO SIGNIFICANT WEATHER WAS OBSERVED.


RELATIVE HUMIDITY (PERCENT)
 HIGHEST    90           500 AM
 LOWEST     54           200 PM
 AVERAGE    72

..........................................................


THE BELLINGHAM WA AIRPORT CLIMATE NORMALS FOR TODAY
                         NORMAL    RECORD    YEAR
 MAXIMUM TEMPERATURE (F)   71        86      1967
 MINIMUM TEMPERATURE (F)   52        41      2000


SUNRISE AND SUNSET
AUGUST 28 2014........SUNRISE   621 AM PDT   SUNSET   800 PM PDT
AUGUST 29 2014........SUNRISE   623 AM PDT   SUNSET   758 PM PDT


-  INDICATES NEGATIVE NUMBERS.
R  INDICATES RECORD WAS SET OR TIED.
MM INDICATES DATA IS MISSING.
T  INDICATES TRACE AMOUNT.




$$
