000
CDUS46 KSEW 300843
CLIBLI


CLIMATE REPORT
NATIONAL WEATHER SERVICE SEATTLE WA
143 AM PDT THU MAR 30 2017


...................................

...THE BELLINGHAM WA AIRPORT CLIMATE SUMMARY FOR MARCH 29 2017...

CLIMATE NORMAL PERIOD 1981 TO 2010
CLIMATE RECORD PERIOD 1949 TO 2017


WEATHER ITEM   OBSERVED TIME   RECORD YEAR NORMAL DEPARTURE LAST
                VALUE   (LST)  VALUE       VALUE  FROM      YEAR
                                                  NORMAL
..................................................................
TEMPERATURE (F)
 YESTERDAY
  MAXIMUM         55    349 PM  76    2004  54      1       63
  MINIMUM         44    745 AM  22    1954  38      6       36
  AVERAGE         50                        46      4       50

PRECIPITATION (IN)
  YESTERDAY        0.56          0.76 2008   0.11   0.45     0.00
  MONTH TO DATE    5.78                      3.01   2.77     3.83
  SINCE OCT 1     30.90                     24.40   6.50    26.57
  SINCE JAN 1     11.78                     10.70   1.08    12.50

DEGREE DAYS
 HEATING
  YESTERDAY       15                        19     -4       15
  MONTH TO DATE  567                       605    -38      471
  SINCE MAR 1    567                       605    -38      471

 COOLING
  YESTERDAY        0                         0      0        0
  MONTH TO DATE    0                         0      0        0
  SINCE MAR 1      0                         0      0        0
  SINCE JAN 1      0                         0      0        0
..................................................................


WIND (MPH)
  RESULTANT WIND SPEED   6   RESULTANT WIND DIRECTION  SE (150)
  HIGHEST WIND SPEED    23   HIGHEST WIND DIRECTION    SE (140)
  HIGHEST GUST SPEED    31   HIGHEST GUST DIRECTION    SE (130)
  AVERAGE WIND SPEED    10.1


SKY COVER
  AVERAGE SKY COVER 0.9


WEATHER CONDITIONS
 THE FOLLOWING WEATHER WAS RECORDED YESTERDAY.
  LIGHT RAIN
  FOG


RELATIVE HUMIDITY (PERCENT)
 HIGHEST   100           200 PM
 LOWEST     59           600 PM
 AVERAGE    80

..........................................................


THE BELLINGHAM WA AIRPORT CLIMATE NORMALS FOR TODAY
                         NORMAL    RECORD    YEAR
 MAXIMUM TEMPERATURE (F)   54        68      1995
 MINIMUM TEMPERATURE (F)   38        23      1954


SUNRISE AND SUNSET
MARCH 30 2017.........SUNRISE   651 AM PDT   SUNSET   739 PM PDT
MARCH 31 2017.........SUNRISE   649 AM PDT   SUNSET   740 PM PDT


-  INDICATES NEGATIVE NUMBERS.
R  INDICATES RECORD WAS SET OR TIED.
MM INDICATES DATA IS MISSING.
T  INDICATES TRACE AMOUNT.




$$
