000
CDUS43 KIND 010530
CLIBMG


CLIMATE REPORT
NATIONAL WEATHER SERVICE INDIANAPOLIS IN
130 AM EDT SUN MAY 1 2016


...................................

...THE BLOOMINGTON IN CLIMATE SUMMARY FOR APRIL 30 2016...

CLIMATE NORMAL PERIOD 1981 TO 2010
CLIMATE RECORD PERIOD 9999 TO 9999


WEATHER ITEM   OBSERVED TIME   NORMAL DEPARTURE LAST
                VALUE   (LST)  VALUE  FROM      YEAR
                                      NORMAL
......................................................
TEMPERATURE (F)
 YESTERDAY
  MAXIMUM         63   1159 PM  69     -6       63
  MINIMUM         54    905 AM  47      7       43
  AVERAGE         59            58      1       53

PRECIPITATION (IN)
  YESTERDAY        0.57          0.18   0.39      T
  MONTH TO DATE    5.50          4.70   0.80     4.80
  SINCE MAR 1     10.06          8.58   1.48     9.44
  SINCE JAN 1     15.27         14.65   0.62    13.01

DEGREE DAYS
 HEATING
  YESTERDAY        6             8     -2       12
  MONTH TO DATE  338           357    -19      296
  SINCE MAR 1    807          1046   -239     1040
  SINCE JUL 1   4127          5114   -987     5611

 COOLING
  YESTERDAY        0             0      0        0
  MONTH TO DATE   14            16     -2        6
  SINCE MAR 1     14            19     -5        6
  SINCE JAN 1     14            19     -5        6
......................................................


WIND (MPH)
  HIGHEST WIND SPEED    14   HIGHEST WIND DIRECTION    SE (140)
  HIGHEST GUST SPEED    21   HIGHEST GUST DIRECTION     E (110)
  AVERAGE WIND SPEED     8.5


SKY COVER
  AVERAGE SKY COVER 0.9


WEATHER CONDITIONS
 THE FOLLOWING WEATHER WAS RECORDED YESTERDAY.
  THUNDERSTORM
  HEAVY RAIN
  RAIN
  LIGHT RAIN
  FOG


RELATIVE HUMIDITY (PERCENT)
 HIGHEST    93           800 AM
 LOWEST     64          1200 AM
 AVERAGE    79

..........................................................


THE BLOOMINGTON IN CLIMATE NORMALS FOR TODAY
                         NORMAL
 MAXIMUM TEMPERATURE (F)   69
 MINIMUM TEMPERATURE (F)   47


SUNRISE AND SUNSET
MAY  1 2016...........SUNRISE   648 AM EDT   SUNSET   840 PM EDT
MAY  2 2016...........SUNRISE   646 AM EDT   SUNSET   841 PM EDT


-  INDICATES NEGATIVE NUMBERS.
R  INDICATES RECORD WAS SET OR TIED.
MM INDICATES DATA IS MISSING.
T  INDICATES TRACE AMOUNT.




$$
