000
CDUS43 KIND 280546
CLIBMG


CLIMATE REPORT
NATIONAL WEATHER SERVICE INDIANAPOLIS IN
146 AM EDT THU MAY 28 2015


...................................

...THE BLOOMINGTON IN CLIMATE SUMMARY FOR MAY 27 2015...

CLIMATE NORMAL PERIOD 1981 TO 2010
CLIMATE RECORD PERIOD 9999 TO 9999


WEATHER ITEM   OBSERVED TIME   NORMAL DEPARTURE LAST
                VALUE   (LST)  VALUE  FROM      YEAR
                                      NORMAL
......................................................
TEMPERATURE (F)
 YESTERDAY
  MAXIMUM         82    316 PM  77      5       86
  MINIMUM         62    601 AM  55      7       64
  AVERAGE         72            66      6       75

PRECIPITATION (IN)
  YESTERDAY        T             0.15  -0.15     0.02
  MONTH TO DATE    1.55          4.55  -3.00     4.33
  SINCE MAR 1     10.99         13.13  -2.14    13.89
  SINCE JAN 1     14.56         19.20  -4.64    18.54

DEGREE DAYS
 HEATING
  YESTERDAY        0             2     -2        0
  MONTH TO DATE   74           129    -55      123
  SINCE MAR 1   1114          1175    -61     1268
  SINCE JUL 1   5685          5243    442     5830

 COOLING
  YESTERDAY        7             3      4       10
  MONTH TO DATE   96            50     46       82
  SINCE MAR 1    102            69     33       91
  SINCE JAN 1    102            69     33       91
......................................................


WIND (MPH)
  HIGHEST WIND SPEED    18   HIGHEST WIND DIRECTION    SW (230)
  HIGHEST GUST SPEED    24   HIGHEST GUST DIRECTION     S (200)
  AVERAGE WIND SPEED     8.6


SKY COVER
  AVERAGE SKY COVER 0.1


WEATHER CONDITIONS
 THE FOLLOWING WEATHER WAS RECORDED YESTERDAY.
  LIGHT RAIN


RELATIVE HUMIDITY (PERCENT)
 HIGHEST    93           400 AM
 LOWEST     49           500 PM
 AVERAGE    71

..........................................................


THE BLOOMINGTON IN CLIMATE NORMALS FOR TODAY
                         NORMAL
 MAXIMUM TEMPERATURE (F)   78
 MINIMUM TEMPERATURE (F)   55


SUNRISE AND SUNSET
MAY 28 2015...........SUNRISE   624 AM EDT   SUNSET   904 PM EDT
MAY 29 2015...........SUNRISE   624 AM EDT   SUNSET   904 PM EDT


-  INDICATES NEGATIVE NUMBERS.
R  INDICATES RECORD WAS SET OR TIED.
MM INDICATES DATA IS MISSING.
T  INDICATES TRACE AMOUNT.




$$
