000
CDUS43 KIND 190531
CLIBMG


CLIMATE REPORT
NATIONAL WEATHER SERVICE INDIANAPOLIS IN
1231 AM EST SUN NOV 19 2017


...................................

...THE BLOOMINGTON IN CLIMATE SUMMARY FOR NOVEMBER 18 2017...

CLIMATE NORMAL PERIOD 1981 TO 2010
CLIMATE RECORD PERIOD 9999 TO 9999


WEATHER ITEM   OBSERVED TIME   NORMAL DEPARTURE LAST
                VALUE   (LST)  VALUE  FROM      YEAR
                                      NORMAL
......................................................
TEMPERATURE (F)
 YESTERDAY
  MAXIMUM         67   1133 AM  53     14       75
  MINIMUM         38    831 PM  33      5       44
  AVERAGE         53            43     10       60

PRECIPITATION (IN)
  YESTERDAY        0.63          0.13   0.50     0.81
  MONTH TO DATE    5.32          2.42   2.90     0.98
  SINCE SEP 1      9.29          9.30  -0.01     9.60
  SINCE JAN 1     38.85         42.49  -3.64    45.52

DEGREE DAYS
 HEATING
  YESTERDAY       12            22    -10        5
  MONTH TO DATE  332           333     -1      228
  SINCE SEP 1    645           745   -100      403
  SINCE JUL 1    648           752   -104      406

 COOLING
  YESTERDAY        0             0      0        0
  MONTH TO DATE    0             0      0        4
  SINCE SEP 1    200           109     91      247
  SINCE JAN 1   1088           926    162     1322
......................................................


WIND (MPH)
  HIGHEST WIND SPEED    29   HIGHEST WIND DIRECTION    SW (210)
  HIGHEST GUST SPEED    43   HIGHEST GUST DIRECTION    SW (220)
  AVERAGE WIND SPEED    17.2


SKY COVER
  AVERAGE SKY COVER 1.0


WEATHER CONDITIONS
 THE FOLLOWING WEATHER WAS RECORDED YESTERDAY.
  THUNDERSTORM
  HEAVY RAIN
  RAIN
  LIGHT RAIN
  FOG


RELATIVE HUMIDITY (PERCENT)
 HIGHEST    85           800 PM
 LOWEST     55          1200 AM
 AVERAGE    70

..........................................................


THE BLOOMINGTON IN CLIMATE NORMALS FOR TODAY
                         NORMAL
 MAXIMUM TEMPERATURE (F)   52
 MINIMUM TEMPERATURE (F)   33


SUNRISE AND SUNSET
NOVEMBER 19 2017......SUNRISE   734 AM EST   SUNSET   529 PM EST
NOVEMBER 20 2017......SUNRISE   735 AM EST   SUNSET   529 PM EST


-  INDICATES NEGATIVE NUMBERS.
R  INDICATES RECORD WAS SET OR TIED.
MM INDICATES DATA IS MISSING.
T  INDICATES TRACE AMOUNT.




$$
