000
CDUS43 KIND 232033
CLIBMG


CLIMATE REPORT
NATIONAL WEATHER SERVICE INDIANAPOLIS IN
433 PM EDT TUE SEP 23 2014


...................................

...THE BLOOMINGTON IN CLIMATE SUMMARY FOR SEPTEMBER 23 2014...
VALID TODAY AS OF 0400 PM LOCAL TIME.

CLIMATE NORMAL PERIOD 1981 TO 2010
CLIMATE RECORD PERIOD 9999 TO 9999


WEATHER ITEM   OBSERVED TIME   NORMAL DEPARTURE LAST
                VALUE   (LST)  VALUE  FROM      YEAR
                                      NORMAL
......................................................
TEMPERATURE (F)
 TODAY
  MAXIMUM         72    247 PM  75     -3       71
  MINIMUM         40    645 AM  50    -10       42
  AVERAGE         56            63     -7       57

PRECIPITATION (IN)
  TODAY            0.00          0.10  -0.10     0.00
  MONTH TO DATE    4.11          2.48   1.63     1.39
  SINCE SEP 1      4.11          2.48   1.63     1.39
  SINCE JAN 1     34.74         35.67  -0.93    31.71

......................................................


WIND (MPH)
  HIGHEST WIND SPEED     9   HIGHEST WIND DIRECTION     N (20)
  HIGHEST GUST SPEED    13   HIGHEST GUST DIRECTION    SE (130)
  AVERAGE WIND SPEED     2.4


SKY COVER
  AVERAGE SKY COVER 0.0


WEATHER CONDITIONS
 THE FOLLOWING WEATHER WAS RECORDED TODAY.
  FOG


RELATIVE HUMIDITY (PERCENT)
 HIGHEST   100           200 AM
 LOWEST     44           200 PM

..........................................................


THE BLOOMINGTON IN CLIMATE NORMALS FOR TOMORROW
                         NORMAL
 MAXIMUM TEMPERATURE (F)   75
 MINIMUM TEMPERATURE (F)   50


SUNRISE AND SUNSET
SEPTEMBER 23 2014.....SUNRISE   735 AM EDT   SUNSET   742 PM EDT
SEPTEMBER 24 2014.....SUNRISE   736 AM EDT   SUNSET   740 PM EDT


-  INDICATES NEGATIVE NUMBERS.
R  INDICATES RECORD WAS SET OR TIED.
MM INDICATES DATA IS MISSING.
T  INDICATES TRACE AMOUNT.




$$
