000
CDUS43 KIND 220531
CLIBMG


CLIMATE REPORT
NATIONAL WEATHER SERVICE INDIANAPOLIS IN
131 AM EDT SAT JUL 22 2017


...................................

...THE BLOOMINGTON IN CLIMATE SUMMARY FOR JULY 21 2017...

CLIMATE NORMAL PERIOD 1981 TO 2010
CLIMATE RECORD PERIOD 9999 TO 9999


WEATHER ITEM   OBSERVED TIME   NORMAL DEPARTURE LAST
                VALUE   (LST)  VALUE  FROM      YEAR
                                      NORMAL
......................................................
TEMPERATURE (F)
 YESTERDAY
  MAXIMUM         94    313 PM  84     10       89
  MINIMUM         77    534 AM  64     13       69
  AVERAGE         86            74     12       79

PRECIPITATION (IN)
  YESTERDAY        0.00          0.17  -0.17     0.00
  MONTH TO DATE    2.47          3.73  -1.26     4.67
  SINCE JUN 1      5.96          8.62  -2.66     8.30
  SINCE JAN 1     27.76         28.51  -0.75    26.90

DEGREE DAYS
 HEATING
  YESTERDAY        0             0      0        0
  MONTH TO DATE    0             0      0        3
  SINCE JUN 1      8            15     -7        4
  SINCE JUL 1      0             0      0        3

 COOLING
  YESTERDAY       21             9     12       14
  MONTH TO DATE  237           189     48      199
  SINCE JUN 1    459           397     62      487
  SINCE JAN 1    590           479    111      577
......................................................


WIND (MPH)
  HIGHEST WIND SPEED    13   HIGHEST WIND DIRECTION     S (190)
  HIGHEST GUST SPEED    16   HIGHEST GUST DIRECTION     S (180)
  AVERAGE WIND SPEED     5.7


SKY COVER
  AVERAGE SKY COVER 0.2


WEATHER CONDITIONS
 THE FOLLOWING WEATHER WAS RECORDED YESTERDAY.
  NO SIGNIFICANT WEATHER WAS OBSERVED.


RELATIVE HUMIDITY (PERCENT)
 HIGHEST    79          1200 AM
 LOWEST     49           100 PM
 AVERAGE    64

..........................................................


THE BLOOMINGTON IN CLIMATE NORMALS FOR TODAY
                         NORMAL
 MAXIMUM TEMPERATURE (F)   84
 MINIMUM TEMPERATURE (F)   64


SUNRISE AND SUNSET
JULY 22 2017..........SUNRISE   638 AM EDT   SUNSET   907 PM EDT
JULY 23 2017..........SUNRISE   639 AM EDT   SUNSET   906 PM EDT


-  INDICATES NEGATIVE NUMBERS.
R  INDICATES RECORD WAS SET OR TIED.
MM INDICATES DATA IS MISSING.
T  INDICATES TRACE AMOUNT.




$$
