000
CDUS43 KIND 310543
CLIBMG


CLIMATE REPORT
NATIONAL WEATHER SERVICE INDIANAPOLIS IN
142 AM EDT MON AUG 31 2015


...................................

...THE BLOOMINGTON IN CLIMATE SUMMARY FOR AUGUST 30 2015...

CLIMATE NORMAL PERIOD 1981 TO 2010
CLIMATE RECORD PERIOD 9999 TO 9999


WEATHER ITEM   OBSERVED TIME   NORMAL DEPARTURE LAST
                VALUE   (LST)  VALUE  FROM      YEAR
                                      NORMAL
......................................................
TEMPERATURE (F)
 YESTERDAY
  MAXIMUM         86    311 PM  84      2       78
  MINIMUM         67   1148 PM  59      8       70
  AVERAGE         77            71      6       74

PRECIPITATION (IN)
  YESTERDAY        0.00          0.13  -0.13     0.24
  MONTH TO DATE    4.17          3.40   0.77     3.02
  SINCE JUN 1     20.89         13.18   7.71    11.94
  SINCE JAN 1     35.45         33.07   2.38    30.54

DEGREE DAYS
 HEATING
  YESTERDAY        0             0      0        0
  MONTH TO DATE    3             0      3        1
  SINCE JUN 1     20            17      3        9
  SINCE JUL 1      3             2      1        6

 COOLING
  YESTERDAY       12             7      5        9
  MONTH TO DATE  198           249    -51      264
  SINCE JUN 1    742           733      9      693
  SINCE JAN 1    869           815     54      819
......................................................


WIND (MPH)
  HIGHEST WIND SPEED     9   HIGHEST WIND DIRECTION     W (260)
  HIGHEST GUST SPEED    15   HIGHEST GUST DIRECTION    SW (230)
  AVERAGE WIND SPEED     3.6


SKY COVER
  AVERAGE SKY COVER 0.4


WEATHER CONDITIONS
 THE FOLLOWING WEATHER WAS RECORDED YESTERDAY.
  FOG


RELATIVE HUMIDITY (PERCENT)
 HIGHEST    97          1200 AM
 LOWEST     55           100 PM
 AVERAGE    76

..........................................................


THE BLOOMINGTON IN CLIMATE NORMALS FOR TODAY
                         NORMAL
 MAXIMUM TEMPERATURE (F)   83
 MINIMUM TEMPERATURE (F)   59


SUNRISE AND SUNSET
AUGUST 31 2015........SUNRISE   714 AM EDT   SUNSET   819 PM EDT
SEPTEMBER  1 2015.....SUNRISE   715 AM EDT   SUNSET   817 PM EDT


-  INDICATES NEGATIVE NUMBERS.
R  INDICATES RECORD WAS SET OR TIED.
MM INDICATES DATA IS MISSING.
T  INDICATES TRACE AMOUNT.




$$
