000
CDUS44 KOHX 290054
CLIBNA


CLIMATE REPORT
NATIONAL WEATHER SERVICE NASHVILLE TN
754 PM CDT SUN MAY 28 2017


...................................

...THE NASHVILLE CLIMATE SUMMARY FOR MAY 28 2017...
VALID TODAY AS OF 0400 PM LOCAL TIME.

CLIMATE NORMAL PERIOD 1981 TO 2010
CLIMATE RECORD PERIOD 1871 TO 2017


WEATHER ITEM   OBSERVED TIME   RECORD YEAR NORMAL DEPARTURE
                VALUE   (LST)  VALUE       VALUE  FROM
                                                  NORMAL
...............................................................
TEMPERATURE (F)
 TODAY
  MAXIMUM         81    306 PM  96    1911  81      0
  MINIMUM         64    321 AM  40    1961  60      4
  AVERAGE         73                        71      2

PRECIPITATION (IN)
  TODAY            0.18          3.50 1978   0.16   0.02
  MONTH TO DATE    3.81                      5.00  -1.19
  SINCE JAN 1     20.13                     20.80  -0.67

SNOWFALL (IN)
  TODAY            0.0           0.0  2002
                                      2001
  MONTH TO DATE    0.0
  SINCE MAR 1      1.5
  SINCE JUL 1      2.2

DEGREE DAYS
 HEATING
  TODAY            0                               -1
  MONTH TO DATE   41                              -14
  SINCE MAR 1    482                             -263
  SINCE JUL 1   2450                            -1233

 COOLING
  TODAY            8                                2
  MONTH TO DATE  159                               47
  SINCE MAR 1    284                              127
  SINCE JAN 1    291                              134
...............................................................


WIND (MPH)
  HIGHEST WIND SPEED    15   HIGHEST WIND DIRECTION     W (270)
  HIGHEST GUST SPEED    26   HIGHEST GUST DIRECTION     N (18)
  AVERAGE WIND SPEED     8.9




RELATIVE HUMIDITY (PERCENT)
 HIGHEST    93
 LOWEST     54
 AVERAGE    74

..........................................................


THE NASHVILLE CLIMATE NORMALS FOR TOMORROW
                         NORMAL    RECORD    YEAR
 MAXIMUM TEMPERATURE (F)   82        95      1941
                                             1914
                                             1911
 MINIMUM TEMPERATURE (F)   61        42      1984


SUNRISE AND SUNSET
MAY 28 2017...........SUNRISE   533 AM CDT   SUNSET   756 PM CDT
MAY 29 2017...........SUNRISE   532 AM CDT   SUNSET   757 PM CDT


-  INDICATES NEGATIVE NUMBERS.
R  INDICATES RECORD WAS SET OR TIED.
MM INDICATES DATA IS MISSING.
T  INDICATES TRACE AMOUNT.




$$
