466
CDUS44 KOHX 221512
CLIBNA


CLIMATE REPORT
NATIONAL WEATHER SERVICE NASHVILLE TN
912 AM CST WED FEB 22 2017


...................................

...THE NASHVILLE CLIMATE SUMMARY FOR FEBRUARY 22 2017...
VALID AS OF 0900 AM LOCAL TIME.

CLIMATE NORMAL PERIOD 1981 TO 2010
CLIMATE RECORD PERIOD 1871 TO 2017


WEATHER ITEM   OBSERVED TIME   RECORD YEAR NORMAL DEPARTURE
                VALUE   (LST)  VALUE       VALUE  FROM
                                                  NORMAL
...............................................................
TEMPERATURE (F)
 TODAY
  MINIMUM         55    456 AM   2    1963  33     22

PRECIPITATION (IN)
  TODAY            0.01          2.58 1874   0.15  -0.14
  MONTH TO DATE    1.41                      3.09  -1.68
  SINCE JAN 1      4.75                      6.84  -2.09

SNOWFALL (IN)
  TODAY            0.0           2.0  1947
  MONTH TO DATE    0.0
  SINCE DEC 1      0.7
  SINCE JUL 1      0.7

DEGREE DAYS
 HEATING
  TODAY           MM                               MM
  MONTH TO DATE  326                             -204
  SINCE DEC 1   1555                             -586
  SINCE JUL 1   1909                             -906

 COOLING
  TODAY           MM                               MM
  MONTH TO DATE    0                                0
  SINCE DEC 1      4                                3
  SINCE JAN 1      0                                0
...............................................................


WIND (MPH)
  HIGHEST WIND SPEED     6   HIGHEST WIND DIRECTION     N (10)
  HIGHEST GUST SPEED    MM   HIGHEST GUST DIRECTION    MM
  AVERAGE WIND SPEED     2.7




RELATIVE HUMIDITY (PERCENT)
 HIGHEST    93
 LOWEST     86
 AVERAGE    90

..........................................................


THE NASHVILLE CLIMATE NORMALS FOR TOMORROW
                         NORMAL    RECORD    YEAR
 MAXIMUM TEMPERATURE (F)   54        83      1996
 MINIMUM TEMPERATURE (F)   34        12      1963
                                             1929


SUNRISE AND SUNSET
FEBRUARY 22 2017......SUNRISE   626 AM CST   SUNSET   535 PM CST
FEBRUARY 23 2017......SUNRISE   624 AM CST   SUNSET   536 PM CST


-  INDICATES NEGATIVE NUMBERS.
R  INDICATES RECORD WAS SET OR TIED.
MM INDICATES DATA IS MISSING.
T  INDICATES TRACE AMOUNT.




$$
