000
CDUS44 KOHX 020035
CLIBNA

CLIMATE REPORT
NATIONAL WEATHER SERVICE NASHVILLE TN
635 PM CST SUN MAR 1 2015


...................................

...THE NASHVILLE CLIMATE SUMMARY FOR MARCH 1 2015...
VALID TODAY AS OF 0600 PM LOCAL TIME.

CLIMATE NORMAL PERIOD 1981 TO 2010
CLIMATE RECORD PERIOD 1871 TO 2015


WEATHER ITEM   OBSERVED TIME   RECORD YEAR NORMAL DEPARTURE
                VALUE   (LST)  VALUE       VALUE  FROM
                                                  NORMAL
...............................................................
TEMPERATURE (F)
 TODAY
  MAXIMUM         52    334 PM  81    1997  56     -4
  MINIMUM         38    102 AM  15    1920  35      3
  AVERAGE         45                        46     -1

PRECIPITATION (IN)
  TODAY            0.17          2.16 1922   0.13   0.04
  MONTH TO DATE    0.17                      0.13   0.04
  SINCE MAR 1      0.17                      0.13   0.04
  SINCE JAN 1      6.99                      7.82  -0.83

SNOWFALL (IN)
  TODAY           MM             3.1  1980   0.0   MM
  MONTH TO DATE   MM                         0.0   MM
  SINCE MAR 1     MM                         0.0   MM
  SINCE JUL 1      3.2                       5.4   -2.2
  SNOW DEPTH       0

DEGREE DAYS
 HEATING
  TODAY           20                                1
  MONTH TO DATE   20                                1
  SINCE MAR 1     20                                1
  SINCE JUL 1   3210                              253

 COOLING
  TODAY            0                                0
  MONTH TO DATE    0                                0
  SINCE MAR 1      0                                0
  SINCE JAN 1      0                                0
...............................................................


WIND (MPH)
  HIGHEST WIND SPEED    13   HIGHEST WIND DIRECTION     S (200)
  HIGHEST GUST SPEED    28   HIGHEST GUST DIRECTION    SW (230)
  AVERAGE WIND SPEED     3.6




RELATIVE HUMIDITY (PERCENT)
 HIGHEST   100
 LOWEST     59
 AVERAGE    80

..........................................................


THE NASHVILLE CLIMATE NORMALS FOR TOMORROW
                         NORMAL    RECORD    YEAR
 MAXIMUM TEMPERATURE (F)   56        81      2012
 MINIMUM TEMPERATURE (F)   35         9      1980


SUNRISE AND SUNSET
MARCH  1 2015.........SUNRISE   617 AM CST   SUNSET   541 PM CST
MARCH  2 2015.........SUNRISE   616 AM CST   SUNSET   542 PM CST


-  INDICATES NEGATIVE NUMBERS.
R  INDICATES RECORD WAS SET OR TIED.
MM INDICATES DATA IS MISSING.
T  INDICATES TRACE AMOUNT.




$$
