000
CDUS44 KOHX 241302
CLIBNA

CLIMATE REPORT
NATIONAL WEATHER SERVICE NASHVILLE TN
745 AM CDT FRI OCT 24 2014


...................................

...THE NASHVILLE CLIMATE SUMMARY FOR OCTOBER 23 2014...

CLIMATE NORMAL PERIOD 1981 TO 2010
CLIMATE RECORD PERIOD 1871 TO 2014


WEATHER ITEM   OBSERVED TIME   RECORD YEAR NORMAL DEPARTURE
                VALUE   (LST)  VALUE       VALUE  FROM
                                                  NORMAL
...............................................................
TEMPERATURE (F)
 YESTERDAY
  MAXIMUM         67    329 PM  87    1939  69     -2
  MINIMUM         40    630 AM  30    1952  47     -7
  AVERAGE         54                        58     -4

PRECIPITATION (IN)
  YESTERDAY        0.00          2.18 2007   0.10  -0.10
  MONTH TO DATE    7.60                      2.21   5.39
  SINCE SEP 1      7.81                      5.62   2.19
  SINCE JAN 1     43.21                     37.87   5.34

SNOWFALL (IN)
  YESTERDAY        0.0           0.0  2002   0.0    0.0
                                      2001
                                      2000
  MONTH TO DATE    0.0                       0.0    0.0
  SINCE SEP 1      0.0                       0.0    0.0
  SINCE JUL 1      0.0                       0.0    0.0
  SNOW DEPTH       0

DEGREE DAYS
 HEATING
  YESTERDAY       11                                3
  MONTH TO DATE  103                              -17
  SINCE SEP 1    106                              -38
  SINCE JUL 1    106                              -38

 COOLING
  YESTERDAY        0                               -1
  MONTH TO DATE   53                               12
  SINCE SEP 1    305                               44
  SINCE JAN 1   1794                              159
...............................................................


WIND (MPH)
  HIGHEST WIND SPEED    14   HIGHEST WIND DIRECTION     E (80)
  HIGHEST GUST SPEED    17   HIGHEST GUST DIRECTION     E (70)
  AVERAGE WIND SPEED     4.2




RELATIVE HUMIDITY (PERCENT)
 HIGHEST    89
 LOWEST     40
 AVERAGE    65

..........................................................
LOW SINCE MIDNIGHT......................................45
PRECIPITATION SINCE MIDNIGHT..........................0.00

THE NASHVILLE CLIMATE NORMALS FOR TODAY
                         NORMAL    RECORD    YEAR
 MAXIMUM TEMPERATURE (F)   69        85      2000
                                             1927
 MINIMUM TEMPERATURE (F)   46        28      1981


SUNRISE AND SUNSET
OCTOBER 24 2014.......SUNRISE   702 AM CDT   SUNSET   600 PM CDT
OCTOBER 25 2014.......SUNRISE   703 AM CDT   SUNSET   558 PM CDT


-  INDICATES NEGATIVE NUMBERS.
R  INDICATES RECORD WAS SET OR TIED.
MM INDICATES DATA IS MISSING.
T  INDICATES TRACE AMOUNT.




$$
