000
CDUS44 KOHX 280105
CLIBNA

MEMCLIOHX 000
TTAA00 KOHX 280104


CLIMATE REPORT
NATIONAL WEATHER SERVICE NASHVILLE TN
703 PM CST THU NOV 27 2014


...................................

...THE NASHVILLE CLIMATE SUMMARY FOR NOVEMBER 27 2014...
VALID TODAY AS OF 0700 PM LOCAL TIME.

CLIMATE NORMAL PERIOD 1981 TO 2010
CLIMATE RECORD PERIOD 1871 TO 2014


WEATHER ITEM   OBSERVED TIME   RECORD YEAR NORMAL DEPARTURE
                VALUE   (LST)  VALUE       VALUE  FROM
                                                  NORMAL
...............................................................
TEMPERATURE (F)
 TODAY
  MAXIMUM         41   1032 AM  78    1990  55    -14
  MINIMUM         32    549 PM  16    1898  36     -4
  AVERAGE         37                        46     -9

PRECIPITATION (IN)
  TODAY            T             3.13 1973   0.17  -0.17
  MONTH TO DATE    3.34                      3.80  -0.46
  SINCE SEP 1     11.98                     10.25   1.73
  SINCE JAN 1     47.38                     42.50   4.88

SNOWFALL (IN)
  TODAY           MM             1.0  1887   0.0   MM
  MONTH TO DATE    0.2                       0.0    0.2
  SINCE SEP 1      0.2                       T      0.2
  SINCE JUL 1      0.2                       T      0.2
  SNOW DEPTH       0

DEGREE DAYS
 HEATING
  TODAY           28                                9
  MONTH TO DATE  571                              172
  SINCE SEP 1    724                              110
  SINCE JUL 1    724                              110

 COOLING
  TODAY            0                                0
  MONTH TO DATE    0                                0
  SINCE SEP 1    314                               48
  SINCE JAN 1   1803                              163
...............................................................


WIND (MPH)
  HIGHEST WIND SPEED    18   HIGHEST WIND DIRECTION    NW (330)
  HIGHEST GUST SPEED    28   HIGHEST GUST DIRECTION    NW (330)
  AVERAGE WIND SPEED    10.1




RELATIVE HUMIDITY (PERCENT)
 HIGHEST    82
 LOWEST     54
 AVERAGE    68

..........................................................


THE NASHVILLE CLIMATE NORMALS FOR TOMORROW
                         NORMAL    RECORD    YEAR
 MAXIMUM TEMPERATURE (F)   55        73      1998
                                             1990
 MINIMUM TEMPERATURE (F)   35        10      1887


SUNRISE AND SUNSET
NOVEMBER 27 2014......SUNRISE   635 AM CST   SUNSET   433 PM CST
NOVEMBER 28 2014......SUNRISE   636 AM CST   SUNSET   433 PM CST


-  INDICATES NEGATIVE NUMBERS.
R  INDICATES RECORD WAS SET OR TIED.
MM INDICATES DATA IS MISSING.
T  INDICATES TRACE AMOUNT.




$$
