000
CDUS44 KOHX 221404
CLIBNA


CLIMATE REPORT
NATIONAL WEATHER SERVICE NASHVILLE TN
902 AM CDT SAT JUL 22 2017


...................................

...THE NASHVILLE CLIMATE SUMMARY FOR JULY 22 2017...
VALID AS OF 0900 AM LOCAL TIME.

CLIMATE NORMAL PERIOD 1981 TO 2010
CLIMATE RECORD PERIOD 1871 TO 2017


WEATHER ITEM   OBSERVED TIME   RECORD YEAR NORMAL DEPARTURE
                VALUE   (LST)  VALUE       VALUE  FROM
                                                  NORMAL
...............................................................
TEMPERATURE (F)
 TODAY
  MINIMUM         76    400 AM  54    1944  70      6

PRECIPITATION (IN)
  TODAY            0.00          2.69 1958   0.12  -0.12
  MONTH TO DATE    4.12                      2.65   1.47
  SINCE JAN 1     28.41                     28.09   0.32

SNOWFALL (IN)
  TODAY            0.0           0.0  2002
                                      2001
  MONTH TO DATE    0.0
  SINCE JUN 1      0.0
  SINCE JUL 1      0.0

DEGREE DAYS
 HEATING
  TODAY           MM                               MM
  MONTH TO DATE    0                                0
  SINCE JUN 1      0                               -3
  SINCE JUL 1      0                                0

 COOLING
  TODAY           MM                               MM
  MONTH TO DATE  342                               24
  SINCE JUN 1    686                               44
  SINCE JAN 1   1005                              184
...............................................................


WIND (MPH)
  HIGHEST WIND SPEED     5   HIGHEST WIND DIRECTION     S (170)
  HIGHEST GUST SPEED     7   HIGHEST GUST DIRECTION     S (170)
  AVERAGE WIND SPEED     2.9




RELATIVE HUMIDITY (PERCENT)
 HIGHEST    94
 LOWEST     74
 AVERAGE    84

..........................................................


THE NASHVILLE CLIMATE NORMALS FOR TOMORROW
                         NORMAL    RECORD    YEAR
 MAXIMUM TEMPERATURE (F)   89       103      1952
                                             1934
 MINIMUM TEMPERATURE (F)   70        51      1947


SUNRISE AND SUNSET
JULY 22 2017..........SUNRISE   546 AM CDT   SUNSET   800 PM CDT
JULY 23 2017..........SUNRISE   547 AM CDT   SUNSET   759 PM CDT


-  INDICATES NEGATIVE NUMBERS.
R  INDICATES RECORD WAS SET OR TIED.
MM INDICATES DATA IS MISSING.
T  INDICATES TRACE AMOUNT.




$$
