000
CDUS45 KBOI 110934
CLIBNO


CLIMATE REPORT
NATIONAL WEATHER SERVICE BOISE ID
233 AM MST MON DEC 11 2017


...................................

...THE BURNS OR CLIMATE SUMMARY FOR DECEMBER 10 2017...

CLIMATE NORMAL PERIOD 1981 TO 2010
CLIMATE RECORD PERIOD 1938 TO 2017


WEATHER ITEM   OBSERVED TIME   RECORD YEAR NORMAL DEPARTURE LAST
                VALUE   (LST)  VALUE       VALUE  FROM      YEAR
                                                  NORMAL
..................................................................
TEMPERATURE (F)
 YESTERDAY
  MAXIMUM         24    227 PM  59    1939  35    -11       41
  MINIMUM         11    557 PM -22    1972  14     -3       20
  AVERAGE         18                        24     -6       31

PRECIPITATION (IN)
  YESTERDAY        0.00          0.52 2015   0.05  -0.05     0.06
  MONTH TO DATE    0.15                      0.49  -0.34     0.47
  SINCE OCT 1      2.29                      2.44  -0.15     2.26
  SINCE JAN 1     10.93                      9.86   1.07     6.78

DEGREE DAYS
 HEATING
  YESTERDAY       47                        41      6       34
  MONTH TO DATE  428                       394     34      407
  SINCE DEC 1    428                       394     34      407
  SINCE JUL 1   2344                      2395    -51     2220

 COOLING
  YESTERDAY        0                         0      0        0
  MONTH TO DATE    0                         0      0        0
  SINCE DEC 1      0                         0      0        0
  SINCE JAN 1    343                       215    128      226
..................................................................


WIND (MPH)
  HIGHEST WIND SPEED    15   HIGHEST WIND DIRECTION     E (70)
  HIGHEST GUST SPEED    18   HIGHEST GUST DIRECTION     E (90)
  AVERAGE WIND SPEED     5.5


SKY COVER
  POSSIBLE SUNSHINE  MM
  AVERAGE SKY COVER 0.8


WEATHER CONDITIONS
 THE FOLLOWING WEATHER WAS RECORDED YESTERDAY.
  FOG


RELATIVE HUMIDITY (PERCENT)
 HIGHEST   100           100 AM
 LOWEST     74           200 PM
 AVERAGE    87

..........................................................


THE BURNS OR CLIMATE NORMALS FOR TODAY
                         NORMAL    RECORD    YEAR
 MAXIMUM TEMPERATURE (F)   34        57      1958
 MINIMUM TEMPERATURE (F)   14       -19      1972


SUNRISE AND SUNSET
DECEMBER 11 2017......SUNRISE   719 AM PST   SUNSET   419 PM PST
DECEMBER 12 2017......SUNRISE   720 AM PST   SUNSET   419 PM PST


-  INDICATES NEGATIVE NUMBERS.
R  INDICATES RECORD WAS SET OR TIED.
MM INDICATES DATA IS MISSING.
T  INDICATES TRACE AMOUNT.




$$
