000
CDUS45 KBOI 280931
CLIBNO


CLIMATE REPORT
NATIONAL WEATHER SERVICE BOISE ID
231 AM MST FRI NOV 28 2014


...................................

...THE BURNS OR CLIMATE SUMMARY FOR NOVEMBER 27 2014...

CLIMATE NORMAL PERIOD 1981 TO 2010
CLIMATE RECORD PERIOD 1939 TO 2014


WEATHER ITEM   OBSERVED TIME   RECORD YEAR NORMAL DEPARTURE LAST
                VALUE   (LST)  VALUE       VALUE  FROM      YEAR
                                                  NORMAL
..................................................................
TEMPERATURE (F)
 YESTERDAY
  MAXIMUM         47    236 PM  56    1950  39      8       50
                                      1949
  MINIMUM         32    709 AM  -4    1985  18     14       17
  AVERAGE         40                        28     12       34

PRECIPITATION (IN)
  YESTERDAY        0.05          0.40 1995   0.05   0.00     0.00
  MONTH TO DATE    1.05                      1.04   0.01     0.45
  SINCE OCT 1      2.20                      1.82   0.38     0.75
  SINCE JAN 1      8.45                      9.24  -0.79     6.68

DEGREE DAYS
 HEATING
  YESTERDAY       25                        36    -11       31
  MONTH TO DATE  874                       839     35      808
  SINCE SEP 1   1569                      1752   -183     1793
  SINCE JUL 1   1634                      1889   -255     1829

 COOLING
  YESTERDAY        0                         0      0        0
  MONTH TO DATE    0                         0      0        0
  SINCE SEP 1      5                         9     -4       21
  SINCE JAN 1    318                       215    103      372
..................................................................


WIND (MPH)
  HIGHEST WIND SPEED     9   HIGHEST WIND DIRECTION     N (360)
  HIGHEST GUST SPEED    10   HIGHEST GUST DIRECTION     N (360)
  AVERAGE WIND SPEED     2.5


SKY COVER
  POSSIBLE SUNSHINE  MM
  AVERAGE SKY COVER 0.5


WEATHER CONDITIONS
 THE FOLLOWING WEATHER WAS RECORDED YESTERDAY.
  RAIN
  LIGHT RAIN


RELATIVE HUMIDITY (PERCENT)
 HIGHEST    92           300 PM
 LOWEST     79           800 PM
 AVERAGE    86

..........................................................


THE BURNS OR CLIMATE NORMALS FOR TODAY
                         NORMAL    RECORD    YEAR
 MAXIMUM TEMPERATURE (F)   39        54      1959
 MINIMUM TEMPERATURE (F)   18        -6      2006


SUNRISE AND SUNSET
NOVEMBER 28 2014......SUNRISE   706 AM PST   SUNSET   422 PM PST
NOVEMBER 29 2014......SUNRISE   707 AM PST   SUNSET   421 PM PST


-  INDICATES NEGATIVE NUMBERS.
R  INDICATES RECORD WAS SET OR TIED.
MM INDICATES DATA IS MISSING.
T  INDICATES TRACE AMOUNT.




$$
