000
CDUS45 KBOI 040931
CLIBNO


CLIMATE REPORT
NATIONAL WEATHER SERVICE BOISE ID
331 AM MDT FRI SEP 4 2015


...................................

...THE BURNS OR CLIMATE SUMMARY FOR SEPTEMBER 3 2015...

CLIMATE NORMAL PERIOD 1981 TO 2010
CLIMATE RECORD PERIOD 1938 TO 2015


WEATHER ITEM   OBSERVED TIME   RECORD YEAR NORMAL DEPARTURE LAST
                VALUE   (LST)  VALUE       VALUE  FROM      YEAR
                                                  NORMAL
..................................................................
TEMPERATURE (F)
 YESTERDAY
  MAXIMUM         66    327 PM  97    1998  80    -14       73
                                      1988
                                      1955
  MINIMUM         37   1113 PM  27    1980  40     -3       37
  AVERAGE         52                        60     -8       55

PRECIPITATION (IN)
  YESTERDAY        0.03          0.13 1946   0.01   0.02     0.00
  MONTH TO DATE    0.03                      0.04  -0.01     0.00
  SINCE OCT 1      9.31                     10.52  -1.21     6.96
  SINCE JAN 1      4.81                      7.02  -2.21     5.99

DEGREE DAYS
 HEATING
  YESTERDAY       13                         6      7       10
  MONTH TO DATE   21                        16      5       21
  SINCE SEP 1     21                        16      5       21
  SINCE JUL 1     82                       153    -71       86

 COOLING
  YESTERDAY        0                         1     -1        0
  MONTH TO DATE    0                         3     -3        0
  SINCE SEP 1      0                         3     -3        0
  SINCE JAN 1    313                       209    104      313
..................................................................


WIND (MPH)
  HIGHEST WIND SPEED    20   HIGHEST WIND DIRECTION    SW (220)
  HIGHEST GUST SPEED    26   HIGHEST GUST DIRECTION    SW (210)
  AVERAGE WIND SPEED     8.1


SKY COVER
  POSSIBLE SUNSHINE  MM
  AVERAGE SKY COVER 0.5


WEATHER CONDITIONS
 THE FOLLOWING WEATHER WAS RECORDED YESTERDAY.
  LIGHT RAIN


RELATIVE HUMIDITY (PERCENT)
 HIGHEST    86           400 AM
 LOWEST     15           500 PM
 AVERAGE    51

..........................................................


THE BURNS OR CLIMATE NORMALS FOR TODAY
                         NORMAL    RECORD    YEAR
 MAXIMUM TEMPERATURE (F)   80        97      1998
 MINIMUM TEMPERATURE (F)   40        27      1999


SUNRISE AND SUNSET
SEPTEMBER  4 2015.....SUNRISE   623 AM PDT   SUNSET   726 PM PDT
SEPTEMBER  5 2015.....SUNRISE   624 AM PDT   SUNSET   724 PM PDT


-  INDICATES NEGATIVE NUMBERS.
R  INDICATES RECORD WAS SET OR TIED.
MM INDICATES DATA IS MISSING.
T  INDICATES TRACE AMOUNT.




$$
