000
CDUS45 KBOI 260121
CLIBNO


CLIMATE REPORT
NATIONAL WEATHER SERVICE BOISE ID
620 PM MST SUN FEB 25 2018


...................................

...THE BURNS OR CLIMATE SUMMARY FOR FEBRUARY 25 2018...
VALID TODAY AS OF 0600 PM LOCAL TIME.

CLIMATE NORMAL PERIOD 1981 TO 2010
CLIMATE RECORD PERIOD 1938 TO 2018


WEATHER ITEM   OBSERVED TIME   RECORD YEAR NORMAL DEPARTURE LAST
                VALUE   (LST)  VALUE       VALUE  FROM      YEAR
                                                  NORMAL
..................................................................
TEMPERATURE (F)
 TODAY
  MAXIMUM         38    349 PM  67    1995  43     -5       30
  MINIMUM         13    344 AM  -9    1993  21     -8        3
  AVERAGE         26                        32     -6       17

PRECIPITATION (IN)
  TODAY            0.01          0.39 1957   0.03  -0.02     0.00
  MONTH TO DATE    0.32                      0.90  -0.58     1.72
  SINCE OCT 1      4.25                      5.59  -1.34     8.47
  SINCE JAN 1      1.59                      2.09  -0.50     4.96

DEGREE DAYS
 HEATING
  TODAY           39                        33      6       48
  MONTH TO DATE  866                       916    -50      916
  SINCE DEC 1   3229                      3428   -199     3930
  SINCE JUL 1   5145                      5429   -284     5743

 COOLING
  TODAY            0                         0      0        0
  MONTH TO DATE    0                         0      0        0
  SINCE DEC 1      0                         0      0        0
  SINCE JAN 1      0                         0      0        0
..................................................................


WIND (MPH)
  HIGHEST WIND SPEED    30   HIGHEST WIND DIRECTION     S (200)
  HIGHEST GUST SPEED    41   HIGHEST GUST DIRECTION     S (190)
  AVERAGE WIND SPEED     9.7



WEATHER CONDITIONS
 THE FOLLOWING WEATHER WAS RECORDED TODAY.
  LIGHT SNOW
  FOG


RELATIVE HUMIDITY (PERCENT)
 HIGHEST    96           400 AM
 LOWEST     56          1200 PM
 AVERAGE    76

..........................................................


THE BURNS OR CLIMATE NORMALS FOR TOMORROW
                         NORMAL    RECORD    YEAR
 MAXIMUM TEMPERATURE (F)   43        64      1953
 MINIMUM TEMPERATURE (F)   21       -18      2011


SUNRISE AND SUNSET
FEBRUARY 25 2018......SUNRISE   639 AM PST   SUNSET   540 PM PST
FEBRUARY 26 2018......SUNRISE   637 AM PST   SUNSET   541 PM PST


-  INDICATES NEGATIVE NUMBERS.
R  INDICATES RECORD WAS SET OR TIED.
MM INDICATES DATA IS MISSING.
T  INDICATES TRACE AMOUNT.




$$
