000
CDUS45 KBOI 250123
CLIBNO


CLIMATE REPORT
NATIONAL WEATHER SERVICE BOISE ID
722 PM MDT THU JUL 24 2014


...................................

...THE BURNS OR CLIMATE SUMMARY FOR JULY 24 2014...
VALID TODAY AS OF 0600 PM LOCAL TIME.

CLIMATE NORMAL PERIOD 1981 TO 2010
CLIMATE RECORD PERIOD 1939 TO 2014


WEATHER ITEM   OBSERVED TIME   RECORD YEAR NORMAL DEPARTURE LAST
                VALUE   (LST)  VALUE       VALUE  FROM      YEAR
                                                  NORMAL
..................................................................
TEMPERATURE (F)
 TODAY
  MAXIMUM         75    435 PM  98    2004  88    -13       93
  MINIMUM         37R   432 AM  37    2008  48    -11       61
  AVERAGE         56                        68    -12       77

PRECIPITATION (IN)
  TODAY            0.00          0.19 2003   0.01  -0.01     0.00
  MONTH TO DATE    0.32                      0.31   0.01      T
  SINCE OCT 1      6.69                     10.03  -3.34     7.31
  SINCE JAN 1      5.72                      6.53  -0.81     3.41

DEGREE DAYS
 HEATING
  TODAY            9                         1      8        0
  MONTH TO DATE    9                        50    -41        3
  SINCE JUN 1    194                       268    -74      191
  SINCE JUL 1      9                        50    -41        3

 COOLING
  TODAY            0                         4     -4       12
  MONTH TO DATE  150                        78     72      185
  SINCE JUN 1    158                        98     60      239
  SINCE JAN 1    158                       101     57      240
..................................................................


WIND (MPH)
  HIGHEST WIND SPEED    16   HIGHEST WIND DIRECTION     W (270)
  HIGHEST GUST SPEED    20   HIGHEST GUST DIRECTION    SE (150)
  AVERAGE WIND SPEED     7.0



WEATHER CONDITIONS
 THE FOLLOWING WEATHER WAS RECORDED TODAY.
  NO SIGNIFICANT WEATHER WAS OBSERVED.


RELATIVE HUMIDITY (PERCENT)
 HIGHEST    79           500 AM
 LOWEST     20           400 PM
 AVERAGE    50

..........................................................


THE BURNS OR CLIMATE NORMALS FOR TOMORROW
                         NORMAL    RECORD    YEAR
 MAXIMUM TEMPERATURE (F)   88        97      2013
                                             1988
 MINIMUM TEMPERATURE (F)   48        37      1993


SUNRISE AND SUNSET
JULY 24 2014..........SUNRISE   537 AM PDT   SUNSET   827 PM PDT
JULY 25 2014..........SUNRISE   538 AM PDT   SUNSET   826 PM PDT


-  INDICATES NEGATIVE NUMBERS.
R  INDICATES RECORD WAS SET OR TIED.
MM INDICATES DATA IS MISSING.
T  INDICATES TRACE AMOUNT.




$$
