000
CDUS45 KBOI 110122
CLIBNO


CLIMATE REPORT
NATIONAL WEATHER SERVICE BOISE ID
721 PM MDT THU JUL 10 2014


...................................

...THE BURNS OR CLIMATE SUMMARY FOR JULY 10 2014...
VALID TODAY AS OF 0600 PM LOCAL TIME.

CLIMATE NORMAL PERIOD 1981 TO 2010
CLIMATE RECORD PERIOD 1939 TO 2014


WEATHER ITEM   OBSERVED TIME   RECORD YEAR NORMAL DEPARTURE LAST
                VALUE   (LST)  VALUE       VALUE  FROM      YEAR
                                                  NORMAL
..................................................................
TEMPERATURE (F)
 TODAY
  MAXIMUM         95    317 PM 103    2002  85     10       95
  MINIMUM         48    456 AM  35    1997  47      1       47
                                      1993
                                      1983
  AVERAGE         72                        66      6       71

PRECIPITATION (IN)
  TODAY            0.00          0.28 2005   0.01  -0.01     0.00
  MONTH TO DATE    0.06                      0.14  -0.08      T
  SINCE OCT 1      6.43                      9.86  -3.43     7.31
  SINCE JAN 1      5.46                      6.36  -0.90     3.41

DEGREE DAYS
 HEATING
  TODAY            0                         2     -2        0
  MONTH TO DATE    0                        28    -28        1
  SINCE JUN 1    185                       246    -61      189
  SINCE JUL 1      0                        28    -28        1

 COOLING
  TODAY            7                         3      4        6
  MONTH TO DATE   68                        24     44       90
  SINCE JUN 1     76                        44     32      144
  SINCE JAN 1     76                        47     29      145
..................................................................


WIND (MPH)
  HIGHEST WIND SPEED    18   HIGHEST WIND DIRECTION    SW (240)
  HIGHEST GUST SPEED    24   HIGHEST GUST DIRECTION    SW (230)
  AVERAGE WIND SPEED     4.9



WEATHER CONDITIONS
 THE FOLLOWING WEATHER WAS RECORDED TODAY.
  NO SIGNIFICANT WEATHER WAS OBSERVED.


RELATIVE HUMIDITY (PERCENT)
 HIGHEST    93           400 AM
 LOWEST     14           300 PM
 AVERAGE    54

..........................................................


THE BURNS OR CLIMATE NORMALS FOR TOMORROW
                         NORMAL    RECORD    YEAR
 MAXIMUM TEMPERATURE (F)   85       106      2002
 MINIMUM TEMPERATURE (F)   47        35      1997


SUNRISE AND SUNSET
JULY 10 2014..........SUNRISE   524 AM PDT   SUNSET   838 PM PDT
JULY 11 2014..........SUNRISE   525 AM PDT   SUNSET   837 PM PDT


-  INDICATES NEGATIVE NUMBERS.
R  INDICATES RECORD WAS SET OR TIED.
MM INDICATES DATA IS MISSING.
T  INDICATES TRACE AMOUNT.




$$
