000
CDUS45 KBOI 240122
CLIBNO


CLIMATE REPORT
NATIONAL WEATHER SERVICE BOISE ID
622 PM MST MON JAN 23 2017


...................................

...THE BURNS OR CLIMATE SUMMARY FOR JANUARY 23 2017...
VALID TODAY AS OF 0600 PM LOCAL TIME.

CLIMATE NORMAL PERIOD 1981 TO 2010
CLIMATE RECORD PERIOD 1938 TO 2017


WEATHER ITEM   OBSERVED TIME   RECORD YEAR NORMAL DEPARTURE LAST
                VALUE   (LST)  VALUE       VALUE  FROM      YEAR
                                                  NORMAL
..................................................................
TEMPERATURE (F)
 TODAY
  MAXIMUM         31    200 PM  58    1959  35     -4       40
  MINIMUM          8    300 AM -22    1962  15     -7       26
  AVERAGE         20                        25     -5       33

PRECIPITATION (IN)
  TODAY            0.03          0.67 1965   0.04  -0.01     0.04
  MONTH TO DATE    3.22                      0.92   2.30     1.15
  SINCE OCT 1      6.73                      4.42   2.31     6.02
  SINCE JAN 1      3.22                      0.92   2.30     1.15

DEGREE DAYS
 HEATING
  TODAY           45                        40      5       32
  MONTH TO DATE 1225                       931    294      941
  SINCE DEC 1   2574                      2197    377     2200
  SINCE JUL 1   4387                      4198    189     4061

 COOLING
  TODAY            0                         0      0        0
  MONTH TO DATE    0                         0      0        0
  SINCE DEC 1      0                         0      0        0
  SINCE JAN 1      0                         0      0        0
..................................................................


WIND (MPH)
  HIGHEST WIND SPEED    12   HIGHEST WIND DIRECTION     W (250)
  HIGHEST GUST SPEED    14   HIGHEST GUST DIRECTION    SW (240)
  AVERAGE WIND SPEED     4.6



WEATHER CONDITIONS
 THE FOLLOWING WEATHER WAS RECORDED TODAY.
  LIGHT SNOW
  FOG


RELATIVE HUMIDITY (PERCENT)
 HIGHEST    92           200 AM
 LOWEST     78           200 PM
 AVERAGE    85

..........................................................


THE BURNS OR CLIMATE NORMALS FOR TOMORROW
                         NORMAL    RECORD    YEAR
 MAXIMUM TEMPERATURE (F)   35        56      2015
 MINIMUM TEMPERATURE (F)   15       -17      2008
                                             1989


SUNRISE AND SUNSET
JANUARY 23 2017.......SUNRISE   720 AM PST   SUNSET   456 PM PST
JANUARY 24 2017.......SUNRISE   720 AM PST   SUNSET   457 PM PST


-  INDICATES NEGATIVE NUMBERS.
R  INDICATES RECORD WAS SET OR TIED.
MM INDICATES DATA IS MISSING.
T  INDICATES TRACE AMOUNT.




$$
