000
CDUS45 KBOI 260931
CLIBNO


CLIMATE REPORT
NATIONAL WEATHER SERVICE BOISE ID
330 AM MDT WED JUL 26 2017


...................................

...THE BURNS OR CLIMATE SUMMARY FOR JULY 25 2017...

CLIMATE NORMAL PERIOD 1981 TO 2010
CLIMATE RECORD PERIOD 1938 TO 2017


WEATHER ITEM   OBSERVED TIME   RECORD YEAR NORMAL DEPARTURE LAST
                VALUE   (LST)  VALUE       VALUE  FROM      YEAR
                                                  NORMAL
..................................................................
TEMPERATURE (F)
 YESTERDAY
  MAXIMUM         93    232 PM  97    2013  88      5       96
                                      1988
  MINIMUM         50    431 AM  37    1993  48      2       48
  AVERAGE         72                        68      4       72

PRECIPITATION (IN)
  YESTERDAY        T             0.09 1950   0.01  -0.01     0.00
  MONTH TO DATE    T                         0.32  -0.32     0.14
  SINCE OCT 1     11.85                     10.04   1.81     9.26
  SINCE JAN 1      8.34                      6.54   1.80     4.39

DEGREE DAYS
 HEATING
  YESTERDAY        0                         1     -1        0
  MONTH TO DATE    0                        51    -51       57
  SINCE JUN 1    183                       269    -86      237
  SINCE JUL 1      0                        51    -51       57

 COOLING
  YESTERDAY        7                         4      3        7
  MONTH TO DATE  129                        82     47       26
  SINCE JUN 1    156                       102     54       84
  SINCE JAN 1    157                       105     52       84
..................................................................


WIND (MPH)
  HIGHEST WIND SPEED    21   HIGHEST WIND DIRECTION    SW (220)
  HIGHEST GUST SPEED    29   HIGHEST GUST DIRECTION     S (180)
  AVERAGE WIND SPEED     5.3


SKY COVER
  POSSIBLE SUNSHINE  MM
  AVERAGE SKY COVER 0.0


WEATHER CONDITIONS
 THE FOLLOWING WEATHER WAS RECORDED YESTERDAY.
  THUNDERSTORM
  LIGHT RAIN


RELATIVE HUMIDITY (PERCENT)
 HIGHEST    71           300 AM
 LOWEST     15           200 PM
 AVERAGE    43

..........................................................


THE BURNS OR CLIMATE NORMALS FOR TODAY
                         NORMAL    RECORD    YEAR
 MAXIMUM TEMPERATURE (F)   88        98      1939
 MINIMUM TEMPERATURE (F)   48        37      2005


SUNRISE AND SUNSET
JULY 26 2017..........SUNRISE   539 AM PDT   SUNSET   825 PM PDT
JULY 27 2017..........SUNRISE   540 AM PDT   SUNSET   824 PM PDT


-  INDICATES NEGATIVE NUMBERS.
R  INDICATES RECORD WAS SET OR TIED.
MM INDICATES DATA IS MISSING.
T  INDICATES TRACE AMOUNT.




$$
