000
CDUS45 KBOI 130931
CLIBNO


CLIMATE REPORT
NATIONAL WEATHER SERVICE BOISE ID
231 AM MST SAT FEB 13 2016


...................................

...THE BURNS OR CLIMATE SUMMARY FOR FEBRUARY 12 2016...

CLIMATE NORMAL PERIOD 1981 TO 2010
CLIMATE RECORD PERIOD 1938 TO 2016


WEATHER ITEM   OBSERVED TIME   RECORD YEAR NORMAL DEPARTURE LAST
                VALUE   (LST)  VALUE       VALUE  FROM      YEAR
                                                  NORMAL
..................................................................
TEMPERATURE (F)
 YESTERDAY
  MAXIMUM         37    430 PM  61    1977  38     -1       57
  MINIMUM         19    612 AM  -4    1948  17      2       29
  AVERAGE         28                        28      0       43

PRECIPITATION (IN)
  YESTERDAY        0.00          0.40 1987   0.03  -0.03     0.00
  MONTH TO DATE    0.12                      0.42  -0.30     0.75
  SINCE OCT 1      6.47                      5.11   1.36     5.65
  SINCE JAN 1      1.60                      1.61  -0.01     1.15

DEGREE DAYS
 HEATING
  YESTERDAY       37                        37      0       22
  MONTH TO DATE  380                       458    -78      252
  SINCE DEC 1   2779                      2970   -191     2299
  SINCE JUL 1   4640                      4971   -331     4029

 COOLING
  YESTERDAY        0                         0      0        0
  MONTH TO DATE    0                         0      0        0
  SINCE DEC 1      0                         0      0        0
  SINCE JAN 1      0                         0      0        0
..................................................................


WIND (MPH)
  HIGHEST WIND SPEED    12   HIGHEST WIND DIRECTION     W (280)
  HIGHEST GUST SPEED    13   HIGHEST GUST DIRECTION     W (280)
  AVERAGE WIND SPEED     3.3


SKY COVER
  POSSIBLE SUNSHINE  MM
  AVERAGE SKY COVER 0.2


WEATHER CONDITIONS
 THE FOLLOWING WEATHER WAS RECORDED YESTERDAY.
  FOG


RELATIVE HUMIDITY (PERCENT)
 HIGHEST    92           100 AM
 LOWEST     70           300 PM
 AVERAGE    81

..........................................................


THE BURNS OR CLIMATE NORMALS FOR TODAY
                         NORMAL    RECORD    YEAR
 MAXIMUM TEMPERATURE (F)   39        58      1977
 MINIMUM TEMPERATURE (F)   18        -6      1949


SUNRISE AND SUNSET
FEBRUARY 13 2016......SUNRISE   658 AM PST   SUNSET   523 PM PST
FEBRUARY 14 2016......SUNRISE   656 AM PST   SUNSET   524 PM PST


-  INDICATES NEGATIVE NUMBERS.
R  INDICATES RECORD WAS SET OR TIED.
MM INDICATES DATA IS MISSING.
T  INDICATES TRACE AMOUNT.




$$
