000
CDUS45 KBOI 300121
CLIBNO


CLIMATE REPORT
NATIONAL WEATHER SERVICE BOISE ID
721 PM MDT FRI MAY 29 2015


...................................

...THE BURNS OR CLIMATE SUMMARY FOR MAY 29 2015...
VALID TODAY AS OF 0600 PM LOCAL TIME.

CLIMATE NORMAL PERIOD 1981 TO 2010
CLIMATE RECORD PERIOD 1938 TO 2015


WEATHER ITEM   OBSERVED TIME   RECORD YEAR NORMAL DEPARTURE LAST
                VALUE   (LST)  VALUE       VALUE  FROM      YEAR
                                                  NORMAL
..................................................................
TEMPERATURE (F)
 TODAY
  MAXIMUM         84    303 PM  92    1986  70     14       66
  MINIMUM         44    356 AM  23    2014  39      5       23
  AVERAGE         64                        54     10       45

PRECIPITATION (IN)
  TODAY            0.00          0.38 2005   0.05  -0.05     0.00
  MONTH TO DATE    1.68                      1.15   0.53     0.38
  SINCE OCT 1      8.43                      8.88  -0.45     5.90
  SINCE JAN 1      3.93                      5.38  -1.45     4.93

DEGREE DAYS
 HEATING
  TODAY            1                        11    -10       20
  MONTH TO DATE  333                       408    -75      376
  SINCE MAR 1   1694                      1920   -226     1800
  SINCE JUL 1   6168                      7448  -1280     7083

 COOLING
  TODAY            0                         0      0        0
  MONTH TO DATE    0                         0      0        0
  SINCE MAR 1      0                         0      0        0
  SINCE JAN 1      0                         0      0        0
..................................................................


WIND (MPH)
  HIGHEST WIND SPEED    25   HIGHEST WIND DIRECTION    SE (140)
  HIGHEST GUST SPEED    32   HIGHEST GUST DIRECTION     S (170)
  AVERAGE WIND SPEED     7.7



WEATHER CONDITIONS
 THE FOLLOWING WEATHER WAS RECORDED TODAY.
  NO SIGNIFICANT WEATHER WAS OBSERVED.


RELATIVE HUMIDITY (PERCENT)
 HIGHEST    76          1200 AM
 LOWEST     18           100 PM
 AVERAGE    47

..........................................................


THE BURNS OR CLIMATE NORMALS FOR TOMORROW
                         NORMAL    RECORD    YEAR
 MAXIMUM TEMPERATURE (F)   70        94      1986
 MINIMUM TEMPERATURE (F)   39        26      2014
                                             1985


SUNRISE AND SUNSET
MAY 29 2015...........SUNRISE   519 AM PDT   SUNSET   828 PM PDT
MAY 30 2015...........SUNRISE   519 AM PDT   SUNSET   828 PM PDT


-  INDICATES NEGATIVE NUMBERS.
R  INDICATES RECORD WAS SET OR TIED.
MM INDICATES DATA IS MISSING.
T  INDICATES TRACE AMOUNT.




$$
