000
CDUS45 KBOI 200930
CLIBNO


CLIMATE REPORT
NATIONAL WEATHER SERVICE BOISE ID
330 AM MDT WED AUG 20 2014


...................................

...THE BURNS OR CLIMATE SUMMARY FOR AUGUST 19 2014...

CLIMATE NORMAL PERIOD 1981 TO 2010
CLIMATE RECORD PERIOD 1939 TO 2014


WEATHER ITEM   OBSERVED TIME   RECORD YEAR NORMAL DEPARTURE LAST
                VALUE   (LST)  VALUE       VALUE  FROM      YEAR
                                                  NORMAL
..................................................................
TEMPERATURE (F)
 YESTERDAY
  MAXIMUM         91    217 PM  97    1967  84      7       96
  MINIMUM         49    515 AM  33    1996  44      5       48
  AVERAGE         70                        64      6       72

PRECIPITATION (IN)
  YESTERDAY        0.00          0.71 1959   0.01  -0.01     0.00
  MONTH TO DATE    0.19                      0.22  -0.03     0.50
  SINCE OCT 1      6.94                     10.34  -3.40     7.81
  SINCE JAN 1      5.97                      6.84  -0.87     3.91

DEGREE DAYS
 HEATING
  YESTERDAY        0                         3     -3        0
  MONTH TO DATE   12                        33    -21       16
  SINCE JUN 1    209                       309   -100      208
  SINCE JUL 1     24                        91    -67       20

 COOLING
  YESTERDAY        5                         2      3        7
  MONTH TO DATE   92                        58     34       56
  SINCE JUN 1    306                       187    119      330
  SINCE JAN 1    306                       190    116      331
..................................................................


WIND (MPH)
  HIGHEST WIND SPEED    29   HIGHEST WIND DIRECTION     S (180)
  HIGHEST GUST SPEED    35   HIGHEST GUST DIRECTION     S (180)
  AVERAGE WIND SPEED     7.3


SKY COVER
  POSSIBLE SUNSHINE  MM
  AVERAGE SKY COVER 0.1


WEATHER CONDITIONS
 THE FOLLOWING WEATHER WAS RECORDED YESTERDAY.
  NO SIGNIFICANT WEATHER WAS OBSERVED.


RELATIVE HUMIDITY (PERCENT)
 HIGHEST    71           500 AM
 LOWEST     16          1200 PM
 AVERAGE    44

..........................................................


THE BURNS OR CLIMATE NORMALS FOR TODAY
                         NORMAL    RECORD    YEAR
 MAXIMUM TEMPERATURE (F)   84       100      2009
                                             1946
 MINIMUM TEMPERATURE (F)   44        35      1974


SUNRISE AND SUNSET
AUGUST 20 2014........SUNRISE   606 AM PDT   SUNSET   751 PM PDT
AUGUST 21 2014........SUNRISE   607 AM PDT   SUNSET   750 PM PDT


-  INDICATES NEGATIVE NUMBERS.
R  INDICATES RECORD WAS SET OR TIED.
MM INDICATES DATA IS MISSING.
T  INDICATES TRACE AMOUNT.




$$
