000
CDUS45 KBOI 290932
CLIBOI


CLIMATE REPORT
NATIONAL WEATHER SERVICE BOISE ID
332 AM MDT FRI AUG 29 2014


...................................

...THE BOISE ID CLIMATE SUMMARY FOR AUGUST 28 2014...

CLIMATE NORMAL PERIOD 1981 TO 2010
CLIMATE RECORD PERIOD 1878 TO 2014


WEATHER ITEM   OBSERVED TIME   RECORD YEAR NORMAL DEPARTURE LAST
                VALUE   (LST)  VALUE       VALUE  FROM      YEAR
                                                  NORMAL
..................................................................
TEMPERATURE (F)
 YESTERDAY
  MAXIMUM         91    519 PM 102    2009  86      5       95
  MINIMUM         61    602 AM  39    1960  57      4       74
  AVERAGE         76                        72      4       85

PRECIPITATION (IN)
  YESTERDAY        0.00          0.32 1922   0.01  -0.01      T
  MONTH TO DATE    0.11                      0.21  -0.10     0.45
  SINCE OCT 1     11.47                     11.12   0.35     7.56
  SINCE JAN 1      8.56                      7.47   1.09     4.91

SNOWFALL (IN)
  YESTERDAY        0.0           0.0  2006   0.0    0.0      0.0
  MONTH TO DATE    0.0                       0.0    0.0      0.0
  SINCE OCT 1     14.4                      19.2   -4.8     16.0
  SINCE JUL 1      0.0                       0.0    0.0      0.0
  SNOW DEPTH       0

DEGREE DAYS
 HEATING
  YESTERDAY        0                         1     -1        0
  MONTH TO DATE    0                         3     -3        0
  SINCE JUN 1     36                        75    -39       35
  SINCE JUL 1      0                        11    -11        0

 COOLING
  YESTERDAY       11                         7      4       20
  MONTH TO DATE  328                       286     42      376
  SINCE JUN 1    944                       767    177     1083
  SINCE JAN 1    968                       811    157     1130
..................................................................


WIND (MPH)
  HIGHEST WIND SPEED    14   HIGHEST WIND DIRECTION    SE (120)
  HIGHEST GUST SPEED    17   HIGHEST GUST DIRECTION     N (360)
  AVERAGE WIND SPEED     4.6


SKY COVER
  POSSIBLE SUNSHINE  MM
  AVERAGE SKY COVER 0.0


WEATHER CONDITIONS
 THE FOLLOWING WEATHER WAS RECORDED YESTERDAY.
  NO SIGNIFICANT WEATHER WAS OBSERVED.


RELATIVE HUMIDITY (PERCENT)
 HIGHEST    55           600 AM
 LOWEST     17           500 PM
 AVERAGE    36

..........................................................


THE BOISE ID CLIMATE NORMALS FOR TODAY
                         NORMAL    RECORD    YEAR
 MAXIMUM TEMPERATURE (F)   86        98      1998
                                             1915
                                             1890
 MINIMUM TEMPERATURE (F)   57        37      1980


SUNRISE AND SUNSET
AUGUST 29 2014........SUNRISE   705 AM MDT   SUNSET   825 PM MDT
AUGUST 30 2014........SUNRISE   706 AM MDT   SUNSET   824 PM MDT


-  INDICATES NEGATIVE NUMBERS.
R  INDICATES RECORD WAS SET OR TIED.
MM INDICATES DATA IS MISSING.
T  INDICATES TRACE AMOUNT.




$$
