000
CDUS45 KBOI 270934
CLIBOI


CLIMATE REPORT
NATIONAL WEATHER SERVICE BOISE ID
230 AM MST TUE JAN 27 2015


...................................

...THE BOISE ID CLIMATE SUMMARY FOR JANUARY 26 2015...

CLIMATE NORMAL PERIOD 1981 TO 2010
CLIMATE RECORD PERIOD 1878 TO 2015


WEATHER ITEM   OBSERVED TIME   RECORD YEAR NORMAL DEPARTURE LAST
                VALUE   (LST)  VALUE       VALUE  FROM      YEAR
                                                  NORMAL
..................................................................
TEMPERATURE (F)
 YESTERDAY
  MAXIMUM         43    515 PM  57    1896  39      4       26
  MINIMUM         29    830 AM  -8    1979  26      3       22
                                      1957
                                      1902
  AVERAGE         36                        32      4       24

PRECIPITATION (IN)
  YESTERDAY        0.00          0.40 1970   0.03  -0.03      T
  MONTH TO DATE    0.79                      1.07  -0.28     0.32
  SINCE OCT 1      6.70                      4.72   1.98     3.23
  SINCE JAN 1      0.79                      1.07  -0.28     0.32

SNOWFALL (IN)
  YESTERDAY        0.0           1.7  1923   0.1   -0.1       T
  MONTH TO DATE    1.1                       4.4   -3.3      3.1
  SINCE OCT 1     13.1                      14.1   -1.0     10.0
  SINCE JUL 1     13.1                      14.1   -1.0     10.0
  SNOW DEPTH       0

DEGREE DAYS
 HEATING
  YESTERDAY       29                        33     -4       41
  MONTH TO DATE  882                       886     -4      892
  SINCE DEC 1   1732                      1947   -215     2156
  SINCE JUL 1   2871                      3201   -330     3450

 COOLING
  YESTERDAY        0                         0      0        0
  MONTH TO DATE    0                         0      0        0
  SINCE DEC 1      0                         0      0        0
  SINCE JAN 1      0                         0      0        0
..................................................................


WIND (MPH)
  HIGHEST WIND SPEED     9   HIGHEST WIND DIRECTION     S (160)
  HIGHEST GUST SPEED    12   HIGHEST GUST DIRECTION    NW (330)
  AVERAGE WIND SPEED     2.9


SKY COVER
  POSSIBLE SUNSHINE  MM
  AVERAGE SKY COVER 0.1


WEATHER CONDITIONS
 THE FOLLOWING WEATHER WAS RECORDED YESTERDAY.
  FOG
  FOG W/VISIBILITY <= 1/4 MILE
  HAZE


RELATIVE HUMIDITY (PERCENT)
 HIGHEST   100           100 AM
 LOWEST     70           400 PM
 AVERAGE    85

..........................................................


THE BOISE ID CLIMATE NORMALS FOR TODAY
                         NORMAL    RECORD    YEAR
 MAXIMUM TEMPERATURE (F)   39        56      1920
 MINIMUM TEMPERATURE (F)   26        -9      1957


SUNRISE AND SUNSET
JANUARY 27 2015.......SUNRISE   806 AM MST   SUNSET   549 PM MST
JANUARY 28 2015.......SUNRISE   805 AM MST   SUNSET   551 PM MST


-  INDICATES NEGATIVE NUMBERS.
R  INDICATES RECORD WAS SET OR TIED.
MM INDICATES DATA IS MISSING.
T  INDICATES TRACE AMOUNT.




$$
