000
CDUS45 KBOI 210932
CLIBOI


CLIMATE REPORT
NATIONAL WEATHER SERVICE BOISE ID
332 AM MDT SAT OCT 21 2017


...................................

...THE BOISE ID CLIMATE SUMMARY FOR OCTOBER 20 2017...

CLIMATE NORMAL PERIOD 1981 TO 2010
CLIMATE RECORD PERIOD 1875 TO 2017


WEATHER ITEM   OBSERVED TIME   RECORD YEAR NORMAL DEPARTURE LAST
                VALUE   (LST)  VALUE       VALUE  FROM      YEAR
                                                  NORMAL
..................................................................
TEMPERATURE (F)
 YESTERDAY
  MAXIMUM         63   1248 AM  84    2003  63      0       66
  MINIMUM         39   1159 PM  20    1990  40     -1       43
  AVERAGE         51                        51      0       55

PRECIPITATION (IN)
  YESTERDAY        0.21          0.37 1881   0.02   0.19     0.00
  MONTH TO DATE    0.44                      0.43   0.01     0.68
  SINCE OCT 1      0.44                      0.43   0.01     0.68
  SINCE JAN 1     12.42                      8.51   3.91     5.86

SNOWFALL (IN)
  YESTERDAY        0.0           0.0  2006   0.0    0.0      0.0
  MONTH TO DATE    T                         0.0    0.0      0.0
  SINCE OCT 1      T                         0.0    0.0      0.0
  SINCE JUL 1      T                         0.0    0.0      0.0
  SNOW DEPTH       0

DEGREE DAYS
 HEATING
  YESTERDAY       14                        14      0       10
  MONTH TO DATE  297                       206     91      175
  SINCE SEP 1    428                       309    119      264
  SINCE JUL 1    428                       327    101      272

 COOLING
  YESTERDAY        0                         0      0        0
  MONTH TO DATE    0                         7     -7        1
  SINCE SEP 1    175                       107     68       64
  SINCE JAN 1   1341                       941    400     1001
..................................................................


WIND (MPH)
  HIGHEST WIND SPEED    33   HIGHEST WIND DIRECTION    NW (300)
  HIGHEST GUST SPEED    42   HIGHEST GUST DIRECTION    NW (310)
  AVERAGE WIND SPEED    11.9


SKY COVER
  POSSIBLE SUNSHINE  MM
  AVERAGE SKY COVER 0.7


WEATHER CONDITIONS
 THE FOLLOWING WEATHER WAS RECORDED YESTERDAY.
  RAIN
  LIGHT RAIN
  HAZE


RELATIVE HUMIDITY (PERCENT)
 HIGHEST    71           500 AM
 LOWEST     17           100 AM
 AVERAGE    44

..........................................................


THE BOISE ID CLIMATE NORMALS FOR TODAY
                         NORMAL    RECORD    YEAR
 MAXIMUM TEMPERATURE (F)   62        84      2003
 MINIMUM TEMPERATURE (F)   39        23      1996


SUNRISE AND SUNSET
OCTOBER 21 2017.......SUNRISE   807 AM MDT   SUNSET   651 PM MDT
OCTOBER 22 2017.......SUNRISE   808 AM MDT   SUNSET   650 PM MDT


-  INDICATES NEGATIVE NUMBERS.
R  INDICATES RECORD WAS SET OR TIED.
MM INDICATES DATA IS MISSING.
T  INDICATES TRACE AMOUNT.




$$
