000
CDUS45 KBOI 290933
CLIBOI


CLIMATE REPORT
NATIONAL WEATHER SERVICE BOISE ID
332 AM MDT TUE JUL 29 2014


...................................

...THE BOISE ID CLIMATE SUMMARY FOR JULY 28 2014...

CLIMATE NORMAL PERIOD 1981 TO 2010
CLIMATE RECORD PERIOD 1878 TO 2014


WEATHER ITEM   OBSERVED TIME   RECORD YEAR NORMAL DEPARTURE LAST
                VALUE   (LST)  VALUE       VALUE  FROM      YEAR
                                                  NORMAL
..................................................................
TEMPERATURE (F)
 YESTERDAY
  MAXIMUM        100    401 PM 106    1934  93      7       92
  MINIMUM         70    554 AM  45    1959  62      8       60
                                      1948
  AVERAGE         85                        78      7       76

PRECIPITATION (IN)
  YESTERDAY        0.00          0.12 1984   0.01  -0.01     0.00
                                      1938
  MONTH TO DATE    0.08                      0.30  -0.22     0.13
  SINCE OCT 1     11.36                     10.88   0.48     7.11
  SINCE JAN 1      8.45                      7.23   1.22     4.46

SNOWFALL (IN)
  YESTERDAY        0.0           0.0  2006   0.0    0.0      0.0
  MONTH TO DATE    0.0                       0.0    0.0      0.0
  SINCE OCT 1     14.4                      19.2   -4.8     16.0
  SINCE JUL 1      0.0                       0.0    0.0      0.0
  SNOW DEPTH       0

DEGREE DAYS
 HEATING
  YESTERDAY        0                         0      0        0
  MONTH TO DATE    0                         4     -4        0
  SINCE JUN 1     36                        68    -32       35
  SINCE JUL 1      0                         4     -4        0

 COOLING
  YESTERDAY       20                        13      7       11
  MONTH TO DATE  446                       304    142      475
  SINCE JUN 1    558                       443    115      666
  SINCE JAN 1    582                       487     95      713
..................................................................


WIND (MPH)
  HIGHEST WIND SPEED    17   HIGHEST WIND DIRECTION     E (80)
  HIGHEST GUST SPEED    24   HIGHEST GUST DIRECTION    SE (140)
  AVERAGE WIND SPEED     6.9


SKY COVER
  POSSIBLE SUNSHINE  MM
  AVERAGE SKY COVER 0.0


WEATHER CONDITIONS
 THE FOLLOWING WEATHER WAS RECORDED YESTERDAY.
  NO SIGNIFICANT WEATHER WAS OBSERVED.


RELATIVE HUMIDITY (PERCENT)
 HIGHEST    38           700 AM
 LOWEST     13           100 PM
 AVERAGE    26

..........................................................


THE BOISE ID CLIMATE NORMALS FOR TODAY
                         NORMAL    RECORD    YEAR
 MAXIMUM TEMPERATURE (F)   93       104      1934
 MINIMUM TEMPERATURE (F)   62        44      1950


SUNRISE AND SUNSET
JULY 29 2014..........SUNRISE   631 AM MDT   SUNSET   911 PM MDT
JULY 30 2014..........SUNRISE   632 AM MDT   SUNSET   910 PM MDT


-  INDICATES NEGATIVE NUMBERS.
R  INDICATES RECORD WAS SET OR TIED.
MM INDICATES DATA IS MISSING.
T  INDICATES TRACE AMOUNT.




$$
