000
CDUS45 KBOI 020931
CLIBOI


CLIMATE REPORT
NATIONAL WEATHER SERVICE BOISE ID
331 AM MDT THU JUL 2 2015


...................................

...THE BOISE ID CLIMATE SUMMARY FOR JULY 1 2015...

CLIMATE NORMAL PERIOD 1981 TO 2010
CLIMATE RECORD PERIOD 1878 TO 2015


WEATHER ITEM   OBSERVED TIME   RECORD YEAR NORMAL DEPARTURE LAST
                VALUE   (LST)  VALUE       VALUE  FROM      YEAR
                                                  NORMAL
..................................................................
TEMPERATURE (F)
 YESTERDAY
  MAXIMUM        102    444 PM 110    2013  87     15       96
  MINIMUM         70    545 AM  40    1935  57     13       60
  AVERAGE         86                        72     14       78

PRECIPITATION (IN)
  YESTERDAY        0.00          0.70 1983   0.01  -0.01     0.00
  MONTH TO DATE    0.00                      0.01  -0.01     0.00
  SINCE OCT 1     10.87                     10.59   0.28    11.28
  SINCE JAN 1      4.96                      6.94  -1.98     8.37

SNOWFALL (IN)
  YESTERDAY        0.0           0.0  2006   0.0    0.0      0.0
  MONTH TO DATE    0.0                       0.0    0.0      0.0
  SINCE OCT 1     13.3                      19.2   -5.9     14.4
  SINCE JUL 1      0.0                       0.0    0.0      0.0
  SNOW DEPTH       0

DEGREE DAYS
 HEATING
  YESTERDAY        0                         1     -1        0
  MONTH TO DATE    0                         1     -1        0
  SINCE JUN 1      2                        65    -63       36
  SINCE JUL 1      0                         1     -1        0

 COOLING
  YESTERDAY       21                         8     13       13
  MONTH TO DATE   21                         8     13       13
  SINCE JUN 1    359                       147    212      125
  SINCE JAN 1    394                       191    203      149
..................................................................


WIND (MPH)
  HIGHEST WIND SPEED    18   HIGHEST WIND DIRECTION    NW (310)
  HIGHEST GUST SPEED    29   HIGHEST GUST DIRECTION    NW (310)
  AVERAGE WIND SPEED     6.7


SKY COVER
  POSSIBLE SUNSHINE  MM
  AVERAGE SKY COVER 0.0


WEATHER CONDITIONS
 THE FOLLOWING WEATHER WAS RECORDED YESTERDAY.
  NO SIGNIFICANT WEATHER WAS OBSERVED.


RELATIVE HUMIDITY (PERCENT)
 HIGHEST    53           300 AM
 LOWEST     13           300 PM
 AVERAGE    33

..........................................................


THE BOISE ID CLIMATE NORMALS FOR TODAY
                         NORMAL    RECORD    YEAR
 MAXIMUM TEMPERATURE (F)   88       105      2013
                                             1924
 MINIMUM TEMPERATURE (F)   58        40      1898


SUNRISE AND SUNSET
JULY  2 2015..........SUNRISE   608 AM MDT   SUNSET   930 PM MDT
JULY  3 2015..........SUNRISE   609 AM MDT   SUNSET   929 PM MDT


-  INDICATES NEGATIVE NUMBERS.
R  INDICATES RECORD WAS SET OR TIED.
MM INDICATES DATA IS MISSING.
T  INDICATES TRACE AMOUNT.




$$
