000
CDUS45 KBOI 280932
CLIBOI


CLIMATE REPORT
NATIONAL WEATHER SERVICE BOISE ID
332 AM MDT FRI AUG 28 2015


...................................

...THE BOISE ID CLIMATE SUMMARY FOR AUGUST 27 2015...

CLIMATE NORMAL PERIOD 1981 TO 2010
CLIMATE RECORD PERIOD 1878 TO 2015


WEATHER ITEM   OBSERVED TIME   RECORD YEAR NORMAL DEPARTURE LAST
                VALUE   (LST)  VALUE       VALUE  FROM      YEAR
                                                  NORMAL
..................................................................
TEMPERATURE (F)
 YESTERDAY
  MAXIMUM         93    441 PM 105    1883  87      6       89
  MINIMUM         70    717 AM  38    1960  57     13       61
  AVERAGE         82                        72     10       75

PRECIPITATION (IN)
  YESTERDAY        0.00          0.10 1895   0.01  -0.01     0.00
  MONTH TO DATE    0.18                      0.20  -0.02     0.14
  SINCE OCT 1     12.02                     11.11   0.91    11.50
  SINCE JAN 1      6.11                      7.46  -1.35     8.59

SNOWFALL (IN)
  YESTERDAY        0.0           0.0  2006   0.0    0.0      0.0
  MONTH TO DATE    0.0                       0.0    0.0      0.0
  SINCE OCT 1     13.3                      19.2   -5.9     14.4
  SINCE JUL 1      0.0                       0.0    0.0      0.0
  SNOW DEPTH       0

DEGREE DAYS
 HEATING
  YESTERDAY        0                         1     -1        0
  MONTH TO DATE    0                         2     -2        0
  SINCE JUN 1      2                        74    -72       36
  SINCE JUL 1      0                        10    -10        0

 COOLING
  YESTERDAY       17                         7     10       10
  MONTH TO DATE  354                       279     75      317
  SINCE JUN 1   1061                       760    301      933
  SINCE JAN 1   1096                       804    292      957
..................................................................


WIND (MPH)
  HIGHEST WIND SPEED    18   HIGHEST WIND DIRECTION     S (160)
  HIGHEST GUST SPEED    25   HIGHEST GUST DIRECTION    SE (150)
  AVERAGE WIND SPEED     7.4


SKY COVER
  POSSIBLE SUNSHINE  MM
  AVERAGE SKY COVER 0.0


WEATHER CONDITIONS
 THE FOLLOWING WEATHER WAS RECORDED YESTERDAY.
  NO SIGNIFICANT WEATHER WAS OBSERVED.


RELATIVE HUMIDITY (PERCENT)
 HIGHEST    41           300 AM
 LOWEST     14           600 PM
 AVERAGE    28

..........................................................


THE BOISE ID CLIMATE NORMALS FOR TODAY
                         NORMAL    RECORD    YEAR
 MAXIMUM TEMPERATURE (F)   86       102      2009
 MINIMUM TEMPERATURE (F)   57        39      1960


SUNRISE AND SUNSET
AUGUST 28 2015........SUNRISE   704 AM MDT   SUNSET   827 PM MDT
AUGUST 29 2015........SUNRISE   705 AM MDT   SUNSET   826 PM MDT


-  INDICATES NEGATIVE NUMBERS.
R  INDICATES RECORD WAS SET OR TIED.
MM INDICATES DATA IS MISSING.
T  INDICATES TRACE AMOUNT.




$$
