000
CDUS45 KBOI 110931
CLIBOI


CLIMATE REPORT
NATIONAL WEATHER SERVICE BOISE ID
231 AM MST THU FEB 11 2016


...................................

...THE BOISE ID CLIMATE SUMMARY FOR FEBRUARY 10 2016...

CLIMATE NORMAL PERIOD 1981 TO 2010
CLIMATE RECORD PERIOD 1878 TO 2016


WEATHER ITEM   OBSERVED TIME   RECORD YEAR NORMAL DEPARTURE LAST
                VALUE   (LST)  VALUE       VALUE  FROM      YEAR
                                                  NORMAL
..................................................................
TEMPERATURE (F)
 YESTERDAY
  MAXIMUM         43    440 PM  64    1951  43      0       53
  MINIMUM         26    718 AM  -7    1933  27     -1       37
  AVERAGE         35                        35      0       45

PRECIPITATION (IN)
  YESTERDAY        0.00          0.34 1930   0.03  -0.03     0.08
  MONTH TO DATE    0.07                      0.35  -0.28     1.27
  SINCE OCT 1      5.24                      5.24   0.00     8.01
  SINCE JAN 1      0.90                      1.59  -0.69     2.10

SNOWFALL (IN)
  YESTERDAY        0.0           1.5  1903   0.1   -0.1      0.0
  MONTH TO DATE    0.7                       1.2   -0.5      0.0
  SINCE OCT 1     10.9                      16.0   -5.1     13.1
  SINCE JUL 1     10.9                      16.0   -5.1     13.1
  SNOW DEPTH       0

DEGREE DAYS
 HEATING
  YESTERDAY       30                        30      0       20
  MONTH TO DATE  303                       307     -4      170
  SINCE DEC 1   2292                      2414   -122     2044
  SINCE JUL 1   3364                      3668   -304     3183

 COOLING
  YESTERDAY        0                         0      0        0
  MONTH TO DATE    0                         0      0        0
  SINCE DEC 1      0                         0      0        0
  SINCE JAN 1      0                         0      0        0
..................................................................


WIND (MPH)
  HIGHEST WIND SPEED    12   HIGHEST WIND DIRECTION     N (340)
  HIGHEST GUST SPEED    15   HIGHEST GUST DIRECTION     N (350)
  AVERAGE WIND SPEED     2.5


SKY COVER
  POSSIBLE SUNSHINE  MM
  AVERAGE SKY COVER 0.5


WEATHER CONDITIONS
 THE FOLLOWING WEATHER WAS RECORDED YESTERDAY.
  FOG
  FOG W/VISIBILITY <= 1/4 MILE


RELATIVE HUMIDITY (PERCENT)
 HIGHEST   100           200 AM
 LOWEST     62           400 PM
 AVERAGE    81

..........................................................


THE BOISE ID CLIMATE NORMALS FOR TODAY
                         NORMAL    RECORD    YEAR
 MAXIMUM TEMPERATURE (F)   43        64      1961
 MINIMUM TEMPERATURE (F)   28        -1      1884


SUNRISE AND SUNSET
FEBRUARY 11 2016......SUNRISE   749 AM MST   SUNSET   609 PM MST
FEBRUARY 12 2016......SUNRISE   748 AM MST   SUNSET   611 PM MST


-  INDICATES NEGATIVE NUMBERS.
R  INDICATES RECORD WAS SET OR TIED.
MM INDICATES DATA IS MISSING.
T  INDICATES TRACE AMOUNT.




$$
