000
CDUS45 KBOI 300931
CLIBOI


CLIMATE REPORT
NATIONAL WEATHER SERVICE BOISE ID
331 AM MDT SAT JUL 30 2016


...................................

...THE BOISE ID CLIMATE SUMMARY FOR JULY 29 2016...

CLIMATE NORMAL PERIOD 1981 TO 2010
CLIMATE RECORD PERIOD 1875 TO 2016


WEATHER ITEM   OBSERVED TIME   RECORD YEAR NORMAL DEPARTURE LAST
                VALUE   (LST)  VALUE       VALUE  FROM      YEAR
                                                  NORMAL
..................................................................
TEMPERATURE (F)
 YESTERDAY
  MAXIMUM        100    535 PM 104    1934  93      7       89
  MINIMUM         66    421 AM  44    1950  62      4       58
  AVERAGE         83                        78      5       74

PRECIPITATION (IN)
  YESTERDAY        0.00          0.35 1964   0.01  -0.01     0.00
  MONTH TO DATE    0.27                      0.31  -0.04     0.97
  SINCE OCT 1      9.31                     10.89  -1.58    11.84
  SINCE JAN 1      4.97                      7.24  -2.27     5.93

SNOWFALL (IN)
  YESTERDAY        0.0           0.0  2006   0.0    0.0      0.0
  MONTH TO DATE    0.0                       0.0    0.0      0.0
  SINCE OCT 1     10.9                      19.2   -8.3     13.3
  SINCE JUL 1      0.0                       0.0    0.0      0.0
  SNOW DEPTH       0

DEGREE DAYS
 HEATING
  YESTERDAY        0                         0      0        0
  MONTH TO DATE    8                         4      4        0
  SINCE JUN 1     45                        68    -23        2
  SINCE JUL 1      8                         4      4        0

 COOLING
  YESTERDAY       18                        13      5        9
  MONTH TO DATE  307                       317    -10      338
  SINCE JUN 1    554                       456     98      676
  SINCE JAN 1    585                       500     85      711
..................................................................


WIND (MPH)
  HIGHEST WIND SPEED    20   HIGHEST WIND DIRECTION     N (340)
  HIGHEST GUST SPEED    25   HIGHEST GUST DIRECTION    NW (330)
  AVERAGE WIND SPEED     6.8


SKY COVER
  POSSIBLE SUNSHINE  MM
  AVERAGE SKY COVER 0.0


WEATHER CONDITIONS
 THE FOLLOWING WEATHER WAS RECORDED YESTERDAY.
  HAZE


RELATIVE HUMIDITY (PERCENT)
 HIGHEST    47           300 AM
 LOWEST     11           500 PM
 AVERAGE    29

..........................................................


THE BOISE ID CLIMATE NORMALS FOR TODAY
                         NORMAL    RECORD    YEAR
 MAXIMUM TEMPERATURE (F)   93       106      2003
 MINIMUM TEMPERATURE (F)   62        46      1950
                                             1890
                                             1877


SUNRISE AND SUNSET
JULY 30 2016..........SUNRISE   633 AM MDT   SUNSET   909 PM MDT
JULY 31 2016..........SUNRISE   634 AM MDT   SUNSET   908 PM MDT


-  INDICATES NEGATIVE NUMBERS.
R  INDICATES RECORD WAS SET OR TIED.
MM INDICATES DATA IS MISSING.
T  INDICATES TRACE AMOUNT.




$$
