000
CDUS45 KBOI 270121
CLIBOI


CLIMATE REPORT
NATIONAL WEATHER SERVICE BOISE ID
720 PM MDT MON SEP 26 2016


...................................

...THE BOISE ID CLIMATE SUMMARY FOR SEPTEMBER 26 2016...
VALID TODAY AS OF 0600 PM LOCAL TIME.

CLIMATE NORMAL PERIOD 1981 TO 2010
CLIMATE RECORD PERIOD 1875 TO 2016


WEATHER ITEM   OBSERVED TIME   RECORD YEAR NORMAL DEPARTURE LAST
                VALUE   (LST)  VALUE       VALUE  FROM      YEAR
                                                  NORMAL
..................................................................
TEMPERATURE (F)
 TODAY
  MAXIMUM         84    520 PM  93    1963  74     10       85
  MINIMUM         54    707 AM  28    1934  47      7       61
  AVERAGE         69                        61      8       73

PRECIPITATION (IN)
  TODAY            0.00          0.51 1923   0.02  -0.02      T
  MONTH TO DATE    0.21                      0.48  -0.27     0.51
  SINCE OCT 1      9.52                     11.63  -2.11    12.53
  SINCE JAN 1      5.18                      7.98  -2.80     6.62

DEGREE DAYS
 HEATING
  TODAY            0                         6     -6        0
  MONTH TO DATE   89                        78     11       58
  SINCE SEP 1     89                        78     11       58
  SINCE JUL 1     97                        96      1       58

 COOLING
  TODAY            4                         2      2        8
  MONTH TO DATE   27                        95    -68      109
  SINCE SEP 1     27                        95    -68      109
  SINCE JAN 1    964                       929     35     1245
..................................................................


WIND (MPH)
  HIGHEST WIND SPEED    15   HIGHEST WIND DIRECTION     S (160)
  HIGHEST GUST SPEED    18   HIGHEST GUST DIRECTION    SE (150)
  AVERAGE WIND SPEED     9.8



WEATHER CONDITIONS
 THE FOLLOWING WEATHER WAS RECORDED TODAY.
  NO SIGNIFICANT WEATHER WAS OBSERVED.


RELATIVE HUMIDITY (PERCENT)
 HIGHEST    59           500 AM
 LOWEST     19           300 PM
 AVERAGE    39

..........................................................


THE BOISE ID CLIMATE NORMALS FOR TOMORROW
                         NORMAL    RECORD    YEAR
 MAXIMUM TEMPERATURE (F)   74        92      1957
 MINIMUM TEMPERATURE (F)   47        28      1886


SUNRISE AND SUNSET
SEPTEMBER 26 2016.....SUNRISE   737 AM MDT   SUNSET   734 PM MDT
SEPTEMBER 27 2016.....SUNRISE   738 AM MDT   SUNSET   732 PM MDT


-  INDICATES NEGATIVE NUMBERS.
R  INDICATES RECORD WAS SET OR TIED.
MM INDICATES DATA IS MISSING.
T  INDICATES TRACE AMOUNT.




$$
