000
CDUS45 KBOI 200122
CLIBOI


CLIMATE REPORT
NATIONAL WEATHER SERVICE BOISE ID
721 PM MDT FRI SEP 19 2014


...................................

...THE BOISE ID CLIMATE SUMMARY FOR SEPTEMBER 19 2014...
VALID TODAY AS OF 0600 PM LOCAL TIME.

CLIMATE NORMAL PERIOD 1981 TO 2010
CLIMATE RECORD PERIOD 1878 TO 2014


WEATHER ITEM   OBSERVED TIME   RECORD YEAR NORMAL DEPARTURE LAST
                VALUE   (LST)  VALUE       VALUE  FROM      YEAR
                                                  NORMAL
..................................................................
TEMPERATURE (F)
 TODAY
  MAXIMUM         79    525 PM  94    2008  77      2       74
                                      1917
  MINIMUM         57    705 AM  31    1978  50      7       46
  AVERAGE         68                        64      4       60

PRECIPITATION (IN)
  TODAY            0.00          0.66 1959   0.02  -0.02     0.00
  MONTH TO DATE    0.02                      0.33  -0.31     0.85
  SINCE OCT 1     11.54                     11.48   0.06     8.41
  SINCE JAN 1      8.63                      7.83   0.80     5.76

DEGREE DAYS
 HEATING
  TODAY            0                         4     -4        5
  MONTH TO DATE   24                        44    -20       11
  SINCE SEP 1     24                        44    -20       11
  SINCE JUL 1     28                        62    -34       11

 COOLING
  TODAY            3                         3      0        0
  MONTH TO DATE   91                        81     10      143
  SINCE SEP 1     91                        81     10      143
  SINCE JAN 1   1074                       915    159     1315
..................................................................


WIND (MPH)
  HIGHEST WIND SPEED    16   HIGHEST WIND DIRECTION    NW (310)
  HIGHEST GUST SPEED    20   HIGHEST GUST DIRECTION    NW (310)
  AVERAGE WIND SPEED     6.5



WEATHER CONDITIONS
 THE FOLLOWING WEATHER WAS RECORDED TODAY.
  NO SIGNIFICANT WEATHER WAS OBSERVED.


RELATIVE HUMIDITY (PERCENT)
 HIGHEST    72           700 AM
 LOWEST     30           300 PM
 AVERAGE    51

..........................................................


THE BOISE ID CLIMATE NORMALS FOR TOMORROW
                         NORMAL    RECORD    YEAR
 MAXIMUM TEMPERATURE (F)   77        94      1922
 MINIMUM TEMPERATURE (F)   50        32      1924


SUNRISE AND SUNSET
SEPTEMBER 19 2014.....SUNRISE   729 AM MDT   SUNSET   748 PM MDT
SEPTEMBER 20 2014.....SUNRISE   730 AM MDT   SUNSET   746 PM MDT


-  INDICATES NEGATIVE NUMBERS.
R  INDICATES RECORD WAS SET OR TIED.
MM INDICATES DATA IS MISSING.
T  INDICATES TRACE AMOUNT.




$$
