000
CDUS41 KBOX 260604
CLIBOS


CLIMATE REPORT
NATIONAL WEATHER SERVICE TAUNTON MA
1254 AM EST WED NOV 26 2014


...................................

...THE BOSTON MA CLIMATE SUMMARY FOR NOVEMBER 25 2014...

CLIMATE NORMAL PERIOD 1981 TO 2010
CLIMATE RECORD PERIOD 1872 TO 2014


WEATHER ITEM   OBSERVED TIME   RECORD YEAR NORMAL DEPARTURE LAST
                VALUE   (LST)  VALUE       VALUE  FROM      YEAR
                                                  NORMAL
..................................................................
TEMPERATURE (F)
 YESTERDAY
  MAXIMUM         62   1211 PM  70    1979  48     14       34
  MINIMUM         48   1023 PM  13    1938  35     13       18
  AVERAGE         55                        42     13       26

PRECIPITATION (IN)
  YESTERDAY        0.00          2.76 1983   0.14  -0.14     0.00
  MONTH TO DATE    3.70                      3.31   0.39     0.83
  SINCE SEP 1     10.23                     10.69  -0.46     3.65
  SINCE JAN 1     37.12                     39.31  -2.19    33.85

SNOWFALL (IN)
  YESTERDAY        0.0           4.7  1938   0.1   -0.1      0.0
  MONTH TO DATE    T                         0.8   -0.8       T
  SINCE SEP 1      T                         0.8   -0.8       T
  SINCE JUL 1      T                         0.8   -0.8       T
  SNOW DEPTH       0

DEGREE DAYS
 HEATING
  YESTERDAY       10                        23    -13       39
  MONTH TO DATE  523                       488     35      518
  SINCE SEP 1    870                       922    -52      868
  SINCE JUL 1    870                       935    -65      870

 COOLING
  YESTERDAY        0                         0      0        0
  MONTH TO DATE    0                         0      0        1
  SINCE SEP 1    130                        88     42       99
  SINCE JAN 1    769                       747     22      920
..................................................................


WIND (MPH)
  RESULTANT WIND SPEED  11   RESULTANT WIND DIRECTION  SW (230)
  HIGHEST WIND SPEED    20   HIGHEST WIND DIRECTION    SW (240)
  HIGHEST GUST SPEED    26   HIGHEST GUST DIRECTION     W (260)
  AVERAGE WIND SPEED    11.7


SKY COVER
  POSSIBLE SUNSHINE  MM
  AVERAGE SKY COVER 0.7


WEATHER CONDITIONS
 THE FOLLOWING WEATHER WAS RECORDED YESTERDAY.
  NO SIGNIFICANT WEATHER WAS OBSERVED.


RELATIVE HUMIDITY (PERCENT)
 HIGHEST    93           300 AM
 LOWEST     28           300 PM
 AVERAGE    61

..........................................................


THE BOSTON MA CLIMATE NORMALS FOR TODAY
                         NORMAL    RECORD    YEAR
 MAXIMUM TEMPERATURE (F)   48        67      1946
                                             1895
 MINIMUM TEMPERATURE (F)   35        12      1938
                                             1932
                                             1873


SUNRISE AND SUNSET
NOVEMBER 26 2014......SUNRISE   648 AM EST   SUNSET   415 PM EST
NOVEMBER 27 2014......SUNRISE   649 AM EST   SUNSET   414 PM EST


-  INDICATES NEGATIVE NUMBERS.
R  INDICATES RECORD WAS SET OR TIED.
MM INDICATES DATA IS MISSING.
T  INDICATES TRACE AMOUNT.




$$
