000
CDUS41 KBOX 030550
CLIBOS


CLIMATE REPORT
NATIONAL WEATHER SERVICE TAUNTON MA
1238 AM EST TUE MAR 3 2015


...................................

...THE BOSTON MA CLIMATE SUMMARY FOR MARCH 2 2015...

CLIMATE NORMAL PERIOD 1981 TO 2010
CLIMATE RECORD PERIOD 1872 TO 2015


WEATHER ITEM   OBSERVED TIME   RECORD YEAR NORMAL DEPARTURE LAST
                VALUE   (LST)  VALUE       VALUE  FROM      YEAR
                                                  NORMAL
..................................................................
TEMPERATURE (F)
 YESTERDAY
  MAXIMUM         37    149 PM  66    2004  42     -5       40
  MINIMUM         26   1159 PM   0    1886  28     -2       30
  AVERAGE         32                        35     -3       35

PRECIPITATION (IN)
  YESTERDAY        0.01          2.24 1983   0.13  -0.12      T
  MONTH TO DATE    0.18                      0.27  -0.09      T
  SINCE MAR 1      0.18                      0.27  -0.09      T
  SINCE JAN 1      7.12                      6.88   0.24     7.37

SNOWFALL (IN)
  YESTERDAY        0.2           7.8  2009   0.4   -0.2       T
  MONTH TO DATE    2.1                       0.7    1.4       T
  SINCE MAR 1      2.1                       0.7    1.4       T
  SINCE JUL 1    104.1                      34.8   69.3     56.4
  SNOW DEPTH      MM

DEGREE DAYS
 HEATING
  YESTERDAY       33                        30      3       30
  MONTH TO DATE   77                        61     16       69
  SINCE MAR 1     77                        61     16       69
  SINCE JUL 1   4392                      4103    289     4217

 COOLING
  YESTERDAY        0                         0      0        0
  MONTH TO DATE    0                         0      0        0
  SINCE MAR 1      0                         0      0        0
  SINCE JAN 1      0                         0      0        0
..................................................................


WIND (MPH)
  RESULTANT WIND SPEED  13   RESULTANT WIND DIRECTION   W (280)
  HIGHEST WIND SPEED    30   HIGHEST WIND DIRECTION     W (280)
  HIGHEST GUST SPEED    41   HIGHEST GUST DIRECTION     W (280)
  AVERAGE WIND SPEED    14.4


SKY COVER
  POSSIBLE SUNSHINE  MM
  AVERAGE SKY COVER 0.7


WEATHER CONDITIONS
 THE FOLLOWING WEATHER WAS RECORDED YESTERDAY.
  LIGHT RAIN
  LIGHT SNOW
  FOG


RELATIVE HUMIDITY (PERCENT)
 HIGHEST    92          1200 AM
 LOWEST     41           300 PM
 AVERAGE    67

..........................................................


THE BOSTON MA CLIMATE NORMALS FOR TODAY
                         NORMAL    RECORD    YEAR
 MAXIMUM TEMPERATURE (F)   42        61      1945
 MINIMUM TEMPERATURE (F)   28         4      1950


SUNRISE AND SUNSET
MARCH  3 2015.........SUNRISE   617 AM EST   SUNSET   536 PM EST
MARCH  4 2015.........SUNRISE   615 AM EST   SUNSET   537 PM EST


-  INDICATES NEGATIVE NUMBERS.
R  INDICATES RECORD WAS SET OR TIED.
MM INDICATES DATA IS MISSING.
T  INDICATES TRACE AMOUNT.




$$
