000
CDUS45 KRIW 100731
CLIBPI


CLIMATE REPORT
NATIONAL WEATHER SERVICE RIVERTON WY
130 AM MDT THU JUL 10 2014


...................................

...THE BIG PINEY WY CLIMATE SUMMARY FOR JULY 9 2014...

CLIMATE NORMAL PERIOD 1981 TO 2010
CLIMATE RECORD PERIOD 1976 TO 2014


WEATHER ITEM   OBSERVED TIME   RECORD YEAR NORMAL DEPARTURE LAST
                VALUE   (LST)  VALUE       VALUE  FROM      YEAR
                                                  NORMAL
..................................................................
TEMPERATURE (F)
 YESTERDAY
  MAXIMUM         89   1253 PM  91    2002  80      9       88
  MINIMUM         43    513 AM  33    1993  43      0       40
  AVERAGE         66                        61      5       64

PRECIPITATION (IN)
  YESTERDAY        T             0.20 1997   0.02  -0.02     0.00
                                      1987
  MONTH TO DATE    0.11                      0.18  -0.07     0.36
  SINCE JUN 1      0.29                      0.97  -0.68     0.36
  SINCE JAN 1      1.44                      3.44  -2.00     2.06

DEGREE DAYS
 HEATING
  YESTERDAY        0                         4     -4        1
  MONTH TO DATE   21                        44    -23        3
  SINCE JUN 1    368                       349     19      220
  SINCE JUL 1     21                        44    -23        3

 COOLING
  YESTERDAY        1                         1      0        0
  MONTH TO DATE    6                         1      5       31
  SINCE JUN 1      6                         3      3       51
  SINCE JAN 1      6                         3      3       51
..................................................................


WIND (MPH)
  HIGHEST WIND SPEED    18   HIGHEST WIND DIRECTION    NW (320)
  HIGHEST GUST SPEED    21   HIGHEST GUST DIRECTION    NW (320)
  AVERAGE WIND SPEED     6.1


SKY COVER
  POSSIBLE SUNSHINE  MM
  AVERAGE SKY COVER 0.2


WEATHER CONDITIONS
 THE FOLLOWING WEATHER WAS RECORDED YESTERDAY.
  LIGHT RAIN


RELATIVE HUMIDITY (PERCENT)
 HIGHEST    65           500 AM
 LOWEST     14           100 PM
 AVERAGE    40

..........................................................


THE BIG PINEY WY CLIMATE NORMALS FOR TODAY
                         NORMAL    RECORD    YEAR
 MAXIMUM TEMPERATURE (F)   80        91      2002
 MINIMUM TEMPERATURE (F)   43        34      1977


SUNRISE AND SUNSET
JULY 10 2014..........SUNRISE   552 AM MDT   SUNSET   859 PM MDT
JULY 11 2014..........SUNRISE   553 AM MDT   SUNSET   858 PM MDT


-  INDICATES NEGATIVE NUMBERS.
R  INDICATES RECORD WAS SET OR TIED.
MM INDICATES DATA IS MISSING.
T  INDICATES TRACE AMOUNT.




$$
