000
CDUS45 KRIW 200735
CLIBPI


CLIMATE REPORT
NATIONAL WEATHER SERVICE RIVERTON WY
132 AM MDT MON OCT 20 2014


...................................

...THE BIG PINEY WY CLIMATE SUMMARY FOR OCTOBER 19 2014...

CLIMATE NORMAL PERIOD 1981 TO 2010
CLIMATE RECORD PERIOD 1976 TO 2014


WEATHER ITEM   OBSERVED TIME   RECORD YEAR NORMAL DEPARTURE LAST
                VALUE   (LST)  VALUE       VALUE  FROM      YEAR
                                                  NORMAL
..................................................................
TEMPERATURE (F)
 YESTERDAY
  MAXIMUM         66    327 PM  71    2003  54     12       56
  MINIMUM         25    645 AM   1    1976  20      5       20
  AVERAGE         46                        37      9       38

PRECIPITATION (IN)
  YESTERDAY        0.00          0.17 2004   0.01  -0.01     0.00
  MONTH TO DATE    0.01                      0.39  -0.38     0.32
  SINCE SEP 1      1.17                      1.17   0.00     1.15
  SINCE JAN 1      4.54                      5.83  -1.29     4.15

DEGREE DAYS
 HEATING
  YESTERDAY       19                        28     -9       27
  MONTH TO DATE  388                       463    -75      508
  SINCE SEP 1    742                       921   -179      845
  SINCE JUL 1    971                      1214   -243      946

 COOLING
  YESTERDAY        0                         0      0        0
  MONTH TO DATE    0                         0      0        0
  SINCE SEP 1      0                         0      0        5
  SINCE JAN 1     26                        35     -9       89
..................................................................


WIND (MPH)
  HIGHEST WIND SPEED    12   HIGHEST WIND DIRECTION    NW (330)
  HIGHEST GUST SPEED    14   HIGHEST GUST DIRECTION    SW (220)
  AVERAGE WIND SPEED     3.1


SKY COVER
  POSSIBLE SUNSHINE  MM
  AVERAGE SKY COVER 0.0


WEATHER CONDITIONS
 THE FOLLOWING WEATHER WAS RECORDED YESTERDAY.
  NO SIGNIFICANT WEATHER WAS OBSERVED.


RELATIVE HUMIDITY (PERCENT)
 HIGHEST    85           500 AM
 LOWEST     16           400 PM
 AVERAGE    51

..........................................................


THE BIG PINEY WY CLIMATE NORMALS FOR TODAY
                         NORMAL    RECORD    YEAR
 MAXIMUM TEMPERATURE (F)   54        72      2003
 MINIMUM TEMPERATURE (F)   20         3      1976


SUNRISE AND SUNSET
OCTOBER 20 2014.......SUNRISE   739 AM MDT   SUNSET   630 PM MDT
OCTOBER 21 2014.......SUNRISE   741 AM MDT   SUNSET   629 PM MDT


-  INDICATES NEGATIVE NUMBERS.
R  INDICATES RECORD WAS SET OR TIED.
MM INDICATES DATA IS MISSING.
T  INDICATES TRACE AMOUNT.




$$
