000
CDUS45 KRIW 300730
CLIBPI


CLIMATE REPORT
NATIONAL WEATHER SERVICE RIVERTON WY
129 AM MDT FRI SEP 30 2016


...................................

...THE BIG PINEY WY CLIMATE SUMMARY FOR SEPTEMBER 29 2016...

CLIMATE NORMAL PERIOD 1981 TO 2010
CLIMATE RECORD PERIOD 1976 TO 2016


WEATHER ITEM   OBSERVED TIME   RECORD YEAR NORMAL DEPARTURE LAST
                VALUE   (LST)  VALUE       VALUE  FROM      YEAR
                                                  NORMAL
..................................................................
TEMPERATURE (F)
 YESTERDAY
  MAXIMUM         71    329 PM  78    2010  63      8       76
                                      2001
  MINIMUM         42   1151 PM  11    1999  27     15       32
  AVERAGE         57                        45     12       54

PRECIPITATION (IN)
  YESTERDAY        T             0.20 1991   0.03  -0.03     0.00
  MONTH TO DATE    1.56                      0.76   0.80     0.30
  SINCE SEP 1      1.56                      0.76   0.80     0.30
  SINCE JAN 1      9.04                      5.42   3.62     5.63

DEGREE DAYS
 HEATING
  YESTERDAY        8                        20    -12       11
  MONTH TO DATE  354                       437    -83      304
  SINCE SEP 1    354                       437    -83      304
  SINCE JUL 1    637                       730    -93      581

 COOLING
  YESTERDAY        0                         0      0        0
  MONTH TO DATE    0                         0      0        0
  SINCE SEP 1      0                         0      0        0
  SINCE JAN 1     23                        35    -12       53
..................................................................


WIND (MPH)
  HIGHEST WIND SPEED    18   HIGHEST WIND DIRECTION     S (190)
  HIGHEST GUST SPEED    22   HIGHEST GUST DIRECTION    SW (210)
  AVERAGE WIND SPEED     7.0


SKY COVER
  POSSIBLE SUNSHINE  MM
  AVERAGE SKY COVER 0.6


WEATHER CONDITIONS
 THE FOLLOWING WEATHER WAS RECORDED YESTERDAY.
  THUNDERSTORM
  LIGHT RAIN


RELATIVE HUMIDITY (PERCENT)
 HIGHEST    89          1100 PM
 LOWEST     32           100 PM
 AVERAGE    61

..........................................................


THE BIG PINEY WY CLIMATE NORMALS FOR TODAY
                         NORMAL    RECORD    YEAR
 MAXIMUM TEMPERATURE (F)   62        79      2011
 MINIMUM TEMPERATURE (F)   27        12      1983


SUNRISE AND SUNSET
SEPTEMBER 30 2016.....SUNRISE   717 AM MDT   SUNSET   703 PM MDT
OCTOBER  1 2016.......SUNRISE   718 AM MDT   SUNSET   701 PM MDT


-  INDICATES NEGATIVE NUMBERS.
R  INDICATES RECORD WAS SET OR TIED.
MM INDICATES DATA IS MISSING.
T  INDICATES TRACE AMOUNT.




$$
