000
CDUS45 KRIW 190734
CLIBPI


CLIMATE REPORT
NATIONAL WEATHER SERVICE RIVERTON WY
133 AM MDT THU OCT 19 2017


...................................

...THE BIG PINEY WY CLIMATE SUMMARY FOR OCTOBER 18 2017...

CLIMATE NORMAL PERIOD 1981 TO 2010
CLIMATE RECORD PERIOD 1976 TO 2017


WEATHER ITEM   OBSERVED TIME   RECORD YEAR NORMAL DEPARTURE LAST
                VALUE   (LST)  VALUE       VALUE  FROM      YEAR
                                                  NORMAL
..................................................................
TEMPERATURE (F)
 YESTERDAY
  MAXIMUM         66    315 PM  72    2003  55     11       38
  MINIMUM         23    649 AM   1    1976  21      2        8
  AVERAGE         45                        38      7       23

PRECIPITATION (IN)
  YESTERDAY        0.00          0.33 2003   0.02  -0.02     0.00
  MONTH TO DATE    0.01                      0.38  -0.37     2.10
  SINCE SEP 1      1.73                      1.16   0.57     3.66
  SINCE JAN 1      8.83                      5.82   3.01    11.14

DEGREE DAYS
 HEATING
  YESTERDAY       20                        27     -7       42
  MONTH TO DATE  517                       435     82      433
  SINCE SEP 1    943                       893     50      802
  SINCE JUL 1   1130                      1186    -56     1085

 COOLING
  YESTERDAY        0                         0      0        0
  MONTH TO DATE    0                         0      0        0
  SINCE SEP 1      0                         0      0        0
  SINCE JAN 1     27                        35     -8       23
..................................................................


WIND (MPH)
  HIGHEST WIND SPEED    15   HIGHEST WIND DIRECTION    NW (310)
  HIGHEST GUST SPEED    18   HIGHEST GUST DIRECTION    NW (310)
  AVERAGE WIND SPEED     5.3


SKY COVER
  POSSIBLE SUNSHINE  MM
  AVERAGE SKY COVER 0.0


WEATHER CONDITIONS
 THE FOLLOWING WEATHER WAS RECORDED YESTERDAY.
  NO SIGNIFICANT WEATHER WAS OBSERVED.


RELATIVE HUMIDITY (PERCENT)
 HIGHEST    60           700 AM
 LOWEST     12           300 PM
 AVERAGE    36

..........................................................


THE BIG PINEY WY CLIMATE NORMALS FOR TODAY
                         NORMAL    RECORD    YEAR
 MAXIMUM TEMPERATURE (F)   54        71      2003
 MINIMUM TEMPERATURE (F)   20         1      1976


SUNRISE AND SUNSET
OCTOBER 19 2017.......SUNRISE   739 AM MDT   SUNSET   631 PM MDT
OCTOBER 20 2017.......SUNRISE   740 AM MDT   SUNSET   630 PM MDT


-  INDICATES NEGATIVE NUMBERS.
R  INDICATES RECORD WAS SET OR TIED.
MM INDICATES DATA IS MISSING.
T  INDICATES TRACE AMOUNT.




$$
