000
CDUS45 KRIW 300740
CLIBPI


CLIMATE REPORT
NATIONAL WEATHER SERVICE RIVERTON WY
128 AM MDT SAT JUL 30 2016


...................................

...THE BIG PINEY WY CLIMATE SUMMARY FOR JULY 29 2016...

CLIMATE NORMAL PERIOD 1981 TO 2010
CLIMATE RECORD PERIOD 1976 TO 2016


WEATHER ITEM   OBSERVED TIME   RECORD YEAR NORMAL DEPARTURE LAST
                VALUE   (LST)  VALUE       VALUE  FROM      YEAR
                                                  NORMAL
..................................................................
TEMPERATURE (F)
 YESTERDAY
  MAXIMUM         89    317 PM  90    2006  82      7       76
  MINIMUM         46    530 AM  31    1986  44      2       32
  AVERAGE         68                        63      5       54

PRECIPITATION (IN)
  YESTERDAY        0.00          0.33 2013   0.02  -0.02     0.00
  MONTH TO DATE    0.12                      0.65  -0.53     1.73
  SINCE JUN 1      0.85                      1.44  -0.59     1.96
  SINCE JAN 1      6.90                      3.91   2.99     4.94

DEGREE DAYS
 HEATING
  YESTERDAY        0                         3     -3       11
  MONTH TO DATE  104                       109     -5      149
  SINCE JUN 1    282                       414   -132      284
  SINCE JUL 1    104                       109     -5      149

 COOLING
  YESTERDAY        3                         1      2        0
  MONTH TO DATE   18                        21     -3       18
  SINCE JUN 1     19                        23     -4       42
  SINCE JAN 1     19                        23     -4       42
..................................................................


WIND (MPH)
  HIGHEST WIND SPEED    18   HIGHEST WIND DIRECTION     N (340)
  HIGHEST GUST SPEED    23   HIGHEST GUST DIRECTION    NW (310)
  AVERAGE WIND SPEED     7.4


SKY COVER
  POSSIBLE SUNSHINE  MM
  AVERAGE SKY COVER 0.0


WEATHER CONDITIONS
 THE FOLLOWING WEATHER WAS RECORDED YESTERDAY.
  NO SIGNIFICANT WEATHER WAS OBSERVED.


RELATIVE HUMIDITY (PERCENT)
 HIGHEST    56           500 AM
 LOWEST     12           400 PM
 AVERAGE    34

..........................................................


THE BIG PINEY WY CLIMATE NORMALS FOR TODAY
                         NORMAL    RECORD    YEAR
 MAXIMUM TEMPERATURE (F)   82        93      1982
 MINIMUM TEMPERATURE (F)   44        32      1977


SUNRISE AND SUNSET
JULY 30 2016..........SUNRISE   611 AM MDT   SUNSET   842 PM MDT
JULY 31 2016..........SUNRISE   612 AM MDT   SUNSET   841 PM MDT


-  INDICATES NEGATIVE NUMBERS.
R  INDICATES RECORD WAS SET OR TIED.
MM INDICATES DATA IS MISSING.
T  INDICATES TRACE AMOUNT.




$$
