000
CDUS45 KRIW 290748
CLIBPI


CLIMATE REPORT
NATIONAL WEATHER SERVICE RIVERTON WY
133 AM MDT SAT APR 29 2017


...................................

...THE BIG PINEY WY CLIMATE SUMMARY FOR APRIL 28 2017...

CLIMATE NORMAL PERIOD 1981 TO 2010
CLIMATE RECORD PERIOD 1976 TO 2017


WEATHER ITEM   OBSERVED TIME   RECORD YEAR NORMAL DEPARTURE LAST
                VALUE   (LST)  VALUE       VALUE  FROM      YEAR
                                                  NORMAL
..................................................................
TEMPERATURE (F)
 YESTERDAY
  MAXIMUM         42   1052 AM  75    2007  56    -14       46
  MINIMUM         22   1151 PM  12    2011  25     -3       30
  AVERAGE         32                        40     -8       38

PRECIPITATION (IN)
  YESTERDAY        0.01          0.27 2005   0.02  -0.01     0.00
  MONTH TO DATE    1.17                      0.48   0.69     1.06
  SINCE MAR 1      2.62                      0.92   1.70     1.88
  SINCE JAN 1      4.36                      1.58   2.78     2.05

DEGREE DAYS
 HEATING
  YESTERDAY       33                        25      8       27
  MONTH TO DATE  788                       788      0      690
  SINCE MAR 1   1899                      1960    -61     1754
  SINCE JUL 1   9329                      9483   -154     8608

 COOLING
  YESTERDAY        0                         0      0        0
  MONTH TO DATE    0                         0      0        0
  SINCE MAR 1      0                         0      0        0
  SINCE JAN 1      0                         0      0        0
..................................................................


WIND (MPH)
  HIGHEST WIND SPEED    23   HIGHEST WIND DIRECTION     N (20)
  HIGHEST GUST SPEED    32   HIGHEST GUST DIRECTION     N (10)
  AVERAGE WIND SPEED    12.1


SKY COVER
  POSSIBLE SUNSHINE  MM
  AVERAGE SKY COVER 0.8


WEATHER CONDITIONS
 THE FOLLOWING WEATHER WAS RECORDED YESTERDAY.
  SNOW
  LIGHT SNOW
  FOG
  FOG W/VISIBILITY <= 1/4 MILE
  HAZE


RELATIVE HUMIDITY (PERCENT)
 HIGHEST    88          1100 PM
 LOWEST     38           700 PM
 AVERAGE    63

..........................................................


THE BIG PINEY WY CLIMATE NORMALS FOR TODAY
                         NORMAL    RECORD    YEAR
 MAXIMUM TEMPERATURE (F)   56        77      2007
 MINIMUM TEMPERATURE (F)   25        11      1991


SUNRISE AND SUNSET
APRIL 29 2017.........SUNRISE   617 AM MDT   SUNSET   819 PM MDT
APRIL 30 2017.........SUNRISE   616 AM MDT   SUNSET   820 PM MDT


-  INDICATES NEGATIVE NUMBERS.
R  INDICATES RECORD WAS SET OR TIED.
MM INDICATES DATA IS MISSING.
T  INDICATES TRACE AMOUNT.




$$
