000
CDUS45 KRIW 100036
CLIBPI


CLIMATE REPORT
NATIONAL WEATHER SERVICE RIVERTON WY
535 PM MST TUE FEB 9 2016


...................................

...THE BIG PINEY WY CLIMATE SUMMARY FOR FEBRUARY 9 2016...
VALID TODAY AS OF 0500 PM LOCAL TIME.

CLIMATE NORMAL PERIOD 1981 TO 2010
CLIMATE RECORD PERIOD 1976 TO 2016


WEATHER ITEM   OBSERVED TIME   RECORD YEAR NORMAL DEPARTURE LAST
                VALUE   (LST)  VALUE       VALUE  FROM      YEAR
                                                  NORMAL
..................................................................
TEMPERATURE (F)
 TODAY
  MAXIMUM         47        MM  48    1996  27     20       43
  MINIMUM         14        MM -35    1989   0     14       21
  AVERAGE         31

PRECIPITATION (IN)
  TODAY            0.00          0.14 2008   0.01  -0.01      T
  MONTH TO DATE    T                         0.10  -0.10     0.01
  SINCE DEC 1      0.15                      0.71  -0.56     0.14
  SINCE JAN 1      0.04                      0.41  -0.37     0.02

DEGREE DAYS
 HEATING
  TODAY           34                        52    -18       33
  MONTH TO DATE  429                       478    -49      300
  SINCE DEC 1   3673                      3776   -103     3111
  SINCE JUL 1   6154                      6591   -437     5339

 COOLING
  TODAY            0                         0      0        0
  MONTH TO DATE    0                         0      0        0
  SINCE DEC 1      0                         0      0        0
  SINCE JAN 1      0                         0      0        0
..................................................................


WIND (MPH)
  HIGHEST WIND SPEED    17   HIGHEST WIND DIRECTION    NE (40)
  HIGHEST GUST SPEED    MM   HIGHEST GUST DIRECTION    MM
  AVERAGE WIND SPEED     8.1


SKY COVER
  POSSIBLE SUNSHINE  MM
  AVERAGE SKY COVER 0.0


WEATHER CONDITIONS
 THE FOLLOWING WEATHER WAS RECORDED TODAY.
  NO SIGNIFICANT WEATHER WAS OBSERVED.


RELATIVE HUMIDITY (PERCENT)
 HIGHEST    88           700 AM
 LOWEST     45           100 PM
 AVERAGE    67

..........................................................


THE BIG PINEY WY CLIMATE NORMALS FOR TOMORROW
                         NORMAL    RECORD    YEAR
 MAXIMUM TEMPERATURE (F)   27        43      2000
 MINIMUM TEMPERATURE (F)    0       -29      1989


SUNRISE AND SUNSET
FEBRUARY  9 2016......SUNRISE   726 AM MST   SUNSET   544 PM MST
FEBRUARY 10 2016......SUNRISE   724 AM MST   SUNSET   545 PM MST


-  INDICATES NEGATIVE NUMBERS.
R  INDICATES RECORD WAS SET OR TIED.
MM INDICATES DATA IS MISSING.
T  INDICATES TRACE AMOUNT.




$$
