000
CDUS45 KRIW 070732
CLIBPI


CLIMATE REPORT
NATIONAL WEATHER SERVICE RIVERTON WY
1230 AM MST WED DEC 7 2016


...................................

...THE BIG PINEY WY CLIMATE SUMMARY FOR DECEMBER 6 2016...

CLIMATE NORMAL PERIOD 1981 TO 2010
CLIMATE RECORD PERIOD 1976 TO 2016


WEATHER ITEM   OBSERVED TIME   RECORD YEAR NORMAL DEPARTURE LAST
                VALUE   (LST)  VALUE       VALUE  FROM      YEAR
                                                  NORMAL
..................................................................
TEMPERATURE (F)
 YESTERDAY
  MAXIMUM         11    402 PM  47    2008  28    -17       23
  MINIMUM        -21    543 AM -28    1978   1    -22       -7
  AVERAGE         -5                        14    -19        8

PRECIPITATION (IN)
  YESTERDAY        T             0.04 2001   0.01  -0.01     0.00
                                      1982
  MONTH TO DATE    0.02                      0.06  -0.04     0.00
  SINCE DEC 1      0.02                      0.06  -0.04     0.00
  SINCE JAN 1     12.06                      6.24   5.82     6.76

DEGREE DAYS
 HEATING
  YESTERDAY       70                        51     19       57
  MONTH TO DATE  319                       299     20      331
  SINCE DEC 1    319                       299     20      331
  SINCE JUL 1   2768                      3114   -346     2812

 COOLING
  YESTERDAY        0                         0      0        0
  MONTH TO DATE    0                         0      0        0
  SINCE DEC 1      0                         0      0        0
  SINCE JAN 1     23                        35    -12       53
..................................................................


WIND (MPH)
  HIGHEST WIND SPEED    10   HIGHEST WIND DIRECTION    NE (50)
  HIGHEST GUST SPEED    12   HIGHEST GUST DIRECTION    NE (60)
  AVERAGE WIND SPEED     2.6


SKY COVER
  POSSIBLE SUNSHINE  MM
  AVERAGE SKY COVER 0.4


WEATHER CONDITIONS
 THE FOLLOWING WEATHER WAS RECORDED YESTERDAY.
  LIGHT SNOW
  FOG
  HAZE


RELATIVE HUMIDITY (PERCENT)
 HIGHEST    91           200 AM
 LOWEST     50           300 PM
 AVERAGE    71

..........................................................


THE BIG PINEY WY CLIMATE NORMALS FOR TODAY
                         NORMAL    RECORD    YEAR
 MAXIMUM TEMPERATURE (F)   27        49      1987
 MINIMUM TEMPERATURE (F)    1       -31      2005


SUNRISE AND SUNSET
DECEMBER  7 2016......SUNRISE   737 AM MST   SUNSET   447 PM MST
DECEMBER  8 2016......SUNRISE   738 AM MST   SUNSET   447 PM MST


-  INDICATES NEGATIVE NUMBERS.
R  INDICATES RECORD WAS SET OR TIED.
MM INDICATES DATA IS MISSING.
T  INDICATES TRACE AMOUNT.




$$
