000
CDUS45 KRIW 280732
CLIBPI


CLIMATE REPORT
NATIONAL WEATHER SERVICE RIVERTON WY
131 AM MDT TUE JUL 28 2015


...................................

...THE BIG PINEY WY CLIMATE SUMMARY FOR JULY 27 2015...

CLIMATE NORMAL PERIOD 1981 TO 2010
CLIMATE RECORD PERIOD 1976 TO 2015


WEATHER ITEM   OBSERVED TIME   RECORD YEAR NORMAL DEPARTURE LAST
                VALUE   (LST)  VALUE       VALUE  FROM      YEAR
                                                  NORMAL
..................................................................
TEMPERATURE (F)
 YESTERDAY
  MAXIMUM         79   1209 PM  89    2008  82     -3       88
                                      1978
  MINIMUM         36   1159 PM  33    2001  44     -8       35
                                      1999
  AVERAGE         58                        63     -5       62

PRECIPITATION (IN)
  YESTERDAY        T             0.25 2004   0.03  -0.03     0.00
  MONTH TO DATE    1.73                      0.60   1.13     0.28
  SINCE JUN 1      1.96                      1.39   0.57     0.46
  SINCE JAN 1      4.94                      3.86   1.08     1.61

DEGREE DAYS
 HEATING
  YESTERDAY        7                         3      4        3
  MONTH TO DATE  122                       103     19       34
  SINCE JUN 1    257                       408   -151      381
  SINCE JUL 1    122                       103     19       34

 COOLING
  YESTERDAY        0                         1     -1        0
  MONTH TO DATE   18                        19     -1       23
  SINCE JUN 1     42                        21     21       23
  SINCE JAN 1     42                        21     21       23
..................................................................


WIND (MPH)
  HIGHEST WIND SPEED    43   HIGHEST WIND DIRECTION    NW (300)
  HIGHEST GUST SPEED    55   HIGHEST GUST DIRECTION     W (290)
  AVERAGE WIND SPEED    12.8


SKY COVER
  POSSIBLE SUNSHINE  MM
  AVERAGE SKY COVER 0.1


WEATHER CONDITIONS
 THE FOLLOWING WEATHER WAS RECORDED YESTERDAY.
  LIGHT RAIN


RELATIVE HUMIDITY (PERCENT)
 HIGHEST    65           300 AM
 LOWEST     16          1100 AM
 AVERAGE    41

..........................................................


THE BIG PINEY WY CLIMATE NORMALS FOR TODAY
                         NORMAL    RECORD    YEAR
 MAXIMUM TEMPERATURE (F)   82        92      2006
 MINIMUM TEMPERATURE (F)   44        35      1980


SUNRISE AND SUNSET
JULY 28 2015..........SUNRISE   608 AM MDT   SUNSET   845 PM MDT
JULY 29 2015..........SUNRISE   609 AM MDT   SUNSET   844 PM MDT


-  INDICATES NEGATIVE NUMBERS.
R  INDICATES RECORD WAS SET OR TIED.
MM INDICATES DATA IS MISSING.
T  INDICATES TRACE AMOUNT.




$$
