000
CDUS45 KRIW 010738
CLIBPI


CLIMATE REPORT
NATIONAL WEATHER SERVICE RIVERTON WY
1238 AM MST SUN MAR 1 2015


...................................

...THE BIG PINEY WY CLIMATE SUMMARY FOR FEBRUARY 28 2015...

CLIMATE NORMAL PERIOD 1981 TO 2010
CLIMATE RECORD PERIOD 1976 TO 2015


WEATHER ITEM   OBSERVED TIME   RECORD YEAR NORMAL DEPARTURE LAST
                VALUE   (LST)  VALUE       VALUE  FROM      YEAR
                                                  NORMAL
..................................................................
TEMPERATURE (F)
 YESTERDAY
  MAXIMUM         30    342 PM  45    1999  34     -4       40
  MINIMUM         14    735 AM -31    1993   6      8       21
  AVERAGE         22                        20      2       31

PRECIPITATION (IN)
  YESTERDAY        T             0.19 2004   0.01  -0.01      T
  MONTH TO DATE    0.05                      0.35  -0.30     0.02
  SINCE DEC 1      0.18                      0.96  -0.78     0.23
  SINCE JAN 1      0.06                      0.66  -0.60     0.04

DEGREE DAYS
 HEATING
  YESTERDAY       43                        45     -2       34
  MONTH TO DATE 1061                      1410   -349     1341
  SINCE DEC 1   3872                      4708   -836     4479
  SINCE JUL 1   6100                      7523  -1423     6944

 COOLING
  YESTERDAY        0                         0      0        0
  MONTH TO DATE    0                         0      0        0
  SINCE DEC 1      0                         0      0        0
  SINCE JAN 1      0                         0      0        0
..................................................................


WIND (MPH)
  HIGHEST WIND SPEED    17   HIGHEST WIND DIRECTION    NE (40)
  HIGHEST GUST SPEED    20   HIGHEST GUST DIRECTION    NE (30)
  AVERAGE WIND SPEED     5.1


SKY COVER
  POSSIBLE SUNSHINE  MM
  AVERAGE SKY COVER 0.9


WEATHER CONDITIONS
 THE FOLLOWING WEATHER WAS RECORDED YESTERDAY.
  LIGHT SNOW
  FOG


RELATIVE HUMIDITY (PERCENT)
 HIGHEST    88          1200 AM
 LOWEST     53           300 PM
 AVERAGE    71

..........................................................


THE BIG PINEY WY CLIMATE NORMALS FOR TODAY
                         NORMAL    RECORD    YEAR
 MAXIMUM TEMPERATURE (F)   34        49      1994
 MINIMUM TEMPERATURE (F)    6       -29      1993


SUNRISE AND SUNSET
MARCH  1 2015.........SUNRISE   656 AM MST   SUNSET   610 PM MST
MARCH  2 2015.........SUNRISE   655 AM MST   SUNSET   611 PM MST


-  INDICATES NEGATIVE NUMBERS.
R  INDICATES RECORD WAS SET OR TIED.
MM INDICATES DATA IS MISSING.
T  INDICATES TRACE AMOUNT.




$$
