000
CDUS45 KRIW 040736
CLIBPI


CLIMATE REPORT
NATIONAL WEATHER SERVICE RIVERTON WY
136 AM MDT FRI SEP 4 2015


...................................

...THE BIG PINEY WY CLIMATE SUMMARY FOR SEPTEMBER 3 2015...

CLIMATE NORMAL PERIOD 1981 TO 2010
CLIMATE RECORD PERIOD 1976 TO 2015


WEATHER ITEM   OBSERVED TIME   RECORD YEAR NORMAL DEPARTURE LAST
                VALUE   (LST)  VALUE       VALUE  FROM      YEAR
                                                  NORMAL
..................................................................
TEMPERATURE (F)
 YESTERDAY
  MAXIMUM         82    226 PM  85    2013  73      9       76
                                      1991
  MINIMUM         45    602 AM  26    1993  36      9       39
                                      1980
                                      1976
  AVERAGE         64                        54     10       58

PRECIPITATION (IN)
  YESTERDAY        T             0.37 1987   0.03  -0.03     0.00
  MONTH TO DATE    T                         0.08  -0.08     0.00
  SINCE SEP 1      T                         0.08  -0.08     0.00
  SINCE JAN 1      5.33                      4.74   0.59     3.37

DEGREE DAYS
 HEATING
  YESTERDAY        1                        11    -10        7
  MONTH TO DATE   11                        31    -20       33
  SINCE SEP 1     11                        31    -20       33
  SINCE JUL 1    288                       324    -36      262

 COOLING
  YESTERDAY        0                         0      0        0
  MONTH TO DATE    0                         0      0        0
  SINCE SEP 1      0                         0      0        0
  SINCE JAN 1     53                        35     18       26
..................................................................


WIND (MPH)
  HIGHEST WIND SPEED    24   HIGHEST WIND DIRECTION    SW (240)
  HIGHEST GUST SPEED    31   HIGHEST GUST DIRECTION    SW (210)
  AVERAGE WIND SPEED     8.4


SKY COVER
  POSSIBLE SUNSHINE  MM
  AVERAGE SKY COVER 0.1


WEATHER CONDITIONS
 THE FOLLOWING WEATHER WAS RECORDED YESTERDAY.
  THUNDERSTORM


RELATIVE HUMIDITY (PERCENT)
 HIGHEST    62           500 AM
 LOWEST     13           300 PM
 AVERAGE    38

..........................................................


THE BIG PINEY WY CLIMATE NORMALS FOR TODAY
                         NORMAL    RECORD    YEAR
 MAXIMUM TEMPERATURE (F)   73        85      1998
 MINIMUM TEMPERATURE (F)   35        25      2000
                                             1976


SUNRISE AND SUNSET
SEPTEMBER  4 2015.....SUNRISE   648 AM MDT   SUNSET   750 PM MDT
SEPTEMBER  5 2015.....SUNRISE   649 AM MDT   SUNSET   748 PM MDT


-  INDICATES NEGATIVE NUMBERS.
R  INDICATES RECORD WAS SET OR TIED.
MM INDICATES DATA IS MISSING.
T  INDICATES TRACE AMOUNT.




$$
