000
CDUS45 KRIW 180735
CLIBPI


CLIMATE REPORT
NATIONAL WEATHER SERVICE RIVERTON WY
1228 AM MST THU DEC 18 2014


...................................

...THE BIG PINEY WY CLIMATE SUMMARY FOR DECEMBER 17 2014...

CLIMATE NORMAL PERIOD 1981 TO 2010
CLIMATE RECORD PERIOD 1976 TO 2014


WEATHER ITEM   OBSERVED TIME   RECORD YEAR NORMAL DEPARTURE LAST
                VALUE   (LST)  VALUE       VALUE  FROM      YEAR
                                                  NORMAL
..................................................................
TEMPERATURE (F)
 YESTERDAY
  MAXIMUM         35    234 PM  44    1998  26      9       38
                                      1980
  MINIMUM          9   1147 PM -24    1990  -2     11        1
  AVERAGE         22                        12     10       20

PRECIPITATION (IN)
  YESTERDAY        0.00          0.05 1992   0.01  -0.01     0.00
  MONTH TO DATE    T                         0.15  -0.15      T
  SINCE DEC 1      T                         0.15  -0.15      T
  SINCE JAN 1      4.67                      6.33  -1.66     4.51

DEGREE DAYS
 HEATING
  YESTERDAY       43                        53    -10       45
  MONTH TO DATE  614                       873   -259      941
  SINCE DEC 1    614                       873   -259      941
  SINCE JUL 1   2842                      3688   -846     3406

 COOLING
  YESTERDAY        0                         0      0        0
  MONTH TO DATE    0                         0      0        0
  SINCE DEC 1      0                         0      0        0
  SINCE JAN 1     26                        35     -9       89
..................................................................


WIND (MPH)
  HIGHEST WIND SPEED    10   HIGHEST WIND DIRECTION    NE (50)
  HIGHEST GUST SPEED    11   HIGHEST GUST DIRECTION    NE (50)
  AVERAGE WIND SPEED     4.2


SKY COVER
  POSSIBLE SUNSHINE  MM
  AVERAGE SKY COVER 0.4


WEATHER CONDITIONS
 THE FOLLOWING WEATHER WAS RECORDED YESTERDAY.
  NO SIGNIFICANT WEATHER WAS OBSERVED.


RELATIVE HUMIDITY (PERCENT)
 HIGHEST    91           800 AM
 LOWEST     56           100 PM
 AVERAGE    74

..........................................................


THE BIG PINEY WY CLIMATE NORMALS FOR TODAY
                         NORMAL    RECORD    YEAR
 MAXIMUM TEMPERATURE (F)   26        41      1980
 MINIMUM TEMPERATURE (F)   -2       -17      2008


SUNRISE AND SUNSET
DECEMBER 18 2014......SUNRISE   745 AM MST   SUNSET   449 PM MST
DECEMBER 19 2014......SUNRISE   746 AM MST   SUNSET   449 PM MST


-  INDICATES NEGATIVE NUMBERS.
R  INDICATES RECORD WAS SET OR TIED.
MM INDICATES DATA IS MISSING.
T  INDICATES TRACE AMOUNT.




$$
