000
CDUS44 KLCH 240918
CLIBPT


CLIMATE REPORT
NATIONAL WEATHER SERVICE LAKE CHARLES, LA
417 AM CDT FRI MAR 24 2017


...................................

...THE BEAUMONT PORT ARTHUR CLIMATE SUMMARY FOR MARCH 23 2017...

CLIMATE NORMAL PERIOD 1981 TO 2010
CLIMATE RECORD PERIOD 1901 TO 2017


WEATHER ITEM   OBSERVED TIME   RECORD YEAR NORMAL DEPARTURE LAST
                VALUE   (LST)  VALUE       VALUE  FROM      YEAR
                                                  NORMAL
..................................................................
TEMPERATURE (F)
 YESTERDAY
  MAXIMUM         85   1247 PM  87    1910  73     12       78
                                      1906
  MINIMUM         58    427 AM  32    1968  54      4       63
  AVERAGE         72                        64      8       71

PRECIPITATION (IN)
  YESTERDAY        0.00          3.98 1973   0.11  -0.11     0.00
  MONTH TO DATE    1.35                      2.61  -1.26     4.12
  SINCE MAR 1      1.35                      2.61  -1.26     4.12
  SINCE JAN 1      3.40                     11.45  -8.05    10.08

SNOWFALL (IN)
  YESTERDAY        0.0           0.0    MM   0.0    0.0      0.0
  MONTH TO DATE    0.0                       0.0    0.0      0.0
  SINCE MAR 1      0.0                       0.0    0.0      0.0
  SINCE JUL 1      0.0                       T      0.0      0.0
  SNOW DEPTH       0

DEGREE DAYS
 HEATING
  YESTERDAY        0                         4     -4        0
  MONTH TO DATE   54                       123    -69       43
  SINCE MAR 1     54                       123    -69       43
  SINCE JUL 1    609                      1336   -727      867

 COOLING
  YESTERDAY        7                         2      5        6
  MONTH TO DATE   92                        35     57      100
  SINCE MAR 1     92                        35     57      100
  SINCE JAN 1    286                        61    225      131
..................................................................


WIND (MPH)
  HIGHEST WIND SPEED    17   HIGHEST WIND DIRECTION    SE (140)
  HIGHEST GUST SPEED    23   HIGHEST GUST DIRECTION    SE (150)
  AVERAGE WIND SPEED     9.8


SKY COVER
  POSSIBLE SUNSHINE  MM
  AVERAGE SKY COVER 0.3


WEATHER CONDITIONS
 THE FOLLOWING WEATHER WAS RECORDED YESTERDAY.
  FOG
  FOG W/VISIBILITY <= 1/4 MILE


RELATIVE HUMIDITY (PERCENT)
 HIGHEST   100           100 AM
 LOWEST     34           100 PM
 AVERAGE    67

..........................................................


THE BEAUMONT PORT ARTHUR CLIMATE NORMALS FOR TODAY
                         NORMAL    RECORD    YEAR
 MAXIMUM TEMPERATURE (F)   74        86      1916
 MINIMUM TEMPERATURE (F)   54        34      1952


SUNRISE AND SUNSET
MARCH 24 2017.........SUNRISE   715 AM CDT   SUNSET   730 PM CDT
MARCH 25 2017.........SUNRISE   714 AM CDT   SUNSET   731 PM CDT


-  INDICATES NEGATIVE NUMBERS.
R  INDICATES RECORD WAS SET OR TIED.
MM INDICATES DATA IS MISSING.
T  INDICATES TRACE AMOUNT.




$$
