000
CDUS44 KLCH 010833
CLIBPT


CLIMATE REPORT
NATIONAL WEATHER SERVICE LAKE CHARLES, LA
331 AM CDT WED JUL 1 2015


...................................

...THE BEAUMONT PORT ARTHUR CLIMATE SUMMARY FOR JUNE 30 2015...

CLIMATE NORMAL PERIOD 1981 TO 2010
CLIMATE RECORD PERIOD 1901 TO 2015


WEATHER ITEM   OBSERVED TIME   RECORD YEAR NORMAL DEPARTURE LAST
                VALUE   (LST)  VALUE       VALUE  FROM      YEAR
                                                  NORMAL
..................................................................
TEMPERATURE (F)
 YESTERDAY
  MAXIMUM         89    922 AM 100    1954  91     -2       91
                                      1917
  MINIMUM         70   1159 PM  63    1985  74     -4       77
  AVERAGE         80                        82     -2       84

PRECIPITATION (IN)
  YESTERDAY        0.65          4.45 1989   0.25   0.40     0.00
  MONTH TO DATE    6.61                      7.09  -0.48     3.89
  SINCE JUN 1      6.61                      7.09  -0.48     3.89
  SINCE JAN 1     40.59                     27.90  12.69    16.34

SNOWFALL (IN)
  YESTERDAY        0.0           0.0    MM   0.0    0.0      0.0
  MONTH TO DATE    0.0                       0.0    0.0      0.0
  SINCE JUN 1      0.0                       0.0    0.0      0.0
  SINCE JUL 1      T                         T      0.0      0.3
  SNOW DEPTH       0

DEGREE DAYS
 HEATING
  YESTERDAY        0                         0      0        0
  MONTH TO DATE    0                         0      0        0
  SINCE JUN 1      0                         0      0        0
  SINCE JUL 1   1362                      1401    -39     1717

 COOLING
  YESTERDAY       15                        17     -2       19
  MONTH TO DATE  509                       484     25      510
  SINCE JUN 1    509                       484     25      510
  SINCE JAN 1   1234                      1050    184     1004
..................................................................


WIND (MPH)
  HIGHEST WIND SPEED    24   HIGHEST WIND DIRECTION    SW (220)
  HIGHEST GUST SPEED    33   HIGHEST GUST DIRECTION    SW (220)
  AVERAGE WIND SPEED     4.8


SKY COVER
  POSSIBLE SUNSHINE  MM
  AVERAGE SKY COVER 0.4


WEATHER CONDITIONS
 THE FOLLOWING WEATHER WAS RECORDED YESTERDAY.
  THUNDERSTORM
  HEAVY RAIN
  RAIN
  LIGHT RAIN
  FOG
  HAZE


RELATIVE HUMIDITY (PERCENT)
 HIGHEST   100           600 AM
 LOWEST     77           900 AM
 AVERAGE    89

..........................................................


THE BEAUMONT PORT ARTHUR CLIMATE NORMALS FOR TODAY
                         NORMAL    RECORD    YEAR
 MAXIMUM TEMPERATURE (F)   91       100      1902
 MINIMUM TEMPERATURE (F)   74        67      1985


SUNRISE AND SUNSET
JULY  1 2015..........SUNRISE   619 AM CDT   SUNSET   821 PM CDT
JULY  2 2015..........SUNRISE   619 AM CDT   SUNSET   821 PM CDT


-  INDICATES NEGATIVE NUMBERS.
R  INDICATES RECORD WAS SET OR TIED.
MM INDICATES DATA IS MISSING.
T  INDICATES TRACE AMOUNT.




$$
