000
CDUS44 KLCH 020926
CLIBPT


CLIMATE REPORT
NATIONAL WEATHER SERVICE LAKE CHARLES, LA
426 AM CDT TUE JUN 2 2015


...................................

...THE BEAUMONT PORT ARTHUR CLIMATE SUMMARY FOR JUNE 1 2015...

CLIMATE NORMAL PERIOD 1981 TO 2010
CLIMATE RECORD PERIOD 1901 TO 2015


WEATHER ITEM   OBSERVED TIME   RECORD YEAR NORMAL DEPARTURE LAST
                VALUE   (LST)  VALUE       VALUE  FROM      YEAR
                                                  NORMAL
..................................................................
TEMPERATURE (F)
 YESTERDAY
  MAXIMUM         89    336 PM  99    1911  88      1       89
  MINIMUM         68   1159 PM  56    1984  71     -3       74
                                      1903
  AVERAGE         79                        79      0       82

PRECIPITATION (IN)
  YESTERDAY        0.00          3.88 1946   0.19  -0.19     0.19
  MONTH TO DATE    0.00                      0.19  -0.19     0.19
  SINCE JUN 1      0.00                      0.19  -0.19     0.19
  SINCE JAN 1     33.98                     21.00  12.98    12.64

SNOWFALL (IN)
  YESTERDAY        0.0           0.0    MM   0.0    0.0      0.0
  MONTH TO DATE    0.0                       0.0    0.0      0.0
  SINCE JUN 1      0.0                       0.0    0.0      0.0
  SINCE JUL 1      T                         T      0.0      0.3
  SNOW DEPTH       0

DEGREE DAYS
 HEATING
  YESTERDAY        0                         0      0        0
  MONTH TO DATE    0                         0      0        0
  SINCE JUN 1      0                         0      0        0
  SINCE JUL 1   1362                      1401    -39     1717

 COOLING
  YESTERDAY       14                        14      0       17
  MONTH TO DATE   14                        14      0       17
  SINCE JUN 1     14                        14      0       17
  SINCE JAN 1    739                       580    159      511
..................................................................


WIND (MPH)
  HIGHEST WIND SPEED    12   HIGHEST WIND DIRECTION    NW (300)
  HIGHEST GUST SPEED    MM   HIGHEST GUST DIRECTION    MM
  AVERAGE WIND SPEED     5.7


SKY COVER
  POSSIBLE SUNSHINE  MM
  AVERAGE SKY COVER 0.2


WEATHER CONDITIONS
 THE FOLLOWING WEATHER WAS RECORDED YESTERDAY.
  NO SIGNIFICANT WEATHER WAS OBSERVED.


RELATIVE HUMIDITY (PERCENT)
 HIGHEST    97           100 AM
 LOWEST     41           200 PM
 AVERAGE    69

..........................................................


THE BEAUMONT PORT ARTHUR CLIMATE NORMALS FOR TODAY
                         NORMAL    RECORD    YEAR
 MAXIMUM TEMPERATURE (F)   88       102      2011
 MINIMUM TEMPERATURE (F)   71        55      1903


SUNRISE AND SUNSET
JUNE  2 2015..........SUNRISE   615 AM CDT   SUNSET   813 PM CDT
JUNE  3 2015..........SUNRISE   615 AM CDT   SUNSET   813 PM CDT


-  INDICATES NEGATIVE NUMBERS.
R  INDICATES RECORD WAS SET OR TIED.
MM INDICATES DATA IS MISSING.
T  INDICATES TRACE AMOUNT.




$$
