000
CDUS44 KLCH 010818
CLIBPT


CLIMATE REPORT
NATIONAL WEATHER SERVICE LAKE CHARLES, LA
317 AM CDT SAT AUG 1 2015


...................................

...THE BEAUMONT PORT ARTHUR CLIMATE SUMMARY FOR JULY 31 2015...

CLIMATE NORMAL PERIOD 1981 TO 2010
CLIMATE RECORD PERIOD 1901 TO 2015


WEATHER ITEM   OBSERVED TIME   RECORD YEAR NORMAL DEPARTURE LAST
                VALUE   (LST)  VALUE       VALUE  FROM      YEAR
                                                  NORMAL
..................................................................
TEMPERATURE (F)
 YESTERDAY
  MAXIMUM         98    356 PM 100    1948  92      6       93
                                      1944
                                      1902
  MINIMUM         78   1159 PM  67    1971  74      4       76
  AVERAGE         88                        83      5       85

PRECIPITATION (IN)
  YESTERDAY        0.00          2.65 2009   0.17  -0.17     0.06
  MONTH TO DATE    1.16                      5.95  -4.79    13.86
  SINCE JUN 1      7.77                     13.04  -5.27    17.75
  SINCE JAN 1     41.75                     33.85   7.90    30.20

SNOWFALL (IN)
  YESTERDAY        0.0           0.0    MM   0.0    0.0      0.0
  MONTH TO DATE    0.0                       0.0    0.0      0.0
  SINCE JUN 1      0.0                       0.0    0.0      0.0
  SINCE JUL 1      0.0                       0.0    0.0      0.0
  SNOW DEPTH       0

DEGREE DAYS
 HEATING
  YESTERDAY        0                         0      0        0
  MONTH TO DATE    0                         0      0        0
  SINCE JUN 1      0                         0      0        0
  SINCE JUL 1      0                         0      0        0

 COOLING
  YESTERDAY       23                        18      5       20
  MONTH TO DATE  629                       556     73      552
  SINCE JUN 1   1138                      1040     98     1062
  SINCE JAN 1   1863                      1606    257     1556
..................................................................


WIND (MPH)
  HIGHEST WIND SPEED    20   HIGHEST WIND DIRECTION    NE (30)
  HIGHEST GUST SPEED    25   HIGHEST GUST DIRECTION     N (360)
  AVERAGE WIND SPEED     8.1


SKY COVER
  POSSIBLE SUNSHINE  MM
  AVERAGE SKY COVER 0.0


WEATHER CONDITIONS
 THE FOLLOWING WEATHER WAS RECORDED YESTERDAY.
  NO SIGNIFICANT WEATHER WAS OBSERVED.


RELATIVE HUMIDITY (PERCENT)
 HIGHEST    91           100 AM
 LOWEST     31           300 PM
 AVERAGE    61

..........................................................


THE BEAUMONT PORT ARTHUR CLIMATE NORMALS FOR TODAY
                         NORMAL    RECORD    YEAR
 MAXIMUM TEMPERATURE (F)   92       101      1902
 MINIMUM TEMPERATURE (F)   74        66      1971


SUNRISE AND SUNSET
AUGUST  1 2015........SUNRISE   635 AM CDT   SUNSET   809 PM CDT
AUGUST  2 2015........SUNRISE   636 AM CDT   SUNSET   809 PM CDT


-  INDICATES NEGATIVE NUMBERS.
R  INDICATES RECORD WAS SET OR TIED.
MM INDICATES DATA IS MISSING.
T  INDICATES TRACE AMOUNT.




$$
