000
CDUS44 KLCH 270806
CLIBPT


CLIMATE REPORT
NATIONAL WEATHER SERVICE LAKE CHARLES, LA
306 AM CDT THU APR 27 2017


...................................

...THE BEAUMONT PORT ARTHUR CLIMATE SUMMARY FOR APRIL 26 2017...

CLIMATE NORMAL PERIOD 1981 TO 2010
CLIMATE RECORD PERIOD 1901 TO 2017


WEATHER ITEM   OBSERVED TIME   RECORD YEAR NORMAL DEPARTURE LAST
                VALUE   (LST)  VALUE       VALUE  FROM      YEAR
                                                  NORMAL
..................................................................
TEMPERATURE (F)
 YESTERDAY
  MAXIMUM         85   1219 PM  93    1944  80      5       85
  MINIMUM         61   1159 PM  47    1910  62     -1       73
  AVERAGE         73                        71      2       79

PRECIPITATION (IN)
  YESTERDAY        0.02          3.40 1990   0.12  -0.10     0.00
  MONTH TO DATE    1.52                      2.70  -1.18     7.35
  SINCE MAR 1     10.38                      6.23   4.15    12.20
  SINCE JAN 1     12.43                     15.07  -2.64    18.16

SNOWFALL (IN)
  YESTERDAY        0.0           0.0    MM   0.0    0.0      0.0
  MONTH TO DATE    0.0                       0.0    0.0      0.0
  SINCE MAR 1      0.0                       0.0    0.0      0.0
  SINCE JUL 1      0.0                       T      0.0      0.0
  SNOW DEPTH       0

DEGREE DAYS
 HEATING
  YESTERDAY        0                         0      0        0
  MONTH TO DATE    4                        39    -35       11
  SINCE MAR 1     58                       187   -129       65
  SINCE JUL 1    613                      1400   -787      889

 COOLING
  YESTERDAY        8                         6      2       14
  MONTH TO DATE  188                       117     71      144
  SINCE MAR 1    341                       172    169      276
  SINCE JAN 1    535                       198    337      307
..................................................................


WIND (MPH)
  HIGHEST WIND SPEED    24   HIGHEST WIND DIRECTION     N (360)
  HIGHEST GUST SPEED    31   HIGHEST GUST DIRECTION    NW (330)
  AVERAGE WIND SPEED    14.7


SKY COVER
  POSSIBLE SUNSHINE  MM
  AVERAGE SKY COVER 0.9


WEATHER CONDITIONS
 THE FOLLOWING WEATHER WAS RECORDED YESTERDAY.
  LIGHT RAIN
  FOG
  HAZE


RELATIVE HUMIDITY (PERCENT)
 HIGHEST    85           600 PM
 LOWEST     68           900 PM
 AVERAGE    77

..........................................................


THE BEAUMONT PORT ARTHUR CLIMATE NORMALS FOR TODAY
                         NORMAL    RECORD    YEAR
 MAXIMUM TEMPERATURE (F)   81        93      2011
 MINIMUM TEMPERATURE (F)   62        49      2005
                                             1980


SUNRISE AND SUNSET
APRIL 27 2017.........SUNRISE   637 AM CDT   SUNSET   751 PM CDT
APRIL 28 2017.........SUNRISE   636 AM CDT   SUNSET   752 PM CDT


-  INDICATES NEGATIVE NUMBERS.
R  INDICATES RECORD WAS SET OR TIED.
MM INDICATES DATA IS MISSING.
T  INDICATES TRACE AMOUNT.




$$
