000
CDUS44 KLCH 241245
CLIBPT


CLIMATE REPORT
NATIONAL WEATHER SERVICE LAKE CHARLES, LA
645 AM CST TUE JAN 24 2017


...................................

...THE BEAUMONT PORT ARTHUR CLIMATE SUMMARY FOR JANUARY 23 2017...

CLIMATE NORMAL PERIOD 1981 TO 2010
CLIMATE RECORD PERIOD 1901 TO 2017


WEATHER ITEM   OBSERVED TIME   RECORD YEAR NORMAL DEPARTURE LAST
                VALUE   (LST)  VALUE       VALUE  FROM      YEAR
                                                  NORMAL
..................................................................
TEMPERATURE (F)
 YESTERDAY
  MAXIMUM         73    400 PM  82    1943  62     11       57
  MINIMUM         47    721 AM  17    1940  43      4       31
  AVERAGE         60                        53      7       44

PRECIPITATION (IN)
  YESTERDAY        0.00          2.51 1915   0.17  -0.17     0.00
  MONTH TO DATE    0.94                      4.01  -3.07     3.02
  SINCE DEC 1     13.96                      9.30   4.66     7.16
  SINCE JAN 1      0.94                      4.01  -3.07     3.02

SNOWFALL (IN)
  YESTERDAY        0.0           2.5  1940   0.0    0.0      0.0
  MONTH TO DATE    0.0                       0.0    0.0      0.0
  SINCE DEC 1      0.0                       T      0.0      0.0
  SINCE JUL 1      0.0                       T      0.0      0.0
  SNOW DEPTH       0

DEGREE DAYS
 HEATING
  YESTERDAY        5                        12     -7       21
  MONTH TO DATE  129                       298   -169      301
  SINCE DEC 1    350                       653   -303      486
  SINCE JUL 1    420                       848   -428      550

 COOLING
  YESTERDAY        0                         0      0        0
  MONTH TO DATE   73                         0     73        0
  SINCE DEC 1    143                        22    121       68
  SINCE JAN 1     73                         0     73        0
..................................................................


WIND (MPH)
  HIGHEST WIND SPEED    17   HIGHEST WIND DIRECTION    NW (320)
  HIGHEST GUST SPEED    23   HIGHEST GUST DIRECTION    NW (320)
  AVERAGE WIND SPEED     7.4


SKY COVER
  POSSIBLE SUNSHINE  MM
  AVERAGE SKY COVER 0.0


WEATHER CONDITIONS
 THE FOLLOWING WEATHER WAS RECORDED YESTERDAY.
  FOG


RELATIVE HUMIDITY (PERCENT)
 HIGHEST    89          1100 PM
 LOWEST     22           300 PM
 AVERAGE    56

..........................................................


THE BEAUMONT PORT ARTHUR CLIMATE NORMALS FOR TODAY
                         NORMAL    RECORD    YEAR
 MAXIMUM TEMPERATURE (F)   62        83      1909
 MINIMUM TEMPERATURE (F)   43        16      1963


SUNRISE AND SUNSET
JANUARY 24 2017.......SUNRISE   710 AM CST   SUNSET   547 PM CST
JANUARY 25 2017.......SUNRISE   710 AM CST   SUNSET   548 PM CST


-  INDICATES NEGATIVE NUMBERS.
R  INDICATES RECORD WAS SET OR TIED.
MM INDICATES DATA IS MISSING.
T  INDICATES TRACE AMOUNT.




$$
