000
CDUS44 KLCH 300814
CLIBPT


CLIMATE REPORT
NATIONAL WEATHER SERVICE LAKE CHARLES, LA
313 AM CDT SAT APR 30 2016


...................................

...THE BEAUMONT PORT ARTHUR CLIMATE SUMMARY FOR APRIL 29 2016...

CLIMATE NORMAL PERIOD 1981 TO 2010
CLIMATE RECORD PERIOD 1901 TO 2016


WEATHER ITEM   OBSERVED TIME   RECORD YEAR NORMAL DEPARTURE LAST
                VALUE   (LST)  VALUE       VALUE  FROM      YEAR
                                                  NORMAL
..................................................................
TEMPERATURE (F)
 YESTERDAY
  MAXIMUM         85   1234 PM  92    1955  81      4       77
  MINIMUM         74    601 AM  46    2008  63     11       51
                                      1965
  AVERAGE         80                        72      8       64

PRECIPITATION (IN)
  YESTERDAY        0.00          3.02 1932   0.13  -0.13     0.00
  MONTH TO DATE    8.30                      3.08   5.22    11.11
  SINCE MAR 1     13.15                      6.61   6.54    19.23
  SINCE JAN 1     19.11                     15.45   3.66    26.21

SNOWFALL (IN)
  YESTERDAY        0.0           0.0    MM   0.0    0.0      0.0
  MONTH TO DATE    0.0                       0.0    0.0      0.0
  SINCE MAR 1      0.0                       0.0    0.0       T
  SINCE JUL 1      0.0                       T      0.0       T
  SNOW DEPTH       0

DEGREE DAYS
 HEATING
  YESTERDAY        0                         0      0        1
  MONTH TO DATE   11                        39    -28        2
  SINCE MAR 1     65                       187   -122      105
  SINCE JUL 1    889                      1400   -511     1362

 COOLING
  YESTERDAY       15                         7      8        0
  MONTH TO DATE  180                       138     42      237
  SINCE MAR 1    312                       193    119      308
  SINCE JAN 1    343                       219    124      316
..................................................................


WIND (MPH)
  HIGHEST WIND SPEED    25   HIGHEST WIND DIRECTION     S (170)
  HIGHEST GUST SPEED    33   HIGHEST GUST DIRECTION     S (170)
  AVERAGE WIND SPEED    15.6


SKY COVER
  POSSIBLE SUNSHINE  MM
  AVERAGE SKY COVER 0.9


WEATHER CONDITIONS
 THE FOLLOWING WEATHER WAS RECORDED YESTERDAY.
  NO SIGNIFICANT WEATHER WAS OBSERVED.


RELATIVE HUMIDITY (PERCENT)
 HIGHEST    94           300 AM
 LOWEST     74           900 AM
 AVERAGE    84

..........................................................


THE BEAUMONT PORT ARTHUR CLIMATE NORMALS FOR TODAY
                         NORMAL    RECORD    YEAR
 MAXIMUM TEMPERATURE (F)   81        93      1955
 MINIMUM TEMPERATURE (F)   63        42      1996


SUNRISE AND SUNSET
APRIL 30 2016.........SUNRISE   634 AM CDT   SUNSET   753 PM CDT
MAY  1 2016...........SUNRISE   633 AM CDT   SUNSET   754 PM CDT


-  INDICATES NEGATIVE NUMBERS.
R  INDICATES RECORD WAS SET OR TIED.
MM INDICATES DATA IS MISSING.
T  INDICATES TRACE AMOUNT.




$$
