649
CDUS44 KLCH 212225
CLIBPT


CLIMATE REPORT
NATIONAL WEATHER SERVICE LAKE CHARLES, LA
425 PM CST TUE FEB 21 2017


...................................

...THE BEAUMONT PORT ARTHUR CLIMATE SUMMARY FOR FEBRUARY 21 2017...
VALID TODAY AS OF 0400 PM LOCAL TIME.

CLIMATE NORMAL PERIOD 1981 TO 2010
CLIMATE RECORD PERIOD 1901 TO 2017


WEATHER ITEM   OBSERVED TIME   RECORD YEAR NORMAL DEPARTURE LAST
                VALUE   (LST)  VALUE       VALUE  FROM      YEAR
                                                  NORMAL
..................................................................
TEMPERATURE (F)
 TODAY
  MAXIMUM         76    330 PM  83    1993  66     10       79
  MINIMUM         55    457 AM  29    1978  48      7       63
  AVERAGE         66                        57      9       71

PRECIPITATION (IN)
  TODAY            0.85          2.65 1990   0.12   0.73     0.00
  MONTH TO DATE    1.96                      2.75  -0.79     1.03
  SINCE DEC 1     15.92                     13.30   2.62     9.16
  SINCE JAN 1      2.90                      8.01  -5.11     5.02

SNOWFALL (IN)
  TODAY            0.0           T    1964   0.0    0.0      0.0
                                      1963
                                      1953
  MONTH TO DATE    0.0                       0.0    0.0      0.0
  SINCE DEC 1      0.0                       T      0.0      0.0
  SINCE JUL 1      0.0                       T      0.0      0.0
  SNOW DEPTH       0

DEGREE DAYS
 HEATING
  TODAY            0                         9     -9        0
  MONTH TO DATE   57                       216   -159      153
  SINCE DEC 1    477                       964   -487      709
  SINCE JUL 1    547                      1159   -612      773

 COOLING
  TODAY            1                         1      0        6
  MONTH TO DATE   85                         9     76       21
  SINCE DEC 1    231                        42    189       95
  SINCE JAN 1    161                        20    141       27
..................................................................


WIND (MPH)
  HIGHEST WIND SPEED    16   HIGHEST WIND DIRECTION    SE (140)
  HIGHEST GUST SPEED    20   HIGHEST GUST DIRECTION    SE (150)
  AVERAGE WIND SPEED     4.7


SKY COVER
  POSSIBLE SUNSHINE  MM
  AVERAGE SKY COVER 0.6


WEATHER CONDITIONS
 THE FOLLOWING WEATHER WAS RECORDED TODAY.
  THUNDERSTORM
  HEAVY RAIN
  RAIN
  LIGHT RAIN
  FOG
  FOG W/VISIBILITY <= 1/4 MILE
  HAZE


RELATIVE HUMIDITY (PERCENT)
 HIGHEST   100           300 AM
 LOWEST     57           300 PM
 AVERAGE    79

..........................................................


THE BEAUMONT PORT ARTHUR CLIMATE NORMALS FOR TOMORROW
                         NORMAL    RECORD    YEAR
 MAXIMUM TEMPERATURE (F)   67        82      1980
 MINIMUM TEMPERATURE (F)   48        24      1978


SUNRISE AND SUNSET
FEBRUARY 21 2017......SUNRISE   650 AM CST   SUNSET   610 PM CST
FEBRUARY 22 2017......SUNRISE   649 AM CST   SUNSET   610 PM CST


-  INDICATES NEGATIVE NUMBERS.
R  INDICATES RECORD WAS SET OR TIED.
MM INDICATES DATA IS MISSING.
T  INDICATES TRACE AMOUNT.




$$
