000
CDUS43 KDVN 010913
CLIBRL


CLIMATE REPORT
NATIONAL WEATHER SERVICE QUAD CITIES IA IL
412 AM CDT SAT AUG 1 2015


...................................

...THE BURLINGTON IA CLIMATE SUMMARY FOR JULY 31 2015...

CLIMATE NORMAL PERIOD 1981 TO 2010
CLIMATE RECORD PERIOD 1897 TO 2015


WEATHER ITEM   OBSERVED TIME   RECORD YEAR NORMAL DEPARTURE LAST
                VALUE   (LST)  VALUE       VALUE  FROM      YEAR
                                                  NORMAL
..................................................................
TEMPERATURE (F)
 YESTERDAY
  MAXIMUM         88    233 PM 103    1988  86      2       81
  MINIMUM         64   1159 PM  48    1971  66     -2       56
  AVERAGE         76                        76      0       69

PRECIPITATION (IN)
  YESTERDAY        0.00         MM      MM   0.13  -0.13      T
  MONTH TO DATE    7.49                      4.25   3.24     2.38
  SINCE JUN 1     16.16                      8.72   7.44    11.47
  SINCE JAN 1     25.12                     22.98   2.14    22.86

DEGREE DAYS
 HEATING
  YESTERDAY        0                         0      0        0
  MONTH TO DATE    4                         0      4        7
  SINCE JUN 1      9                        14     -5        9
  SINCE JUL 1      4                         1      3        7

 COOLING
  YESTERDAY       11                        11      0        4
  MONTH TO DATE  312                       366    -54      182
  SINCE JUN 1    536                       626    -90      437
  SINCE JAN 1    629                       729   -100      575
..................................................................


WIND (MPH)
  HIGHEST WIND SPEED    13   HIGHEST WIND DIRECTION    NW (320)
  HIGHEST GUST SPEED    20   HIGHEST GUST DIRECTION    NW (310)
  AVERAGE WIND SPEED     5.7


SKY COVER
  POSSIBLE SUNSHINE  MM
  AVERAGE SKY COVER 0.1


WEATHER CONDITIONS
 THE FOLLOWING WEATHER WAS RECORDED YESTERDAY.
  HAZE


RELATIVE HUMIDITY (PERCENT)
 HIGHEST    90           200 AM
 LOWEST     48           400 PM
 AVERAGE    69

..........................................................


THE BURLINGTON IA CLIMATE NORMALS FOR TODAY
                         NORMAL    RECORD    YEAR
 MAXIMUM TEMPERATURE (F)   86       104      1987
 MINIMUM TEMPERATURE (F)   66        54      1968


SUNRISE AND SUNSET
AUGUST  1 2015........SUNRISE   601 AM CDT   SUNSET   820 PM CDT
AUGUST  2 2015........SUNRISE   602 AM CDT   SUNSET   819 PM CDT


-  INDICATES NEGATIVE NUMBERS.
R  INDICATES RECORD WAS SET OR TIED.
MM INDICATES DATA IS MISSING.
T  INDICATES TRACE AMOUNT.




$$
