000
CDUS43 KDVN 231003
CLIBRL


CLIMATE REPORT
NATIONAL WEATHER SERVICE QUAD CITIES IA IL
402 AM CST TUE JAN 23 2018


...................................

...THE BURLINGTON IA CLIMATE SUMMARY FOR JANUARY 22 2018...

CLIMATE NORMAL PERIOD 1981 TO 2010
CLIMATE RECORD PERIOD 1897 TO 2018


WEATHER ITEM   OBSERVED TIME   RECORD YEAR NORMAL DEPARTURE LAST
                VALUE   (LST)  VALUE       VALUE  FROM      YEAR
                                                  NORMAL
..................................................................
TEMPERATURE (F)
 YESTERDAY
  MAXIMUM         56   1101 AM  61    2002  35     21       40
                                      1967
  MINIMUM         35   1157 PM -18    1936  17     18       33
  AVERAGE         46                        26     20       37

PRECIPITATION (IN)
  YESTERDAY        0.06         MM      MM   0.03   0.03      T
  MONTH TO DATE    0.61                      0.89  -0.28     1.40
  SINCE DEC 1      0.94                      2.98  -2.04     2.38
  SINCE JAN 1      0.61                      0.89  -0.28     1.40

DEGREE DAYS
 HEATING
  YESTERDAY       19                        39    -20       28
  MONTH TO DATE 1001                       858    143      815
  SINCE DEC 1   2148                      1971    177     1974
  SINCE JUL 1   3199                      3044    155     2730

 COOLING
  YESTERDAY        0                         0      0        0
  MONTH TO DATE    0                         0      0        0
  SINCE DEC 1      0                         0      0        0
  SINCE JAN 1      0                         0      0        0
..................................................................


WIND (MPH)
  HIGHEST WIND SPEED    29   HIGHEST WIND DIRECTION    SW (220)
  HIGHEST GUST SPEED    36   HIGHEST GUST DIRECTION     S (200)
  AVERAGE WIND SPEED    12.4


SKY COVER
  POSSIBLE SUNSHINE  MM
  AVERAGE SKY COVER 0.8


WEATHER CONDITIONS
 THE FOLLOWING WEATHER WAS RECORDED YESTERDAY.
  LIGHT RAIN
  FOG


RELATIVE HUMIDITY (PERCENT)
 HIGHEST    96          1200 AM
 LOWEST     53           300 PM
 AVERAGE    75

..........................................................


THE BURLINGTON IA CLIMATE NORMALS FOR TODAY
                         NORMAL    RECORD    YEAR
 MAXIMUM TEMPERATURE (F)   35        67      1909
 MINIMUM TEMPERATURE (F)   17       -20      1936


SUNRISE AND SUNSET
JANUARY 23 2018.......SUNRISE   722 AM CST   SUNSET   511 PM CST
JANUARY 24 2018.......SUNRISE   721 AM CST   SUNSET   512 PM CST


-  INDICATES NEGATIVE NUMBERS.
R  INDICATES RECORD WAS SET OR TIED.
MM INDICATES DATA IS MISSING.
T  INDICATES TRACE AMOUNT.




$$
