000
CDUS43 KDVN 222223
CLIBRL


CLIMATE REPORT
NATIONAL WEATHER SERVICE QUAD CITIES IA IL
423 PM CST MON DEC 22 2014


...................................

...THE BURLINGTON IA CLIMATE SUMMARY FOR DECEMBER 22 2014...
VALID TODAY AS OF 0400 PM LOCAL TIME.

CLIMATE NORMAL PERIOD 1981 TO 2010
CLIMATE RECORD PERIOD 1897 TO 2014


WEATHER ITEM   OBSERVED TIME   RECORD YEAR NORMAL DEPARTURE LAST
                VALUE   (LST)  VALUE       VALUE  FROM      YEAR
                                                  NORMAL
..................................................................
TEMPERATURE (F)
 TODAY
  MAXIMUM         41    359 PM  62    1933  35      6       31
  MINIMUM         37   1028 AM -18    1989  19     18       17
  AVERAGE         39                        27     12       24

PRECIPITATION (IN)
  TODAY            0.12         MM      MM   0.07   0.05     0.40
  MONTH TO DATE    0.33                      1.58  -1.25     1.08
  SINCE DEC 1      0.33                      1.58  -1.25     1.08
  SINCE JAN 1     40.06                     37.97   2.09    33.47

DEGREE DAYS
 HEATING
  TODAY           26                        38    -12       41
  MONTH TO DATE  701                       766    -65      879
  SINCE DEC 1    701                       766    -65      879
  SINCE JUL 1   2078                      1839    239     2116

 COOLING
  TODAY            0                         0      0        0
  MONTH TO DATE    0                         0      0        0
  SINCE DEC 1      0                         0      0        0
  SINCE JAN 1    940                      1207   -267     1115
..................................................................


WIND (MPH)
  HIGHEST WIND SPEED    16   HIGHEST WIND DIRECTION    SE (120)
  HIGHEST GUST SPEED    21   HIGHEST GUST DIRECTION    SE (140)
  AVERAGE WIND SPEED    10.4


SKY COVER
  POSSIBLE SUNSHINE  MM
  AVERAGE SKY COVER 0.9


WEATHER CONDITIONS
 THE FOLLOWING WEATHER WAS RECORDED TODAY.
  RAIN
  LIGHT RAIN
  FOG
  FOG W/VISIBILITY <= 1/4 MILE


RELATIVE HUMIDITY (PERCENT)
 HIGHEST   100          1100 AM
 LOWEST     76           600 AM
 AVERAGE    88

..........................................................


THE BURLINGTON IA CLIMATE NORMALS FOR TOMORROW
                         NORMAL    RECORD    YEAR
 MAXIMUM TEMPERATURE (F)   35        64      1933
 MINIMUM TEMPERATURE (F)   19       -22      1989


SUNRISE AND SUNSET
DECEMBER 22 2014......SUNRISE   726 AM CST   SUNSET   441 PM CST
DECEMBER 23 2014......SUNRISE   726 AM CST   SUNSET   441 PM CST


-  INDICATES NEGATIVE NUMBERS.
R  INDICATES RECORD WAS SET OR TIED.
MM INDICATES DATA IS MISSING.
T  INDICATES TRACE AMOUNT.




$$
