000
CDUS43 KDVN 252133
CLIBRL


CLIMATE REPORT
NATIONAL WEATHER SERVICE QUAD CITIES IA IL
432 PM CDT MON JUL 25 2016


...................................

...THE BURLINGTON IA CLIMATE SUMMARY FOR JULY 25 2016...
VALID TODAY AS OF 0400 PM LOCAL TIME.

CLIMATE NORMAL PERIOD 1981 TO 2010
CLIMATE RECORD PERIOD 1897 TO 2016


WEATHER ITEM   OBSERVED TIME   RECORD YEAR NORMAL DEPARTURE LAST
                VALUE   (LST)  VALUE       VALUE  FROM      YEAR
                                                  NORMAL
..................................................................
TEMPERATURE (F)
 TODAY
  MAXIMUM         85    127 PM 107    1936  87     -2       90
  MINIMUM         69    508 AM  53    1911  67      2       72
  AVERAGE         77                        77      0       81

PRECIPITATION (IN)
  TODAY            0.00         MM      MM   0.12  -0.12     0.10
  MONTH TO DATE    6.45                      3.46   2.99     6.88
  SINCE JUN 1      7.51                      7.93  -0.42    15.55
  SINCE JAN 1     18.36                     22.19  -3.83    24.51

DEGREE DAYS
 HEATING
  TODAY            0                         0      0        0
  MONTH TO DATE    6                         0      6        4
  SINCE JUN 1      6                        13     -7        9
  SINCE JUL 1      6                         0      6        4

 COOLING
  TODAY           12                        12      0       16
  MONTH TO DATE  252                       300    -48      234
  SINCE JUN 1    563                       560      3      458
  SINCE JAN 1    662                       663     -1      551
..................................................................


WIND (MPH)
  HIGHEST WIND SPEED    14   HIGHEST WIND DIRECTION    NE (30)
  HIGHEST GUST SPEED    18   HIGHEST GUST DIRECTION     N (360)
  AVERAGE WIND SPEED     8.2


SKY COVER
  POSSIBLE SUNSHINE  MM
  AVERAGE SKY COVER 0.1


WEATHER CONDITIONS
 THE FOLLOWING WEATHER WAS RECORDED TODAY.
  HAZE


RELATIVE HUMIDITY (PERCENT)
 HIGHEST    97           500 AM
 LOWEST     61           100 PM
 AVERAGE    79

..........................................................


THE BURLINGTON IA CLIMATE NORMALS FOR TOMORROW
                         NORMAL    RECORD    YEAR
 MAXIMUM TEMPERATURE (F)   86       107      1936
 MINIMUM TEMPERATURE (F)   67        48      1962


SUNRISE AND SUNSET
JULY 25 2016..........SUNRISE   555 AM CDT   SUNSET   826 PM CDT
JULY 26 2016..........SUNRISE   556 AM CDT   SUNSET   826 PM CDT


-  INDICATES NEGATIVE NUMBERS.
R  INDICATES RECORD WAS SET OR TIED.
MM INDICATES DATA IS MISSING.
T  INDICATES TRACE AMOUNT.




$$
