000
CDUS43 KDVN 222134
CLIBRL


CLIMATE REPORT
NATIONAL WEATHER SERVICE QUAD CITIES IA IL
433 PM CDT TUE JUL 22 2014


...................................

...THE BURLINGTON IA CLIMATE SUMMARY FOR JULY 22 2014...
VALID TODAY AS OF 0400 PM LOCAL TIME.

CLIMATE NORMAL PERIOD 1981 TO 2010
CLIMATE RECORD PERIOD 1897 TO 2014


WEATHER ITEM   OBSERVED TIME   RECORD YEAR NORMAL DEPARTURE LAST
                VALUE   (LST)  VALUE       VALUE  FROM      YEAR
                                                  NORMAL
..................................................................
TEMPERATURE (F)
 TODAY
  MAXIMUM         89    253 PM 107    1934  87      2       88
  MINIMUM         72    457 AM  47    1947  67      5       66
  AVERAGE         81                        77      4       77

PRECIPITATION (IN)
  TODAY            0.01         MM      MM   0.13  -0.12     0.00
  MONTH TO DATE    2.15                      3.08  -0.93     0.28
  SINCE JUN 1     11.24                      7.55   3.69     2.55
  SINCE JAN 1     22.63                     21.81   0.82    25.75

DEGREE DAYS
 HEATING
  TODAY            0                         0      0        0
  MONTH TO DATE    7                         0      7        0
  SINCE JUN 1      9                        13     -4       15
  SINCE JUL 1      7                         0      7        0

 COOLING
  TODAY           16                        12      4       12
  MONTH TO DATE  139                       264   -125      267
  SINCE JUN 1    394                       524   -130      475
  SINCE JAN 1    532                       627    -95      574
..................................................................


WIND (MPH)
  HIGHEST WIND SPEED    21   HIGHEST WIND DIRECTION     S (200)
  HIGHEST GUST SPEED    27   HIGHEST GUST DIRECTION     S (200)
  AVERAGE WIND SPEED    10.6


SKY COVER
  POSSIBLE SUNSHINE  MM
  AVERAGE SKY COVER 0.2


WEATHER CONDITIONS
 THE FOLLOWING WEATHER WAS RECORDED TODAY.
  THUNDERSTORM
  LIGHT RAIN
  FOG
  HAZE


RELATIVE HUMIDITY (PERCENT)
 HIGHEST    90           500 AM
 LOWEST     70           300 PM
 AVERAGE    80

..........................................................


THE BURLINGTON IA CLIMATE NORMALS FOR TOMORROW
                         NORMAL    RECORD    YEAR
 MAXIMUM TEMPERATURE (F)   87       108      1934
 MINIMUM TEMPERATURE (F)   67        50      1947


SUNRISE AND SUNSET
JULY 22 2014..........SUNRISE   552 AM CDT   SUNSET   830 PM CDT
JULY 23 2014..........SUNRISE   553 AM CDT   SUNSET   829 PM CDT


-  INDICATES NEGATIVE NUMBERS.
R  INDICATES RECORD WAS SET OR TIED.
MM INDICATES DATA IS MISSING.
T  INDICATES TRACE AMOUNT.




$$
