000
CDUS43 KDVN 240937
CLIBRL


CLIMATE REPORT
NATIONAL WEATHER SERVICE QUAD CITIES IA IL
437 AM CDT FRI OCT 24 2014


...................................

...THE BURLINGTON IA CLIMATE SUMMARY FOR OCTOBER 23 2014...

CLIMATE NORMAL PERIOD 1981 TO 2010
CLIMATE RECORD PERIOD 1897 TO 2014


WEATHER ITEM   OBSERVED TIME   RECORD YEAR NORMAL DEPARTURE LAST
                VALUE   (LST)  VALUE       VALUE  FROM      YEAR
                                                  NORMAL
..................................................................
TEMPERATURE (F)
 YESTERDAY
  MAXIMUM         62    223 PM  88    1899  63     -1       45
  MINIMUM         43   1229 AM  25    1981  43      0       32
  AVERAGE         53                        53      0       39

PRECIPITATION (IN)
  YESTERDAY        0.00         MM      MM   0.10  -0.10     0.01
  MONTH TO DATE    4.13                      2.36   1.77     0.52
  SINCE SEP 1      9.27                      5.88   3.39     1.72
  SINCE JAN 1     38.34                     33.13   5.21    28.78

DEGREE DAYS
 HEATING
  YESTERDAY       12                        12      0       26
  MONTH TO DATE  244                       210     34      221
  SINCE SEP 1    345                       277     68      262
  SINCE JUL 1    352                       281     71      273

 COOLING
  YESTERDAY        0                         0      0        0
  MONTH TO DATE    0                        19    -19       33
  SINCE SEP 1     83                       158    -75      214
  SINCE JAN 1    937                      1201   -264     1115
..................................................................


WIND (MPH)
  HIGHEST WIND SPEED    18   HIGHEST WIND DIRECTION     S (200)
  HIGHEST GUST SPEED    23   HIGHEST GUST DIRECTION     S (170)
  AVERAGE WIND SPEED     9.6


SKY COVER
  POSSIBLE SUNSHINE  MM
  AVERAGE SKY COVER 0.6


WEATHER CONDITIONS
 THE FOLLOWING WEATHER WAS RECORDED YESTERDAY.
  NO SIGNIFICANT WEATHER WAS OBSERVED.


RELATIVE HUMIDITY (PERCENT)
 HIGHEST    93          1100 PM
 LOWEST     64           200 PM
 AVERAGE    79

..........................................................


THE BURLINGTON IA CLIMATE NORMALS FOR TODAY
                         NORMAL    RECORD    YEAR
 MAXIMUM TEMPERATURE (F)   63        84      1963
 MINIMUM TEMPERATURE (F)   42        23      1981


SUNRISE AND SUNSET
OCTOBER 24 2014.......SUNRISE   726 AM CDT   SUNSET   611 PM CDT
OCTOBER 25 2014.......SUNRISE   727 AM CDT   SUNSET   610 PM CDT


-  INDICATES NEGATIVE NUMBERS.
R  INDICATES RECORD WAS SET OR TIED.
MM INDICATES DATA IS MISSING.
T  INDICATES TRACE AMOUNT.




$$
