000
CDUS43 KDVN 070929
CLIBRL


CLIMATE REPORT
NATIONAL WEATHER SERVICE QUAD CITIES IA IL
427 AM CDT TUE JUL 7 2015


...................................

...THE BURLINGTON IA CLIMATE SUMMARY FOR JULY 6 2015...

CLIMATE NORMAL PERIOD 1981 TO 2010
CLIMATE RECORD PERIOD 1897 TO 2015


WEATHER ITEM   OBSERVED TIME   RECORD YEAR NORMAL DEPARTURE LAST
                VALUE   (LST)  VALUE       VALUE  FROM      YEAR
                                                  NORMAL
..................................................................
TEMPERATURE (F)
 YESTERDAY
  MAXIMUM         87    244 PM 105    1936  87      0       85
  MINIMUM         70   1159 PM  49    1972  67      3       66
  AVERAGE         79                        77      2       76

PRECIPITATION (IN)
  YESTERDAY        1.67         MM      MM   0.15   1.52     0.01
  MONTH TO DATE    1.67                      0.87   0.80     0.48
  SINCE JUN 1     10.34                      5.34   5.00     9.57
  SINCE JAN 1     19.30                     19.60  -0.30    20.96

DEGREE DAYS
 HEATING
  YESTERDAY        0                         0      0        0
  MONTH TO DATE    0                         0      0        3
  SINCE JUN 1      5                        13     -8        5
  SINCE JUL 1      0                         0      0        3

 COOLING
  YESTERDAY       14                        12      2       11
  MONTH TO DATE   42                        72    -30       24
  SINCE JUN 1    266                       332    -66      279
  SINCE JAN 1    359                       435    -76      417
..................................................................


WIND (MPH)
  HIGHEST WIND SPEED    20   HIGHEST WIND DIRECTION    NW (310)
  HIGHEST GUST SPEED    29   HIGHEST GUST DIRECTION    NW (310)
  AVERAGE WIND SPEED     8.9


SKY COVER
  POSSIBLE SUNSHINE  MM
  AVERAGE SKY COVER 0.4


WEATHER CONDITIONS
 THE FOLLOWING WEATHER WAS RECORDED YESTERDAY.
  THUNDERSTORM
  HEAVY RAIN
  RAIN
  LIGHT RAIN
  FOG
  HAZE


RELATIVE HUMIDITY (PERCENT)
 HIGHEST   100           700 PM
 LOWEST     70           400 PM
 AVERAGE    85

..........................................................


THE BURLINGTON IA CLIMATE NORMALS FOR TODAY
                         NORMAL    RECORD    YEAR
 MAXIMUM TEMPERATURE (F)   87       105      1936
 MINIMUM TEMPERATURE (F)   67        52      1997


SUNRISE AND SUNSET
JULY  7 2015..........SUNRISE   540 AM CDT   SUNSET   838 PM CDT
JULY  8 2015..........SUNRISE   541 AM CDT   SUNSET   838 PM CDT


-  INDICATES NEGATIVE NUMBERS.
R  INDICATES RECORD WAS SET OR TIED.
MM INDICATES DATA IS MISSING.
T  INDICATES TRACE AMOUNT.




$$
