000
CDUS43 KDVN 230924
CLIBRL


CLIMATE REPORT
NATIONAL WEATHER SERVICE QUAD CITIES IA IL
424 AM CDT SUN JUL 23 2017


...................................

...THE BURLINGTON IA CLIMATE SUMMARY FOR JULY 22 2017...

CLIMATE NORMAL PERIOD 1981 TO 2010
CLIMATE RECORD PERIOD 1897 TO 2017


WEATHER ITEM   OBSERVED TIME   RECORD YEAR NORMAL DEPARTURE LAST
                VALUE   (LST)  VALUE       VALUE  FROM      YEAR
                                                  NORMAL
..................................................................
TEMPERATURE (F)
 YESTERDAY
  MAXIMUM         90    357 PM 107    1934  87      3       88
  MINIMUM         70    811 AM  47    1947  67      3       69
  AVERAGE         80                        77      3       79

PRECIPITATION (IN)
  YESTERDAY        0.24         MM      MM   0.13   0.11     0.82
  MONTH TO DATE    4.61                      3.08   1.53     7.24
  SINCE JUN 1      5.72                      7.55  -1.83     8.30
  SINCE JAN 1     19.87                     21.81  -1.94    19.15

DEGREE DAYS
 HEATING
  YESTERDAY        0                         0      0        0
  MONTH TO DATE    0                         0      0        6
  SINCE JUN 1      8                        13     -5        6
  SINCE JUL 1      0                         0      0        6

 COOLING
  YESTERDAY       15                        12      3       14
  MONTH TO DATE  285                       264     21      204
  SINCE JUN 1    556                       524     32      515
  SINCE JAN 1    632                       627      5      614
..................................................................


WIND (MPH)
  HIGHEST WIND SPEED    26   HIGHEST WIND DIRECTION     E (70)
  HIGHEST GUST SPEED    35   HIGHEST GUST DIRECTION     E (70)
  AVERAGE WIND SPEED     8.9


SKY COVER
  POSSIBLE SUNSHINE  MM
  AVERAGE SKY COVER 0.5


WEATHER CONDITIONS
 THE FOLLOWING WEATHER WAS RECORDED YESTERDAY.
  THUNDERSTORM
  HEAVY RAIN
  RAIN
  LIGHT RAIN
  FOG


RELATIVE HUMIDITY (PERCENT)
 HIGHEST   100           400 AM
 LOWEST     69           100 AM
 AVERAGE    85

..........................................................


THE BURLINGTON IA CLIMATE NORMALS FOR TODAY
                         NORMAL    RECORD    YEAR
 MAXIMUM TEMPERATURE (F)   87       108      1934
 MINIMUM TEMPERATURE (F)   67        50      1947


SUNRISE AND SUNSET
JULY 23 2017..........SUNRISE   553 AM CDT   SUNSET   828 PM CDT
JULY 24 2017..........SUNRISE   554 AM CDT   SUNSET   828 PM CDT


-  INDICATES NEGATIVE NUMBERS.
R  INDICATES RECORD WAS SET OR TIED.
MM INDICATES DATA IS MISSING.
T  INDICATES TRACE AMOUNT.




$$
