000
CDUS44 KBRO 200633
CLIBRO


CLIMATE REPORT
NATIONAL WEATHER SERVICE BROWNSVILLE TX
133 AM CDT WED SEP 20 2017


...................................

...THE BROWNSVILLE CLIMATE SUMMARY FOR SEPTEMBER 19 2017...

CLIMATE NORMAL PERIOD 1981 TO 2010
CLIMATE RECORD PERIOD 1878 TO 2017


WEATHER ITEM   OBSERVED TIME   RECORD YEAR NORMAL DEPARTURE LAST
                VALUE   (LST)  VALUE       VALUE  FROM      YEAR
                                                  NORMAL
..................................................................
TEMPERATURE (F)
 YESTERDAY
  MAXIMUM         92    239 PM  98    2016  90      2       98
                                      1947
                                      1900
  MINIMUM         79    658 AM  58    1901  73      6       78
  AVERAGE         86                        81      5       88

PRECIPITATION (IN)
  YESTERDAY        0.02          6.48 2010   0.20  -0.18     0.00
  MONTH TO DATE    4.13                      3.72   0.41     1.07
  SINCE SEP 1      4.13                      3.72   0.41     1.07
  SINCE JAN 1     17.17                     18.53  -1.36    14.73

SNOWFALL (IN)
  YESTERDAY        0.0           0.0  2002   0.0
                                      2001
  MONTH TO DATE    0.0                       0.0
  SINCE SEP 1      0.0                       0.0
  SINCE JUL 1      0.0                       0.0

DEGREE DAYS
 HEATING
  YESTERDAY        0                         0      0        0
  MONTH TO DATE    0                         0      0        0
  SINCE SEP 1      0                         0      0        0
  SINCE JUL 1      0                         0      0        0

 COOLING
  YESTERDAY       21                        16      5       23
  MONTH TO DATE  318                       337    -19      405
  SINCE SEP 1    318                       337    -19      405
  SINCE JAN 1   3845                      3244    601     3510
..................................................................


WIND (MPH)
  HIGHEST WIND SPEED    20   HIGHEST WIND DIRECTION    SE (140)
  HIGHEST GUST SPEED    25   HIGHEST GUST DIRECTION    SE (150)
  AVERAGE WIND SPEED    10.4


SKY COVER
  POSSIBLE SUNSHINE  MM
  AVERAGE SKY COVER 0.2


WEATHER CONDITIONS
 THE FOLLOWING WEATHER WAS RECORDED YESTERDAY.
  NO SIGNIFICANT WEATHER WAS OBSERVED.


RELATIVE HUMIDITY (PERCENT)
 HIGHEST   100           400 AM
 LOWEST     60           200 PM
 AVERAGE    80

..........................................................


THE BROWNSVILLE CLIMATE NORMALS FOR TODAY
                         NORMAL    RECORD    YEAR
 MAXIMUM TEMPERATURE (F)   90       104      1947
 MINIMUM TEMPERATURE (F)   72        61      1991
                                             1881


SUNRISE AND SUNSET
SEPTEMBER 20 2017.....SUNRISE   718 AM CDT   SUNSET   728 PM CDT
SEPTEMBER 21 2017.....SUNRISE   718 AM CDT   SUNSET   727 PM CDT


-  INDICATES NEGATIVE NUMBERS.
R  INDICATES RECORD WAS SET OR TIED.
MM INDICATES DATA IS MISSING.
T  INDICATES TRACE AMOUNT.




$$
