000
CDUS44 KBRO 270631
CLIBRO


CLIMATE REPORT
NATIONAL WEATHER SERVICE BROWNSVILLE TX
130 AM CDT SAT AUG 27 2016


...................................

...THE BROWNSVILLE CLIMATE SUMMARY FOR AUGUST 26 2016...

CLIMATE NORMAL PERIOD 1981 TO 2010
CLIMATE RECORD PERIOD 1878 TO 2016


WEATHER ITEM   OBSERVED TIME   RECORD YEAR NORMAL DEPARTURE LAST
                VALUE   (LST)  VALUE       VALUE  FROM      YEAR
                                                  NORMAL
..................................................................
TEMPERATURE (F)
 YESTERDAY
  MAXIMUM         95    235 PM 100    1919  94      1       93
  MINIMUM         74    603 AM  67    1897  76     -2       75
                                      1891
  AVERAGE         85                        85      0       84

PRECIPITATION (IN)
  YESTERDAY        0.00          1.93 1889   0.10  -0.10     0.12
  MONTH TO DATE    0.30                      1.86  -1.56     1.38
  SINCE JUN 1      3.46                      6.47  -3.01     4.50
  SINCE JAN 1     13.45                     14.23  -0.78    24.99

SNOWFALL (IN)
  YESTERDAY        0.0           0.0  2002   0.0
                                      2001
  MONTH TO DATE    0.0                       0.0
  SINCE JUN 1      0.0                       0.0
  SINCE JUL 1      0.0                       0.0

DEGREE DAYS
 HEATING
  YESTERDAY        0                         0      0        0
  MONTH TO DATE    0                         0      0        0
  SINCE JUN 1      0                         0      0        0
  SINCE JUL 1      0                         0      0        0

 COOLING
  YESTERDAY       20                        20      0       19
  MONTH TO DATE  578                       536     42      540
  SINCE JUN 1   1840                      1721    119     1318
  SINCE JAN 1   3000                      2814    186     2380
..................................................................


WIND (MPH)
  HIGHEST WIND SPEED    21   HIGHEST WIND DIRECTION     E (80)
  HIGHEST GUST SPEED    25   HIGHEST GUST DIRECTION     E (80)
  AVERAGE WIND SPEED     5.8


SKY COVER
  POSSIBLE SUNSHINE  MM
  AVERAGE SKY COVER 0.1


WEATHER CONDITIONS
 THE FOLLOWING WEATHER WAS RECORDED YESTERDAY.
  NO SIGNIFICANT WEATHER WAS OBSERVED.


RELATIVE HUMIDITY (PERCENT)
 HIGHEST   100           400 AM
 LOWEST     52          1000 AM
 AVERAGE    76

..........................................................


THE BROWNSVILLE CLIMATE NORMALS FOR TODAY
                         NORMAL    RECORD    YEAR
 MAXIMUM TEMPERATURE (F)   94       100      1990
                                             1919
 MINIMUM TEMPERATURE (F)   76        69      1961
                                             1908
                                             1897


SUNRISE AND SUNSET
AUGUST 27 2016........SUNRISE   708 AM CDT   SUNSET   754 PM CDT
AUGUST 28 2016........SUNRISE   708 AM CDT   SUNSET   753 PM CDT


-  INDICATES NEGATIVE NUMBERS.
R  INDICATES RECORD WAS SET OR TIED.
MM INDICATES DATA IS MISSING.
T  INDICATES TRACE AMOUNT.




$$
