237
CDUS44 KBRO 210729
CLIBRO


CLIMATE REPORT
NATIONAL WEATHER SERVICE BROWNSVILLE TX
129 AM CST SUN JAN 21 2018


...................................

...THE BROWNSVILLE CLIMATE SUMMARY FOR JANUARY 20 2018...

CLIMATE NORMAL PERIOD 1981 TO 2010
CLIMATE RECORD PERIOD 1878 TO 2018


WEATHER ITEM   OBSERVED TIME   RECORD YEAR NORMAL DEPARTURE LAST
                VALUE   (LST)  VALUE       VALUE  FROM      YEAR
                                                  NORMAL
..................................................................
TEMPERATURE (F)
 YESTERDAY
  MAXIMUM         80    207 PM  87    1953  71      9       84
  MINIMUM         53    619 AM  27    1883  52      1       57
  AVERAGE         67                        61      6       71

PRECIPITATION (IN)
  YESTERDAY        0.00          0.80 1968   0.04  -0.04     0.00
  MONTH TO DATE    0.22                      0.75  -0.53     0.04
  SINCE DEC 1      1.37                      1.90  -0.53     1.71
  SINCE JAN 1      0.22                      0.75  -0.53     0.04

SNOWFALL (IN)
  YESTERDAY        0.0           0.0  2002   0.0
                                      1998
                                      2000
  MONTH TO DATE    T                         0.0
  SINCE DEC 1      0.3                       0.0
  SINCE JUL 1      0.3                       0.0

DEGREE DAYS
 HEATING
  YESTERDAY        0                         6     -6        0
  MONTH TO DATE  213                       120     93       57
  SINCE DEC 1    389                       285    104      147
  SINCE JUL 1    405                       339     66      155

 COOLING
  YESTERDAY        2                         2      0        6
  MONTH TO DATE   17                        40    -23      108
  SINCE DEC 1    124                       120      4      284
  SINCE JAN 1     17                        40    -23      108
..................................................................


WIND (MPH)
  HIGHEST WIND SPEED    24   HIGHEST WIND DIRECTION     S (160)
  HIGHEST GUST SPEED    30   HIGHEST GUST DIRECTION     S (180)
  AVERAGE WIND SPEED     8.1


SKY COVER
  POSSIBLE SUNSHINE  MM
  AVERAGE SKY COVER 0.5


WEATHER CONDITIONS
 THE FOLLOWING WEATHER WAS RECORDED YESTERDAY.
  FOG
  HAZE


RELATIVE HUMIDITY (PERCENT)
 HIGHEST   100          1200 AM
 LOWEST     58           100 PM
 AVERAGE    79

..........................................................


THE BROWNSVILLE CLIMATE NORMALS FOR TODAY
                         NORMAL    RECORD    YEAR
 MAXIMUM TEMPERATURE (F)   71        95      2017
 MINIMUM TEMPERATURE (F)   52        26      1883


SUNRISE AND SUNSET
JANUARY 21 2018.......SUNRISE   717 AM CST   SUNSET   605 PM CST
JANUARY 22 2018.......SUNRISE   717 AM CST   SUNSET   606 PM CST


-  INDICATES NEGATIVE NUMBERS.
R  INDICATES RECORD WAS SET OR TIED.
MM INDICATES DATA IS MISSING.
T  INDICATES TRACE AMOUNT.




$$
