914
CDUS44 KBRO 200728
CLIBRO


CLIMATE REPORT
NATIONAL WEATHER SERVICE BROWNSVILLE TX
127 AM CST MON NOV 20 2017


...................................

...THE BROWNSVILLE CLIMATE SUMMARY FOR NOVEMBER 19 2017...

CLIMATE NORMAL PERIOD 1981 TO 2010
CLIMATE RECORD PERIOD 1878 TO 2017


WEATHER ITEM   OBSERVED TIME   RECORD YEAR NORMAL DEPARTURE LAST
                VALUE   (LST)  VALUE       VALUE  FROM      YEAR
                                                  NORMAL
..................................................................
TEMPERATURE (F)
 YESTERDAY
  MAXIMUM         74   1252 AM  92    1964  78     -4       68
  MINIMUM         58   1109 PM  37    1901  59     -1       52
  AVERAGE         66                        68     -2       60

PRECIPITATION (IN)
  YESTERDAY        0.00          1.72 1992   0.05  -0.05      T
  MONTH TO DATE    0.66                      1.28  -0.62     4.35
  SINCE SEP 1      8.55                     10.94  -2.39     7.41
  SINCE JAN 1     21.59                     25.75  -4.16    21.07

SNOWFALL (IN)
  YESTERDAY        0.0           0.0  2001   0.0
  MONTH TO DATE    0.0                       0.0
  SINCE SEP 1      0.0                       0.0
  SINCE JUL 1      0.0                       0.0

DEGREE DAYS
 HEATING
  YESTERDAY        0                         2     -2        5
  MONTH TO DATE    6                        22    -16        5
  SINCE SEP 1     13                        26    -13        5
  SINCE JUL 1     13                        26    -13        5

 COOLING
  YESTERDAY        1                         5     -4        0
  MONTH TO DATE  229                       131     98      173
  SINCE SEP 1   1137                       989    148     1270
  SINCE JAN 1   4664                      3896    768     4375
..................................................................


WIND (MPH)
  HIGHEST WIND SPEED    21   HIGHEST WIND DIRECTION     N (10)
  HIGHEST GUST SPEED    33   HIGHEST GUST DIRECTION     N (360)
  AVERAGE WIND SPEED    12.9


SKY COVER
  POSSIBLE SUNSHINE  MM
  AVERAGE SKY COVER 0.4


WEATHER CONDITIONS
 THE FOLLOWING WEATHER WAS RECORDED YESTERDAY.
  NO SIGNIFICANT WEATHER WAS OBSERVED.


RELATIVE HUMIDITY (PERCENT)
 HIGHEST    67          1000 PM
 LOWEST     47          1100 AM
 AVERAGE    57

..........................................................


THE BROWNSVILLE CLIMATE NORMALS FOR TODAY
                         NORMAL    RECORD    YEAR
 MAXIMUM TEMPERATURE (F)   78        88      2013
                                             1900
 MINIMUM TEMPERATURE (F)   58        36      1969


SUNRISE AND SUNSET
NOVEMBER 20 2017......SUNRISE   652 AM CST   SUNSET   539 PM CST
NOVEMBER 21 2017......SUNRISE   652 AM CST   SUNSET   539 PM CST


-  INDICATES NEGATIVE NUMBERS.
R  INDICATES RECORD WAS SET OR TIED.
MM INDICATES DATA IS MISSING.
T  INDICATES TRACE AMOUNT.




$$
