000
CDUS44 KBRO 050726
CLIBRO


CLIMATE REPORT
NATIONAL WEATHER SERVICE BROWNSVILLE TX
125 AM CST THU MAR 5 2015


...................................

...THE BROWNSVILLE CLIMATE SUMMARY FOR MARCH 4 2015...

CLIMATE NORMAL PERIOD 1981 TO 2010
CLIMATE RECORD PERIOD 1878 TO 2015


WEATHER ITEM   OBSERVED TIME   RECORD YEAR NORMAL DEPARTURE LAST
                VALUE   (LST)  VALUE       VALUE  FROM      YEAR
                                                  NORMAL
..................................................................
TEMPERATURE (F)
 YESTERDAY
  MAXIMUM         82    343 PM 100    1983  77      5       46
  MINIMUM         69    639 AM  31    1922  57     12       38
  AVERAGE         76                        67      9       42

PRECIPITATION (IN)
  YESTERDAY        0.00          0.36 1950   0.04  -0.04     0.27
  MONTH TO DATE    0.04                      0.15  -0.11     0.27
  SINCE MAR 1      0.04                      0.15  -0.11     0.27
  SINCE JAN 1      4.36                      2.50   1.86     1.03

DEGREE DAYS
 HEATING
  YESTERDAY        0                         2     -2       23
  MONTH TO DATE   19                         8     11       34
  SINCE MAR 1     19                         8     11       34
  SINCE JUL 1    642                       511    131      758

 COOLING
  YESTERDAY       11                         4      7        0
  MONTH TO DATE   15                        16     -1       19
  SINCE MAR 1     15                        16     -1       19
  SINCE JAN 1     72                       157    -85      139
..................................................................


WIND (MPH)
  HIGHEST WIND SPEED    26   HIGHEST WIND DIRECTION     S (170)
  HIGHEST GUST SPEED    32   HIGHEST GUST DIRECTION     S (170)
  AVERAGE WIND SPEED    14.7


SKY COVER
  POSSIBLE SUNSHINE  MM
  AVERAGE SKY COVER 1.0


WEATHER CONDITIONS
 THE FOLLOWING WEATHER WAS RECORDED YESTERDAY.
  FOG


RELATIVE HUMIDITY (PERCENT)
 HIGHEST   100           100 AM
 LOWEST     69           300 PM
 AVERAGE    85

..........................................................


THE BROWNSVILLE CLIMATE NORMALS FOR TODAY
                         NORMAL    RECORD    YEAR
 MAXIMUM TEMPERATURE (F)   77        88      1943
 MINIMUM TEMPERATURE (F)   58        28      1901


SUNRISE AND SUNSET
MARCH  5 2015.........SUNRISE   649 AM CST   SUNSET   633 PM CST
MARCH  6 2015.........SUNRISE   648 AM CST   SUNSET   634 PM CST


-  INDICATES NEGATIVE NUMBERS.
R  INDICATES RECORD WAS SET OR TIED.
MM INDICATES DATA IS MISSING.
T  INDICATES TRACE AMOUNT.

$$
