000
CDUS44 KBRO 080734
CLIBRO


CLIMATE REPORT
NATIONAL WEATHER SERVICE BROWNSVILLE TX
130 AM CST THU DEC 8 2016


...................................

...THE BROWNSVILLE CLIMATE SUMMARY FOR DECEMBER 7 2016...

CLIMATE NORMAL PERIOD 1981 TO 2010
CLIMATE RECORD PERIOD 1878 TO 2016


WEATHER ITEM   OBSERVED TIME   RECORD YEAR NORMAL DEPARTURE LAST
                VALUE   (LST)  VALUE       VALUE  FROM      YEAR
                                                  NORMAL
..................................................................
TEMPERATURE (F)
 YESTERDAY
  MAXIMUM         82   1152 AM  91    1996  73      9       79
  MINIMUM         61    738 AM  29    1950  54      7       56
  AVERAGE         72                        64      8       68

PRECIPITATION (IN)
  YESTERDAY        0.00          2.01 1905   0.04  -0.04     0.00
  MONTH TO DATE    0.46                      0.29   0.17     0.06
  SINCE DEC 1      0.46                      0.29   0.17     0.06
  SINCE JAN 1     21.60                     26.58  -4.98    46.76

SNOWFALL (IN)
  YESTERDAY        0.0           0.0  2001   0.0
  MONTH TO DATE    0.0                       0.0
  SINCE DEC 1      0.0                       0.0
  SINCE JUL 1      0.0                       0.0

DEGREE DAYS
 HEATING
  YESTERDAY        0                         4     -4        0
  MONTH TO DATE    8                        28    -20        6
  SINCE DEC 1      8                        28    -20        6
  SINCE JUL 1     16                        82    -66       28

 COOLING
  YESTERDAY        7                         3      4        3
  MONTH TO DATE   31                        23      8        7
  SINCE DEC 1     31                        23      8        7
  SINCE JAN 1   4498                      3968    530     3682
..................................................................


WIND (MPH)
  HIGHEST WIND SPEED    15   HIGHEST WIND DIRECTION    SE (140)
  HIGHEST GUST SPEED    20   HIGHEST GUST DIRECTION     S (180)
  AVERAGE WIND SPEED     5.8


SKY COVER
  POSSIBLE SUNSHINE  MM
  AVERAGE SKY COVER 0.8


WEATHER CONDITIONS
 THE FOLLOWING WEATHER WAS RECORDED YESTERDAY.
  FOG
  HAZE


RELATIVE HUMIDITY (PERCENT)
 HIGHEST   100           400 AM
 LOWEST     62           100 PM
 AVERAGE    81

..........................................................


THE BROWNSVILLE CLIMATE NORMALS FOR TODAY
                         NORMAL    RECORD    YEAR
 MAXIMUM TEMPERATURE (F)   73        93      1885
 MINIMUM TEMPERATURE (F)   54        34      1882


SUNRISE AND SUNSET
DECEMBER  8 2016......SUNRISE   705 AM CST   SUNSET   539 PM CST
DECEMBER  9 2016......SUNRISE   705 AM CST   SUNSET   539 PM CST


-  INDICATES NEGATIVE NUMBERS.
R  INDICATES RECORD WAS SET OR TIED.
MM INDICATES DATA IS MISSING.
T  INDICATES TRACE AMOUNT.




$$
