000
CDUS44 KBRO 282151
CLIBRO


CLIMATE REPORT
NATIONAL WEATHER SERVICE BROWNSVILLE TX
449 PM CDT SAT MAY 28 2016


...................................

...THE BROWNSVILLE CLIMATE SUMMARY FOR MAY 28 2016...
VALID TODAY AS OF 0400 PM LOCAL TIME.

CLIMATE NORMAL PERIOD 1981 TO 2010
CLIMATE RECORD PERIOD 1878 TO 2016


WEATHER ITEM   OBSERVED TIME   RECORD YEAR NORMAL DEPARTURE LAST
                VALUE   (LST)  VALUE       VALUE  FROM      YEAR
                                                  NORMAL
..................................................................
TEMPERATURE (F)
 TODAY
  MAXIMUM         90    128 PM  98    1919  90      0       90
  MINIMUM         78   1210 AM  61    1913  74      4       78
  AVERAGE         84                        82      2       84

PRECIPITATION (IN)
  TODAY            0.00          4.00 1944   0.09  -0.09     0.00
  MONTH TO DATE    1.64                      2.36  -0.72     3.73
  SINCE MAR 1      7.57                      5.13   2.44    10.18
  SINCE JAN 1      9.45                      7.48   1.97    14.50

SNOWFALL (IN)
  TODAY            0.0           0.0  2002   0.0
                                      2001
                                      2000
  MONTH TO DATE    0.0                       0.0
  SINCE MAR 1      0.0                       0.0
  SINCE JUL 1      0.0                       0.0

DEGREE DAYS
 HEATING
  TODAY            0                         0      0        0
  MONTH TO DATE    0                         0      0        0
  SINCE MAR 1     14                        51    -37       67
  SINCE JUL 1    374                       554   -180      690

 COOLING
  TODAY           19                        17      2       19
  MONTH TO DATE  429                       423      6      465
  SINCE MAR 1    997                       899     98      962
  SINCE JAN 1   1105                      1040     65     1019
..................................................................


WIND (MPH)
  HIGHEST WIND SPEED    25   HIGHEST WIND DIRECTION    SE (130)
  HIGHEST GUST SPEED    35   HIGHEST GUST DIRECTION    SE (130)
  AVERAGE WIND SPEED    15.5


SKY COVER
  POSSIBLE SUNSHINE  MM
  AVERAGE SKY COVER 0.6


WEATHER CONDITIONS
 THE FOLLOWING WEATHER WAS RECORDED TODAY.
  NO SIGNIFICANT WEATHER WAS OBSERVED.


RELATIVE HUMIDITY (PERCENT)
 HIGHEST    97          1200 AM
 LOWEST     68          1200 PM
 AVERAGE    83

..........................................................


THE BROWNSVILLE CLIMATE NORMALS FOR TOMORROW
                         NORMAL    RECORD    YEAR
 MAXIMUM TEMPERATURE (F)   91        98      1922
 MINIMUM TEMPERATURE (F)   74        60      1901


SUNRISE AND SUNSET
MAY 28 2016...........SUNRISE   639 AM CDT   SUNSET   816 PM CDT
MAY 29 2016...........SUNRISE   639 AM CDT   SUNSET   816 PM CDT


-  INDICATES NEGATIVE NUMBERS.
R  INDICATES RECORD WAS SET OR TIED.
MM INDICATES DATA IS MISSING.
T  INDICATES TRACE AMOUNT.




$$
