000
CDAK49 PABR 310902
CLIBRW

CLIMATE REPORT
NATIONAL WEATHER SERVICE BARROW, AK
102 AM AKDT WED AUG 31 2016

...................................
...THE BARROW WSO AP CLIMATE SUMMARY FOR AUGUST 30 2016...

CLIMATE NORMAL PERIOD  1981 TO  2010
CLIMATE RECORD PERIOD  1915 TO  2016

WEATHER ITEM   OBSERVED TIME    RECORD YEAR NORMAL DEPARTURE LAST
               VALUE    (LST)   VALUE       VALUE  FROM      YEAR
                                                   NORMAL
...................................................................
TEMPERATURE
YESTERDAY
 MAXIMUM            45  0133 PM    59  2000     41       4     39
 MINIMUM            35  1011 PM    22  1988     33       2     32
 AVERAGE            40                          37       3     36

PRECIPITATION
(INCHES)
 YESTERDAY           T           0.50  1949   0.03   -0.03   0.01
 MONTH TO DATE    0.84                        1.02   -0.18   1.69
 SINCE JUN 1      2.33                        2.32    0.01   2.75
 SINCE JAN 1      3.66                        3.02    0.64   4.71

SNOWFALL
(INCHES)
 YESTERDAY         0.0            0.4  1980    0.0     0.0    0.0
 MONTH TO DATE     2.1                         0.8     1.3    0.8
 SINCE JUN 1       4.8                         1.7     3.1    1.8
 SINCE JUL 1       2.1                         1.0     1.1    0.8
 SNOW DEPTH (IN)     0                                          0

DEGREE DAYS
 HEATING
  YESTERDAY         25                          28      -3     29
  MONTH TO DATE    749                         779     -30    797
  SINCE JUN 1     2212                        2406    -194   2290
  SINCE JUL 1     1402                        1526    -124   1548

 COOLING
  YESTERDAY          0                           0       0      0
  MONTH TO DATE      0                           0       0      0
  SINCE JUN 1        0                           0       0      0
  SINCE JAN 1        0                           0       0      0
...................................................................

WIND (MPH)
 HIGHEST WIND SPEED    24     HIGHEST WIND DIRECTION    130
 HIGHEST GUST SPEED    30     HIGHEST GUST DIRECTION    120
 AVERAGE WIND SPEED  12.7

WEATHER CONDITIONS
 THE FOLLOWING WEATHER WAS RECORDED YESTERDAY.
  DRIZZLE
  FOG WITH VISIBILITY LESS THAN ONE QUARTER MILE.

RELATIVE HUMIDITY
 HIGHEST RH     93 PERCENT   AT 1100 PM AKST
 LOWEST  RH     73 PERCENT   AT  153 PM AKST
 AVERAGE RH     86 PERCENT
...................................................................

THE BARROW CLIMATE NORMALS FOR TODAY
                           NORMAL    RECORD   YEAR
 MAXIMUM TEMPERATURE (F)     41        60     1974
 MINIMUM TEMPERATURE (F)     33        20     1922

SUNRISE AND SUNSET
 AUG 31 2016..........SUNRISE  6:33 AM      SUNSET 10:19 PM
 SEP 1 2016..........SUNRISE  6:38 AM      SUNSET 10:13 PM

-  INDICATES NEGATIVE NUMBERS.
R  INDICATES RECORD HAS BEEN SET OR TIED.
MM INDICATES DATA IS MISSING.
T  INDICATES TRACE OF PRECIPITATION.

&&
-------------------------------------------------------------------

AMOUNT OF DAYLIGHT TODAY  (HOUR:MIN)........15 HOURS 46 MINUTES
GAIN/LOSS SINCE YESTERDAY (HOUR:MIN:SEC)....-0:09:59

$$
RFL AUG 16
