001
CDAK49 PABR 070921
CLIBRW

CLIMATE REPORT
NATIONAL WEATHER SERVICE BARROW, AK
1221 AM AKST SUN FEB 7 2016

...................................
...THE BARROW WSO AP CLIMATE SUMMARY FOR FEBRUARY 6 2016...

CLIMATE NORMAL PERIOD  1981 TO  2010
CLIMATE RECORD PERIOD  1915 TO  2016

WEATHER ITEM   OBSERVED TIME    RECORD YEAR NORMAL DEPARTURE LAST
               VALUE    (LST)   VALUE       VALUE  FROM      YEAR
                                                   NORMAL
...................................................................
TEMPERATURE
YESTERDAY
 MAXIMUM           -14  0506 AM    33  1982     -8      -6     -4
 MINIMUM           -19  0135 PM   -48  1968    -20       1    -21
 AVERAGE           -17                         -14      -3    -13

PRECIPITATION
(INCHES)
 YESTERDAY           T           0.13  1982   0.01   -0.01   0.05
 MONTH TO DATE       T                        0.03   -0.03   0.06
 SINCE DEC 1      0.34                        0.30    0.04   0.52
 SINCE JAN 1      0.30                        0.16    0.14   0.32

SNOWFALL
(INCHES)
 YESTERDAY           T            3.4  2003    0.0       T    0.6
 MONTH TO DATE     0.1                         0.5    -0.4    0.8
 SINCE DEC 1       7.9                         6.6     1.3    8.4
 SINCE JUL 1      21.1                        26.9    -5.8   39.5
 SNOW DEPTH (IN)     7                                          7

DEGREE DAYS
 HEATING
  YESTERDAY         82                          79       3     78
  MONTH TO DATE    431                         474     -43    452
  SINCE DEC 1     4779                        5160    -381   4993
  SINCE JUL 1    10593                       11110    -517  10632

 COOLING
  YESTERDAY          0                           0       0      0
  MONTH TO DATE      0                           0       0      0
  SINCE DEC 1        0                           0       0      0
  SINCE JAN 1        0                           0       0      0
...................................................................

WIND (MPH)
 HIGHEST WIND SPEED    25     HIGHEST WIND DIRECTION     80
 HIGHEST GUST SPEED    29     HIGHEST GUST DIRECTION     80
 AVERAGE WIND SPEED  17.9

WEATHER CONDITIONS
 THE FOLLOWING WEATHER WAS RECORDED YESTERDAY.
  SMOKE OR HAZE
FOG
SNOW


...................................................................

THE BARROW CLIMATE NORMALS FOR TODAY
                           NORMAL    RECORD   YEAR
 MAXIMUM TEMPERATURE (F)     -8        34     1982
 MINIMUM TEMPERATURE (F)    -20       -50     1925

SUNRISE AND SUNSET
 FEB 7 2016..........SUNRISE 11:00 AM      SUNSET  4:25 PM
 FEB 8 2016..........SUNRISE 10:54 AM      SUNSET  4:31 PM

-  INDICATES NEGATIVE NUMBERS.
R  INDICATES RECORD HAS BEEN SET OR TIED.
MM INDICATES DATA IS MISSING.
T  INDICATES TRACE OF PRECIPITATION.

&&
-------------------------------------------------------------------

AMOUNT OF DAYLIGHT TODAY  (HOUR:MIN)........5 HOURS 25 MINUTES
GAIN/LOSS SINCE YESTERDAY (HOUR:MIN:SEC)....+0:12:16

$$
*** FEB 16
