000
CDAK49 PABR 020902
CLIBRW

CLIMATE REPORT
NATIONAL WEATHER SERVICE BARROW, AK
102 AM AKDT TUE SEP 2 2014

...................................
...THE BARROW WSO AP CLIMATE SUMMARY FOR SEPTEMBER 1 2014...

CLIMATE NORMAL PERIOD  1981 TO  2010
CLIMATE RECORD PERIOD  1915 TO  2014

WEATHER ITEM   OBSERVED TIME    RECORD YEAR NORMAL DEPARTURE LAST
               VALUE    (LST)   VALUE       VALUE  FROM      YEAR
                                                   NORMAL
...................................................................
TEMPERATURE
YESTERDAY
 MAXIMUM            38   246 PM    58  1937     41      -3     38
 MINIMUM            33   500 AM    20  1983     33       0     33
 AVERAGE            36                          37      -1     36

PRECIPITATION
(INCHES)
 YESTERDAY           T           0.26  2005   0.03   -0.03   0.02
 MONTH TO DATE       T                        0.03   -0.03   0.02
 SINCE SEP 1      0.00                        0.03   -0.03   0.02
 SINCE JAN 1      4.54                        3.08    1.46   5.04

SNOWFALL
(INCHES)
 YESTERDAY           T            0.9  1945    0.1    -0.1    0.1
 MONTH TO DATE       T                         0.1    -0.1    0.1
 SINCE SEP 1       0.0                         0.1    -0.1    0.1
 SINCE JUL 1       1.4                         1.2     0.2    1.2
 SNOW DEPTH (IN)     0                                          0

DEGREE DAYS
 HEATING
  YESTERDAY         29                          28       1     29
  MONTH TO DATE     29                          28       1     29
  SINCE SEP 1       29                          28       1     29
  SINCE JUL 1     1695                        1582     113   1438

 COOLING
  YESTERDAY          0                           0       0      0
  MONTH TO DATE      0                           0       0      0
  SINCE SEP 1        0                           0       0      0
  SINCE JAN 1        0                           0       0      0
...................................................................

WIND (MPH)
 HIGHEST WIND SPEED    23     HIGHEST WIND DIRECTION    250
 HIGHEST GUST SPEED    26     HIGHEST GUST DIRECTION    240
 AVERAGE WIND SPEED  16.3

SKY COVER
  POSSIBLE SUNSHINE    MM          AVERAGE SKY COVER     MM

WEATHER CONDITIONS
 THE FOLLOWING WEATHER WAS RECORDED YESTERDAY.
 RAIN
 SNOW


RELATIVE HUMIDITY
 HIGHEST RH     82 PERCENT      1153 PM
 LOWEST  RH     59 PERCENT       653 AM
 AVERAGE RH     72 PERCENT
...................................................................

THE BARROW CLIMATE NORMALS FOR TODAY
                           NORMAL    RECORD   YEAR
 MAXIMUM TEMPERATURE (F)     40        61     1954
 MINIMUM TEMPERATURE (F)     32        22     1980

SUNRISE AND SUNSET
 SEP 2 2014..........SUNRISE  6:40 AM      SUNSET 10:11 PM
 SEP 3 2014..........SUNRISE  6:45 AM      SUNSET 10:06 PM

-  INDICATES NEGATIVE NUMBERS.
R  INDICATES RECORD HAS BEEN SET OR TIED.
MM INDICATES DATA IS MISSING.
T  INDICATES TRACE OF PRECIPITATION.

&&
-------------------------------------------------------------------

AMOUNT OF DAYLIGHT TODAY  (HOUR:MIN)........15 HOURS 31 MINUTES
GAIN/LOSS SINCE YESTERDAY (HOUR:MIN:SEC)....-0:09:52

$$
JML SEP 14
