427
CDAK49 PAFG 250941
CLIBRW

CLIMATE REPORT
NATIONAL WEATHER SERVICE FAIRBANKS AK
141 AM AKDT TUE APR 25 2017


...................................

...THE BARROW AK CLIMATE SUMMARY FOR APRIL 24 2017...

CLIMATE NORMAL PERIOD 1981 TO 2010
CLIMATE RECORD PERIOD 1920 TO 2017


WEATHER ITEM   OBSERVED TIME   RECORD YEAR NORMAL DEPARTURE LAST
                VALUE   (LST)  VALUE       VALUE  FROM      YEAR
                                                  NORMAL
..................................................................
TEMPERATURE (F)
 YESTERDAY
  MAXIMUM         17    450 PM  42    1936  14      3       23
  MINIMUM          6    528 AM -25    1922   1      5       19
  AVERAGE         12                         8      4       21

PRECIPITATION (IN)
  YESTERDAY        T             0.17 1958   0.01  -0.01      T
  MONTH TO DATE    T                         0.13  -0.13     0.06
  SINCE MAR 1      0.30                      0.22   0.08     0.20
  SINCE JAN 1      1.17                      0.49   0.68     3.26

SNOWFALL (IN)
  YESTERDAY        T             2.2  1923   0.1   -0.1      0.1
  MONTH TO DATE    0.2                       2.6   -2.4      0.4
  SINCE MAR 1      2.6                       4.7   -2.1      0.6
  SINCE JUL 1     29.5                      33.7   -4.2      9.4
  SNOW DEPTH       6

DEGREE DAYS
 HEATING
  YESTERDAY       53                        57     -4       44
  MONTH TO DATE 1388                      1565   -177     1339
  SINCE MAR 1   3625                      3972   -347     3355
  SINCE JUL 1  14587                     16829  -2242    14751

 COOLING
  YESTERDAY        0                         0      0        0
  MONTH TO DATE    0                         0      0        0
  SINCE MAR 1      0                         0      0        0
  SINCE JAN 1      0                         0      0        0
..................................................................


WIND (MPH)
  HIGHEST GUST SPEED    16   HIGHEST GUST DIRECTION     E (70)


SKY COVER
  AVERAGE SKY COVER 0.9


WEATHER CONDITIONS
 THE FOLLOWING WEATHER WAS RECORDED YESTERDAY.
  LIGHT SNOW
  FOG
  HAZE


RELATIVE HUMIDITY (PERCENT)
 HIGHEST    88
 LOWEST     73
 AVERAGE    81

..........................................................


THE BARROW AK CLIMATE NORMALS FOR TODAY
                         NORMAL    RECORD    YEAR
 MAXIMUM TEMPERATURE (F)   15        36      1931
 MINIMUM TEMPERATURE (F)    2       -29      1924


SUNRISE AND SUNSET
APRIL 25 2017.........SUNRISE   512 AM AKDT  SUNSET  1144 PM AKDT
APRIL 26 2017.........SUNRISE   506 AM AKDT  SUNSET  1150 PM AKDT

-  INDICATES NEGATIVE NUMBERS.
R  INDICATES RECORD WAS SET OR TIED.
MM INDICATES DATA IS MISSING.
T  INDICATES TRACE AMOUNT.

&&

SNOW DEPTH IS MEASURED AT 3AM AKST/4AM AKDT.

----------------------------
AVAILABLE DAYLIGHT

AMOUNT OF DAYLIGHT TODAY  (HOUR:MIN)........18:32
GAIN/LOSS SINCE YESTERDAY (HOUR:MIN:SEC)....+0:12:11

$$
SDB APR 17
