000
CDAK49 PAFG 240047
CLIBRW

CLIMATE REPORT
NATIONAL WEATHER SERVICE FAIRBANKS AK
447 PM AKDT TUE MAY 23 2017


...................................

...THE BARROW AK CLIMATE SUMMARY FOR MAY 23 2017...
VALID TODAY AS OF 0400 PM LOCAL TIME.

CLIMATE NORMAL PERIOD 1981 TO 2010
CLIMATE RECORD PERIOD 1920 TO 2017


WEATHER ITEM   OBSERVED TIME   RECORD YEAR NORMAL DEPARTURE LAST
                VALUE   (LST)  VALUE       VALUE  FROM      YEAR
                                                  NORMAL
..................................................................
TEMPERATURE (F)
 TODAY
  MAXIMUM         29    259 PM  47    1996  29      0       38
  MINIMUM         24    744 AM  -1    1954  21      3       30
  AVERAGE         27                        25      2       34

PRECIPITATION (IN)
  TODAY            0.00          0.25 1994   0.01  -0.01      T
  MONTH TO DATE    0.19                      0.12   0.07     0.04
  SINCE MAR 1      0.49                      0.37   0.12     0.27
  SINCE JAN 1      1.36                      0.64   0.72     3.33

SNOWFALL (IN)
  TODAY            0.0           2.0  1921   0.1   -0.1       T
  MONTH TO DATE    2.7                       2.1    0.6      0.7
  SINCE MAR 1      5.7                       7.4   -1.7      1.5
  SINCE JUL 1     32.6                      36.4   -3.8     10.3
  SNOW DEPTH       4

DEGREE DAYS
 HEATING
  TODAY           38                        40     -2       31
  MONTH TO DATE  974                      1060    -86      866
  SINCE MAR 1   4953                      5363   -410     4457
  SINCE JUL 1  15915                     18220  -2305    15853

 COOLING
  TODAY            0                         0      0        0
  MONTH TO DATE    0                         0      0        0
  SINCE MAR 1      0                         0      0        0
  SINCE JAN 1      0                         0      0        0
..................................................................


WIND (MPH)
  HIGHEST GUST SPEED    15   HIGHEST GUST DIRECTION     E (80)


SKY COVER
  AVERAGE SKY COVER 1.0


WEATHER CONDITIONS
 THE FOLLOWING WEATHER WAS RECORDED TODAY.
  FOG


RELATIVE HUMIDITY (PERCENT)
 HIGHEST   100
 LOWEST     85
 AVERAGE    93

..........................................................


THE BARROW AK CLIMATE NORMALS FOR TOMORROW
                         NORMAL    RECORD    YEAR
 MAXIMUM TEMPERATURE (F)   30        43      2011
                                             2002
 MINIMUM TEMPERATURE (F)   22         3      2001


SUNRISE AND SUNSET
MAY 23 2017...........SUN ABOVE VISIBLE HORIZON.
MAY 24 2017...........SUN ABOVE VISIBLE HORIZON.

-  INDICATES NEGATIVE NUMBERS.
R  INDICATES RECORD WAS SET OR TIED.
MM INDICATES DATA IS MISSING.
T  INDICATES TRACE AMOUNT.

&&

SNOW DEPTH IS MEASURED AT 3AM AKST/4AM AKDT.

----------------------------
AVAILABLE DAYLIGHT

AMOUNT OF DAYLIGHT TODAY  (HOUR:MIN)........24:00
GAIN/LOSS SINCE YESTERDAY (HOUR:MIN:SEC)....+0:00:00

$$
CCC MAY 17
