866
CDAK49 PAFG 160940
CLIBRW

CLIMATE REPORT
NATIONAL WEATHER SERVICE FAIRBANKS AK
1240 AM AKST MON JAN 16 2017


...................................

...THE BARROW AK CLIMATE SUMMARY FOR JANUARY 15 2017...

CLIMATE NORMAL PERIOD 1981 TO 2010
CLIMATE RECORD PERIOD 1920 TO 2017


WEATHER ITEM   OBSERVED TIME   RECORD YEAR NORMAL DEPARTURE LAST
                VALUE   (LST)  VALUE       VALUE  FROM      YEAR
                                                  NORMAL
..................................................................
TEMPERATURE (F)
 YESTERDAY
  MAXIMUM         -8    420 PM  32    1957  -8      0        4
  MINIMUM        -24   1109 PM -53    1951 -20     -4       -8
  AVERAGE        -16                       -14     -2       -2

PRECIPITATION (IN)
  YESTERDAY        T             0.08 2009   0.01  -0.01      T
  MONTH TO DATE    0.46                      0.07   0.39     0.28
  SINCE DEC 1      0.76                      0.21   0.55     0.29
  SINCE JAN 1      0.46                      0.07   0.39     0.28

SNOWFALL (IN)
  YESTERDAY        T             1.8  2009   0.1   -0.1       T
  MONTH TO DATE    4.2                       1.3    2.9      0.9
  SINCE DEC 1      8.4                       4.8    3.6      1.3
  SINCE JUL 1     21.5                      25.1   -3.6      4.8
  SNOW DEPTH       6

DEGREE DAYS
 HEATING
  YESTERDAY       81                        79      2       67
  MONTH TO DATE  824                      1165   -341      918
  SINCE DEC 1   2828                      3422   -594     3252
  SINCE JUL 1   7783                      9374  -1591     8313

 COOLING
  YESTERDAY        0                         0      0        0
  MONTH TO DATE    0                         0      0        0
  SINCE DEC 1      0                         0      0        0
  SINCE JAN 1      0                         0      0        0
..................................................................


WIND (MPH)
  HIGHEST GUST SPEED    27   HIGHEST GUST DIRECTION    NE (40)


SKY COVER
  AVERAGE SKY COVER 0.6


WEATHER CONDITIONS
 THE FOLLOWING WEATHER WAS RECORDED YESTERDAY.
  LIGHT SNOW
  FOG
  HAZE
  BLOWING SNOW


RELATIVE HUMIDITY (PERCENT)
 HIGHEST    81
 LOWEST     69
 AVERAGE    75

..........................................................


THE BARROW AK CLIMATE NORMALS FOR TODAY
                         NORMAL    RECORD    YEAR
 MAXIMUM TEMPERATURE (F)   -8        32      1957
 MINIMUM TEMPERATURE (F)  -20       -52      1980


SUNRISE AND SUNSET
JANUARY 16 2017.......SUN BELOW VISIBLE HORIZON.
JANUARY 17 2017.......SUN BELOW VISIBLE HORIZON.

-  INDICATES NEGATIVE NUMBERS.
R  INDICATES RECORD WAS SET OR TIED.
MM INDICATES DATA IS MISSING.
T  INDICATES TRACE AMOUNT.

&&

SNOW DEPTH IS MEASURED AT 3AM AKST/4AM AKDT.

----------------------------
AVAILABLE DAYLIGHT

AMOUNT OF DAYLIGHT TODAY  (HOUR:MIN)........0:00
GAIN/LOSS SINCE YESTERDAY (HOUR:MIN:SEC)....+0:00:00

$$
JAN 17
