000
CDAK49 PABR 290906
CLIBRW

CLIMATE REPORT
NATIONAL WEATHER SERVICE BARROW, AK
106 AM AKDT FRI AUG 29 2014

...................................
...THE BARROW WSO AP CLIMATE SUMMARY FOR AUGUST 28 2014...

CLIMATE NORMAL PERIOD  1981 TO  2010
CLIMATE RECORD PERIOD  1915 TO  2014

WEATHER ITEM   OBSERVED TIME    RECORD YEAR NORMAL DEPARTURE LAST
               VALUE    (LST)   VALUE       VALUE  FROM      YEAR
                                                   NORMAL
...................................................................
TEMPERATURE
YESTERDAY
 MAXIMUM            46   146 AM    58  1985     42       4     45
 MINIMUM            34  1159 PM    21  1922     33       1     38
 AVERAGE            40                          37       3     42

PRECIPITATION
(INCHES)
 YESTERDAY        0.09           0.18  2011   0.04    0.05   0.01
 MONTH TO DATE    0.12                        0.96   -0.84   1.29
 SINCE JUN 1      2.60                        2.26    0.34   3.74
 SINCE JAN 1      4.22                        2.96    1.26   4.96

SNOWFALL
(INCHES)
 YESTERDAY         0.0            0.4  1967    0.0     0.0    0.0
 MONTH TO DATE       T                         0.7    -0.7    0.5
 SINCE JUN 1       1.8                         1.6     0.2    0.8
 SINCE JUL 1       0.9                         0.9     0.0    0.5
 SNOW DEPTH (IN)     0                                          0

DEGREE DAYS
 HEATING
  YESTERDAY         25                          28      -3     23
  MONTH TO DATE    747                         723      24    690
  SINCE JUN 1     2508                        2350     158   2097
  SINCE JUL 1     1575                        1470     105   1319

 COOLING
  YESTERDAY          0                           0       0      0
  MONTH TO DATE      0                           0       0      0
  SINCE JUN 1        0                           0       0      0
  SINCE JAN 1        0                           0       0      0
...................................................................

WIND (MPH)
 HIGHEST WIND SPEED    23     HIGHEST WIND DIRECTION    320
 HIGHEST GUST SPEED    30     HIGHEST GUST DIRECTION    320
 AVERAGE WIND SPEED  12.8

SKY COVER
  POSSIBLE SUNSHINE    MM          AVERAGE SKY COVER     MM

WEATHER CONDITIONS
 THE FOLLOWING WEATHER WAS RECORDED YESTERDAY.
 FOG
 RAIN


RELATIVE HUMIDITY
 HIGHEST RH    100 PERCENT        403 AM
 LOWEST  RH     78 PERCENT       1053 PM
 AVERAGE RH     91 PERCENT
...................................................................

THE BARROW CLIMATE NORMALS FOR TODAY
                           NORMAL    RECORD   YEAR
 MAXIMUM TEMPERATURE (F)     41        62     1992
 MINIMUM TEMPERATURE (F)     33        21     1956

SUNRISE AND SUNSET
 AUG 29 2014..........SUNRISE  6:21 AM      SUNSET 10:32 PM
 AUG 30 2014..........SUNRISE  6:26 AM      SUNSET 10:27 PM

-  INDICATES NEGATIVE NUMBERS.
R  INDICATES RECORD HAS BEEN SET OR TIED.
MM INDICATES DATA IS MISSING.
T  INDICATES TRACE OF PRECIPITATION.

&&
-------------------------------------------------------------------

AMOUNT OF DAYLIGHT TODAY  (HOUR:MIN)........16 HOURS 11 MINUTES
GAIN/LOSS SINCE YESTERDAY (HOUR:MIN:SEC)....-0:10:12

$$
JML AUG 14
