510
CDAK49 PAFG 200939
CLIBRW

CLIMATE REPORT
NATIONAL WEATHER SERVICE FAIRBANKS AK
139 AM AKDT SUN AUG 20 2017


...................................

...THE BARROW AK CLIMATE SUMMARY FOR AUGUST 19 2017...

CLIMATE NORMAL PERIOD 1981 TO 2010
CLIMATE RECORD PERIOD 1920 TO 2017


WEATHER ITEM   OBSERVED TIME   RECORD YEAR NORMAL DEPARTURE LAST
                VALUE   (LST)  VALUE       VALUE  FROM      YEAR
                                                  NORMAL
..................................................................
TEMPERATURE (F)
 YESTERDAY
  MAXIMUM         43    535 PM  66    2012  44     -1       37
  MINIMUM         38    634 AM  24    1933  34      4       30
  AVERAGE         41                        39      2       34

PRECIPITATION (IN)
  YESTERDAY        0.00          0.37 1961   0.03  -0.03     0.16
  MONTH TO DATE    1.30                      0.65   0.65     0.80
  SINCE JUN 1      3.16                      1.95   1.21     2.28
  SINCE JAN 1      5.27                      2.65   2.62     5.63

SNOWFALL (IN)
  YESTERDAY        0.0           1.6  2016   0.1   -0.1      1.6
  MONTH TO DATE    T                         0.4   -0.4      1.6
  SINCE JUN 1      0.5                       1.3   -0.8      3.5
  SINCE JUL 1      T                         0.6   -0.6      1.6
  SNOW DEPTH       0

DEGREE DAYS
 HEATING
  YESTERDAY       24                        26     -2       31
  MONTH TO DATE  435                       481    -46      483
  SINCE JUN 1   1918                      2111   -193     1945
  SINCE JUL 1   1017                      1230   -213     1136

 COOLING
  YESTERDAY        0                         0      0        0
  MONTH TO DATE    0                         0      0        0
  SINCE JUN 1      0                         0      0        0
  SINCE JAN 1      0                         0      0        0
..................................................................


WIND (MPH)
  HIGHEST GUST SPEED    17   HIGHEST GUST DIRECTION    NE (50)


SKY COVER
  AVERAGE SKY COVER 1.0


WEATHER CONDITIONS
 THE FOLLOWING WEATHER WAS RECORDED YESTERDAY.
  NO SIGNIFICANT WEATHER WAS OBSERVED.


RELATIVE HUMIDITY (PERCENT)
 HIGHEST    92
 LOWEST     79
 AVERAGE    86

..........................................................


THE BARROW AK CLIMATE NORMALS FOR TODAY
                         NORMAL    RECORD    YEAR
 MAXIMUM TEMPERATURE (F)   43        65      1965
 MINIMUM TEMPERATURE (F)   34        25      1981


SUNRISE AND SUNSET
AUGUST 20 2017........SUNRISE   537 AM AKDT  SUNSET  1120 PM AKDT
AUGUST 21 2017........SUNRISE   543 AM AKDT  SUNSET  1115 PM AKDT

-  INDICATES NEGATIVE NUMBERS.
R  INDICATES RECORD WAS SET OR TIED.
MM INDICATES DATA IS MISSING.
T  INDICATES TRACE AMOUNT.

&&

SNOW DEPTH IS MEASURED AT 3AM AKST/4AM AKDT.

----------------------------
AVAILABLE DAYLIGHT

AMOUNT OF DAYLIGHT TODAY  (HOUR:MIN)........17:43
GAIN/LOSS SINCE YESTERDAY (HOUR:MIN:SEC)....-0:11:20

$$
SDB AUG 17
