000
CDAK49 PABR 290904
CLIBRW

CLIMATE REPORT
NATIONAL WEATHER SERVICE BARROW, AK
104 AM AKDT TUE JUL 29 2014

...................................
...THE BARROW WSO AP CLIMATE SUMMARY FOR JULY 28 2014...

CLIMATE NORMAL PERIOD  1981 TO  2010
CLIMATE RECORD PERIOD  1915 TO  2014

WEATHER ITEM   OBSERVED TIME    RECORD YEAR NORMAL DEPARTURE LAST
               VALUE    (LST)   VALUE       VALUE  FROM      YEAR
                                                   NORMAL
...................................................................
TEMPERATURE
YESTERDAY
 MAXIMUM            36  0936 PM    70  2009     47     -11     59
 MINIMUM            30  0637 AM    23  1936     35      -5     42
 AVERAGE            33                          41      -8     51

PRECIPITATION
(INCHES)
 YESTERDAY        0.00           0.42  1963   0.03   -0.03   0.15
 MONTH TO DATE    0.96                        0.87    0.09   1.57
 SINCE JUN 1      2.43                        1.19    1.24   2.34
 SINCE JAN 1      4.05                        1.89    2.16   3.56

SNOWFALL
(INCHES)
 YESTERDAY         0.0              T  2003    0.0     0.0    0.0
 MONTH TO DATE     0.4                         0.2     0.2    0.0
 SINCE JUN 1       1.3                         0.9     0.4    0.3
 SINCE JUL 1       0.4                         0.2     0.2    0.0
 SNOW DEPTH (IN)     0                                          0

DEGREE DAYS
 HEATING
  YESTERDAY         32                          24       8     14
  MONTH TO DATE    755                         675      80    560
  SINCE JUN 1     1688                        1555     133   1338
  SINCE JUL 1      755                         675      80    560

 COOLING
  YESTERDAY          0                           0       0      0
  MONTH TO DATE      0                           0       0      0
  SINCE JUN 1        0                           0       0      0
  SINCE JAN 1        0                           0       0      0
...................................................................

WIND (MPH)
 HIGHEST WIND SPEED    15     HIGHEST WIND DIRECTION     70
 HIGHEST GUST SPEED    18     HIGHEST GUST DIRECTION     70
 AVERAGE WIND SPEED   7.6

WEATHER CONDITIONS
 THE FOLLOWING WEATHER WAS RECORDED YESTERDAY.
  FOG


RELATIVE HUMIDITY
 HIGHEST RH     100 PERCENT       02:51 AM
 LOWEST  RH     72 PERCENT       22:57 PM
 AVERAGE RH     88 PERCENT       MM
...................................................................

THE BARROW CLIMATE NORMALS FOR TODAY
                           NORMAL    RECORD   YEAR
 MAXIMUM TEMPERATURE (F)     47        71     1968
 MINIMUM TEMPERATURE (F)     35        27     1936

SUNRISE AND SUNSET
 JUL 29 2014..........SUNRISE  **.**      SUNSET **.**
 JUL 30 2014..........SUNRISE  **.**      SUNSET **.**

-  INDICATES NEGATIVE NUMBERS.
R  INDICATES RECORD HAS BEEN SET OR TIED.
MM INDICATES DATA IS MISSING.
T  INDICATES TRACE OF PRECIPITATION.

&&
-------------------------------------------------------------------

AMOUNT OF DAYLIGHT TODAY  (HOUR:MIN)........24 HOURS 00 MINUTES
GAIN/LOSS SINCE YESTERDAY (HOUR:MIN:SEC)....+0:00:00

$$
DZB JUL 14
