000
CDAK49 PAFG 230945
CLIBRW

CLIMATE REPORT
NATIONAL WEATHER SERVICE FAIRBANKS AK
1245 AM AKST THU FEB 23 2017


...................................

...THE BARROW AK CLIMATE SUMMARY FOR FEBRUARY 22 2017...

CLIMATE NORMAL PERIOD 1981 TO 2010
CLIMATE RECORD PERIOD 1920 TO 2017


WEATHER ITEM   OBSERVED TIME   RECORD YEAR NORMAL DEPARTURE LAST
                VALUE   (LST)  VALUE       VALUE  FROM      YEAR
                                                  NORMAL
..................................................................
TEMPERATURE (F)
 YESTERDAY
  MAXIMUM        -11   1152 AM  23    1972  -8     -3        0
                                      1928
  MINIMUM        -29    252 AM -47    1964 -20     -9       -6
  AVERAGE        -20                       -14     -6       -3

PRECIPITATION (IN)
  YESTERDAY        0.00          0.10 1971   0.00   0.00     0.07
                                      1932
  MONTH TO DATE    0.14                      0.11   0.03     2.07
  SINCE DEC 1      0.91                      0.38   0.53     3.05
  SINCE JAN 1      0.61                      0.24   0.37     3.04

SNOWFALL (IN)
  YESTERDAY        0.0           1.3  1932   0.1   -0.1      0.7
  MONTH TO DATE    2.2                       2.1    0.1      2.8
  SINCE DEC 1     11.1                       8.2    2.9      5.1
  SINCE JUL 1     24.2                      28.5   -4.3      8.6
  SNOW DEPTH       8

DEGREE DAYS
 HEATING
  YESTERDAY       85                        79      6       68
  MONTH TO DATE 1536                      1738   -202     1560
  SINCE DEC 1   5556                      6425   -869     5909
  SINCE JUL 1  10511                     12377  -1866    10970

 COOLING
  YESTERDAY        0                         0      0        0
  MONTH TO DATE    0                         0      0        0
  SINCE DEC 1      0                         0      0        0
  SINCE JAN 1      0                         0      0        0
..................................................................


WIND (MPH)
  HIGHEST GUST SPEED    12   HIGHEST GUST DIRECTION    SW (230)


SKY COVER
  AVERAGE SKY COVER 0.5


WEATHER CONDITIONS
 THE FOLLOWING WEATHER WAS RECORDED YESTERDAY.
  HAZE


RELATIVE HUMIDITY (PERCENT)
 HIGHEST    81
 LOWEST     69
 AVERAGE    75

..........................................................


THE BARROW AK CLIMATE NORMALS FOR TODAY
                         NORMAL    RECORD    YEAR
 MAXIMUM TEMPERATURE (F)   -8        26      2009
 MINIMUM TEMPERATURE (F)  -21       -49      1924


SUNRISE AND SUNSET
FEBRUARY 23 2017......SUNRISE   928 AM AKST  SUNSET   555 PM AKST
FEBRUARY 24 2017......SUNRISE   923 AM AKST  SUNSET   600 PM AKST

-  INDICATES NEGATIVE NUMBERS.
R  INDICATES RECORD WAS SET OR TIED.
MM INDICATES DATA IS MISSING.
T  INDICATES TRACE AMOUNT.

&&

SNOW DEPTH IS MEASURED AT 3AM AKST/4AM AKDT.

----------------------------
AVAILABLE DAYLIGHT

AMOUNT OF DAYLIGHT TODAY  (HOUR:MIN)........8:27
GAIN/LOSS SINCE YESTERDAY (HOUR:MIN:SEC)....+0:10:01

$$
CCC FEB 17
