687
CDAK49 PAFG 240050
CLIBRW

CLIMATE REPORT
NATIONAL WEATHER SERVICE FAIRBANKS AK
450 PM AKDT FRI JUN 23 2017


...................................

...THE BARROW AK CLIMATE SUMMARY FOR JUNE 23 2017...
VALID TODAY AS OF 0400 PM LOCAL TIME.

CLIMATE NORMAL PERIOD 1981 TO 2010
CLIMATE RECORD PERIOD 1920 TO 2017


WEATHER ITEM   OBSERVED TIME   RECORD YEAR NORMAL DEPARTURE LAST
                VALUE   (LST)  VALUE       VALUE  FROM      YEAR
                                                  NORMAL
..................................................................
TEMPERATURE (F)
 TODAY
  MAXIMUM         52    830 AM  62    1938  44      8       52
  MINIMUM         40    359 AM  25    1994  33      7       37
  AVERAGE         46                        39      7       45

PRECIPITATION (IN)
  TODAY            T             0.49 2014   0.01  -0.01     0.00
  MONTH TO DATE    0.23                      0.21   0.02     0.60
  SINCE JUN 1      0.23                      0.21   0.02     0.60
  SINCE JAN 1      2.34                      0.91   1.43     3.95

SNOWFALL (IN)
  TODAY            0.0           0.3  1956   0.1   -0.1      0.0
  MONTH TO DATE    0.5                       0.7   -0.2      1.9
  SINCE JUN 1      0.5                       0.7   -0.2      1.9
  SINCE JUL 1     40.7                      37.7    3.0     12.2
  SNOW DEPTH       0

DEGREE DAYS
 HEATING
  TODAY           19                        27     -8       20
  MONTH TO DATE  750                       701     49      651
  SINCE JUN 1    750                       701     49      651
  SINCE JUL 1  16936                     19220  -2284    16753

 COOLING
  TODAY            0                         0      0        0
  MONTH TO DATE    0                         0      0        0
  SINCE JUN 1      0                         0      0        0
  SINCE JAN 1      0                         0      0        0
..................................................................


WIND (MPH)
  HIGHEST GUST SPEED    29   HIGHEST GUST DIRECTION    SW (210)


SKY COVER
  AVERAGE SKY COVER 0.9


WEATHER CONDITIONS
 THE FOLLOWING WEATHER WAS RECORDED TODAY.
  NO SIGNIFICANT WEATHER WAS OBSERVED.


RELATIVE HUMIDITY (PERCENT)
 HIGHEST    96
 LOWEST     66
 AVERAGE    81

..........................................................


THE BARROW AK CLIMATE NORMALS FOR TOMORROW
                         NORMAL    RECORD    YEAR
 MAXIMUM TEMPERATURE (F)   44        64      2006
 MINIMUM TEMPERATURE (F)   33        24      1978


SUNRISE AND SUNSET
JUNE 23 2017..........SUN ABOVE VISIBLE HORIZON.
JUNE 24 2017..........SUN ABOVE VISIBLE HORIZON.

-  INDICATES NEGATIVE NUMBERS.
R  INDICATES RECORD WAS SET OR TIED.
MM INDICATES DATA IS MISSING.
T  INDICATES TRACE AMOUNT.

&&

SNOW DEPTH IS MEASURED AT 3AM AKST/4AM AKDT.

----------------------------
AVAILABLE DAYLIGHT

AMOUNT OF DAYLIGHT TODAY  (HOUR:MIN)........24:00
GAIN/LOSS SINCE YESTERDAY (HOUR:MIN:SEC)....+0:00:00

$$
JUN 17
