000
CDUS43 KGRR 010518
CLIBTL


CLIMATE REPORT
NATIONAL WEATHER SERVICE GRAND RAPIDS, MI
118 AM EDT WED OCT 1 2014


...................................

...THE BATTLE CREEK MI CLIMATE SUMMARY FOR SEPTEMBER 30 2014...

CLIMATE NORMAL PERIOD 1981 TO 2010
CLIMATE RECORD PERIOD 1998 TO 2014


WEATHER ITEM   OBSERVED TIME   NORMAL DEPARTURE LAST
                VALUE   (LST)  VALUE  FROM      YEAR
                                      NORMAL
......................................................
TEMPERATURE (F)
 YESTERDAY
  MAXIMUM         58   1245 PM  67     -9       70
  MINIMUM         48    647 AM  44      4       46
  AVERAGE         53            56     -3       58

PRECIPITATION (IN)
  YESTERDAY        0.02          0.11  -0.09     0.00
  MONTH TO DATE    2.37          3.65  -1.28     1.68
  SINCE SEP 1      2.37          3.65  -1.28     1.68
  SINCE JAN 1     22.31         25.19  -2.88    27.85

DEGREE DAYS
 HEATING
  YESTERDAY       12            10      2        7
  MONTH TO DATE  140           156    -16      136
  SINCE SEP 1    140           156    -16      136
  SINCE JUL 1    169           197    -28      174

 COOLING
  YESTERDAY        0             1     -1        0
  MONTH TO DATE   56            55      1       70
  SINCE SEP 1     56            55      1       70
  SINCE JAN 1    593           573     20      675
......................................................


WIND (MPH)
  RESULTANT WIND SPEED   6   RESULTANT WIND DIRECTION   N (0)
  HIGHEST WIND SPEED    14   HIGHEST WIND DIRECTION     N (350)
  HIGHEST GUST SPEED    17   HIGHEST GUST DIRECTION     N (340)
  AVERAGE WIND SPEED     7.1


SKY COVER
  AVERAGE SKY COVER 1.0


WEATHER CONDITIONS
 THE FOLLOWING WEATHER WAS RECORDED YESTERDAY.
  LIGHT RAIN
  FOG


RELATIVE HUMIDITY (PERCENT)
 HIGHEST    93          1200 AM
 LOWEST     67           400 PM
 AVERAGE    80

..........................................................


THE BATTLE CREEK MI CLIMATE NORMALS FOR TODAY
                         NORMAL
 MAXIMUM TEMPERATURE (F)   67
 MINIMUM TEMPERATURE (F)   44


SUNRISE AND SUNSET
OCTOBER  1 2014.......SUNRISE   738 AM EDT   SUNSET   722 PM EDT
OCTOBER  2 2014.......SUNRISE   739 AM EDT   SUNSET   721 PM EDT


-  INDICATES NEGATIVE NUMBERS.
R  INDICATES RECORD WAS SET OR TIED.
MM INDICATES DATA IS MISSING.
T  INDICATES TRACE AMOUNT.




$$
