000
CDUS43 KGRR 301333
CLIBTL


CLIMATE REPORT
NATIONAL WEATHER SERVICE GRAND RAPIDS, MI
931 AM EDT WED JUL 30 2014


...................................

...THE BATTLE CREEK MI CLIMATE SUMMARY FOR JULY 30 2014...
VALID AS OF 0900 AM LOCAL TIME.

CLIMATE NORMAL PERIOD 1981 TO 2010
CLIMATE RECORD PERIOD 9999 TO 9999


WEATHER ITEM   OBSERVED TIME   RECORD YEAR NORMAL DEPARTURE LAST
                VALUE   (LST)  VALUE       VALUE  FROM      YEAR
                                                  NORMAL
..................................................................
TEMPERATURE (F)
 TODAY
  MAXIMUM         62    759 AM  MM      MM  82    -20       77
  MINIMUM         56    548 AM  MM      MM  59     -3       51
  AVERAGE         59                        70    -11       64

PRECIPITATION (IN)
  TODAY            0.00         MM      MM   0.11  -0.11     0.00
  MONTH TO DATE    4.21                      3.25   0.96     4.66
  SINCE JUN 1      9.78                      6.48   3.30     8.40
  SINCE JAN 1     17.74                     17.96  -0.22    21.18

DEGREE DAYS
 HEATING
  TODAY            6                         0      6        1
  MONTH TO DATE   24                         6     18       17
  SINCE JUN 1     42                        63    -21       59

 COOLING
  TODAY            0                         6     -6        0
  MONTH TO DATE  101                       192    -91      226
  SINCE JUN 1    277                       318    -41      372
..................................................................


WIND (MPH)
  HIGHEST WIND SPEED     7   HIGHEST WIND DIRECTION     W (280)
  HIGHEST GUST SPEED    10   HIGHEST GUST DIRECTION     W (280)



WEATHER CONDITIONS
 THE FOLLOWING WEATHER WAS RECORDED TODAY.
  NO SIGNIFICANT WEATHER WAS OBSERVED.


..........................................................




SUNRISE AND SUNSET
JULY 30 2014..........SUNRISE   632 AM EDT   SUNSET   902 PM EDT
JULY 31 2014..........SUNRISE   633 AM EDT   SUNSET   901 PM EDT


-  INDICATES NEGATIVE NUMBERS.
R  INDICATES RECORD WAS SET OR TIED.
MM INDICATES DATA IS MISSING.
T  INDICATES TRACE AMOUNT.




$$

63
