000
CDUS43 KGRR 192126
CLIBTL


CLIMATE REPORT
NATIONAL WEATHER SERVICE GRAND RAPIDS, MI
526 PM EDT SAT AUG 19 2017


...................................

...THE BATTLE CREEK MI CLIMATE SUMMARY FOR AUGUST 19 2017...
VALID TODAY AS OF 0500 PM LOCAL TIME.

CLIMATE NORMAL PERIOD 1981 TO 2010
CLIMATE RECORD PERIOD 1998 TO 2017


WEATHER ITEM   OBSERVED TIME   NORMAL DEPARTURE LAST
                VALUE   (LST)  VALUE  FROM      YEAR
                                      NORMAL
......................................................
TEMPERATURE (F)
 TODAY
  MAXIMUM         81    355 PM  81      0       78
  MINIMUM         61    637 AM  58      3       66
  AVERAGE         71            69      2       72

PRECIPITATION (IN)
  TODAY            0.00          0.11  -0.11     0.01
  MONTH TO DATE    1.44          2.15  -0.71     7.14
  SINCE JUN 1      5.50          8.74  -3.24    12.68
  SINCE JAN 1     20.98         20.22   0.76    22.52

DEGREE DAYS
 HEATING
  TODAY            0             1     -1        0
  MONTH TO DATE    4            19    -15        0
  SINCE JUN 1     27            91    -64       39
  SINCE JUL 1      4            34    -30        5

 COOLING
  TODAY            6             5      1        7
  MONTH TO DATE  110           107      3      147
  SINCE JUN 1    519           430     89      502
  SINCE JAN 1    556           468     88      557
......................................................


WIND (MPH)
  RESULTANT WIND SPEED   4   RESULTANT WIND DIRECTION  NW (320)
  HIGHEST WIND SPEED    14   HIGHEST WIND DIRECTION    NW (310)
  HIGHEST GUST SPEED    17   HIGHEST GUST DIRECTION    NW (300)
  AVERAGE WIND SPEED     4.8


SKY COVER
  AVERAGE SKY COVER 0.4


WEATHER CONDITIONS
 THE FOLLOWING WEATHER WAS RECORDED TODAY.
  NO SIGNIFICANT WEATHER WAS OBSERVED.


RELATIVE HUMIDITY (PERCENT)
 HIGHEST   100           600 AM
 LOWEST     42           300 PM
 AVERAGE    71

..........................................................


THE BATTLE CREEK MI CLIMATE NORMALS FOR TOMORROW
                         NORMAL
 MAXIMUM TEMPERATURE (F)   81
 MINIMUM TEMPERATURE (F)   58


SUNRISE AND SUNSET
AUGUST 19 2017........SUNRISE   653 AM EDT   SUNSET   835 PM EDT
AUGUST 20 2017........SUNRISE   654 AM EDT   SUNSET   834 PM EDT


-  INDICATES NEGATIVE NUMBERS.
R  INDICATES RECORD WAS SET OR TIED.
MM INDICATES DATA IS MISSING.
T  INDICATES TRACE AMOUNT.




$$
