000
CDUS43 KGRR 230520
CLIBTL


CLIMATE REPORT
NATIONAL WEATHER SERVICE GRAND RAPIDS, MI
119 AM EDT TUE SEP 23 2014


...................................

...THE BATTLE CREEK MI CLIMATE SUMMARY FOR SEPTEMBER 22 2014...

CLIMATE NORMAL PERIOD 1981 TO 2010
CLIMATE RECORD PERIOD 1998 TO 2014


WEATHER ITEM   OBSERVED TIME   NORMAL DEPARTURE LAST
                VALUE   (LST)  VALUE  FROM      YEAR
                                      NORMAL
......................................................
TEMPERATURE (F)
 YESTERDAY
  MAXIMUM         63    402 PM  71     -8       55
  MINIMUM         41    654 AM  47     -6       43
  AVERAGE         52            59     -7       49

PRECIPITATION (IN)
  YESTERDAY        0.00          0.13  -0.13     0.00
  MONTH TO DATE    2.30          2.68  -0.38     1.55
  SINCE SEP 1      2.30          2.68  -0.38     1.55
  SINCE JAN 1     22.24         24.22  -1.98    27.72

DEGREE DAYS
 HEATING
  YESTERDAY       13             7      6       16
  MONTH TO DATE  113            87     26       82
  SINCE SEP 1    113            87     26       82
  SINCE JUL 1    142           128     14      120

 COOLING
  YESTERDAY        0             1     -1        0
  MONTH TO DATE   56            48      8       69
  SINCE SEP 1     56            48      8       69
  SINCE JAN 1    593           566     27      674
......................................................


WIND (MPH)
  RESULTANT WIND SPEED   7   RESULTANT WIND DIRECTION  NW (320)
  HIGHEST WIND SPEED    17   HIGHEST WIND DIRECTION     N (10)
  HIGHEST GUST SPEED    23   HIGHEST GUST DIRECTION     N (360)
  AVERAGE WIND SPEED     7.8


SKY COVER
  AVERAGE SKY COVER 0.2


WEATHER CONDITIONS
 THE FOLLOWING WEATHER WAS RECORDED YESTERDAY.
  NO SIGNIFICANT WEATHER WAS OBSERVED.


RELATIVE HUMIDITY (PERCENT)
 HIGHEST    86           700 AM
 LOWEST     48           200 PM
 AVERAGE    67

..........................................................


THE BATTLE CREEK MI CLIMATE NORMALS FOR TODAY
                         NORMAL
 MAXIMUM TEMPERATURE (F)   70
 MINIMUM TEMPERATURE (F)   47


SUNRISE AND SUNSET
SEPTEMBER 23 2014.....SUNRISE   729 AM EDT   SUNSET   736 PM EDT
SEPTEMBER 24 2014.....SUNRISE   730 AM EDT   SUNSET   735 PM EDT


-  INDICATES NEGATIVE NUMBERS.
R  INDICATES RECORD WAS SET OR TIED.
MM INDICATES DATA IS MISSING.
T  INDICATES TRACE AMOUNT.




$$
