000
CDUS43 KGRR 310516
CLIBTL


CLIMATE REPORT
NATIONAL WEATHER SERVICE GRAND RAPIDS, MI
115 AM EDT FRI OCT 31 2014


...................................

...THE BATTLE CREEK MI CLIMATE SUMMARY FOR OCTOBER 30 2014...

CLIMATE NORMAL PERIOD 1981 TO 2010
CLIMATE RECORD PERIOD 1998 TO 2014


WEATHER ITEM   OBSERVED TIME   NORMAL DEPARTURE LAST
                VALUE   (LST)  VALUE  FROM      YEAR
                                      NORMAL
......................................................
TEMPERATURE (F)
 YESTERDAY
  MAXIMUM         50    114 PM  56     -6       64
  MINIMUM         42    352 AM  36      6       40
  AVERAGE         46            46      0       52

PRECIPITATION (IN)
  YESTERDAY        0.00          0.10  -0.10     0.49
  MONTH TO DATE    3.53          3.04   0.49     2.33
  SINCE SEP 1      5.90          6.69  -0.79     4.01
  SINCE JAN 1     25.84         28.23  -2.39    30.18

DEGREE DAYS
 HEATING
  YESTERDAY       19            19      0       13
  MONTH TO DATE  417           445    -28      389
  SINCE SEP 1    557           601    -44      525
  SINCE JUL 1    586           642    -56      563

 COOLING
  YESTERDAY        0             0      0        0
  MONTH TO DATE    0             2     -2       14
  SINCE SEP 1     56            57     -1       84
  SINCE JAN 1    593           575     18      689
......................................................


WIND (MPH)
  RESULTANT WIND SPEED   5   RESULTANT WIND DIRECTION  SW (220)
  HIGHEST WIND SPEED    13   HIGHEST WIND DIRECTION    SW (220)
  HIGHEST GUST SPEED    15   HIGHEST GUST DIRECTION    SW (220)
  AVERAGE WIND SPEED     5.5


SKY COVER
  AVERAGE SKY COVER 1.0


WEATHER CONDITIONS
 THE FOLLOWING WEATHER WAS RECORDED YESTERDAY.
  NO SIGNIFICANT WEATHER WAS OBSERVED.


RELATIVE HUMIDITY (PERCENT)
 HIGHEST    82           300 AM
 LOWEST     56           400 PM
 AVERAGE    69

..........................................................


THE BATTLE CREEK MI CLIMATE NORMALS FOR TODAY
                         NORMAL
 MAXIMUM TEMPERATURE (F)   55
 MINIMUM TEMPERATURE (F)   36


SUNRISE AND SUNSET
OCTOBER 31 2014.......SUNRISE   813 AM EDT   SUNSET   636 PM EDT
NOVEMBER  1 2014......SUNRISE   814 AM EDT   SUNSET   634 PM EDT


-  INDICATES NEGATIVE NUMBERS.
R  INDICATES RECORD WAS SET OR TIED.
MM INDICATES DATA IS MISSING.
T  INDICATES TRACE AMOUNT.




$$
