000
CDUS43 KGRR 241335
CLIBTL


CLIMATE REPORT
NATIONAL WEATHER SERVICE GRAND RAPIDS, MI
932 AM EDT SAT SEP 24 2016


...................................

...THE BATTLE CREEK MI CLIMATE SUMMARY FOR SEPTEMBER 24 2016...
VALID AS OF 0900 AM LOCAL TIME.

CLIMATE NORMAL PERIOD 1981 TO 2010
CLIMATE RECORD PERIOD 1998 TO 2016


WEATHER ITEM   OBSERVED TIME   NORMAL DEPARTURE LAST
                VALUE   (LST)  VALUE  FROM      YEAR
                                      NORMAL
......................................................
TEMPERATURE (F)
 TODAY
  MAXIMUM         59   1225 AM  70    -11       78
  MINIMUM         55    425 AM  47      8       51
  AVERAGE         57            58     -1       65

PRECIPITATION (IN)
  TODAY            0.00          0.12  -0.12     0.00
  MONTH TO DATE    1.86          2.93  -1.07     2.61
  SINCE SEP 1      1.86          2.93  -1.07     2.61
  SINCE JAN 1     25.32         24.47   0.85    25.83

DEGREE DAYS
 HEATING
  TODAY            8             8      0        0
  MONTH TO DATE   24           102    -78       43
  SINCE SEP 1     24           102    -78       43
  SINCE JUL 1     32           143   -111       65

 COOLING
  TODAY            0             1     -1        0
  MONTH TO DATE   91            50     41      126
  SINCE SEP 1     91            50     41      126
  SINCE JAN 1    707           568    139      704
......................................................


WIND (MPH)
  RESULTANT WIND SPEED   7   RESULTANT WIND DIRECTION  NE (50)
  HIGHEST WIND SPEED    12   HIGHEST WIND DIRECTION    NE (50)
  HIGHEST GUST SPEED    16   HIGHEST GUST DIRECTION    NE (60)
  AVERAGE WIND SPEED     7.2


SKY COVER
  AVERAGE SKY COVER 0.6


WEATHER CONDITIONS
 THE FOLLOWING WEATHER WAS RECORDED TODAY.
  NO SIGNIFICANT WEATHER WAS OBSERVED.


RELATIVE HUMIDITY (PERCENT)
 HIGHEST    93           300 AM
 LOWEST     80           600 AM
 AVERAGE    87

..........................................................


THE BATTLE CREEK MI CLIMATE NORMALS FOR TOMORROW
                         NORMAL
 MAXIMUM TEMPERATURE (F)   70
 MINIMUM TEMPERATURE (F)   46


SUNRISE AND SUNSET
SEPTEMBER 24 2016.....SUNRISE   731 AM EDT   SUNSET   734 PM EDT
SEPTEMBER 25 2016.....SUNRISE   732 AM EDT   SUNSET   732 PM EDT


-  INDICATES NEGATIVE NUMBERS.
R  INDICATES RECORD WAS SET OR TIED.
MM INDICATES DATA IS MISSING.
T  INDICATES TRACE AMOUNT.




$$

63
