000
CDUS43 KGRR 260522
CLIBTL


CLIMATE REPORT
NATIONAL WEATHER SERVICE GRAND RAPIDS, MI
122 AM EDT FRI AUG 26 2016


...................................

...THE BATTLE CREEK MI CLIMATE SUMMARY FOR AUGUST 25 2016...

CLIMATE NORMAL PERIOD 1981 TO 2010
CLIMATE RECORD PERIOD 1998 TO 2016


WEATHER ITEM   OBSERVED TIME   NORMAL DEPARTURE LAST
                VALUE   (LST)  VALUE  FROM      YEAR
                                      NORMAL
......................................................
TEMPERATURE (F)
 YESTERDAY
  MAXIMUM         80    410 PM  80      0       63
  MINIMUM         62   1159 PM  57      5       56
  AVERAGE         71            68      3       60

PRECIPITATION (IN)
  YESTERDAY        0.02          0.11  -0.09     0.00
  MONTH TO DATE    7.55          2.79   4.76     1.90
  SINCE JUN 1     13.09          9.38   3.71    14.68
  SINCE JAN 1     22.93         20.86   2.07    22.93

DEGREE DAYS
 HEATING
  YESTERDAY        0             1     -1        5
  MONTH TO DATE    3            25    -22        6
  SINCE JUN 1     42            97    -55       36
  SINCE JUL 1      8            40    -32       13

 COOLING
  YESTERDAY        6             4      2        0
  MONTH TO DATE  165           136     29      146
  SINCE JUN 1    520           459     61      490
  SINCE JAN 1    575           497     78      563
......................................................


WIND (MPH)
  RESULTANT WIND SPEED   8   RESULTANT WIND DIRECTION   W (250)
  HIGHEST WIND SPEED    20   HIGHEST WIND DIRECTION     W (250)
  HIGHEST GUST SPEED    25   HIGHEST GUST DIRECTION     W (250)
  AVERAGE WIND SPEED     8.6


SKY COVER
  AVERAGE SKY COVER 0.4


WEATHER CONDITIONS
 THE FOLLOWING WEATHER WAS RECORDED YESTERDAY.
  FOG


RELATIVE HUMIDITY (PERCENT)
 HIGHEST   100          1200 AM
 LOWEST     74           300 PM
 AVERAGE    87

..........................................................


THE BATTLE CREEK MI CLIMATE NORMALS FOR TODAY
                         NORMAL
 MAXIMUM TEMPERATURE (F)   80
 MINIMUM TEMPERATURE (F)   57


SUNRISE AND SUNSET
AUGUST 26 2016........SUNRISE   700 AM EDT   SUNSET   824 PM EDT
AUGUST 27 2016........SUNRISE   701 AM EDT   SUNSET   822 PM EDT


-  INDICATES NEGATIVE NUMBERS.
R  INDICATES RECORD WAS SET OR TIED.
MM INDICATES DATA IS MISSING.
T  INDICATES TRACE AMOUNT.




$$
