000
CDUS45 KMSO 270738
CLIBTM


CLIMATE REPORT
NATIONAL WEATHER SERVICE MISSOULA, MT
137 AM MDT WED AUG 27 2014


...................................

...THE BUTTE MT CLIMATE SUMMARY FOR AUGUST 26 2014...

CLIMATE NORMAL PERIOD 1981 TO 2010
CLIMATE RECORD PERIOD 1895 TO 2014


WEATHER ITEM   OBSERVED TIME   RECORD YEAR NORMAL DEPARTURE LAST
                VALUE   (LST)  VALUE       VALUE  FROM      YEAR
                                                  NORMAL
..................................................................
TEMPERATURE (F)
 YESTERDAY
  MAXIMUM         73    337 PM  91    1981  77     -4       81
  MINIMUM         41    648 AM  26    1992  42     -1       44
  AVERAGE         57                        59     -2       63

PRECIPITATION (IN)
  YESTERDAY        0.00          0.63 1993   0.04  -0.04     0.34
  MONTH TO DATE    2.93                      1.14   1.79     1.16
  SINCE OCT 1     12.37                     11.55   0.82     8.46
  SINCE JAN 1     11.33                      9.66   1.67     6.83

SNOWFALL (IN)
  YESTERDAY       MM
  MONTH TO DATE   MM
  SINCE JAN 1     MM
  SINCE JUL 1     MM
  SNOW DEPTH      MM

DEGREE DAYS
 HEATING
  YESTERDAY        8                         6      2        2
  MONTH TO DATE   97                        93      4       41
  SINCE JUN 1    485                       480      5      302
  SINCE JUL 1    132                       193    -61       59

 COOLING
  YESTERDAY        0                         0      0        0
  MONTH TO DATE   16                        24     -8       15
  SINCE JUN 1     77                        75      2       96
  SINCE JAN 1     77                        75      2       96
..................................................................


WIND (MPH)
  HIGHEST WIND SPEED    10   HIGHEST WIND DIRECTION    NE (30)
  HIGHEST GUST SPEED    14   HIGHEST GUST DIRECTION    NE (40)
  AVERAGE WIND SPEED     3.5


SKY COVER
  POSSIBLE SUNSHINE  MM
  AVERAGE SKY COVER 0.1


WEATHER CONDITIONS
 THE FOLLOWING WEATHER WAS RECORDED YESTERDAY.
  NO SIGNIFICANT WEATHER WAS OBSERVED.


RELATIVE HUMIDITY (PERCENT)
 HIGHEST    96           500 AM
 LOWEST     31           400 PM
 AVERAGE    64

..........................................................


THE BUTTE MT CLIMATE NORMALS FOR TODAY
                         NORMAL    RECORD    YEAR
 MAXIMUM TEMPERATURE (F)   77        93      1924
 MINIMUM TEMPERATURE (F)   42        29      1945


SUNRISE AND SUNSET
AUGUST 27 2014........SUNRISE   645 AM MDT   SUNSET   817 PM MDT
AUGUST 28 2014........SUNRISE   646 AM MDT   SUNSET   816 PM MDT


-  INDICATES NEGATIVE NUMBERS.
R  INDICATES RECORD WAS SET OR TIED.
MM INDICATES DATA IS MISSING.
T  INDICATES TRACE AMOUNT.




$$
