773
CDUS45 KMSO 272234
CLIBTM


CLIMATE REPORT
NATIONAL WEATHER SERVICE MISSOULA, MT
433 PM MDT MON MAR 27 2017


...................................

...THE BUTTE MT CLIMATE SUMMARY FOR MARCH 27 2017...
VALID TODAY AS OF 0400 PM LOCAL TIME.

CLIMATE NORMAL PERIOD 1981 TO 2010
CLIMATE RECORD PERIOD 1895 TO 2017


WEATHER ITEM   OBSERVED TIME   RECORD YEAR NORMAL DEPARTURE LAST
                VALUE   (LST)  VALUE       VALUE  FROM      YEAR
                                                  NORMAL
..................................................................
TEMPERATURE (F)
 TODAY
  MAXIMUM         47   1247 PM  68    2015  47      0       49
  MINIMUM         34    718 AM -10    1955  23     11       18
  AVERAGE         41                        35      6       34

PRECIPITATION (IN)
  TODAY            T             0.48 1916   0.03  -0.03      T
  MONTH TO DATE    0.89                      0.64   0.25     0.45
  SINCE OCT 1      4.90                      3.43   1.47     3.66
  SINCE JAN 1      1.68                      1.54   0.14     0.92

SNOWFALL (IN)
  TODAY           MM
  MONTH TO DATE    0.0
  SINCE JAN 1      0.0
  SINCE JUL 1      0.0
  SNOW DEPTH      MM

DEGREE DAYS
 HEATING
  TODAY           24                        30     -6       31
  MONTH TO DATE  739                       923   -184      843
  SINCE MAR 1    739                       923   -184      843
  SINCE JUL 1   7523                      7492     31     7240

 COOLING
  TODAY            0                         0      0        0
  MONTH TO DATE    0                         0      0        0
  SINCE MAR 1      0                         0      0        0
  SINCE JAN 1      0                         0      0        0
..................................................................


WIND (MPH)
  HIGHEST WIND SPEED    26   HIGHEST WIND DIRECTION    NW (300)
  HIGHEST GUST SPEED    34   HIGHEST GUST DIRECTION     W (290)
  AVERAGE WIND SPEED     5.1


SKY COVER
  POSSIBLE SUNSHINE  MM
  AVERAGE SKY COVER 1.0


WEATHER CONDITIONS
 THE FOLLOWING WEATHER WAS RECORDED TODAY.
  LIGHT RAIN


RELATIVE HUMIDITY (PERCENT)
 HIGHEST    82           400 AM
 LOWEST     45           100 PM
 AVERAGE    64

..........................................................


THE BUTTE MT CLIMATE NORMALS FOR TOMORROW
                         NORMAL    RECORD    YEAR
 MAXIMUM TEMPERATURE (F)   47        66      1986
 MINIMUM TEMPERATURE (F)   23       -17      1975


SUNRISE AND SUNSET
MARCH 27 2017.........SUNRISE   719 AM MDT   SUNSET   752 PM MDT
MARCH 28 2017.........SUNRISE   717 AM MDT   SUNSET   754 PM MDT


-  INDICATES NEGATIVE NUMBERS.
R  INDICATES RECORD WAS SET OR TIED.
MM INDICATES DATA IS MISSING.
T  INDICATES TRACE AMOUNT.




$$
