000
CDUS45 KMSO 160741
CLIBTM


CLIMATE REPORT
NATIONAL WEATHER SERVICE MISSOULA, MT
138 AM MDT TUE SEP 16 2014


...................................

...THE BUTTE MT CLIMATE SUMMARY FOR SEPTEMBER 15 2014...

CLIMATE NORMAL PERIOD 1981 TO 2010
CLIMATE RECORD PERIOD 1895 TO 2014


WEATHER ITEM   OBSERVED TIME   RECORD YEAR NORMAL DEPARTURE LAST
                VALUE   (LST)  VALUE       VALUE  FROM      YEAR
                                                  NORMAL
..................................................................
TEMPERATURE (F)
 YESTERDAY
  MAXIMUM         78    340 PM  93    2000  69      9       73
  MINIMUM         32    712 AM  22    1970  36     -4       54
  AVERAGE         55                        52      3       64

PRECIPITATION (IN)
  YESTERDAY        0.00          0.48 1977   0.03  -0.03      T
  MONTH TO DATE    0.06                      0.54  -0.48     0.47
  SINCE OCT 1     12.57                     12.31   0.26     9.39
  SINCE JAN 1     11.53                     10.42   1.11     7.76

SNOWFALL (IN)
  YESTERDAY       MM
  MONTH TO DATE   MM
  SINCE JAN 1     MM
  SINCE JUL 1     MM
  SNOW DEPTH      MM

DEGREE DAYS
 HEATING
  YESTERDAY       10                        13     -3        1
  MONTH TO DATE  231                       153     78       34
  SINCE SEP 1    231                       153     78       34
  SINCE JUL 1    394                       381     13      101

 COOLING
  YESTERDAY        0                         0      0        0
  MONTH TO DATE    0                         0      0        8
  SINCE SEP 1      0                         0      0        8
  SINCE JAN 1     77                        79     -2      104
..................................................................


WIND (MPH)
  HIGHEST WIND SPEED    14   HIGHEST WIND DIRECTION    NW (330)
  HIGHEST GUST SPEED    20   HIGHEST GUST DIRECTION     W (290)
  AVERAGE WIND SPEED     4.4


SKY COVER
  POSSIBLE SUNSHINE  MM
  AVERAGE SKY COVER 0.0


WEATHER CONDITIONS
 THE FOLLOWING WEATHER WAS RECORDED YESTERDAY.
  NO SIGNIFICANT WEATHER WAS OBSERVED.


RELATIVE HUMIDITY (PERCENT)
 HIGHEST    89           500 AM
 LOWEST     14           300 PM
 AVERAGE    52

..........................................................


THE BUTTE MT CLIMATE NORMALS FOR TODAY
                         NORMAL    RECORD    YEAR
 MAXIMUM TEMPERATURE (F)   68        86      1998
 MINIMUM TEMPERATURE (F)   36        18      1965


SUNRISE AND SUNSET
SEPTEMBER 16 2014.....SUNRISE   709 AM MDT   SUNSET   739 PM MDT
SEPTEMBER 17 2014.....SUNRISE   711 AM MDT   SUNSET   737 PM MDT


-  INDICATES NEGATIVE NUMBERS.
R  INDICATES RECORD WAS SET OR TIED.
MM INDICATES DATA IS MISSING.
T  INDICATES TRACE AMOUNT.




$$
