000
CDUS45 KMSO 172332
CLIBTM


CLIMATE REPORT
NATIONAL WEATHER SERVICE MISSOULA, MT
432 PM MST WED JAN 17 2018


...................................

...THE BUTTE MT CLIMATE SUMMARY FOR JANUARY 17 2018...
VALID TODAY AS OF 0400 PM LOCAL TIME.

CLIMATE NORMAL PERIOD 1981 TO 2010
CLIMATE RECORD PERIOD 1895 TO 2018


WEATHER ITEM   OBSERVED TIME   RECORD YEAR NORMAL DEPARTURE LAST
                VALUE   (LST)  VALUE       VALUE  FROM      YEAR
                                                  NORMAL
..................................................................
TEMPERATURE (F)
 TODAY
  MAXIMUM         31    123 PM  51    1920  32     -1       30
  MINIMUM          8    450 AM -34    1930   8      0       -2
  AVERAGE         20                        20      0       14

PRECIPITATION (IN)
  TODAY            0.00          0.32 1953   0.01  -0.01     0.00
  MONTH TO DATE    0.16                      0.27  -0.11     0.16
  SINCE OCT 1      1.60                      2.16  -0.56     3.38
  SINCE JAN 1      0.16                      0.27  -0.11     0.16

SNOWFALL (IN)
  TODAY           MM
  MONTH TO DATE   MM
  SINCE JAN 1     MM
  SINCE JUL 1     MM
  SNOW DEPTH      MM

DEGREE DAYS
 HEATING
  TODAY           45                        45      0       51
  MONTH TO DATE  701                       779    -78     1061
  SINCE DEC 1   2137                      2253   -116     2701
  SINCE JUL 1   4532                      4743   -211     4995

 COOLING
  TODAY            0                         0      0        0
  MONTH TO DATE    0                         0      0        0
  SINCE DEC 1      0                         0      0        0
  SINCE JAN 1      0                         0      0        0
..................................................................


WIND (MPH)
  HIGHEST WIND SPEED     8   HIGHEST WIND DIRECTION     E (110)
  HIGHEST GUST SPEED     9   HIGHEST GUST DIRECTION    SE (120)
  AVERAGE WIND SPEED     2.2


SKY COVER
  POSSIBLE SUNSHINE  MM
  AVERAGE SKY COVER 0.0


WEATHER CONDITIONS
 THE FOLLOWING WEATHER WAS RECORDED TODAY.
  HAZE


RELATIVE HUMIDITY (PERCENT)
 HIGHEST    84          1200 AM
 LOWEST     63           100 PM
 AVERAGE    74

..........................................................


THE BUTTE MT CLIMATE NORMALS FOR TOMORROW
                         NORMAL    RECORD    YEAR
 MAXIMUM TEMPERATURE (F)   32        50      2005
                                             1919
 MINIMUM TEMPERATURE (F)    8       -43      1963


SUNRISE AND SUNSET
JANUARY 17 2018.......SUNRISE   806 AM MST   SUNSET   514 PM MST
JANUARY 18 2018.......SUNRISE   806 AM MST   SUNSET   516 PM MST


-  INDICATES NEGATIVE NUMBERS.
R  INDICATES RECORD WAS SET OR TIED.
MM INDICATES DATA IS MISSING.
T  INDICATES TRACE AMOUNT.




$$
