000
CDUS45 KMSO 272341
CLIBTM


CLIMATE REPORT
NATIONAL WEATHER SERVICE MISSOULA, MT
441 PM MST SAT DEC 27 2014


...................................

...THE BUTTE MT CLIMATE SUMMARY FOR DECEMBER 27 2014...
VALID TODAY AS OF 0400 PM LOCAL TIME.

CLIMATE NORMAL PERIOD 1981 TO 2010
CLIMATE RECORD PERIOD 1895 TO 2014


WEATHER ITEM   OBSERVED TIME   RECORD YEAR NORMAL DEPARTURE LAST
                VALUE   (LST)  VALUE       VALUE  FROM      YEAR
                                                  NORMAL
..................................................................
TEMPERATURE (F)
 TODAY
  MAXIMUM         25    259 PM  66    1917  30     -5       44
  MINIMUM         -8    305 AM -25    1941   5    -13       15
  AVERAGE          9                        17     -8       30

PRECIPITATION (IN)
  TODAY            0.00          0.30 1917   0.01  -0.01     0.00
  MONTH TO DATE    0.52                      0.44   0.08     0.22
  SINCE OCT 1      2.35                      1.82   0.53     1.04
  SINCE JAN 1     14.79                     12.70   2.09    11.32

SNOWFALL (IN)
  TODAY           MM
  MONTH TO DATE   MM
  SINCE JAN 1     MM
  SINCE JUL 1     MM
  SNOW DEPTH      MM

DEGREE DAYS
 HEATING
  TODAY           56                        48      8       35
  MONTH TO DATE 1052                      1281   -229     1310
  SINCE DEC 1   1052                      1281   -229     1310
  SINCE JUL 1   3382                      3771   -389     3570

 COOLING
  TODAY            0                         0      0        0
  MONTH TO DATE    0                         0      0        0
  SINCE DEC 1      0                         0      0        0
  SINCE JAN 1     78                        81     -3      104
..................................................................


WIND (MPH)
  HIGHEST WIND SPEED    14   HIGHEST WIND DIRECTION    SW (240)
  HIGHEST GUST SPEED    18   HIGHEST GUST DIRECTION     W (250)
  AVERAGE WIND SPEED     3.4


SKY COVER
  POSSIBLE SUNSHINE  MM
  AVERAGE SKY COVER 0.5


WEATHER CONDITIONS
 THE FOLLOWING WEATHER WAS RECORDED TODAY.
  NO SIGNIFICANT WEATHER WAS OBSERVED.


RELATIVE HUMIDITY (PERCENT)
 HIGHEST    91          1200 AM
 LOWEST     55           100 PM
 AVERAGE    73

..........................................................


THE BUTTE MT CLIMATE NORMALS FOR TOMORROW
                         NORMAL    RECORD    YEAR
 MAXIMUM TEMPERATURE (F)   30        56      1917
 MINIMUM TEMPERATURE (F)    5       -35      1983


SUNRISE AND SUNSET
DECEMBER 27 2014......SUNRISE   811 AM MST   SUNSET   451 PM MST
DECEMBER 28 2014......SUNRISE   811 AM MST   SUNSET   452 PM MST


-  INDICATES NEGATIVE NUMBERS.
R  INDICATES RECORD WAS SET OR TIED.
MM INDICATES DATA IS MISSING.
T  INDICATES TRACE AMOUNT.




$$
