000
CDUS45 KMSO 290742
CLIBTM


CLIMATE REPORT
NATIONAL WEATHER SERVICE MISSOULA, MT
142 AM MDT TUE JUL 29 2014


...................................

...THE BUTTE MT CLIMATE SUMMARY FOR JULY 28 2014...

CLIMATE NORMAL PERIOD 1981 TO 2010
CLIMATE RECORD PERIOD 1895 TO 2014


WEATHER ITEM   OBSERVED TIME   RECORD YEAR NORMAL DEPARTURE LAST
                VALUE   (LST)  VALUE       VALUE  FROM      YEAR
                                                  NORMAL
..................................................................
TEMPERATURE (F)
 YESTERDAY
  MAXIMUM         86    408 PM  96    1999  83      3       80
  MINIMUM         47    505 AM  29    1949  46      1       47
  AVERAGE         67                        65      2       64

PRECIPITATION (IN)
  YESTERDAY        0.00          1.00 1907   0.04  -0.04     0.01
  MONTH TO DATE    0.69                      1.22  -0.53     0.64
  SINCE OCT 1      9.44                     10.28  -0.84     7.23
  SINCE JAN 1      8.40                      8.39   0.01     5.60

SNOWFALL (IN)
  YESTERDAY       MM
  MONTH TO DATE   MM
  SINCE JAN 1     MM
  SINCE JUL 1     MM
  SNOW DEPTH      MM

DEGREE DAYS
 HEATING
  YESTERDAY        0                         2     -2        1
  MONTH TO DATE   35                        93    -58       11
  SINCE JUN 1    388                       380      8      254
  SINCE JUL 1     35                        93    -58       11

 COOLING
  YESTERDAY        2                         2      0        0
  MONTH TO DATE   58                        43     15       68
  SINCE JUN 1     58                        50      8       81
  SINCE JAN 1     58                        50      8       81
..................................................................


WIND (MPH)
  HIGHEST WIND SPEED    20   HIGHEST WIND DIRECTION    SE (150)
  HIGHEST GUST SPEED    25   HIGHEST GUST DIRECTION     S (170)
  AVERAGE WIND SPEED     4.8


SKY COVER
  POSSIBLE SUNSHINE  MM
  AVERAGE SKY COVER 0.1


WEATHER CONDITIONS
 THE FOLLOWING WEATHER WAS RECORDED YESTERDAY.
  NO SIGNIFICANT WEATHER WAS OBSERVED.


RELATIVE HUMIDITY (PERCENT)
 HIGHEST    56           400 AM
 LOWEST     19           300 PM
 AVERAGE    38

..........................................................


THE BUTTE MT CLIMATE NORMALS FOR TODAY
                         NORMAL    RECORD    YEAR
 MAXIMUM TEMPERATURE (F)   83        97      1934
 MINIMUM TEMPERATURE (F)   46        31      1959


SUNRISE AND SUNSET
JULY 29 2014..........SUNRISE   609 AM MDT   SUNSET   903 PM MDT
JULY 30 2014..........SUNRISE   610 AM MDT   SUNSET   902 PM MDT


-  INDICATES NEGATIVE NUMBERS.
R  INDICATES RECORD WAS SET OR TIED.
MM INDICATES DATA IS MISSING.
T  INDICATES TRACE AMOUNT.




$$
