000
CDUS45 KMSO 122335
CLIBTM


CLIMATE REPORT
NATIONAL WEATHER SERVICE MISSOULA, MT
435 PM MST FRI FEB 12 2016


...................................

...THE BUTTE MT CLIMATE SUMMARY FOR FEBRUARY 12 2016...
VALID TODAY AS OF 0400 PM LOCAL TIME.

CLIMATE NORMAL PERIOD 1981 TO 2010
CLIMATE RECORD PERIOD 1895 TO 2016


WEATHER ITEM   OBSERVED TIME   RECORD YEAR NORMAL DEPARTURE LAST
                VALUE   (LST)  VALUE       VALUE  FROM      YEAR
                                                  NORMAL
..................................................................
TEMPERATURE (F)
 TODAY
  MAXIMUM         46    226 PM  56    1924  34     12       54
  MINIMUM         32    823 AM -36    1949   8     24       27
  AVERAGE         39                        21     18       41

PRECIPITATION (IN)
  TODAY            0.01          0.90 1904   0.02  -0.01     0.00
  MONTH TO DATE    0.04                      0.17  -0.13     0.07
  SINCE OCT 1      3.12                      2.53   0.59     2.63
  SINCE JAN 1      0.38                      0.64  -0.26     0.24

SNOWFALL (IN)
  TODAY           MM
  MONTH TO DATE   MM
  SINCE JAN 1     MM
  SINCE JUL 1     MM
  SNOW DEPTH      MM

DEGREE DAYS
 HEATING
  TODAY           26                        44    -18       24
  MONTH TO DATE  502                       533    -31      337
  SINCE DEC 1   3414                      3414      0     2902
  SINCE JUL 1   5834                      5904    -70     5232

 COOLING
  TODAY            0                         0      0        0
  MONTH TO DATE    0                         0      0        0
  SINCE DEC 1      0                         0      0        0
  SINCE JAN 1      0                         0      0        0
..................................................................


WIND (MPH)
  HIGHEST WIND SPEED     8   HIGHEST WIND DIRECTION     S (170)
  HIGHEST GUST SPEED    10   HIGHEST GUST DIRECTION    SW (220)
  AVERAGE WIND SPEED     1.1


SKY COVER
  POSSIBLE SUNSHINE  MM
  AVERAGE SKY COVER 0.5


WEATHER CONDITIONS
 THE FOLLOWING WEATHER WAS RECORDED TODAY.
  LIGHT RAIN
  FOG


RELATIVE HUMIDITY (PERCENT)
 HIGHEST    96           500 AM
 LOWEST     70           400 PM
 AVERAGE    83

..........................................................


THE BUTTE MT CLIMATE NORMALS FOR TOMORROW
                         NORMAL    RECORD    YEAR
 MAXIMUM TEMPERATURE (F)   34        56      2015
 MINIMUM TEMPERATURE (F)    9       -45      1933


SUNRISE AND SUNSET
FEBRUARY 12 2016......SUNRISE   738 AM MST   SUNSET   551 PM MST
FEBRUARY 13 2016......SUNRISE   736 AM MST   SUNSET   553 PM MST


-  INDICATES NEGATIVE NUMBERS.
R  INDICATES RECORD WAS SET OR TIED.
MM INDICATES DATA IS MISSING.
T  INDICATES TRACE AMOUNT.




$$
