000
CDUS45 KMSO 290741
CLIBTM


CLIMATE REPORT
NATIONAL WEATHER SERVICE MISSOULA, MT
140 AM MDT SUN MAY 29 2016


...................................

...THE BUTTE MT CLIMATE SUMMARY FOR MAY 28 2016...

CLIMATE NORMAL PERIOD 1981 TO 2010
CLIMATE RECORD PERIOD 1895 TO 2016


WEATHER ITEM   OBSERVED TIME   RECORD YEAR NORMAL DEPARTURE LAST
                VALUE   (LST)  VALUE       VALUE  FROM      YEAR
                                                  NORMAL
..................................................................
TEMPERATURE (F)
 YESTERDAY
  MAXIMUM         59    531 PM  90    1919  64     -5       61
  MINIMUM         33    539 AM  21    1947  38     -5       43
  AVERAGE         46                        51     -5       52

PRECIPITATION (IN)
  YESTERDAY        0.00          2.50 1927   0.09  -0.09     0.05
  MONTH TO DATE    1.45                      1.81  -0.36     1.52
  SINCE OCT 1      6.27                      6.53  -0.26     5.50
  SINCE JAN 1      3.53                      4.64  -1.11     3.11

SNOWFALL (IN)
  YESTERDAY       MM
  MONTH TO DATE   MM
  SINCE JAN 1     MM
  SINCE JUL 1     MM
  SNOW DEPTH      MM

DEGREE DAYS
 HEATING
  YESTERDAY       19                        14      5       13
  MONTH TO DATE  510                       500     10      494
  SINCE MAR 1   2128                      2322   -194     2118
  SINCE JUL 1   8525                      8891   -366     7999

 COOLING
  YESTERDAY        0                         0      0        0
  MONTH TO DATE    0                         0      0        0
  SINCE MAR 1      0                         0      0        0
  SINCE JAN 1      0                         0      0        0
..................................................................


WIND (MPH)
  HIGHEST WIND SPEED    15   HIGHEST WIND DIRECTION    SE (150)
  HIGHEST GUST SPEED    22   HIGHEST GUST DIRECTION     W (290)
  AVERAGE WIND SPEED     5.3


SKY COVER
  POSSIBLE SUNSHINE  MM
  AVERAGE SKY COVER 0.4


WEATHER CONDITIONS
 THE FOLLOWING WEATHER WAS RECORDED YESTERDAY.
  NO SIGNIFICANT WEATHER WAS OBSERVED.


RELATIVE HUMIDITY (PERCENT)
 HIGHEST    96           600 AM
 LOWEST     32           200 PM
 AVERAGE    64

..........................................................


THE BUTTE MT CLIMATE NORMALS FOR TODAY
                         NORMAL    RECORD    YEAR
 MAXIMUM TEMPERATURE (F)   65        87      1936
 MINIMUM TEMPERATURE (F)   38        21      1947


SUNRISE AND SUNSET
MAY 29 2016...........SUNRISE   544 AM MDT   SUNSET   911 PM MDT
MAY 30 2016...........SUNRISE   544 AM MDT   SUNSET   912 PM MDT


-  INDICATES NEGATIVE NUMBERS.
R  INDICATES RECORD WAS SET OR TIED.
MM INDICATES DATA IS MISSING.
T  INDICATES TRACE AMOUNT.




$$
