000
CDUS44 KLIX 282118
CLIBTR


CLIMATE REPORT
NATIONAL WEATHER SERVICE NEW ORLEANS
417 PM CDT TUE MAR 28 2017


...................................

...THE BATON ROUGE  ASOS CLIMATE SUMMARY FOR MARCH 28 2017...
VALID TODAY AS OF 0400 PM LOCAL TIME.

CLIMATE NORMAL PERIOD 1981 TO 2010
CLIMATE RECORD PERIOD 1894 TO 2017


WEATHER ITEM   OBSERVED TIME   RECORD YEAR NORMAL DEPARTURE LAST
                VALUE   (LST)  VALUE       VALUE  FROM      YEAR
                                                  NORMAL
..................................................................
TEMPERATURE (F)
 TODAY
  MAXIMUM         86    150 PM  87    1989  76     10       80
  MINIMUM         69    149 AM  34    1913  52     17       60
  AVERAGE         78

PRECIPITATION (IN)
  TODAY            0.00          2.15 1951   0.15  -0.15     0.00
  MONTH TO DATE    2.49                      3.95  -1.46     9.99
  SINCE MAR 1      2.49                      3.95  -1.46     9.99
  SINCE JAN 1     13.92                     14.71  -0.79    19.30

SNOWFALL (IN)
  TODAY            0.0
  MONTH TO DATE    0.0
  SINCE MAR 1      0.0
  SINCE JUL 1      0.0
  SNOW DEPTH       0

DEGREE DAYS
 HEATING
  TODAY            0                         4     -4        0
  MONTH TO DATE   84                       158    -74       69
  SINCE MAR 1     84                       158    -74       69
  SINCE JUL 1    788                      1493   -705     1060

 COOLING
  TODAY           13                         3     10        5
  MONTH TO DATE  119                        50     69       78
  SINCE MAR 1    119                        50     69       78
  SINCE JAN 1    262                        81    181       95
..................................................................


WIND (MPH)
  HIGHEST WIND SPEED    15   HIGHEST WIND DIRECTION     S (160)
  HIGHEST GUST SPEED    24   HIGHEST GUST DIRECTION    SE (150)
  AVERAGE WIND SPEED     7.0


SKY COVER
  POSSIBLE SUNSHINE  MM
  AVERAGE SKY COVER 0.7


WEATHER CONDITIONS
 THE FOLLOWING WEATHER WAS RECORDED TODAY.
  FOG
  HAZE


RELATIVE HUMIDITY (PERCENT)
 HIGHEST    97           200 AM
 LOWEST     48           200 PM
 AVERAGE    73

..........................................................


THE BATON ROUGE  ASOS CLIMATE NORMALS FOR TOMORROW
                         NORMAL    RECORD    YEAR
 MAXIMUM TEMPERATURE (F)   76        88      1924
 MINIMUM TEMPERATURE (F)   53        32      1899


SUNRISE AND SUNSET
MARCH 28 2017.........SUNRISE   658 AM CDT   SUNSET   721 PM CDT
MARCH 29 2017.........SUNRISE   657 AM CDT   SUNSET   722 PM CDT


-  INDICATES NEGATIVE NUMBERS.
R  INDICATES RECORD WAS SET OR TIED.
MM INDICATES DATA IS MISSING.
T  INDICATES TRACE AMOUNT.




$$
