000
CDUS44 KLIX 030701
CLIBTR


CLIMATE REPORT
NATIONAL WEATHER SERVICE NEW ORLEANS
200 AM CDT WED JUN 3 2015


...................................

...THE BATON ROUGE  ASOS CLIMATE SUMMARY FOR JUNE 2 2015...

CLIMATE NORMAL PERIOD 1981 TO 2010
CLIMATE RECORD PERIOD 1894 TO 2015


WEATHER ITEM   OBSERVED TIME   RECORD YEAR NORMAL DEPARTURE LAST
                VALUE   (LST)  VALUE       VALUE  FROM      YEAR
                                                  NORMAL
..................................................................
TEMPERATURE (F)
 YESTERDAY
  MAXIMUM         88    351 PM 103    2011  90     -2       86
  MINIMUM         67    528 AM  54    1903  69     -2       71
  AVERAGE         78                        79     -1       79

PRECIPITATION (IN)
  YESTERDAY        0.00          2.18 2013   0.18  -0.18     0.04
  MONTH TO DATE    0.00                      0.37  -0.37     1.24
  SINCE JUN 1      0.00                      0.37  -0.37     1.24
  SINCE JAN 1     32.38                     24.89   7.49    25.58

SNOWFALL (IN)
  YESTERDAY        0.0
  MONTH TO DATE    0.0
  SINCE JUN 1      0.0
  SINCE JUL 1      T
  SNOW DEPTH       0

DEGREE DAYS
 HEATING
  YESTERDAY        0                         0      0        0
  MONTH TO DATE    0                         0      0        0
  SINCE JUN 1      0                         0      0        0
  SINCE JUL 1   1641                      1555     86     1984

 COOLING
  YESTERDAY       13                        14     -1       14
  MONTH TO DATE   25                        28     -3       26
  SINCE JUN 1     25                        28     -3       26
  SINCE JAN 1    696                       593    103      532
..................................................................


WIND (MPH)
  HIGHEST WIND SPEED     9   HIGHEST WIND DIRECTION    NW (330)
  HIGHEST GUST SPEED    12   HIGHEST GUST DIRECTION    NW (330)
  AVERAGE WIND SPEED     3.3


SKY COVER
  POSSIBLE SUNSHINE  MM
  AVERAGE SKY COVER 0.3


WEATHER CONDITIONS
 THE FOLLOWING WEATHER WAS RECORDED YESTERDAY.
  NO SIGNIFICANT WEATHER WAS OBSERVED.


RELATIVE HUMIDITY (PERCENT)
 HIGHEST   100           500 AM
 LOWEST     40           400 PM
 AVERAGE    70

..........................................................


THE BATON ROUGE  ASOS CLIMATE NORMALS FOR TODAY
                         NORMAL    RECORD    YEAR
 MAXIMUM TEMPERATURE (F)   90        98      2011
                                             1911
 MINIMUM TEMPERATURE (F)   69        54      1907


SUNRISE AND SUNSET
JUNE  3 2015..........SUNRISE   602 AM CDT   SUNSET   803 PM CDT
JUNE  4 2015..........SUNRISE   602 AM CDT   SUNSET   804 PM CDT


-  INDICATES NEGATIVE NUMBERS.
R  INDICATES RECORD WAS SET OR TIED.
MM INDICATES DATA IS MISSING.
T  INDICATES TRACE AMOUNT.




$$
