000
CDUS44 KLIX 260700
CLIBTR


CLIMATE REPORT
NATIONAL WEATHER SERVICE NEW ORLEANS
200 AM CDT SUN OCT 26 2014


...................................

...THE BATON ROUGE  ASOS CLIMATE SUMMARY FOR OCTOBER 25 2014...

CLIMATE NORMAL PERIOD 1981 TO 2010
CLIMATE RECORD PERIOD 1894 TO 2014


WEATHER ITEM   OBSERVED TIME   RECORD YEAR NORMAL DEPARTURE LAST
                VALUE   (LST)  VALUE       VALUE  FROM      YEAR
                                                  NORMAL
..................................................................
TEMPERATURE (F)
 YESTERDAY
  MAXIMUM         83    239 PM  89    1936  78      5       70
                                      1904
  MINIMUM         46    613 AM  36    1938  55     -9       49
                                      1917
  AVERAGE         65                        67     -2       60

PRECIPITATION (IN)
  YESTERDAY        0.00          4.44 1996   0.16  -0.16     0.00
  MONTH TO DATE    2.35                      3.79  -1.44     2.61
  SINCE SEP 1      5.41                      8.33  -2.92     9.51
  SINCE JAN 1     52.53                     50.04   2.49    62.17

SNOWFALL (IN)
  YESTERDAY        0.0
  MONTH TO DATE    0.0
  SINCE SEP 1      0.0
  SINCE JUL 1      0.0
  SNOW DEPTH       0

DEGREE DAYS
 HEATING
  YESTERDAY        0                         2     -2        5
  MONTH TO DATE    8                        27    -19       12
  SINCE SEP 1      8                        29    -21       12
  SINCE JUL 1      8                        29    -21       12

 COOLING
  YESTERDAY        0                         4     -4        0
  MONTH TO DATE  162                       157      5      158
  SINCE SEP 1    608                       567     41      635
  SINCE JAN 1   2636                      2728    -92     2603
..................................................................


WIND (MPH)
  HIGHEST WIND SPEED    10   HIGHEST WIND DIRECTION    NW (300)
  HIGHEST GUST SPEED    14   HIGHEST GUST DIRECTION    NW (330)
  AVERAGE WIND SPEED     2.4


SKY COVER
  POSSIBLE SUNSHINE  MM
  AVERAGE SKY COVER 0.0


WEATHER CONDITIONS
 THE FOLLOWING WEATHER WAS RECORDED YESTERDAY.
  FOG


RELATIVE HUMIDITY (PERCENT)
 HIGHEST    93           200 AM
 LOWEST     36           100 PM
 AVERAGE    65

..........................................................


THE BATON ROUGE  ASOS CLIMATE NORMALS FOR TODAY
                         NORMAL    RECORD    YEAR
 MAXIMUM TEMPERATURE (F)   78        90      1939
                                             1921
 MINIMUM TEMPERATURE (F)   55        35      2005


SUNRISE AND SUNSET
OCTOBER 26 2014.......SUNRISE   715 AM CDT   SUNSET   622 PM CDT
OCTOBER 27 2014.......SUNRISE   715 AM CDT   SUNSET   621 PM CDT


-  INDICATES NEGATIVE NUMBERS.
R  INDICATES RECORD WAS SET OR TIED.
MM INDICATES DATA IS MISSING.
T  INDICATES TRACE AMOUNT.




$$
