000
CDUS44 KLIX 040701
CLIBTR


CLIMATE REPORT
NATIONAL WEATHER SERVICE NEW ORLEANS
200 AM CDT TUE AUG 4 2015


...................................

...THE BATON ROUGE  ASOS CLIMATE SUMMARY FOR AUGUST 3 2015...

CLIMATE NORMAL PERIOD 1981 TO 2010
CLIMATE RECORD PERIOD 1894 TO 2015


WEATHER ITEM   OBSERVED TIME   RECORD YEAR NORMAL DEPARTURE LAST
                VALUE   (LST)  VALUE       VALUE  FROM      YEAR
                                                  NORMAL
..................................................................
TEMPERATURE (F)
 YESTERDAY
  MAXIMUM         98    225 PM  99    1947  93      5       90
                                      1924
  MINIMUM         74    523 AM  67    1973  74      0       72
                                      1965
                                      1907
  AVERAGE         86                        83      3       81

PRECIPITATION (IN)
  YESTERDAY        0.00          3.45 1944   0.19  -0.19     0.68
  MONTH TO DATE    0.00                      0.56  -0.56     1.02
  SINCE JUN 1      9.71                     11.93  -2.22    18.16
  SINCE JAN 1     42.09                     36.45   5.64    42.50

SNOWFALL (IN)
  YESTERDAY        0.0
  MONTH TO DATE    0.0
  SINCE JUN 1      0.0
  SINCE JUL 1      0.0
  SNOW DEPTH       0

DEGREE DAYS
 HEATING
  YESTERDAY        0                         0      0        0
  MONTH TO DATE    0                         0      0        0
  SINCE JUN 1      0                         0      0        0
  SINCE JUL 1      0                         0      0        0

 COOLING
  YESTERDAY       21                        18      3       16
  MONTH TO DATE   58                        54      4       46
  SINCE JUN 1   1189                      1094     95     1019
  SINCE JAN 1   1860                      1659    201     1525
..................................................................


WIND (MPH)
  HIGHEST WIND SPEED    17   HIGHEST WIND DIRECTION     S (190)
  HIGHEST GUST SPEED    20   HIGHEST GUST DIRECTION     S (190)
  AVERAGE WIND SPEED     5.3


SKY COVER
  POSSIBLE SUNSHINE  MM
  AVERAGE SKY COVER 0.0


WEATHER CONDITIONS
 THE FOLLOWING WEATHER WAS RECORDED YESTERDAY.
  NO SIGNIFICANT WEATHER WAS OBSERVED.


RELATIVE HUMIDITY (PERCENT)
 HIGHEST    87           400 AM
 LOWEST     35           400 PM
 AVERAGE    61

..........................................................


THE BATON ROUGE  ASOS CLIMATE NORMALS FOR TODAY
                         NORMAL    RECORD    YEAR
 MAXIMUM TEMPERATURE (F)   93       100      1951
                                             1921
 MINIMUM TEMPERATURE (F)   74        63      1926


SUNRISE AND SUNSET
AUGUST  4 2015........SUNRISE   624 AM CDT   SUNSET   757 PM CDT
AUGUST  5 2015........SUNRISE   625 AM CDT   SUNSET   756 PM CDT


-  INDICATES NEGATIVE NUMBERS.
R  INDICATES RECORD WAS SET OR TIED.
MM INDICATES DATA IS MISSING.
T  INDICATES TRACE AMOUNT.




$$
