000
CDUS44 KLIX 272125
CLIBTR


CLIMATE REPORT
NATIONAL WEATHER SERVICE NEW ORLEANS
425 PM CDT THU JUL 27 2017


...................................

...THE BATON ROUGE  ASOS CLIMATE SUMMARY FOR JULY 27 2017...
VALID TODAY AS OF 0400 PM LOCAL TIME.

CLIMATE NORMAL PERIOD 1981 TO 2010
CLIMATE RECORD PERIOD 1894 TO 2017


WEATHER ITEM   OBSERVED TIME   RECORD YEAR NORMAL DEPARTURE LAST
                VALUE   (LST)  VALUE       VALUE  FROM      YEAR
                                                  NORMAL
..................................................................
TEMPERATURE (F)
 TODAY
  MAXIMUM         94    252 PM  99    1907  92      2       84
  MINIMUM         74    539 AM  66    1911  74      0       74
  AVERAGE         84

PRECIPITATION (IN)
  TODAY            0.00          2.73 1994   0.15  -0.15     0.57
  MONTH TO DATE    5.99                      4.30   1.69     5.11
  SINCE JUN 1     15.55                     10.71   4.84    12.45
  SINCE JAN 1     47.20                     35.23  11.97    42.66

SNOWFALL (IN)
  TODAY            0.0
  MONTH TO DATE    0.0
  SINCE JUN 1      0.0
  SINCE JUL 1      0.0
  SNOW DEPTH       0

DEGREE DAYS
 HEATING
  TODAY            0                         0      0        0
  MONTH TO DATE    0                         0      0        0
  SINCE JUN 1      0                         0      0        0
  SINCE JUL 1      0                         0      0        0

 COOLING
  TODAY           19                        18      1       14
  MONTH TO DATE  498                       486     12      531
  SINCE JUN 1    932                       970    -38     1048
  SINCE JAN 1   1669                      1535    134     1624
..................................................................


WIND (MPH)
  HIGHEST WIND SPEED    12   HIGHEST WIND DIRECTION     W (290)
  HIGHEST GUST SPEED    15   HIGHEST GUST DIRECTION     W (290)
  AVERAGE WIND SPEED     2.7


SKY COVER
  POSSIBLE SUNSHINE  MM
  AVERAGE SKY COVER 0.0


WEATHER CONDITIONS
 THE FOLLOWING WEATHER WAS RECORDED TODAY.
  FOG


RELATIVE HUMIDITY (PERCENT)
 HIGHEST   100           500 AM
 LOWEST     44           300 PM
 AVERAGE    72

..........................................................


THE BATON ROUGE  ASOS CLIMATE NORMALS FOR TOMORROW
                         NORMAL    RECORD    YEAR
 MAXIMUM TEMPERATURE (F)   93       100      1995
 MINIMUM TEMPERATURE (F)   74        65      1911


SUNRISE AND SUNSET
JULY 27 2017..........SUNRISE   620 AM CDT   SUNSET   802 PM CDT
JULY 28 2017..........SUNRISE   620 AM CDT   SUNSET   801 PM CDT


-  INDICATES NEGATIVE NUMBERS.
R  INDICATES RECORD WAS SET OR TIED.
MM INDICATES DATA IS MISSING.
T  INDICATES TRACE AMOUNT.




$$
