000
CDUS44 KLIX 180711
CLIBTR


CLIMATE REPORT
NATIONAL WEATHER SERVICE NEW ORLEANS
205 AM CDT THU SEP 18 2014

...................................

...THE BATON ROUGE  ASOS CLIMATE SUMMARY FOR SEPTEMBER 17 2014...

CLIMATE NORMAL PERIOD 1981 TO 2010
CLIMATE RECORD PERIOD 1894 TO 2014


WEATHER ITEM   OBSERVED TIME   RECORD YEAR NORMAL DEPARTURE LAST
                VALUE   (LST)  VALUE       VALUE  FROM      YEAR
                                                  NORMAL
..................................................................
TEMPERATURE (F)
 YESTERDAY
  MAXIMUM         88    454 PM  98    1927  89     -1       94
  MINIMUM         71    559 AM  55    1961  68      3       73
                                      1916
  AVERAGE         80                        78      2       84

PRECIPITATION (IN)
  YESTERDAY        T             2.82 1942   0.14  -0.14     0.00
  MONTH TO DATE    2.37                      2.70  -0.33     1.88
  SINCE SEP 1      2.37                      2.70  -0.33     1.88
  SINCE JAN 1     49.49                     44.41   5.08    54.54

SNOWFALL (IN)
  YESTERDAY        0.0
  MONTH TO DATE    0.0
  SINCE SEP 1      0.0
  SINCE JUL 1      0.0
  SNOW DEPTH       0

DEGREE DAYS
 HEATING
  YESTERDAY        0                         0      0        0
  MONTH TO DATE    0                         0      0        0
  SINCE SEP 1      0                         0      0        0
  SINCE JUL 1      0                         0      0        0

 COOLING
  YESTERDAY       15                        13      2       19
  MONTH TO DATE  287                       261     26      303
  SINCE SEP 1    287                       261     26      303
  SINCE JAN 1   2315                      2422   -107     2271
..................................................................


WIND (MPH)
  HIGHEST WIND SPEED     8   HIGHEST WIND DIRECTION    NE (40)
  HIGHEST GUST SPEED    10   HIGHEST GUST DIRECTION    NE (40)
  AVERAGE WIND SPEED     2.1


SKY COVER
  POSSIBLE SUNSHINE  MM
  AVERAGE SKY COVER 0.3


WEATHER CONDITIONS
 THE FOLLOWING WEATHER WAS RECORDED YESTERDAY.
  FOG


RELATIVE HUMIDITY (PERCENT)
 HIGHEST   100           400 AM
 LOWEST     59           300 PM
 AVERAGE    80

..........................................................


THE BATON ROUGE  ASOS CLIMATE NORMALS FOR TODAY
                         NORMAL    RECORD    YEAR
 MAXIMUM TEMPERATURE (F)   88        98      1927
 MINIMUM TEMPERATURE (F)   68        50      1903


SUNRISE AND SUNSET
SEPTEMBER 18 2014.....SUNRISE   651 AM CDT   SUNSET   706 PM CDT
SEPTEMBER 19 2014.....SUNRISE   651 AM CDT   SUNSET   705 PM CDT


-  INDICATES NEGATIVE NUMBERS.
R  INDICATES RECORD WAS SET OR TIED.
MM INDICATES DATA IS MISSING.
T  INDICATES TRACE AMOUNT.




$$
