744
CDUS44 KLIX 130803
CLIBTR


CLIMATE REPORT
NATIONAL WEATHER SERVICE NEW ORLEANS
202 AM CST SAT FEB 13 2016


...................................

...THE BATON ROUGE  ASOS CLIMATE SUMMARY FOR FEBRUARY 12 2016...

CLIMATE NORMAL PERIOD 1981 TO 2010
CLIMATE RECORD PERIOD 1894 TO 2016


WEATHER ITEM   OBSERVED TIME   RECORD YEAR NORMAL DEPARTURE LAST
                VALUE   (LST)  VALUE       VALUE  FROM      YEAR
                                                  NORMAL
..................................................................
TEMPERATURE (F)
 YESTERDAY
  MAXIMUM         75    430 PM  86    1922  65     10       65
  MINIMUM         53    647 AM  12    1899  44      9       39
  AVERAGE         64                        54     10       52

PRECIPITATION (IN)
  YESTERDAY        0.00          5.10 1905   0.18  -0.18     0.00
  MONTH TO DATE    1.85                      2.24  -0.39     0.78
  SINCE DEC 1     13.91                     13.56   0.35    12.82
  SINCE JAN 1      7.58                      7.96  -0.38     7.15

SNOWFALL (IN)
  YESTERDAY        0.0
  MONTH TO DATE    0.0
  SINCE DEC 1      0.0
  SINCE JUL 1      0.0
  SNOW DEPTH       0

DEGREE DAYS
 HEATING
  YESTERDAY        1                        11    -10       13
  MONTH TO DATE  141                       145     -4      157
  SINCE DEC 1    757                       950   -193      934
  SINCE JUL 1    868                      1185   -317     1275

 COOLING
  YESTERDAY        0                         1     -1        0
  MONTH TO DATE    7                        10     -3        2
  SINCE DEC 1     98                        45     53       17
  SINCE JAN 1     11                        23    -12        3
..................................................................


WIND (MPH)
  HIGHEST WIND SPEED    18   HIGHEST WIND DIRECTION     W (260)
  HIGHEST GUST SPEED    23   HIGHEST GUST DIRECTION     W (270)
  AVERAGE WIND SPEED     7.7


SKY COVER
  POSSIBLE SUNSHINE  MM
  AVERAGE SKY COVER 0.4


WEATHER CONDITIONS
 THE FOLLOWING WEATHER WAS RECORDED YESTERDAY.
  FOG
  FOG W/VISIBILITY <= 1/4 MILE


RELATIVE HUMIDITY (PERCENT)
 HIGHEST   100           400 AM
 LOWEST     46           400 PM
 AVERAGE    73

..........................................................


THE BATON ROUGE  ASOS CLIMATE NORMALS FOR TODAY
                         NORMAL    RECORD    YEAR
 MAXIMUM TEMPERATURE (F)   65        81      1959
 MINIMUM TEMPERATURE (F)   44         2      1899


SUNRISE AND SUNSET
FEBRUARY 13 2016......SUNRISE   647 AM CST   SUNSET   551 PM CST
FEBRUARY 14 2016......SUNRISE   646 AM CST   SUNSET   552 PM CST


-  INDICATES NEGATIVE NUMBERS.
R  INDICATES RECORD WAS SET OR TIED.
MM INDICATES DATA IS MISSING.
T  INDICATES TRACE AMOUNT.




$$
