000
CDUS44 KLIX 270720
CLIBTR


CLIMATE REPORT
NATIONAL WEATHER SERVICE NEW ORLEANS
220 AM CDT FRI MAY 27 2016


...................................

...THE BATON ROUGE  ASOS CLIMATE SUMMARY FOR MAY 26 2016...

CLIMATE NORMAL PERIOD 1981 TO 2010
CLIMATE RECORD PERIOD 1894 TO 2016


WEATHER ITEM   OBSERVED TIME   RECORD YEAR NORMAL DEPARTURE LAST
                VALUE   (LST)  VALUE       VALUE  FROM      YEAR
                                                  NORMAL
..................................................................
TEMPERATURE (F)
 YESTERDAY
  MAXIMUM         90    131 PM  98    1921  88      2       83
  MINIMUM         73    555 AM  47    1979  68      5       63
  AVERAGE         82                        78      4       73

PRECIPITATION (IN)
  YESTERDAY        0.00          2.26 1919   0.17  -0.17     1.83
  MONTH TO DATE    6.11                      4.05   2.06     5.71
  SINCE MAR 1     20.85                     12.92   7.93    17.17
  SINCE JAN 1     30.16                     23.68   6.48    26.92

SNOWFALL (IN)
  YESTERDAY        0.0
  MONTH TO DATE    0.0
  SINCE MAR 1      0.0
  SINCE JUL 1      0.0
  SNOW DEPTH       0

DEGREE DAYS
 HEATING
  YESTERDAY        0                         0      0        0
  MONTH TO DATE    0                         0      0        0
  SINCE MAR 1     88                       218   -130       99
  SINCE JUL 1   1079                      1553   -474     1641

 COOLING
  YESTERDAY       17                        13      4        8
  MONTH TO DATE  229                       266    -37      298
  SINCE MAR 1    485                       466     19      605
  SINCE JAN 1    502                       497      5      609
..................................................................


WIND (MPH)
  HIGHEST WIND SPEED    18   HIGHEST WIND DIRECTION    SE (140)
  HIGHEST GUST SPEED    24   HIGHEST GUST DIRECTION    SE (120)
  AVERAGE WIND SPEED     9.1


SKY COVER
  POSSIBLE SUNSHINE  MM
  AVERAGE SKY COVER 0.5


WEATHER CONDITIONS
 THE FOLLOWING WEATHER WAS RECORDED YESTERDAY.
  FOG
  HAZE


RELATIVE HUMIDITY (PERCENT)
 HIGHEST    93           600 AM
 LOWEST     50          1200 PM
 AVERAGE    72

..........................................................


THE BATON ROUGE  ASOS CLIMATE NORMALS FOR TODAY
                         NORMAL    RECORD    YEAR
 MAXIMUM TEMPERATURE (F)   89        98      1922
 MINIMUM TEMPERATURE (F)   68        49      1961


SUNRISE AND SUNSET
MAY 27 2016...........SUNRISE   604 AM CDT   SUNSET   800 PM CDT
MAY 28 2016...........SUNRISE   604 AM CDT   SUNSET   800 PM CDT


-  INDICATES NEGATIVE NUMBERS.
R  INDICATES RECORD WAS SET OR TIED.
MM INDICATES DATA IS MISSING.
T  INDICATES TRACE AMOUNT.




$$
