000
CDUS44 KLIX 280705
CLIBTR


CLIMATE REPORT
NATIONAL WEATHER SERVICE NEW ORLEANS
204 AM CDT THU APR 28 2016


...................................

...THE BATON ROUGE  ASOS CLIMATE SUMMARY FOR APRIL 27 2016...

CLIMATE NORMAL PERIOD 1981 TO 2010
CLIMATE RECORD PERIOD 1894 TO 2016


WEATHER ITEM   OBSERVED TIME   RECORD YEAR NORMAL DEPARTURE LAST
                VALUE   (LST)  VALUE       VALUE  FROM      YEAR
                                                  NORMAL
..................................................................
TEMPERATURE (F)
 YESTERDAY
  MAXIMUM         83    429 PM  90    1963  82      1       72
  MINIMUM         66   1109 AM  47    1992  60      6       61
                                      1908
                                      1903
  AVERAGE         75                        71      4       67

PRECIPITATION (IN)
  YESTERDAY        0.31          6.30 1962   0.14   0.17     2.00
  MONTH TO DATE    3.01                      4.05  -1.04     8.06
  SINCE MAR 1     13.01                      8.46   4.55    11.44
  SINCE JAN 1     22.32                     19.22   3.10    21.19

SNOWFALL (IN)
  YESTERDAY        0.0
  MONTH TO DATE    0.0
  SINCE MAR 1      0.0
  SINCE JUL 1      0.0
  SNOW DEPTH       0

DEGREE DAYS
 HEATING
  YESTERDAY        0                         1     -1        0
  MONTH TO DATE   19                        51    -32        4
  SINCE MAR 1     88                       218   -130       97
  SINCE JUL 1   1079                      1553   -474     1639

 COOLING
  YESTERDAY       10                         6      4        2
  MONTH TO DATE  123                       121      2      202
  SINCE MAR 1    220                       179     41      305
  SINCE JAN 1    237                       210     27      309
..................................................................


WIND (MPH)
  HIGHEST WIND SPEED    26   HIGHEST WIND DIRECTION     W (270)
  HIGHEST GUST SPEED    36   HIGHEST GUST DIRECTION     W (270)
  AVERAGE WIND SPEED     7.1


SKY COVER
  POSSIBLE SUNSHINE  MM
  AVERAGE SKY COVER 0.7


WEATHER CONDITIONS
 THE FOLLOWING WEATHER WAS RECORDED YESTERDAY.
  THUNDERSTORM
  RAIN
  LIGHT RAIN
  FOG


RELATIVE HUMIDITY (PERCENT)
 HIGHEST    93           500 AM
 LOWEST     51           400 PM
 AVERAGE    72

..........................................................


THE BATON ROUGE  ASOS CLIMATE NORMALS FOR TODAY
                         NORMAL    RECORD    YEAR
 MAXIMUM TEMPERATURE (F)   82        90      1987
                                             1963
                                             1899
 MINIMUM TEMPERATURE (F)   60        44      1992


SUNRISE AND SUNSET
APRIL 28 2016.........SUNRISE   623 AM CDT   SUNSET   741 PM CDT
APRIL 29 2016.........SUNRISE   622 AM CDT   SUNSET   742 PM CDT


-  INDICATES NEGATIVE NUMBERS.
R  INDICATES RECORD WAS SET OR TIED.
MM INDICATES DATA IS MISSING.
T  INDICATES TRACE AMOUNT.




$$
