000
CDUS44 KLIX 240804
CLIBTR


CLIMATE REPORT
NATIONAL WEATHER SERVICE NEW ORLEANS
202 AM CST SAT FEB 24 2018


...................................

...THE BATON ROUGE  ASOS CLIMATE SUMMARY FOR FEBRUARY 23 2018...

CLIMATE NORMAL PERIOD 1981 TO 2010
CLIMATE RECORD PERIOD 1894 TO 2018


WEATHER ITEM   OBSERVED TIME   RECORD YEAR NORMAL DEPARTURE LAST
                VALUE   (LST)  VALUE       VALUE  FROM      YEAR
                                                  NORMAL
..................................................................
TEMPERATURE (F)
 YESTERDAY
  MAXIMUM         76    508 PM  82    1909  68      8       80
  MINIMUM         67   1020 PM  25    1964  46     21       52
                                      1939
  AVERAGE         72                        57     15       66

PRECIPITATION (IN)
  YESTERDAY        0.07          3.03 1979   0.17  -0.10     0.00
  MONTH TO DATE    2.83                      4.21  -1.38     1.28
  SINCE DEC 1     15.94                     15.53   0.41    20.67
  SINCE JAN 1     10.00                      9.93   0.07    10.96

SNOWFALL (IN)
  YESTERDAY        0.0
  MONTH TO DATE    0.0
  SINCE DEC 1      4.0
  SINCE JUL 1      4.0
  SNOW DEPTH       0

DEGREE DAYS
 HEATING
  YESTERDAY        0                         9     -9        0
  MONTH TO DATE  108                       254   -146       81
  SINCE DEC 1   1078                      1059     19      574
  SINCE JUL 1   1285                      1294     -9      687

 COOLING
  YESTERDAY        7                         1      6        1
  MONTH TO DATE   95                        21     74       65
  SINCE DEC 1    113                        56     57      184
  SINCE JAN 1     95                        34     61      119
..................................................................


WIND (MPH)
  HIGHEST WIND SPEED    14   HIGHEST WIND DIRECTION    SE (130)
  HIGHEST GUST SPEED    17   HIGHEST GUST DIRECTION    SE (140)
  AVERAGE WIND SPEED     4.7


SKY COVER
  POSSIBLE SUNSHINE  MM
  AVERAGE SKY COVER 0.8


WEATHER CONDITIONS
 THE FOLLOWING WEATHER WAS RECORDED YESTERDAY.
  RAIN
  LIGHT RAIN
  FOG


RELATIVE HUMIDITY (PERCENT)
 HIGHEST    97           900 PM
 LOWEST     79           300 PM
 AVERAGE    88

..........................................................


THE BATON ROUGE  ASOS CLIMATE NORMALS FOR TODAY
                         NORMAL    RECORD    YEAR
 MAXIMUM TEMPERATURE (F)   68        83      2011
 MINIMUM TEMPERATURE (F)   46        23      1989


SUNRISE AND SUNSET
FEBRUARY 24 2018......SUNRISE   636 AM CST   SUNSET   600 PM CST
FEBRUARY 25 2018......SUNRISE   635 AM CST   SUNSET   600 PM CST


-  INDICATES NEGATIVE NUMBERS.
R  INDICATES RECORD WAS SET OR TIED.
MM INDICATES DATA IS MISSING.
T  INDICATES TRACE AMOUNT.




$$
