000
CDUS44 KLIX 242217
CLIBTR


CLIMATE REPORT
NATIONAL WEATHER SERVICE NEW ORLEANS
417 PM CST TUE JAN 24 2017


...................................

...THE BATON ROUGE  ASOS CLIMATE SUMMARY FOR JANUARY 24 2017...
VALID TODAY AS OF 0400 PM LOCAL TIME.

CLIMATE NORMAL PERIOD 1981 TO 2010
CLIMATE RECORD PERIOD 1894 TO 2017


WEATHER ITEM   OBSERVED TIME   RECORD YEAR NORMAL DEPARTURE LAST
                VALUE   (LST)  VALUE       VALUE  FROM      YEAR
                                                  NORMAL
..................................................................
TEMPERATURE (F)
 TODAY
  MAXIMUM         74    259 PM  82    1909  63     11       57
  MINIMUM         42    607 AM  12    1963  41      1       27
  AVERAGE         58

PRECIPITATION (IN)
  TODAY            0.00          2.47 1990   0.19  -0.19     0.00
  MONTH TO DATE    9.59                      4.40   5.19     4.36
  SINCE DEC 1     19.30                     10.00   9.30    10.69
  SINCE JAN 1      9.59                      4.40   5.19     4.36

SNOWFALL (IN)
  TODAY            0.0
  MONTH TO DATE    0.0
  SINCE DEC 1      0.0
  SINCE JUL 1      0.0
  SNOW DEPTH       0

DEGREE DAYS
 HEATING
  TODAY            7                        13     -6       23
  MONTH TO DATE  152                       335   -183      370
  SINCE DEC 1    423                       716   -293      549
  SINCE JUL 1    536                       951   -415      660

 COOLING
  TODAY            0                         0      0        0
  MONTH TO DATE   53                         3     50        0
  SINCE DEC 1    118                        25     93       87
  SINCE JAN 1     53                         3     50        0
..................................................................


WIND (MPH)
  HIGHEST WIND SPEED    17   HIGHEST WIND DIRECTION     S (200)
  HIGHEST GUST SPEED    22   HIGHEST GUST DIRECTION     S (200)
  AVERAGE WIND SPEED     6.1


SKY COVER
  POSSIBLE SUNSHINE  MM
  AVERAGE SKY COVER 0.0


WEATHER CONDITIONS
 THE FOLLOWING WEATHER WAS RECORDED TODAY.
  NO SIGNIFICANT WEATHER WAS OBSERVED.


RELATIVE HUMIDITY (PERCENT)
 HIGHEST    96           400 AM
 LOWEST     31           300 PM
 AVERAGE    64

..........................................................


THE BATON ROUGE  ASOS CLIMATE NORMALS FOR TOMORROW
                         NORMAL    RECORD    YEAR
 MAXIMUM TEMPERATURE (F)   63        85      1909
 MINIMUM TEMPERATURE (F)   41        17      1963


SUNRISE AND SUNSET
JANUARY 24 2017.......SUNRISE   700 AM CST   SUNSET   534 PM CST
JANUARY 25 2017.......SUNRISE   659 AM CST   SUNSET   535 PM CST


-  INDICATES NEGATIVE NUMBERS.
R  INDICATES RECORD WAS SET OR TIED.
MM INDICATES DATA IS MISSING.
T  INDICATES TRACE AMOUNT.




$$
