000
CDUS41 KBTV 160536
CLIBTV


CLIMATE REPORT
NATIONAL WEATHER SERVICE BURLINGTON VT
1234 AM EST SAT DEC 16 2017


...................................

...THE BURLINGTON VT CLIMATE SUMMARY FOR DECEMBER 15 2017...

CLIMATE NORMAL PERIOD 1981 TO 2010
CLIMATE RECORD PERIOD 1884 TO 2017


WEATHER ITEM   OBSERVED TIME   RECORD YEAR NORMAL DEPARTURE LAST
                VALUE   (LST)  VALUE       VALUE  FROM      YEAR
                                                  NORMAL
..................................................................
TEMPERATURE (F)
 YESTERDAY
  MAXIMUM         22    502 PM  62    1901  33    -11       23
  MINIMUM         -2    800 AM -12    1943  19    -21        0
  AVERAGE         10                        26    -16       12

PRECIPITATION (IN)
  YESTERDAY        T             1.27 1901   0.08  -0.08     0.05
  MONTH TO DATE    0.88                      1.26  -0.38     1.10
  SINCE DEC 1      0.88                      1.26  -0.38     1.10
  SINCE JAN 1     38.60                     35.70   2.90    26.48

SNOWFALL (IN)
  YESTERDAY        T            10.0  2003   0.6   -0.6      0.9
  MONTH TO DATE    8.7                       7.6    1.1      8.4
  SINCE DEC 1      8.7                       7.6    1.1      8.4
  SINCE JUL 1     11.7                      13.0   -1.3     12.7
  SNOW DEPTH       5

DEGREE DAYS
 HEATING
  YESTERDAY       55                        39     16       53
  MONTH TO DATE  521                       540    -19      507
  SINCE DEC 1    521                       540    -19      507
  SINCE JUL 1   1660                      2085   -425     1712

 COOLING
  YESTERDAY        0                         0      0        0
  MONTH TO DATE    0                         0      0        0
  SINCE DEC 1      0                         0      0        0
  SINCE JAN 1    652                       491    161      855
..................................................................


WIND (MPH)
  HIGHEST WIND SPEED    18   HIGHEST WIND DIRECTION     S (190)
  HIGHEST GUST SPEED    23   HIGHEST GUST DIRECTION     S (190)
  AVERAGE WIND SPEED     6.5


SKY COVER
  POSSIBLE SUNSHINE  MM
  AVERAGE SKY COVER 0.5


WEATHER CONDITIONS
 THE FOLLOWING WEATHER WAS RECORDED YESTERDAY.
  LIGHT SNOW
  FOG
  HAZE


RELATIVE HUMIDITY (PERCENT)
 HIGHEST    87           900 AM
 LOWEST     57          1200 PM
 AVERAGE    72

..........................................................


THE BURLINGTON VT CLIMATE NORMALS FOR TODAY
                         NORMAL    RECORD    YEAR
 MAXIMUM TEMPERATURE (F)   33        54      1982
 MINIMUM TEMPERATURE (F)   18       -18      1917


SUNRISE AND SUNSET
DECEMBER 16 2017......SUNRISE   723 AM EST   SUNSET   414 PM EST
DECEMBER 17 2017......SUNRISE   724 AM EST   SUNSET   414 PM EST


-  INDICATES NEGATIVE NUMBERS.
R  INDICATES RECORD WAS SET OR TIED.
MM INDICATES DATA IS MISSING.
T  INDICATES TRACE AMOUNT.


&&

LAKE CHAMPLAIN DATA:
LEVEL...............94.72 FEET
TEMPERATURE.........40 DEGREES

MOUNT MANSFIELD DATA:
HIGH................11 DEGREES
LOW.................-6 DEGREES
PRECIPITATION.......NONE
NEW SNOW............NONE
SNOW AT STAKE.......32 INCHES

$$
