000
CDUS41 KBTV 230525
CLIBTV


CLIMATE REPORT
NATIONAL WEATHER SERVICE BURLINGTON VT
124 AM EDT THU OCT 23 2014


...................................

...THE BURLINGTON VT CLIMATE SUMMARY FOR OCTOBER 22 2014...

CLIMATE NORMAL PERIOD 1981 TO 2010
CLIMATE RECORD PERIOD 1884 TO 2014


WEATHER ITEM   OBSERVED TIME   RECORD YEAR NORMAL DEPARTURE LAST
                VALUE   (LST)  VALUE       VALUE  FROM      YEAR
                                                  NORMAL
..................................................................
TEMPERATURE (F)
 YESTERDAY
  MAXIMUM         53    645 PM  81    1979  55     -2       58
  MINIMUM         46    651 AM  23    1959  37      9       41
  AVERAGE         50                        46      4       50

PRECIPITATION (IN)
  YESTERDAY        T             0.95 1933   0.11  -0.11     0.02
  MONTH TO DATE    3.06                      2.60   0.46     2.34
  SINCE SEP 1      4.69                      6.24  -1.55     7.08
  SINCE JAN 1     30.39                     30.31   0.08    39.77

SNOWFALL (IN)
  YESTERDAY        0.0           5.1  1969   0.0    0.0      0.0
  MONTH TO DATE    0.0                       0.1   -0.1      0.0
  SINCE SEP 1      0.0                       0.1   -0.1      0.0
  SINCE JUL 1      0.0                       0.1   -0.1      0.0
  SNOW DEPTH       0

DEGREE DAYS
 HEATING
  YESTERDAY       15                        19     -4       15
  MONTH TO DATE  216                       338   -122      184
  SINCE SEP 1    367                       513   -146      379
  SINCE JUL 1    380                       555   -175      395

 COOLING
  YESTERDAY        0                         0      0        0
  MONTH TO DATE   18                         0     18        4
  SINCE SEP 1     89                        41     48       62
  SINCE JAN 1    582                       489     93      662
..................................................................


WIND (MPH)
  HIGHEST WIND SPEED    18   HIGHEST WIND DIRECTION     N (340)
  HIGHEST GUST SPEED    25   HIGHEST GUST DIRECTION     N (10)
  AVERAGE WIND SPEED    11.5


SKY COVER
  POSSIBLE SUNSHINE  MM
  AVERAGE SKY COVER 0.8


WEATHER CONDITIONS
 THE FOLLOWING WEATHER WAS RECORDED YESTERDAY.
  LIGHT RAIN
  FOG


RELATIVE HUMIDITY (PERCENT)
 HIGHEST    93           100 AM
 LOWEST     66           400 PM
 AVERAGE    80

..........................................................


THE BURLINGTON VT CLIMATE NORMALS FOR TODAY
                         NORMAL    RECORD    YEAR
 MAXIMUM TEMPERATURE (F)   54        78      1979
 MINIMUM TEMPERATURE (F)   37        20      1961


SUNRISE AND SUNSET
OCTOBER 23 2014.......SUNRISE   718 AM EDT   SUNSET   555 PM EDT
OCTOBER 24 2014.......SUNRISE   719 AM EDT   SUNSET   554 PM EDT


-  INDICATES NEGATIVE NUMBERS.
R  INDICATES RECORD WAS SET OR TIED.
MM INDICATES DATA IS MISSING.
T  INDICATES TRACE AMOUNT.

&&

LAKE CHAMPLAIN DATA:
LEVEL...............94.34 FEET
TEMPERATURE.........56 DEGREES

MOUNT MANSFIELD DATA:
HIGH................38 DEGREES
LOW.................35 DEGREES
PRECIPITATION.......0.14 INCHES

$$
