000
CDUS41 KBTV 270537
CLIBTV


CLIMATE REPORT
NATIONAL WEATHER SERVICE BURLINGTON VT
1235 AM EST THU NOV 27 2014


...................................

...THE BURLINGTON VT CLIMATE SUMMARY FOR NOVEMBER 26 2014...

CLIMATE NORMAL PERIOD 1981 TO 2010
CLIMATE RECORD PERIOD 1884 TO 2014


WEATHER ITEM   OBSERVED TIME   RECORD YEAR NORMAL DEPARTURE LAST
                VALUE   (LST)  VALUE       VALUE  FROM      YEAR
                                                  NORMAL
..................................................................
TEMPERATURE (F)
 YESTERDAY
  MAXIMUM         42   1232 AM  64    1979  41      1       34
  MINIMUM         29   1159 PM  -3    1938  28      1       30
  AVERAGE         36                        34      2       32

PRECIPITATION (IN)
  YESTERDAY        0.32          1.47 1979   0.09   0.23     0.13
  MONTH TO DATE    1.88                      2.76  -0.88     1.32
  SINCE SEP 1      7.68                     10.00  -2.32     8.65
  SINCE JAN 1     33.38                     34.07  -0.69    41.34

SNOWFALL (IN)
  YESTERDAY        7.6           9.6  1977   0.3    7.3      1.7
  MONTH TO DATE    8.2                       3.9    4.3      4.4
  SINCE SEP 1      8.2                       4.2    4.0      4.4
  SINCE JUL 1      8.2                       4.2    4.0      4.4
  SNOW DEPTH       0

DEGREE DAYS
 HEATING
  YESTERDAY       29                        31     -2       33
  MONTH TO DATE  647                       676    -29      705
  SINCE SEP 1   1164                      1375   -211     1308
  SINCE JUL 1   1177                      1417   -240     1324

 COOLING
  YESTERDAY        0                         0      0        0
  MONTH TO DATE    0                         0      0        0
  SINCE SEP 1     89                        43     46       62
  SINCE JAN 1    582                       491     91      662
..................................................................


WIND (MPH)
  HIGHEST WIND SPEED    23   HIGHEST WIND DIRECTION     W (290)
  HIGHEST GUST SPEED    30   HIGHEST GUST DIRECTION     W (290)
  AVERAGE WIND SPEED     8.6


SKY COVER
  POSSIBLE SUNSHINE  MM
  AVERAGE SKY COVER 0.9


WEATHER CONDITIONS
 THE FOLLOWING WEATHER WAS RECORDED YESTERDAY.
  SNOW
  LIGHT SNOW
  FOG


RELATIVE HUMIDITY (PERCENT)
 HIGHEST    92           500 PM
 LOWEST     48           200 AM
 AVERAGE    70

..........................................................


THE BURLINGTON VT CLIMATE NORMALS FOR TODAY
                         NORMAL    RECORD    YEAR
 MAXIMUM TEMPERATURE (F)   41        66      1896
 MINIMUM TEMPERATURE (F)   27        -1      1957


SUNRISE AND SUNSET
NOVEMBER 27 2014......SUNRISE   704 AM EST   SUNSET   416 PM EST
NOVEMBER 28 2014......SUNRISE   705 AM EST   SUNSET   416 PM EST


-  INDICATES NEGATIVE NUMBERS.
R  INDICATES RECORD WAS SET OR TIED.
MM INDICATES DATA IS MISSING.
T  INDICATES TRACE AMOUNT.

&&

LAKE CHAMPLAIN DATA:
LEVEL...............94.21 FEET
TEMPERATURE.........50 DEGREES

MOUNT MANSFIELD DATA:
HIGH................28 DEGREES
LOW.................18 DEGREES
PRECIPITATION.......0.08 INCHES
NEW SNOW............0.8 INCHES
SNOW AT STAKE.......5 INCHES

$$
