000
CDUS41 KBTV 220538 CCA
CLIBTV

CLIMATE REPORT...CORRECTED DATA FOR MOUNT MANSFIELD
NATIONAL WEATHER SERVICE BURLINGTON VT
130 AM EDT MON SEP 22 2014

...................................

...THE BURLINGTON VT CLIMATE SUMMARY FOR SEPTEMBER 21 2014...

CLIMATE NORMAL PERIOD 1981 TO 2010
CLIMATE RECORD PERIOD 1884 TO 2014


WEATHER ITEM   OBSERVED TIME   RECORD YEAR NORMAL DEPARTURE LAST
                VALUE   (LST)  VALUE       VALUE  FROM      YEAR
                                                  NORMAL
..................................................................
TEMPERATURE (F)
 YESTERDAY
  MAXIMUM         82    211 PM  89    1914  68     14       76
  MINIMUM         63   1159 PM  29    1929  49     14       61
  AVERAGE         73                        58     15       69

PRECIPITATION (IN)
  YESTERDAY        0.33          3.11 1983   0.13   0.20     0.56
  MONTH TO DATE    1.61                      2.46  -0.85     4.47
  SINCE SEP 1      1.61                      2.46  -0.85     4.47
  SINCE JAN 1     27.31                     26.53   0.78    37.16

SNOWFALL (IN)
  YESTERDAY        0.0           0.0  2002   0.0    0.0      0.0
                                      2001
  MONTH TO DATE    0.0                       0.0    0.0      0.0
  SINCE SEP 1      0.0                       0.0    0.0      0.0
  SINCE JUL 1      0.0                       0.0    0.0      0.0
  SNOW DEPTH       0

DEGREE DAYS
 HEATING
  YESTERDAY        0                         7     -7        0
  MONTH TO DATE  120                        91     29      114
  SINCE SEP 1    120                        91     29      114
  SINCE JUL 1    133                       133      0      130

 COOLING
  YESTERDAY        8                         1      7        4
  MONTH TO DATE   66                        39     27       58
  SINCE SEP 1     66                        39     27       58
  SINCE JAN 1    559                       487     72      658
..................................................................


WIND (MPH)
  HIGHEST WIND SPEED    28   HIGHEST WIND DIRECTION     S (190)
  HIGHEST GUST SPEED    38   HIGHEST GUST DIRECTION     S (170)
  AVERAGE WIND SPEED    13.1


SKY COVER
  POSSIBLE SUNSHINE  MM
  AVERAGE SKY COVER 0.5


WEATHER CONDITIONS
 THE FOLLOWING WEATHER WAS RECORDED YESTERDAY.

  HEAVY RAIN
  LIGHT RAIN
  FOG


RELATIVE HUMIDITY (PERCENT)
 HIGHEST    87           900 PM
 LOWEST     45           200 PM
 AVERAGE    66

..........................................................


THE BURLINGTON VT CLIMATE NORMALS FOR TODAY
                         NORMAL    RECORD    YEAR
 MAXIMUM TEMPERATURE (F)   68        88      1965
                                             1914
                                             1895
 MINIMUM TEMPERATURE (F)   48        31      1962


SUNRISE AND SUNSET
SEPTEMBER 22 2014.....SUNRISE   640 AM EDT   SUNSET   650 PM EDT
SEPTEMBER 23 2014.....SUNRISE   641 AM EDT   SUNSET   648 PM EDT


-  INDICATES NEGATIVE NUMBERS.
R  INDICATES RECORD WAS SET OR TIED.
MM INDICATES DATA IS MISSING.
T  INDICATES TRACE AMOUNT.

&&

LAKE CHAMPLAIN DATA:
LEVEL...............94.39 FEET
TEMPERATURE.........62 DEGREES

MOUNT MANSFIELD DATA:
HIGH................67 DEGREES
LOW.................49 DEGREES
PRECIPITATION.......0.01"

$$
