000
CDUS41 KBTV 240527
CLIBTV


CLIMATE REPORT
NATIONAL WEATHER SERVICE BURLINGTON VT
125 AM EDT WED MAY 24 2017


...................................

...THE BURLINGTON VT CLIMATE SUMMARY FOR MAY 23 2017...

CLIMATE NORMAL PERIOD 1981 TO 2010
CLIMATE RECORD PERIOD 1884 TO 2017


WEATHER ITEM   OBSERVED TIME   RECORD YEAR NORMAL DEPARTURE LAST
                VALUE   (LST)  VALUE       VALUE  FROM      YEAR
                                                  NORMAL
..................................................................
TEMPERATURE (F)
 YESTERDAY
  MAXIMUM         72    408 PM  91    1992  69      3       81
                                      1977
                                      1975
  MINIMUM         48    444 AM  31    1967  48      0       49
                                      1935
  AVERAGE         60                        59      1       65

PRECIPITATION (IN)
  YESTERDAY        0.00          2.26 2013   0.13  -0.13     0.00
                                      1955
  MONTH TO DATE    3.09                      2.48   0.61     1.79
  SINCE MAR 1     10.19                      7.52   2.67     5.85
  SINCE JAN 1     14.86                     11.34   3.52    10.18

SNOWFALL (IN)
  YESTERDAY        0.0           T    1959   0.0    0.0      0.0
                                      1955
                                      1925
  MONTH TO DATE    0.0                       0.0    0.0       T
  SINCE MAR 1     41.2                      20.4   20.8      5.3
  SINCE JUL 1    100.4                      81.2   19.2     34.3
  SNOW DEPTH       0

DEGREE DAYS
 HEATING
  YESTERDAY        5                         7     -2        0
  MONTH TO DATE  245                       238      7      231
  SINCE MAR 1   1872                      1902    -30     1794
  SINCE JUL 1   6250                      7312  -1062     6178

 COOLING
  YESTERDAY        0                         1     -1        0
  MONTH TO DATE   26                         6     20        0
  SINCE MAR 1     41                         8     33        0
  SINCE JAN 1     41                         8     33        0
..................................................................


WIND (MPH)
  HIGHEST WIND SPEED    15   HIGHEST WIND DIRECTION     S (200)
  HIGHEST GUST SPEED    19   HIGHEST GUST DIRECTION     S (200)
  AVERAGE WIND SPEED     3.8


SKY COVER
  POSSIBLE SUNSHINE  MM
  AVERAGE SKY COVER 0.6


WEATHER CONDITIONS
 THE FOLLOWING WEATHER WAS RECORDED YESTERDAY.
  NO SIGNIFICANT WEATHER WAS OBSERVED.


RELATIVE HUMIDITY (PERCENT)
 HIGHEST    93          1200 AM
 LOWEST     44          1000 AM
 AVERAGE    69

..........................................................


THE BURLINGTON VT CLIMATE NORMALS FOR TODAY
                         NORMAL    RECORD    YEAR
 MAXIMUM TEMPERATURE (F)   70        88      2007
                                             1991
 MINIMUM TEMPERATURE (F)   48        28      1963


SUNRISE AND SUNSET
MAY 24 2017...........SUNRISE   516 AM EDT   SUNSET   823 PM EDT
MAY 25 2017...........SUNRISE   516 AM EDT   SUNSET   824 PM EDT


-  INDICATES NEGATIVE NUMBERS.
R  INDICATES RECORD WAS SET OR TIED.
MM INDICATES DATA IS MISSING.
T  INDICATES TRACE AMOUNT.

&&

LAKE CHAMPLAIN DATA:
LEVEL...............98.38 FEET
TEMPERATURE.........49 DEGREES

MOUNT MANSFIELD DATA:
HIGH................56 DEGREES
LOW.................38 DEGREES
PRECIPITATION.......0.06 INCHES
NEW SNOW............NONE
SNOW AT STAKE.......3 INCHES

$$
