873
CDUS41 KBTV 210520
CLIBTV


CLIMATE REPORT
NATIONAL WEATHER SERVICE BURLINGTON VT
119 AM EDT SAT OCT 21 2017


...................................

...THE BURLINGTON VT CLIMATE SUMMARY FOR OCTOBER 20 2017...

CLIMATE NORMAL PERIOD 1981 TO 2010
CLIMATE RECORD PERIOD 1884 TO 2017


WEATHER ITEM   OBSERVED TIME   RECORD YEAR NORMAL DEPARTURE LAST
                VALUE   (LST)  VALUE       VALUE  FROM      YEAR
                                                  NORMAL
..................................................................
TEMPERATURE (F)
 YESTERDAY
  MAXIMUM         68    244 PM  78    1963  56     12       59
  MINIMUM         45   1155 PM  15    1972  38      7       46
  AVERAGE         57                        47     10       53

PRECIPITATION (IN)
  YESTERDAY        0.00          1.96 2006   0.11  -0.11     0.16
  MONTH TO DATE    1.47                      2.38  -0.91     0.47
  SINCE SEP 1      4.26                      6.02  -1.76     1.86
  SINCE JAN 1     33.96                     30.09   3.87    21.06

SNOWFALL (IN)
  YESTERDAY        0.0           2.0  2006   0.0    0.0      0.0
  MONTH TO DATE    0.0                       0.1   -0.1      0.0
  SINCE SEP 1      0.0                       0.1   -0.1      0.0
  SINCE JUL 1      0.0                       0.1   -0.1      0.0
  SNOW DEPTH       0

DEGREE DAYS
 HEATING
  YESTERDAY        8                        18    -10       12
  MONTH TO DATE  134                       300   -166      167
  SINCE SEP 1    220                       475   -255      246
  SINCE JUL 1    243                       517   -274      251

 COOLING
  YESTERDAY        0                         0      0        0
  MONTH TO DATE   13                         0     13        3
  SINCE SEP 1    127                        41     86      111
  SINCE JAN 1    644                       489    155      855
..................................................................


WIND (MPH)
  HIGHEST WIND SPEED    18   HIGHEST WIND DIRECTION    NW (320)
  HIGHEST GUST SPEED    24   HIGHEST GUST DIRECTION     N (340)
  AVERAGE WIND SPEED     8.0


SKY COVER
  POSSIBLE SUNSHINE  MM
  AVERAGE SKY COVER 0.1


WEATHER CONDITIONS
 THE FOLLOWING WEATHER WAS RECORDED YESTERDAY.
  NO SIGNIFICANT WEATHER WAS OBSERVED.


RELATIVE HUMIDITY (PERCENT)
 HIGHEST    76          1100 PM
 LOWEST     29           100 PM
 AVERAGE    53

..........................................................


THE BURLINGTON VT CLIMATE NORMALS FOR TODAY
                         NORMAL    RECORD    YEAR
 MAXIMUM TEMPERATURE (F)   55        76      1995
 MINIMUM TEMPERATURE (F)   37        20      1972


SUNRISE AND SUNSET
OCTOBER 21 2017.......SUNRISE   716 AM EDT   SUNSET   558 PM EDT
OCTOBER 22 2017.......SUNRISE   717 AM EDT   SUNSET   556 PM EDT


-  INDICATES NEGATIVE NUMBERS.
R  INDICATES RECORD WAS SET OR TIED.
MM INDICATES DATA IS MISSING.
T  INDICATES TRACE AMOUNT.

&&

LAKE CHAMPLAIN DATA:
LEVEL...............94.36 FEET
TEMPERATURE.........59 DEGREES

MOUNT MANSFIELD DATA:
HIGH................53 DEGREES
LOW.................35 DEGREES
PRECIPITATION.......NONE

$$
