000
CDUS41 KBUF 061027
CLIBUF


CLIMATE REPORT
NATIONAL WEATHER SERVICE BUFFALO NY
624 AM EDT FRI MAY 6 2016


...................................

...THE BUFFALO NY CLIMATE SUMMARY FOR MAY 5 2016...

CLIMATE NORMAL PERIOD 1981 TO 2010
CLIMATE RECORD PERIOD 1871 TO 2016


WEATHER ITEM   OBSERVED TIME   RECORD YEAR NORMAL DEPARTURE LAST
                VALUE   (LST)  VALUE       VALUE  FROM      YEAR
                                                  NORMAL
..................................................................
TEMPERATURE (F)
 YESTERDAY
  MAXIMUM         62    411 PM  90    1950  63     -1       69
  MINIMUM         46    634 AM  28    1891  44      2       46
  AVERAGE         54                        53      1       58

PRECIPITATION (IN)
  YESTERDAY        0.00          0.98 1914   0.10  -0.10     0.08
  MONTH TO DATE    0.68                      0.51   0.17     0.08
  SINCE MAR 1      5.43                      6.39  -0.96     4.22
  SINCE JAN 1     10.71                     12.06  -1.35     9.21

SNOWFALL (IN)
  YESTERDAY        0.0           0.1  1973   0.0    0.0      0.0
  MONTH TO DATE    0.0                       0.1   -0.1      0.0
  SINCE MAR 1      8.0                      15.7   -7.7      9.9
  SINCE JUL 1     55.1                      94.5  -39.4    112.9
  SNOW DEPTH       0

DEGREE DAYS
 HEATING
  YESTERDAY       11                        12     -1        7
  MONTH TO DATE   73                        63     10       31
  SINCE MAR 1   1493                      1600   -107     1703
  SINCE JUL 1   5431                      6344   -913     6851

 COOLING
  YESTERDAY        0                         0      0        0
  MONTH TO DATE    0                         0      0        0
  SINCE MAR 1      0                         3     -3        0
  SINCE JAN 1      0                         3     -3        0
..................................................................


WIND (MPH)
  HIGHEST WIND SPEED    20   HIGHEST WIND DIRECTION    NE (30)
  HIGHEST GUST SPEED    24   HIGHEST GUST DIRECTION    NE (30)
  AVERAGE WIND SPEED     9.1


SKY COVER
  AVERAGE SKY COVER 0.7


WEATHER CONDITIONS
 THE FOLLOWING WEATHER WAS RECORDED YESTERDAY.
  FOG
  FOG W/VISIBILITY <= 1/4 MILE


RELATIVE HUMIDITY (PERCENT)
 HIGHEST    93           300 AM
 LOWEST     51           500 PM
 AVERAGE    72

..........................................................


THE BUFFALO NY CLIMATE NORMALS FOR TODAY
                         NORMAL    RECORD    YEAR
 MAXIMUM TEMPERATURE (F)   63        88      1959
 MINIMUM TEMPERATURE (F)   44        31      1891


SUNRISE AND SUNSET
MAY  6 2016...........SUNRISE   602 AM EDT   SUNSET   822 PM EDT
MAY  7 2016...........SUNRISE   600 AM EDT   SUNSET   823 PM EDT


-  INDICATES NEGATIVE NUMBERS.
R  INDICATES RECORD WAS SET OR TIED.
MM INDICATES DATA IS MISSING.
T  INDICATES TRACE AMOUNT.




$$
