000
CDUS41 KBUF 140705
CLIBUF


CLIMATE REPORT
NATIONAL WEATHER SERVICE BUFFALO NY
205 AM EST THU DEC 14 2017


...................................

...THE BUFFALO NY CLIMATE SUMMARY FOR DECEMBER 13 2017...

CLIMATE NORMAL PERIOD 1981 TO 2010
CLIMATE RECORD PERIOD 1871 TO 2017


WEATHER ITEM   OBSERVED TIME   RECORD YEAR NORMAL DEPARTURE LAST
                VALUE   (LST)  VALUE       VALUE  FROM      YEAR
                                                  NORMAL
..................................................................
TEMPERATURE (F)
 YESTERDAY
  MAXIMUM         20    255 PM  62    1901  37    -17       33
  MINIMUM         10    817 AM  -1    1960  25    -15       26
  AVERAGE         15                        31    -16       30

PRECIPITATION (IN)
  YESTERDAY        0.04          1.19 1881   0.13  -0.09      T
  MONTH TO DATE    1.24                      1.64  -0.40     1.31
  SINCE DEC 1      1.24                      1.64  -0.40     1.31
  SINCE JAN 1     46.79                     38.23   8.56    31.12

SNOWFALL (IN)
  YESTERDAY       MM             8.0  1917   0.9   MM         T
  MONTH TO DATE   11.8                       9.4    2.4      5.6
  SINCE DEC 1     11.8                       9.4    2.4      5.6
  SINCE JUL 1     12.0                      18.2   -6.2      6.5
  SNOW DEPTH       4

DEGREE DAYS
 HEATING
  YESTERDAY       50                        34     16       35
  MONTH TO DATE  428                       419      9      397
  SINCE DEC 1    428                       419      9      397
  SINCE JUL 1   1543                      1752   -209     1367

 COOLING
  YESTERDAY        0                         0      0        0
  MONTH TO DATE    0                         0      0        0
  SINCE DEC 1      0                         0      0        0
  SINCE JAN 1    603                       544     59      939
..................................................................


WIND (MPH)
  HIGHEST WIND SPEED    20   HIGHEST WIND DIRECTION     W (260)
  HIGHEST GUST SPEED    24   HIGHEST GUST DIRECTION     W (250)
  AVERAGE WIND SPEED    10.1


SKY COVER
  AVERAGE SKY COVER 0.8


WEATHER CONDITIONS
 THE FOLLOWING WEATHER WAS RECORDED YESTERDAY.
  LIGHT SNOW
  FOG


RELATIVE HUMIDITY (PERCENT)
 HIGHEST    84           200 AM
 LOWEST     56           100 PM
 AVERAGE    70

..........................................................


THE BUFFALO NY CLIMATE NORMALS FOR TODAY
                         NORMAL    RECORD    YEAR
 MAXIMUM TEMPERATURE (F)   36        71      2015
 MINIMUM TEMPERATURE (F)   25         2      1989


SUNRISE AND SUNSET
DECEMBER 14 2017......SUNRISE   738 AM EST   SUNSET   441 PM EST
DECEMBER 15 2017......SUNRISE   739 AM EST   SUNSET   441 PM EST


-  INDICATES NEGATIVE NUMBERS.
R  INDICATES RECORD WAS SET OR TIED.
MM INDICATES DATA IS MISSING.
T  INDICATES TRACE AMOUNT.




$$
