019
CDUS46 KLOX 280114
CLIBUR


CLIMATE REPORT
NATIONAL WEATHER SERVICE LOS ANGELES/OXNARD CA
614 PM PDT MON MAR 27 2017


...................................

...THE BOB HOPE AIRPORT (BURBANK) CA CLIMATE SUMMARY FOR MARCH 27 2017...
VALID TODAY AS OF 0600 PM LOCAL TIME.

CLIMATE NORMAL PERIOD 1981 TO 2010
CLIMATE RECORD PERIOD 1939 TO 2017


WEATHER ITEM   OBSERVED TIME   RECORD YEAR NORMAL DEPARTURE LAST
                VALUE   (LST)  VALUE       VALUE  FROM      YEAR
                                                  NORMAL
..................................................................
TEMPERATURE (F)
 TODAY
  MAXIMUM         72    253 PM  91    2015  71      1       73
                                      1986
  MINIMUM         51    635 AM  35    1945  47      4       55
  AVERAGE         62                        59      3       64

PRECIPITATION (IN)
  TODAY            0.00          1.91 1979   0.06  -0.06     0.00
  MONTH TO DATE    0.21                      2.72  -2.51     1.74
  SINCE OCT 1     13.61                     15.17  -1.56     7.21
  SINCE JAN 1      9.35                     10.73  -1.38     6.11

SNOWFALL (IN)
  TODAY            0.0
  MONTH TO DATE    0.0
  SINCE MAR 1      0.0
  SINCE JUL 1      0.0

DEGREE DAYS
 HEATING
  TODAY            3                         6     -3        1
  MONTH TO DATE   87                       193   -106       82
  SINCE MAR 1     87                       193   -106       82
  SINCE JUL 1   1080                      1334   -254      989

 COOLING
  TODAY            0                         0      0        0
  MONTH TO DATE   60                         0     60       16
  SINCE MAR 1     60                         0     60       16
  SINCE JAN 1     61                         6     55       71
..................................................................


WIND (MPH)
  HIGHEST WIND SPEED    29   HIGHEST WIND DIRECTION     N (350)
  HIGHEST GUST SPEED    38   HIGHEST GUST DIRECTION     N (360)
  AVERAGE WIND SPEED     9.4


SKY COVER
  POSSIBLE SUNSHINE  MM
  AVERAGE SKY COVER 0.2


WEATHER CONDITIONS
 THE FOLLOWING WEATHER WAS RECORDED TODAY.
  NO SIGNIFICANT WEATHER WAS OBSERVED.


RELATIVE HUMIDITY (PERCENT)
 HIGHEST    83          1200 AM
 LOWEST     19           200 PM
 AVERAGE    51

..........................................................


THE BOB HOPE AIRPORT (BURBANK) CA CLIMATE NORMALS FOR TOMORROW
                         NORMAL    RECORD    YEAR
 MAXIMUM TEMPERATURE (F)   71        88      2004
                                             1986
 MINIMUM TEMPERATURE (F)   47        32      1985


SUNRISE AND SUNSET
MARCH 27 2017.........SUNRISE   647 AM PDT   SUNSET   711 PM PDT
MARCH 28 2017.........SUNRISE   646 AM PDT   SUNSET   712 PM PDT


-  INDICATES NEGATIVE NUMBERS.
R  INDICATES RECORD WAS SET OR TIED.
MM INDICATES DATA IS MISSING.
T  INDICATES TRACE AMOUNT.




$$
