000
CDUS46 KLOX 170113
CLIBUR


CLIMATE REPORT
NATIONAL WEATHER SERVICE LOS ANGELES/OXNARD CA
612 PM PDT WED APR 16 2014


...................................

...THE BOB HOPE AIRPORT (BURBANK) CA CLIMATE SUMMARY FOR APRIL 16 2014...
VALID TODAY AS OF 0600 PM LOCAL TIME.

CLIMATE NORMAL PERIOD 1981 TO 2010
CLIMATE RECORD PERIOD 1939 TO 2014


WEATHER ITEM   OBSERVED TIME   RECORD YEAR NORMAL DEPARTURE LAST
                VALUE   (LST)  VALUE       VALUE  FROM      YEAR
                                                  NORMAL
..................................................................
TEMPERATURE (F)
 TODAY
  MAXIMUM         74    143 PM  96    1948  73      1       71
  MINIMUM         55    741 AM  37    1978  50      5       52
  AVERAGE         65                        62      3       62

PRECIPITATION (IN)
  TODAY            0.00          0.58 1990   0.04  -0.04     0.00
  MONTH TO DATE    0.04                      0.71  -0.67      T
  SINCE JUL 1      5.34                     16.45 -11.11     4.70
  SINCE JAN 1      4.91                     11.69  -6.78     1.90

SNOWFALL (IN)
  TODAY            0.0
  MONTH TO DATE    0.0
  SINCE MAR 1      0.0
  SINCE JUL 1      0.0

DEGREE DAYS
 HEATING
  TODAY            0                         5     -5        3
  MONTH TO DATE   53                        87    -34       18
  SINCE MAR 1    141                       305   -164       87
  SINCE JUL 1    618                      1446   -828     1098

 COOLING
  TODAY            0                         1     -1        0
  MONTH TO DATE   42                        16     26       25
  SINCE MAR 1     62                        26     36       73
  SINCE JAN 1    122                        32     90       75
..................................................................


WIND (MPH)
  HIGHEST WIND SPEED    13   HIGHEST WIND DIRECTION     S (180)
  HIGHEST GUST SPEED    17   HIGHEST GUST DIRECTION     S (180)
  AVERAGE WIND SPEED     5.6


SKY COVER
  POSSIBLE SUNSHINE  MM
  AVERAGE SKY COVER 0.4


WEATHER CONDITIONS
 THE FOLLOWING WEATHER WAS RECORDED TODAY.
  FOG
  HAZE


RELATIVE HUMIDITY (PERCENT)
 HIGHEST    86           100 AM
 LOWEST     44          1200 PM
 AVERAGE    65

..........................................................


THE BOB HOPE AIRPORT (BURBANK) CA CLIMATE NORMALS FOR TOMORROW
                         NORMAL    RECORD    YEAR
 MAXIMUM TEMPERATURE (F)   73        93      1980
 MINIMUM TEMPERATURE (F)   50        37      1976


SUNRISE AND SUNSET
APRIL 16 2014.........SUNRISE   621 AM PDT   SUNSET   726 PM PDT
APRIL 17 2014.........SUNRISE   620 AM PDT   SUNSET   727 PM PDT


-  INDICATES NEGATIVE NUMBERS.
R  INDICATES RECORD WAS SET OR TIED.
MM INDICATES DATA IS MISSING.
T  INDICATES TRACE AMOUNT.




$$
