000
CDUS46 KLOX 260934
CLIBUR


CLIMATE REPORT
NATIONAL WEATHER SERVICE LOS ANGELES/OXNARD CA
234 AM PDT THU MAR 26 2015


...................................

...THE BOB HOPE AIRPORT (BURBANK) CA CLIMATE SUMMARY FOR MARCH 25 2015...

CLIMATE NORMAL PERIOD 1981 TO 2010
CLIMATE RECORD PERIOD 1939 TO 2015


WEATHER ITEM   OBSERVED TIME   RECORD YEAR NORMAL DEPARTURE LAST
                VALUE   (LST)  VALUE       VALUE  FROM      YEAR
                                                  NORMAL
..................................................................
TEMPERATURE (F)
 YESTERDAY
  MAXIMUM         87    226 PM  95    1988  71     16       66
  MINIMUM         56    608 AM  35    1977  47      9       56
  AVERAGE         72                        59     13       61

PRECIPITATION (IN)
  YESTERDAY        0.00          1.38 2012   0.07  -0.07     0.00
  MONTH TO DATE    0.83                      2.59  -1.76     0.79
  SINCE OCT 1      7.03                     15.04  -8.01     5.48
  SINCE JAN 1      2.53                     10.60  -8.07     4.85

SNOWFALL (IN)
  YESTERDAY        0.0
  MONTH TO DATE    0.0
  SINCE MAR 1      0.0
  SINCE JUL 1      0.0

DEGREE DAYS
 HEATING
  YESTERDAY        0                         6     -6        4
  MONTH TO DATE   49                       181   -132       60
  SINCE MAR 1     49                       181   -132       60
  SINCE JUL 1    606                      1322   -716      537

 COOLING
  YESTERDAY        7                         0      7        0
  MONTH TO DATE   91                         0     91       20
  SINCE MAR 1     91                         0     91       20
  SINCE JAN 1    117                         6    111       80
..................................................................


WIND (MPH)
  HIGHEST WIND SPEED    16   HIGHEST WIND DIRECTION     S (160)
  HIGHEST GUST SPEED    24   HIGHEST GUST DIRECTION    SE (150)
  AVERAGE WIND SPEED     3.8


SKY COVER
  POSSIBLE SUNSHINE  MM
  AVERAGE SKY COVER 0.0


WEATHER CONDITIONS
 THE FOLLOWING WEATHER WAS RECORDED YESTERDAY.
  NO SIGNIFICANT WEATHER WAS OBSERVED.


RELATIVE HUMIDITY (PERCENT)
 HIGHEST    72           600 AM
 LOWEST     17           200 PM
 AVERAGE    45

..........................................................


THE BOB HOPE AIRPORT (BURBANK) CA CLIMATE NORMALS FOR TODAY
                         NORMAL    RECORD    YEAR
 MAXIMUM TEMPERATURE (F)   71        98      1988
 MINIMUM TEMPERATURE (F)   47        34      1977


SUNRISE AND SUNSET
MARCH 26 2015.........SUNRISE   649 AM PDT   SUNSET   710 PM PDT
MARCH 27 2015.........SUNRISE   648 AM PDT   SUNSET   710 PM PDT


-  INDICATES NEGATIVE NUMBERS.
R  INDICATES RECORD WAS SET OR TIED.
MM INDICATES DATA IS MISSING.
T  INDICATES TRACE AMOUNT.




$$
