672
CDUS46 KLOX 180900
CLIBUR


CLIMATE REPORT
NATIONAL WEATHER SERVICE LOS ANGELES/OXNARD CA
200 AM PDT WED OCT 18 2017


...................................

...THE BOB HOPE AIRPORT (BURBANK) CA CLIMATE SUMMARY FOR OCTOBER 17 2017...

CLIMATE NORMAL PERIOD 1981 TO 2010
CLIMATE RECORD PERIOD 1939 TO 2017


WEATHER ITEM   OBSERVED TIME   RECORD YEAR NORMAL DEPARTURE LAST
                VALUE   (LST)  VALUE       VALUE  FROM      YEAR
                                                  NORMAL
..................................................................
TEMPERATURE (F)
 YESTERDAY
  MAXIMUM         95   1149 AM 101    1958  79     16       73
  MINIMUM         63    601 AM  41    1946  54      9       59
  AVERAGE         79                        67     12       66

PRECIPITATION (IN)
  YESTERDAY        0.00          1.51 2005   0.04  -0.04     0.08
  MONTH TO DATE    0.00                      0.47  -0.47     0.08
  SINCE OCT 1      0.00                      0.47  -0.47     0.08
  SINCE JAN 1      9.62                     13.34  -3.72     6.64

SNOWFALL (IN)
  YESTERDAY        0.0
  MONTH TO DATE    0.0
  SINCE SEP 1      0.0
  SINCE JUL 1      0.0

DEGREE DAYS
 HEATING
  YESTERDAY        0                         1     -1        0
  MONTH TO DATE    0                        17    -17        1
  SINCE SEP 1      3                        23    -20        2
  SINCE JUL 1      3                        23    -20        2

 COOLING
  YESTERDAY       14                         3     11        1
  MONTH TO DATE  122                        70     52       75
  SINCE SEP 1    421                       319    102      356
  SINCE JAN 1   1749                      1201    548     1569
..................................................................


WIND (MPH)
  HIGHEST WIND SPEED    14   HIGHEST WIND DIRECTION     S (160)
  HIGHEST GUST SPEED    17   HIGHEST GUST DIRECTION    SE (130)
  AVERAGE WIND SPEED     4.0


SKY COVER
  POSSIBLE SUNSHINE  MM
  AVERAGE SKY COVER 0.0


WEATHER CONDITIONS
 THE FOLLOWING WEATHER WAS RECORDED YESTERDAY.
  NO SIGNIFICANT WEATHER WAS OBSERVED.


RELATIVE HUMIDITY (PERCENT)
 HIGHEST    36          1000 PM
 LOWEST      8          1000 AM
 AVERAGE    22

..........................................................


THE BOB HOPE AIRPORT (BURBANK) CA CLIMATE NORMALS FOR TODAY
                         NORMAL    RECORD    YEAR
 MAXIMUM TEMPERATURE (F)   79       100      1940
 MINIMUM TEMPERATURE (F)   54        42      1971
                                             1946


SUNRISE AND SUNSET
OCTOBER 18 2017.......SUNRISE   701 AM PDT   SUNSET   615 PM PDT
OCTOBER 19 2017.......SUNRISE   702 AM PDT   SUNSET   614 PM PDT


-  INDICATES NEGATIVE NUMBERS.
R  INDICATES RECORD WAS SET OR TIED.
MM INDICATES DATA IS MISSING.
T  INDICATES TRACE AMOUNT.




$$
