000
CDUS46 KLOX 310900
CLIBUR


CLIMATE REPORT
NATIONAL WEATHER SERVICE LOS ANGELES/OXNARD CA
200 AM PDT FRI OCT 31 2014


...................................

...THE BOB HOPE AIRPORT (BURBANK) CA CLIMATE SUMMARY FOR OCTOBER 30 2014...

CLIMATE NORMAL PERIOD 1981 TO 2010
CLIMATE RECORD PERIOD 1939 TO 2014


WEATHER ITEM   OBSERVED TIME   RECORD YEAR NORMAL DEPARTURE LAST
                VALUE   (LST)  VALUE       VALUE  FROM      YEAR
                                                  NORMAL
..................................................................
TEMPERATURE (F)
 YESTERDAY
  MAXIMUM         82   1202 PM  96    1966  77      5       73
  MINIMUM         58    628 AM  33    1971  51      7       48
  AVERAGE         70                        64      6       61

PRECIPITATION (IN)
  YESTERDAY        0.00          0.74 1992   0.04  -0.04     0.00
  MONTH TO DATE    0.00                      0.93  -0.93     0.10
  SINCE JUL 1      0.04                      1.25  -1.21     0.11
  SINCE JAN 1      4.95                     13.80  -8.85     2.71

SNOWFALL (IN)
  YESTERDAY        0.0
  MONTH TO DATE    0.0
  SINCE SEP 1      0.0
  SINCE JUL 1      0.0

DEGREE DAYS
 HEATING
  YESTERDAY        0                         3     -3        4
  MONTH TO DATE    0                        43    -43       27
  SINCE SEP 1      0                        49    -49       27
  SINCE JUL 1      0                        49    -49       27

 COOLING
  YESTERDAY        5                         2      3        0
  MONTH TO DATE  214                       100    114      128
  SINCE SEP 1    610                       349    261      529
  SINCE JAN 1   1910                      1231    679     1958
..................................................................


WIND (MPH)
  HIGHEST WIND SPEED    13   HIGHEST WIND DIRECTION     S (180)
  HIGHEST GUST SPEED    16   HIGHEST GUST DIRECTION    SE (120)
  AVERAGE WIND SPEED     3.8


SKY COVER
  POSSIBLE SUNSHINE  MM
  AVERAGE SKY COVER 0.0


WEATHER CONDITIONS
 THE FOLLOWING WEATHER WAS RECORDED YESTERDAY.
  NO SIGNIFICANT WEATHER WAS OBSERVED.


RELATIVE HUMIDITY (PERCENT)
 HIGHEST    84          1000 PM
 LOWEST     28          1200 PM
 AVERAGE    56

..........................................................


THE BOB HOPE AIRPORT (BURBANK) CA CLIMATE NORMALS FOR TODAY
                         NORMAL    RECORD    YEAR
 MAXIMUM TEMPERATURE (F)   77        92      1967
 MINIMUM TEMPERATURE (F)   50        35      1971


SUNRISE AND SUNSET
OCTOBER 31 2014.......SUNRISE   712 AM PDT   SUNSET   601 PM PDT
NOVEMBER  1 2014......SUNRISE   713 AM PDT   SUNSET   600 PM PDT


-  INDICATES NEGATIVE NUMBERS.
R  INDICATES RECORD WAS SET OR TIED.
MM INDICATES DATA IS MISSING.
T  INDICATES TRACE AMOUNT.




$$
