000
CDUS46 KLOX 290907
CLIBUR


CLIMATE REPORT
NATIONAL WEATHER SERVICE LOS ANGELES/OXNARD CA
106 AM PST MON DEC 29 2014


...................................

...THE BOB HOPE AIRPORT (BURBANK) CA CLIMATE SUMMARY FOR DECEMBER 28 2014...

CLIMATE NORMAL PERIOD 1981 TO 2010
CLIMATE RECORD PERIOD 1939 TO 2014


WEATHER ITEM   OBSERVED TIME   RECORD YEAR NORMAL DEPARTURE LAST
                VALUE   (LST)  VALUE       VALUE  FROM      YEAR
                                                  NORMAL
..................................................................
TEMPERATURE (F)
 YESTERDAY
  MAXIMUM         61    257 PM  84    1963  67     -6       76
  MINIMUM         38    622 AM  30    1997  41     -3       50
  AVERAGE         50                        54     -4       63

PRECIPITATION (IN)
  YESTERDAY        0.00          2.41 2004   0.11  -0.11     0.00
  MONTH TO DATE    3.36                      2.08   1.28     0.20
  SINCE JUL 1      4.54                      4.44   0.10     0.64
  SINCE JAN 1      9.45                     16.99  -7.54     3.24

SNOWFALL (IN)
  YESTERDAY        0.0
  MONTH TO DATE    0.0
  SINCE DEC 1      0.0
  SINCE JUL 1      0.0

DEGREE DAYS
 HEATING
  YESTERDAY       15                        11      4        2
  MONTH TO DATE  189                       302   -113      197
  SINCE DEC 1    189                       302   -113      197
  SINCE JUL 1    249                       530   -281      285

 COOLING
  YESTERDAY        0                         0      0        0
  MONTH TO DATE    3                         0      3       14
  SINCE DEC 1      3                         0      3       14
  SINCE JAN 1   1958                      1245    713     2025
..................................................................


WIND (MPH)
  HIGHEST WIND SPEED     9   HIGHEST WIND DIRECTION     S (200)
  HIGHEST GUST SPEED    12   HIGHEST GUST DIRECTION    SW (210)
  AVERAGE WIND SPEED     2.0


SKY COVER
  POSSIBLE SUNSHINE  MM
  AVERAGE SKY COVER 0.0


WEATHER CONDITIONS
 THE FOLLOWING WEATHER WAS RECORDED YESTERDAY.
  NO SIGNIFICANT WEATHER WAS OBSERVED.


RELATIVE HUMIDITY (PERCENT)
 HIGHEST    70          1100 PM
 LOWEST     20           200 PM
 AVERAGE    45

..........................................................


THE BOB HOPE AIRPORT (BURBANK) CA CLIMATE NORMALS FOR TODAY
                         NORMAL    RECORD    YEAR
 MAXIMUM TEMPERATURE (F)   67        84      1963
 MINIMUM TEMPERATURE (F)   41        30      1971


SUNRISE AND SUNSET
DECEMBER 29 2014......SUNRISE   659 AM PST   SUNSET   453 PM PST
DECEMBER 30 2014......SUNRISE   659 AM PST   SUNSET   453 PM PST


-  INDICATES NEGATIVE NUMBERS.
R  INDICATES RECORD WAS SET OR TIED.
MM INDICATES DATA IS MISSING.
T  INDICATES TRACE AMOUNT.




$$
