000
CDUS41 KLWX 220525
CLIBWI


CLIMATE REPORT
NATIONAL WEATHER SERVICE BALTIMORE MD/WASHINGTON DC
1224 AM EST WED FEB 22 2017


...................................

...THE BALTIMORE MD CLIMATE SUMMARY FOR FEBRUARY 21 2017...

CLIMATE NORMAL PERIOD 1981 TO 2010
CLIMATE RECORD PERIOD 1870 TO 2017


WEATHER ITEM   OBSERVED TIME   RECORD YEAR NORMAL DEPARTURE LAST
                VALUE   (LST)  VALUE       VALUE  FROM      YEAR
                                                  NORMAL
..................................................................
TEMPERATURE (F)
 YESTERDAY
  MAXIMUM         54    314 PM  74    1930  46      8       58
  MINIMUM         35    538 AM   2    2015  28      7       43
  AVERAGE         45                        37      8       51

PRECIPITATION (IN)
  YESTERDAY        0.00          2.13 1902   0.10  -0.10     0.06
  MONTH TO DATE    0.46                      2.16  -1.70     2.48
  SINCE DEC 1      5.92                      8.58  -2.66    11.83
  SINCE JAN 1      3.15                      5.21  -2.06     5.98

SNOWFALL (IN)
  YESTERDAY        0.0          10.3  1929   0.3   -0.3
  MONTH TO DATE    T                         6.5   -6.5
  SINCE JUL 1      0.7                      16.7  -16.0
  SNOW DEPTH       0

DEGREE DAYS
 HEATING
  YESTERDAY       20                        28     -8       14
  MONTH TO DATE  484                       629   -145      630
  SINCE DEC 1   2100                      2501   -401     2136
  SINCE JUL 1   2799                      3405   -606     2856

 COOLING
  YESTERDAY        0                         0      0        0
  MONTH TO DATE    0                         0      0        0
  SINCE DEC 1      0                         0      0        1
  SINCE JAN 1      0                         0      0        0
..................................................................


WIND (MPH)
  HIGHEST WIND SPEED    15   HIGHEST WIND DIRECTION    SE (120)
  HIGHEST GUST SPEED    19   HIGHEST GUST DIRECTION     E (110)
  AVERAGE WIND SPEED     6.4


SKY COVER
  POSSIBLE SUNSHINE  MM
  AVERAGE SKY COVER 0.8


WEATHER CONDITIONS
 THE FOLLOWING WEATHER WAS RECORDED YESTERDAY.
  NO SIGNIFICANT WEATHER WAS OBSERVED.


RELATIVE HUMIDITY (PERCENT)
 HIGHEST    76          1100 PM
 LOWEST     39          1200 PM
 AVERAGE    58

..........................................................


THE BALTIMORE MD CLIMATE NORMALS FOR TODAY
                         NORMAL    RECORD    YEAR
 MAXIMUM TEMPERATURE (F)   47        74      1874
 MINIMUM TEMPERATURE (F)   28         7      1963


SUNRISE AND SUNSET
FEBRUARY 22 2017......SUNRISE   649 AM EST   SUNSET   552 PM EST
FEBRUARY 23 2017......SUNRISE   647 AM EST   SUNSET   553 PM EST


-  INDICATES NEGATIVE NUMBERS.
R  INDICATES RECORD WAS SET OR TIED.
MM INDICATES DATA IS MISSING.
T  INDICATES TRACE AMOUNT.




$$
