000
CDUS41 KLWX 272127
CLIBWI


CLIMATE REPORT
NATIONAL WEATHER SERVICE BALTIMORE MD/WASHINGTON DC
527 PM EDT FRI MAY 27 2016


...................................

...THE BALTIMORE MD CLIMATE SUMMARY FOR MAY 27 2016...
VALID TODAY AS OF 0500 PM LOCAL TIME.

CLIMATE NORMAL PERIOD 1981 TO 2010
CLIMATE RECORD PERIOD 1870 TO 2016


WEATHER ITEM   OBSERVED TIME   RECORD YEAR NORMAL DEPARTURE LAST
                VALUE   (LST)  VALUE       VALUE  FROM      YEAR
                                                  NORMAL
..................................................................
TEMPERATURE (F)
 TODAY
  MAXIMUM         90    228 PM  95    1965  77     13       88
                                      1941
  MINIMUM         68    529 AM  43    1961  56     12       69
                                      1915
  AVERAGE         79                        66     13       79

PRECIPITATION (IN)
  TODAY            0.00          1.50 1909   0.13  -0.13      T
  MONTH TO DATE    4.92                      3.46   1.46     2.08
  SINCE MAR 1      8.33                     10.55  -2.22    11.05
  SINCE JAN 1     17.53                     16.50   1.03    17.18

SNOWFALL (IN)
  TODAY            0.0          MM      MM   0.0    0.0
  MONTH TO DATE    0.0                       0.0    0.0
  SINCE JUL 1     35.1                      20.1   15.0
  SNOW DEPTH       0

DEGREE DAYS
 HEATING
  TODAY            0                         2     -2        0
  MONTH TO DATE  175                       126     49       48
  SINCE MAR 1    979                      1146   -167     1135
  SINCE JUL 1   4000                      4741   -741     4950

 COOLING
  TODAY           14                         4     10       14
  MONTH TO DATE   35                        54    -19      130
  SINCE MAR 1     62                        68     -6      135
  SINCE JAN 1     62                        68     -6      135
..................................................................


WIND (MPH)
  HIGHEST WIND SPEED    15   HIGHEST WIND DIRECTION    SE (140)
  HIGHEST GUST SPEED    19   HIGHEST GUST DIRECTION    SE (140)
  AVERAGE WIND SPEED     4.7


SKY COVER
  POSSIBLE SUNSHINE  MM
  AVERAGE SKY COVER 0.6


WEATHER CONDITIONS
 THE FOLLOWING WEATHER WAS RECORDED TODAY.
  HAZE


RELATIVE HUMIDITY (PERCENT)
 HIGHEST    84           600 AM
 LOWEST     44           200 PM
 AVERAGE    64

..........................................................


THE BALTIMORE MD CLIMATE NORMALS FOR TOMORROW
                         NORMAL    RECORD    YEAR
 MAXIMUM TEMPERATURE (F)   77        97      1941
 MINIMUM TEMPERATURE (F)   56        38      1961


SUNRISE AND SUNSET
MAY 27 2016...........SUNRISE   544 AM EDT   SUNSET   824 PM EDT
MAY 28 2016...........SUNRISE   544 AM EDT   SUNSET   824 PM EDT


-  INDICATES NEGATIVE NUMBERS.
R  INDICATES RECORD WAS SET OR TIED.
MM INDICATES DATA IS MISSING.
T  INDICATES TRACE AMOUNT.




$$
