000
CDUS41 KLWX 280526
CLIBWI


CLIMATE REPORT
NATIONAL WEATHER SERVICE BALTIMORE MD/WASHINGTON DC
126 AM EDT WED JUN 28 2017


...................................

...THE BALTIMORE MD CLIMATE SUMMARY FOR JUNE 27 2017...

CLIMATE NORMAL PERIOD 1981 TO 2010
CLIMATE RECORD PERIOD 1871 TO 2017


WEATHER ITEM   OBSERVED TIME   RECORD YEAR NORMAL DEPARTURE LAST
                VALUE   (LST)  VALUE       VALUE  FROM      YEAR
                                                  NORMAL
..................................................................
TEMPERATURE (F)
 YESTERDAY
  MAXIMUM         80    417 PM 100    2010  86     -6       87
  MINIMUM         60   1159 PM  50    1979  65     -5       62
  AVERAGE         70                        76     -6       75

PRECIPITATION (IN)
  YESTERDAY        T             3.11 2015   0.11  -0.11      T
  MONTH TO DATE    1.40                      3.12  -1.72     2.64
  SINCE JUN 1      1.40                      3.12  -1.72     2.64
  SINCE JAN 1     18.53                     20.15  -1.62    20.49

SNOWFALL (IN)
  YESTERDAY        0.0          MM      MM   0.0    0.0
  MONTH TO DATE    0.0                       0.0    0.0
  SINCE JUL 1      3.0                      20.1  -17.1
  SNOW DEPTH       0

DEGREE DAYS
 HEATING
  YESTERDAY        0                         0      0        0
  MONTH TO DATE   11                        13     -2        4
  SINCE JUN 1     11                        13     -2        4
  SINCE JUL 1   3862                      4762   -900     4004

 COOLING
  YESTERDAY        5                        11     -6       10
  MONTH TO DATE  249                       206     43      226
  SINCE JUN 1    249                       206     43      226
  SINCE JAN 1    357                       290     67      328
..................................................................


WIND (MPH)
  HIGHEST WIND SPEED    16   HIGHEST WIND DIRECTION    NW (310)
  HIGHEST GUST SPEED    22   HIGHEST GUST DIRECTION    NW (310)
  AVERAGE WIND SPEED     6.2


SKY COVER
  POSSIBLE SUNSHINE  MM
  AVERAGE SKY COVER 0.6


WEATHER CONDITIONS
 THE FOLLOWING WEATHER WAS RECORDED YESTERDAY.
  THUNDERSTORM
  LIGHT RAIN


RELATIVE HUMIDITY (PERCENT)
 HIGHEST    84           500 AM
 LOWEST     32           400 PM
 AVERAGE    58

..........................................................


THE BALTIMORE MD CLIMATE NORMALS FOR TODAY
                         NORMAL    RECORD    YEAR
 MAXIMUM TEMPERATURE (F)   86        99      2010
 MINIMUM TEMPERATURE (F)   65        53      1970


SUNRISE AND SUNSET
JUNE 28 2017..........SUNRISE   543 AM EDT   SUNSET   837 PM EDT
JUNE 29 2017..........SUNRISE   543 AM EDT   SUNSET   837 PM EDT


-  INDICATES NEGATIVE NUMBERS.
R  INDICATES RECORD WAS SET OR TIED.
MM INDICATES DATA IS MISSING.
T  INDICATES TRACE AMOUNT.




$$
