000
CDUS45 KRIW 010031
CLIBYG


CLIMATE REPORT
NATIONAL WEATHER SERVICE RIVERTON WY
629 PM MDT WED AUG 31 2016


...................................

...THE BUFFALO WY CLIMATE SUMMARY FOR AUGUST 31 2016...
VALID TODAY AS OF 0500 PM LOCAL TIME.

CLIMATE NORMAL PERIOD 1981 TO 2010
CLIMATE RECORD PERIOD 1998 TO 2016


WEATHER ITEM   OBSERVED TIME   RECORD YEAR NORMAL DEPARTURE LAST
                VALUE   (LST)  VALUE       VALUE  FROM      YEAR
                                                  NORMAL
..................................................................
TEMPERATURE (F)
 TODAY
  MAXIMUM         92        MM  94    2011  80     12       86
                                      2007
  MINIMUM         65        MM  39    2005  51     14       50
  AVERAGE         79

PRECIPITATION (IN)
  TODAY            0.00          T    2012   0.02  -0.02     0.00
                                      2008
                                      2000
  MONTH TO DATE    0.52                      0.81  -0.29     1.15
  SINCE JUN 1      1.40                      4.75  -3.35     5.15
  SINCE JAN 1      6.32                     10.27  -3.95    12.41

DEGREE DAYS
 HEATING
  TODAY            0                         3     -3        0
  MONTH TO DATE   38                        42     -4       49
  SINCE JUN 1     54                       228   -174      133
  SINCE JUL 1     39                        65    -26       79

 COOLING
  TODAY           14                         4     10        3
  MONTH TO DATE  194                       185      9      225
  SINCE JUN 1    590                       439    151      443
  SINCE JAN 1    595                       446    149      443
..................................................................


WIND (MPH)
  HIGHEST WIND SPEED    23   HIGHEST WIND DIRECTION    SE (150)
  HIGHEST GUST SPEED    32   HIGHEST GUST DIRECTION    SE (140)
  AVERAGE WIND SPEED    15.7


SKY COVER
  POSSIBLE SUNSHINE  MM
  AVERAGE SKY COVER 0.0


WEATHER CONDITIONS
 THE FOLLOWING WEATHER WAS RECORDED TODAY.
  NO SIGNIFICANT WEATHER WAS OBSERVED.


RELATIVE HUMIDITY (PERCENT)
 HIGHEST    45           200 AM
 LOWEST     10           100 PM
 AVERAGE    28

..........................................................


THE BUFFALO WY CLIMATE NORMALS FOR TOMORROW
                         NORMAL    RECORD    YEAR
 MAXIMUM TEMPERATURE (F)   79        93      2004
 MINIMUM TEMPERATURE (F)   51        39      2008


SUNRISE AND SUNSET
AUGUST 31 2016........SUNRISE   629 AM MDT   SUNSET   744 PM MDT
SEPTEMBER  1 2016.....SUNRISE   630 AM MDT   SUNSET   742 PM MDT


-  INDICATES NEGATIVE NUMBERS.
R  INDICATES RECORD WAS SET OR TIED.
MM INDICATES DATA IS MISSING.
T  INDICATES TRACE AMOUNT.




$$
