000
CDUS45 KRIW 200738
CLIBYG


CLIMATE REPORT
NATIONAL WEATHER SERVICE RIVERTON WY
1229 AM MST SAT DEC 20 2014


...................................

...THE BUFFALO WY CLIMATE SUMMARY FOR DECEMBER 19 2014...

CLIMATE NORMAL PERIOD 1981 TO 2010
CLIMATE RECORD PERIOD 1998 TO 2014


WEATHER ITEM   OBSERVED TIME   RECORD YEAR NORMAL DEPARTURE LAST
                VALUE   (LST)  VALUE       VALUE  FROM      YEAR
                                                  NORMAL
..................................................................
TEMPERATURE (F)
 YESTERDAY
  MAXIMUM         43   1128 AM  60    2004  36      7       MM
  MINIMUM         23    717 AM -12    1998  15      8       MM
  AVERAGE         33                        25      8       MM

PRECIPITATION (IN)
  YESTERDAY        0.00          0.04 1999   0.02  -0.02      T
  MONTH TO DATE    T                         0.27  -0.27     0.18
  SINCE DEC 1      T                         0.27  -0.27     0.18
  SINCE JAN 1     11.86                     13.32  -1.46    10.31

DEGREE DAYS
 HEATING
  YESTERDAY       32                        40     -8       MM
  MONTH TO DATE  385                       748   -363      697
  SINCE DEC 1    385                       748   -363      697
  SINCE JUL 1   2141                      2582   -441     2405

 COOLING
  YESTERDAY        0                         0      0       MM
  MONTH TO DATE    0                         0      0        0
  SINCE DEC 1      0                         0      0        0
  SINCE JAN 1    387                       492   -105      709
..................................................................


WIND (MPH)
  HIGHEST WIND SPEED    13   HIGHEST WIND DIRECTION    SW (240)
  HIGHEST GUST SPEED    15   HIGHEST GUST DIRECTION    SW (240)
  AVERAGE WIND SPEED     5.8


SKY COVER
  POSSIBLE SUNSHINE  MM
  AVERAGE SKY COVER 0.1


WEATHER CONDITIONS
 THE FOLLOWING WEATHER WAS RECORDED YESTERDAY.
  NO SIGNIFICANT WEATHER WAS OBSERVED.


RELATIVE HUMIDITY (PERCENT)
 HIGHEST    58           900 PM
 LOWEST     33          1100 AM
 AVERAGE    46

..........................................................


THE BUFFALO WY CLIMATE NORMALS FOR TODAY
                         NORMAL    RECORD    YEAR
 MAXIMUM TEMPERATURE (F)   36        56      2003
 MINIMUM TEMPERATURE (F)   15       -22      1998


SUNRISE AND SUNSET
DECEMBER 20 2014......SUNRISE   739 AM MST   SUNSET   430 PM MST
DECEMBER 21 2014......SUNRISE   740 AM MST   SUNSET   430 PM MST


-  INDICATES NEGATIVE NUMBERS.
R  INDICATES RECORD WAS SET OR TIED.
MM INDICATES DATA IS MISSING.
T  INDICATES TRACE AMOUNT.




$$
