000
CDUS45 KRIW 300730
CLIBYG


CLIMATE REPORT
NATIONAL WEATHER SERVICE RIVERTON WY
129 AM MDT FRI SEP 30 2016


...................................

...THE BUFFALO WY CLIMATE SUMMARY FOR SEPTEMBER 29 2016...

CLIMATE NORMAL PERIOD 1981 TO 2010
CLIMATE RECORD PERIOD 1998 TO 2016


WEATHER ITEM   OBSERVED TIME   RECORD YEAR NORMAL DEPARTURE LAST
                VALUE   (LST)  VALUE       VALUE  FROM      YEAR
                                                  NORMAL
..................................................................
TEMPERATURE (F)
 YESTERDAY
  MAXIMUM         83    113 PM  88    2009  64     19       80
  MINIMUM         51    441 AM  29    1999  39     12       40
  AVERAGE         67                        52     15       60

PRECIPITATION (IN)
  YESTERDAY        0.00          0.16 2014   0.06  -0.06     0.00
  MONTH TO DATE    3.24                      1.25   1.99     0.11
  SINCE SEP 1      3.24                      1.25   1.99     0.11
  SINCE JAN 1      9.56                     11.52  -1.96    12.52

DEGREE DAYS
 HEATING
  YESTERDAY        0                        14    -14        5
  MONTH TO DATE  172                       235    -63       71
  SINCE SEP 1    172                       235    -63       71
  SINCE JUL 1    211                       300    -89      150

 COOLING
  YESTERDAY        2                         0      2        0
  MONTH TO DATE   34                        44    -10      107
  SINCE SEP 1     34                        44    -10      107
  SINCE JAN 1    628                       490    138      550
..................................................................


WIND (MPH)
  HIGHEST WIND SPEED    31   HIGHEST WIND DIRECTION    SW (240)
  HIGHEST GUST SPEED    39   HIGHEST GUST DIRECTION    SW (240)
  AVERAGE WIND SPEED    11.5


SKY COVER
  POSSIBLE SUNSHINE  MM
  AVERAGE SKY COVER 0.1


WEATHER CONDITIONS
 THE FOLLOWING WEATHER WAS RECORDED YESTERDAY.
  NO SIGNIFICANT WEATHER WAS OBSERVED.


RELATIVE HUMIDITY (PERCENT)
 HIGHEST    59           100 AM
 LOWEST     23           200 PM
 AVERAGE    41

..........................................................


THE BUFFALO WY CLIMATE NORMALS FOR TODAY
                         NORMAL    RECORD    YEAR
 MAXIMUM TEMPERATURE (F)   64        85      2011
 MINIMUM TEMPERATURE (F)   39        32      2003


SUNRISE AND SUNSET
SEPTEMBER 30 2016.....SUNRISE   704 AM MDT   SUNSET   648 PM MDT
OCTOBER  1 2016.......SUNRISE   705 AM MDT   SUNSET   646 PM MDT


-  INDICATES NEGATIVE NUMBERS.
R  INDICATES RECORD WAS SET OR TIED.
MM INDICATES DATA IS MISSING.
T  INDICATES TRACE AMOUNT.




$$
