937
CDUS45 KRIW 100036
CLIBYG


CLIMATE REPORT
NATIONAL WEATHER SERVICE RIVERTON WY
535 PM MST TUE FEB 9 2016


...................................

...THE BUFFALO WY CLIMATE SUMMARY FOR FEBRUARY 9 2016...
VALID TODAY AS OF 0500 PM LOCAL TIME.

CLIMATE NORMAL PERIOD 1981 TO 2010
CLIMATE RECORD PERIOD 1998 TO 2016


WEATHER ITEM   OBSERVED TIME   RECORD YEAR NORMAL DEPARTURE LAST
                VALUE   (LST)  VALUE       VALUE  FROM      YEAR
                                                  NORMAL
..................................................................
TEMPERATURE (F)
 TODAY
  MAXIMUM         56        MM  65    2015  37     19       65
  MINIMUM         37        MM  -8    2011  18     19       30
  AVERAGE         47

PRECIPITATION (IN)
  TODAY            0.00          0.18 2002   0.02  -0.02     0.00
  MONTH TO DATE    0.22                      0.12   0.10     0.03
  SINCE DEC 1      0.45                      0.94  -0.49     0.27
  SINCE JAN 1      0.35                      0.54  -0.19     0.19

DEGREE DAYS
 HEATING
  TODAY           18                        38    -20       17
  MONTH TO DATE  324                       342    -18      232
  SINCE DEC 1   2481                      2715   -234     2217
  SINCE JUL 1   3910                      4549   -639     3973

 COOLING
  TODAY            0                         0      0        0
  MONTH TO DATE    0                         0      0        0
  SINCE DEC 1      0                         0      0        0
  SINCE JAN 1      0                         0      0        0
..................................................................


WIND (MPH)
  HIGHEST WIND SPEED    16   HIGHEST WIND DIRECTION     N (360)
  HIGHEST GUST SPEED    31   HIGHEST GUST DIRECTION     N (360)
  AVERAGE WIND SPEED     6.2


SKY COVER
  POSSIBLE SUNSHINE  MM
  AVERAGE SKY COVER 0.0


WEATHER CONDITIONS
 THE FOLLOWING WEATHER WAS RECORDED TODAY.
  NO SIGNIFICANT WEATHER WAS OBSERVED.


RELATIVE HUMIDITY (PERCENT)
 HIGHEST    60           100 AM
 LOWEST     32           400 PM
 AVERAGE    46

..........................................................


THE BUFFALO WY CLIMATE NORMALS FOR TOMORROW
                         NORMAL    RECORD    YEAR
 MAXIMUM TEMPERATURE (F)   37        53      1999
 MINIMUM TEMPERATURE (F)   18        -5      2008


SUNRISE AND SUNSET
FEBRUARY  9 2016......SUNRISE   716 AM MST   SUNSET   527 PM MST
FEBRUARY 10 2016......SUNRISE   714 AM MST   SUNSET   528 PM MST


-  INDICATES NEGATIVE NUMBERS.
R  INDICATES RECORD WAS SET OR TIED.
MM INDICATES DATA IS MISSING.
T  INDICATES TRACE AMOUNT.




$$
