000
CDUS45 KRIW 260049
CLIBYG


CLIMATE REPORT
NATIONAL WEATHER SERVICE RIVERTON WY
646 PM MDT MON MAY 25 2015


...................................

...THE BUFFALO WY CLIMATE SUMMARY FOR MAY 25 2015...
VALID TODAY AS OF 0500 PM LOCAL TIME.

CLIMATE NORMAL PERIOD 1981 TO 2010
CLIMATE RECORD PERIOD 1998 TO 2015


WEATHER ITEM   OBSERVED TIME   RECORD YEAR NORMAL DEPARTURE LAST
                VALUE   (LST)  VALUE       VALUE  FROM      YEAR
                                                  NORMAL
..................................................................
TEMPERATURE (F)
 TODAY
  MAXIMUM         60        MM  83    2006  66     -6       70
  MINIMUM         45    400 AM  33    2012  42      3       49
  AVERAGE         53

PRECIPITATION (IN)
  TODAY            0.05          0.58 2012   0.08  -0.03     0.00
  MONTH TO DATE    5.41                      2.07   3.34     1.63
  SINCE MAR 1      6.27                      4.29   1.98     3.35
  SINCE JAN 1      6.91                      5.06   1.85     3.71

DEGREE DAYS
 HEATING
  TODAY           12                        11      1        5
  MONTH TO DATE  423                       348     75      377
  SINCE MAR 1   1678                      1952   -274     2035
  SINCE JUL 1   6374                      7192   -818     7279

 COOLING
  TODAY            0                         0      0        0
  MONTH TO DATE    0                         0      0        0
  SINCE MAR 1      0                         0      0        0
  SINCE JAN 1      0                         0      0        0
..................................................................


WIND (MPH)
  HIGHEST WIND SPEED    12   HIGHEST WIND DIRECTION     N (10)
  HIGHEST GUST SPEED    21   HIGHEST GUST DIRECTION     N (350)
  AVERAGE WIND SPEED     7.5


SKY COVER
  POSSIBLE SUNSHINE  MM
  AVERAGE SKY COVER 0.9


WEATHER CONDITIONS
 THE FOLLOWING WEATHER WAS RECORDED TODAY.
  LIGHT RAIN
  FOG


RELATIVE HUMIDITY (PERCENT)
 HIGHEST   100           400 AM
 LOWEST     67           200 PM
 AVERAGE    84

..........................................................


THE BUFFALO WY CLIMATE NORMALS FOR TOMORROW
                         NORMAL    RECORD    YEAR
 MAXIMUM TEMPERATURE (F)   66        83      2006
 MINIMUM TEMPERATURE (F)   43        31      2007


SUNRISE AND SUNSET
MAY 25 2015...........SUNRISE   530 AM MDT   SUNSET   838 PM MDT
MAY 26 2015...........SUNRISE   530 AM MDT   SUNSET   839 PM MDT


-  INDICATES NEGATIVE NUMBERS.
R  INDICATES RECORD WAS SET OR TIED.
MM INDICATES DATA IS MISSING.
T  INDICATES TRACE AMOUNT.




$$
