000
CDUS45 KRIW 170733
CLIBYG


CLIMATE REPORT
NATIONAL WEATHER SERVICE RIVERTON WY
133 AM MDT WED SEP 17 2014


...................................

...THE BUFFALO WY CLIMATE SUMMARY FOR SEPTEMBER 16 2014...

CLIMATE NORMAL PERIOD 1981 TO 2010
CLIMATE RECORD PERIOD 1998 TO 2014


WEATHER ITEM   OBSERVED TIME   RECORD YEAR NORMAL DEPARTURE LAST
                VALUE   (LST)  VALUE       VALUE  FROM      YEAR
                                                  NORMAL
..................................................................
TEMPERATURE (F)
 YESTERDAY
  MAXIMUM         82    237 PM  92    2000  71     11       80
  MINIMUM         52    139 AM  36    2006  45      7       51
  AVERAGE         67                        58      9       66

PRECIPITATION (IN)
  YESTERDAY        0.00          0.62 2006   0.03  -0.03     0.00
  MONTH TO DATE    0.81                      0.59   0.22     1.66
  SINCE SEP 1      0.81                      0.59   0.22     1.66
  SINCE JAN 1     11.02                     10.86   0.16     6.08

DEGREE DAYS
 HEATING
  YESTERDAY        0                         8     -8        0
  MONTH TO DATE  187                        90     97       10
  SINCE SEP 1    187                        90     97       10
  SINCE JUL 1    246                       155     91       11

 COOLING
  YESTERDAY        2                         1      1        1
  MONTH TO DATE   14                        37    -23       86
  SINCE SEP 1     14                        37    -23       86
  SINCE JAN 1    348                       483   -135      700
..................................................................


WIND (MPH)
  HIGHEST WIND SPEED    14   HIGHEST WIND DIRECTION     N (20)
  HIGHEST GUST SPEED    18   HIGHEST GUST DIRECTION     N (20)
  AVERAGE WIND SPEED     7.3


SKY COVER
  POSSIBLE SUNSHINE  MM
  AVERAGE SKY COVER 0.0


WEATHER CONDITIONS
 THE FOLLOWING WEATHER WAS RECORDED YESTERDAY.
  NO SIGNIFICANT WEATHER WAS OBSERVED.


RELATIVE HUMIDITY (PERCENT)
 HIGHEST    46           200 AM
 LOWEST     18           200 PM
 AVERAGE    32

..........................................................


THE BUFFALO WY CLIMATE NORMALS FOR TODAY
                         NORMAL    RECORD    YEAR
 MAXIMUM TEMPERATURE (F)   71        88      2013
 MINIMUM TEMPERATURE (F)   44        32      2003


SUNRISE AND SUNSET
SEPTEMBER 17 2014.....SUNRISE   648 AM MDT   SUNSET   714 PM MDT
SEPTEMBER 18 2014.....SUNRISE   649 AM MDT   SUNSET   712 PM MDT


-  INDICATES NEGATIVE NUMBERS.
R  INDICATES RECORD WAS SET OR TIED.
MM INDICATES DATA IS MISSING.
T  INDICATES TRACE AMOUNT.




$$
