000
CDUS45 KRIW 180746
CLIBYG


CLIMATE REPORT
NATIONAL WEATHER SERVICE RIVERTON WY
1240 AM MST WED JAN 18 2017


...................................

...THE BUFFALO WY CLIMATE SUMMARY FOR JANUARY 17 2017...

CLIMATE NORMAL PERIOD 1981 TO 2010
CLIMATE RECORD PERIOD 1998 TO 2017


WEATHER ITEM   OBSERVED TIME   RECORD YEAR NORMAL DEPARTURE LAST
                VALUE   (LST)  VALUE       VALUE  FROM      YEAR
                                                  NORMAL
..................................................................
TEMPERATURE (F)
 YESTERDAY
  MAXIMUM         46    448 PM  51    2010  39      7       28
  MINIMUM         24    305 AM  -7    2012  17      7       12
  AVERAGE         35                        28      7       20

PRECIPITATION (IN)
  YESTERDAY        0.00          0.12 2008   0.02  -0.02     0.09
  MONTH TO DATE    T                         0.20  -0.20     0.11
  SINCE DEC 1      0.25                      0.60  -0.35     0.21
  SINCE JAN 1      T                         0.20  -0.20     0.11

DEGREE DAYS
 HEATING
  YESTERDAY       30                        37     -7       45
  MONTH TO DATE  824                       635    189      619
  SINCE DEC 1   2245                      1848    397     1729
  SINCE JUL 1   3427                      3682   -255     3158

 COOLING
  YESTERDAY        0                         0      0        0
  MONTH TO DATE    0                         0      0        0
  SINCE DEC 1      0                         0      0        0
  SINCE JAN 1      0                         0      0        0
..................................................................


WIND (MPH)
  HIGHEST WIND SPEED    12   HIGHEST WIND DIRECTION    SW (230)
  HIGHEST GUST SPEED    13   HIGHEST GUST DIRECTION    SW (210)
  AVERAGE WIND SPEED     4.6


SKY COVER
  POSSIBLE SUNSHINE  MM
  AVERAGE SKY COVER 0.0


WEATHER CONDITIONS
 THE FOLLOWING WEATHER WAS RECORDED YESTERDAY.
  NO SIGNIFICANT WEATHER WAS OBSERVED.


RELATIVE HUMIDITY (PERCENT)
 HIGHEST    56          1100 PM
 LOWEST     21           800 AM
 AVERAGE    39

..........................................................


THE BUFFALO WY CLIMATE NORMALS FOR TODAY
                         NORMAL    RECORD    YEAR
 MAXIMUM TEMPERATURE (F)   39        56      2005
 MINIMUM TEMPERATURE (F)   17        -1      2012


SUNRISE AND SUNSET
JANUARY 18 2017.......SUNRISE   737 AM MST   SUNSET   458 PM MST
JANUARY 19 2017.......SUNRISE   737 AM MST   SUNSET   459 PM MST


-  INDICATES NEGATIVE NUMBERS.
R  INDICATES RECORD WAS SET OR TIED.
MM INDICATES DATA IS MISSING.
T  INDICATES TRACE AMOUNT.




$$
