000
CDUS45 KRIW 270745
CLIBYG


CLIMATE REPORT
NATIONAL WEATHER SERVICE RIVERTON WY
134 AM MDT THU APR 27 2017


...................................

...THE BUFFALO WY CLIMATE SUMMARY FOR APRIL 26 2017...

CLIMATE NORMAL PERIOD 1981 TO 2010
CLIMATE RECORD PERIOD 1998 TO 2017


WEATHER ITEM   OBSERVED TIME   RECORD YEAR NORMAL DEPARTURE LAST
                VALUE   (LST)  VALUE       VALUE  FROM      YEAR
                                                  NORMAL
..................................................................
TEMPERATURE (F)
 YESTERDAY
  MAXIMUM         41    243 PM  81    2012  57    -16       35
  MINIMUM         29    945 AM  26    2008  36     -7       32
                                      2002
  AVERAGE         35                        47    -12       34

PRECIPITATION (IN)
  YESTERDAY        0.00          0.43 2015   0.07  -0.07     0.03
  MONTH TO DATE    2.52                      0.96   1.56     2.11
  SINCE MAR 1      4.54                      1.88   2.66     2.76
  SINCE JAN 1      4.97                      2.65   2.32     3.35

DEGREE DAYS
 HEATING
  YESTERDAY       30                        18     12       31
  MONTH TO DATE  447                       583   -136      418
  SINCE MAR 1   1137                      1533   -396     1092
  SINCE JUL 1   5979                      6773   -794     5483

 COOLING
  YESTERDAY        0                         0      0        0
  MONTH TO DATE    0                         0      0        1
  SINCE MAR 1      0                         0      0        1
  SINCE JAN 1      0                         0      0        1
..................................................................


WIND (MPH)
  HIGHEST WIND SPEED    35   HIGHEST WIND DIRECTION    NW (320)
  HIGHEST GUST SPEED    45   HIGHEST GUST DIRECTION    NW (330)
  AVERAGE WIND SPEED     6.3


SKY COVER
  POSSIBLE SUNSHINE  MM
  AVERAGE SKY COVER 0.5


WEATHER CONDITIONS
 THE FOLLOWING WEATHER WAS RECORDED YESTERDAY.
  FOG


RELATIVE HUMIDITY (PERCENT)
 HIGHEST    82           600 PM
 LOWEST     59           900 PM
 AVERAGE    71

..........................................................


THE BUFFALO WY CLIMATE NORMALS FOR TODAY
                         NORMAL    RECORD    YEAR
 MAXIMUM TEMPERATURE (F)   58        79      2001
 MINIMUM TEMPERATURE (F)   36        21      2005


SUNRISE AND SUNSET
APRIL 27 2017.........SUNRISE   603 AM MDT   SUNSET   807 PM MDT
APRIL 28 2017.........SUNRISE   602 AM MDT   SUNSET   808 PM MDT


-  INDICATES NEGATIVE NUMBERS.
R  INDICATES RECORD WAS SET OR TIED.
MM INDICATES DATA IS MISSING.
T  INDICATES TRACE AMOUNT.




$$
