000
CDUS45 KRIW 280038
CLIBYG


CLIMATE REPORT
NATIONAL WEATHER SERVICE RIVERTON WY
636 PM MDT TUE JUN 27 2017


...................................

...THE BUFFALO WY CLIMATE SUMMARY FOR JUNE 27 2017...
VALID TODAY AS OF 0500 PM LOCAL TIME.

CLIMATE NORMAL PERIOD 1981 TO 2010
CLIMATE RECORD PERIOD 1998 TO 2017


WEATHER ITEM   OBSERVED TIME   RECORD YEAR NORMAL DEPARTURE LAST
                VALUE   (LST)  VALUE       VALUE  FROM      YEAR
                                                  NORMAL
..................................................................
TEMPERATURE (F)
 TODAY
  MAXIMUM         78        MM  98    2002  79     -1       87
  MINIMUM         57        MM  41    2011  52      5       53
  AVERAGE         68

PRECIPITATION (IN)
  TODAY            0.27R         0.24 2014   0.05   0.22     0.00
  MONTH TO DATE    1.41                      2.12  -0.71     0.20
  SINCE JUN 1      1.41                      2.12  -0.71     0.20
  SINCE JAN 1      9.69                      7.64   2.05     5.12

DEGREE DAYS
 HEATING
  TODAY            0                         3     -3        0
  MONTH TO DATE   83                       156    -73       15
  SINCE JUN 1     83                       156    -73       15
  SINCE JUL 1   6522                      7410   -888     5914

 COOLING
  TODAY            3                         3      0        5
  MONTH TO DATE   48                        41      7      112
  SINCE JUN 1     48                        41      7      112
  SINCE JAN 1     59                        48     11      117
..................................................................


WIND (MPH)
  HIGHEST WIND SPEED    29   HIGHEST WIND DIRECTION     W (280)
  HIGHEST GUST SPEED    46   HIGHEST GUST DIRECTION     W (280)
  AVERAGE WIND SPEED    10.7


SKY COVER
  POSSIBLE SUNSHINE  MM
  AVERAGE SKY COVER 0.1


WEATHER CONDITIONS
 THE FOLLOWING WEATHER WAS RECORDED TODAY.
  THUNDERSTORM
  HEAVY RAIN
  LIGHT RAIN


RELATIVE HUMIDITY (PERCENT)
 HIGHEST    49           300 AM
 LOWEST     25          1100 AM
 AVERAGE    37

..........................................................


THE BUFFALO WY CLIMATE NORMALS FOR TOMORROW
                         NORMAL    RECORD    YEAR
 MAXIMUM TEMPERATURE (F)   80       100      2002
 MINIMUM TEMPERATURE (F)   53        40      1999


SUNRISE AND SUNSET
JUNE 27 2017..........SUNRISE   525 AM MDT   SUNSET   855 PM MDT
JUNE 28 2017..........SUNRISE   525 AM MDT   SUNSET   855 PM MDT


-  INDICATES NEGATIVE NUMBERS.
R  INDICATES RECORD WAS SET OR TIED.
MM INDICATES DATA IS MISSING.
T  INDICATES TRACE AMOUNT.




$$
