000
CDUS45 KPIH 180731
CLIBYI


CLIMATE REPORT
NATIONAL WEATHER SERVICE POCATELLO ID
130 AM MDT FRI APR 18 2014


...................................

...THE BURLEY ID CLIMATE SUMMARY FOR APRIL 17 2014...

CLIMATE NORMAL PERIOD 1981 TO 2010
CLIMATE RECORD PERIOD 1948 TO 2014


WEATHER ITEM   OBSERVED TIME   RECORD YEAR NORMAL DEPARTURE LAST
                VALUE   (LST)  VALUE       VALUE  FROM      YEAR
                                                  NORMAL
..................................................................
TEMPERATURE (F)
 YESTERDAY
  MAXIMUM         72    536 PM  85    1994  59     13       44
  MINIMUM         32    526 AM  12    1964  34     -2       23
  AVERAGE         52                        46      6       34

PRECIPITATION (IN)
  YESTERDAY        0.02          0.51 1992   0.03  -0.01      T
  MONTH TO DATE    0.40                      0.54  -0.14     0.69
  SINCE OCT 1      4.33                      6.08  -1.75     5.24
  SINCE JAN 1      3.72                      3.25   0.47     1.64

SNOWFALL (IN)
  YESTERDAY       MM
  MONTH TO DATE   MM
  SINCE MAR 1     MM
  SINCE JUL 1     MM
  SNOW DEPTH      MM

DEGREE DAYS
 HEATING
  YESTERDAY       13                        19     -6       31
  MONTH TO DATE  307                       347    -40      358
  SINCE MAR 1   1002                      1144   -142     1090
  SINCE JUL 1   5697                      6166   -469     5848

 COOLING
  YESTERDAY        0                         0      0        0
  MONTH TO DATE    0                         0      0        0
  SINCE MAR 1      0                         0      0        0
  SINCE JAN 1      0                         0      0        0
..................................................................


WIND (MPH)
  HIGHEST WIND SPEED    26   HIGHEST WIND DIRECTION    SW (240)
  HIGHEST GUST SPEED    35   HIGHEST GUST DIRECTION     S (200)
  AVERAGE WIND SPEED    10.1


SKY COVER
  POSSIBLE SUNSHINE  MM
  AVERAGE SKY COVER 0.1


WEATHER CONDITIONS
 THE FOLLOWING WEATHER WAS RECORDED YESTERDAY.
  RAIN
  LIGHT RAIN


RELATIVE HUMIDITY (PERCENT)
 HIGHEST    61           500 AM
 LOWEST     20           500 PM
 AVERAGE    41

..........................................................


THE BURLEY ID CLIMATE NORMALS FOR TODAY
                         NORMAL    RECORD    YEAR
 MAXIMUM TEMPERATURE (F)   59        88      1994
 MINIMUM TEMPERATURE (F)   34        18      2013


SUNRISE AND SUNSET
APRIL 18 2014.........SUNRISE   649 AM MDT   SUNSET   820 PM MDT
APRIL 19 2014.........SUNRISE   647 AM MDT   SUNSET   822 PM MDT


-  INDICATES NEGATIVE NUMBERS.
R  INDICATES RECORD WAS SET OR TIED.
MM INDICATES DATA IS MISSING.
T  INDICATES TRACE AMOUNT.




$$
