000
CDUS45 KPIH 040732
CLIBYI


CLIMATE REPORT
NATIONAL WEATHER SERVICE POCATELLO ID
131 AM MDT SAT JUL 4 2015


...................................

...THE BURLEY ID CLIMATE SUMMARY FOR JULY 3 2015...

CLIMATE NORMAL PERIOD 1981 TO 2010
CLIMATE RECORD PERIOD 1948 TO 2015


WEATHER ITEM   OBSERVED TIME   RECORD YEAR NORMAL DEPARTURE LAST
                VALUE   (LST)  VALUE       VALUE  FROM      YEAR
                                                  NORMAL
..................................................................
TEMPERATURE (F)
 YESTERDAY
  MAXIMUM         96    300 PM  98    2001  82     14       89
  MINIMUM         59    443 AM  40    1976  52      7       57
  AVERAGE         78                        67     11       73

PRECIPITATION (IN)
  YESTERDAY        0.00          0.11 1980   0.01  -0.01     0.00
  MONTH TO DATE    0.00                      0.03  -0.03     0.00
  SINCE OCT 1      7.22                      8.92  -1.70     7.37
  SINCE JAN 1      5.17                      6.09  -0.92     6.76

SNOWFALL (IN)
  YESTERDAY       MM
  MONTH TO DATE   MM
  SINCE JUN 1     MM
  SINCE JUL 1     MM
  SNOW DEPTH      MM

DEGREE DAYS
 HEATING
  YESTERDAY        0                         1     -1        0
  MONTH TO DATE    0                         5     -5        0
  SINCE JUN 1     26                       139   -113      104
  SINCE JUL 1      0                         5     -5        0

 COOLING
  YESTERDAY       13                         3     10        8
  MONTH TO DATE   39                         9     30       17
  SINCE JUN 1    187                        56    131       36
  SINCE JAN 1    192                        62    130       37
..................................................................


WIND (MPH)
  HIGHEST WIND SPEED    16   HIGHEST WIND DIRECTION     W (260)
  HIGHEST GUST SPEED    22   HIGHEST GUST DIRECTION     W (260)
  AVERAGE WIND SPEED     8.1


SKY COVER
  POSSIBLE SUNSHINE  MM
  AVERAGE SKY COVER 0.0


WEATHER CONDITIONS
 THE FOLLOWING WEATHER WAS RECORDED YESTERDAY.
  NO SIGNIFICANT WEATHER WAS OBSERVED.


RELATIVE HUMIDITY (PERCENT)
 HIGHEST    67           600 AM
 LOWEST     17           200 PM
 AVERAGE    42

..........................................................


THE BURLEY ID CLIMATE NORMALS FOR TODAY
                         NORMAL    RECORD    YEAR
 MAXIMUM TEMPERATURE (F)   83       101      1954
 MINIMUM TEMPERATURE (F)   52        39      1971


SUNRISE AND SUNSET
JULY  4 2015..........SUNRISE   603 AM MDT   SUNSET   916 PM MDT
JULY  5 2015..........SUNRISE   604 AM MDT   SUNSET   915 PM MDT


-  INDICATES NEGATIVE NUMBERS.
R  INDICATES RECORD WAS SET OR TIED.
MM INDICATES DATA IS MISSING.
T  INDICATES TRACE AMOUNT.




$$
