000
CDUS45 KPIH 220731
CLIBYI


CLIMATE REPORT
NATIONAL WEATHER SERVICE POCATELLO ID
130 AM MDT SAT JUL 22 2017


...................................

...THE BURLEY ID CLIMATE SUMMARY FOR JULY 21 2017...

CLIMATE NORMAL PERIOD 1981 TO 2010
CLIMATE RECORD PERIOD 1948 TO 2017


WEATHER ITEM   OBSERVED TIME   RECORD YEAR NORMAL DEPARTURE LAST
                VALUE   (LST)  VALUE       VALUE  FROM      YEAR
                                                  NORMAL
..................................................................
TEMPERATURE (F)
 YESTERDAY
  MAXIMUM         89    348 PM  99    2000  87      2       95
  MINIMUM         52    532 AM  38    1983  55     -3       49
  AVERAGE         71                        70      1       72

PRECIPITATION (IN)
  YESTERDAY        0.00          0.66 1984   0.01  -0.01     0.00
  MONTH TO DATE    T                         0.21  -0.21     0.24
  SINCE OCT 1     13.17                      9.10   4.07     8.17
  SINCE JAN 1      8.38                      6.27   2.11     5.37

SNOWFALL (IN)
  YESTERDAY       MM
  MONTH TO DATE   MM
  SINCE JUN 1     MM
  SINCE JUL 1     MM
  SNOW DEPTH      MM

DEGREE DAYS
 HEATING
  YESTERDAY        0                         0      0        0
  MONTH TO DATE    0                        20    -20       26
  SINCE JUN 1     77                       154    -77       76
  SINCE JUL 1      0                        20    -20       26

 COOLING
  YESTERDAY        6                         6      0        7
  MONTH TO DATE  191                       100     91       67
  SINCE JUN 1    262                       147    115      167
  SINCE JAN 1    267                       153    114      171
..................................................................


WIND (MPH)
  HIGHEST WIND SPEED    14   HIGHEST WIND DIRECTION    NW (320)
  HIGHEST GUST SPEED    17   HIGHEST GUST DIRECTION    NW (320)
  AVERAGE WIND SPEED     5.5


SKY COVER
  POSSIBLE SUNSHINE  MM
  AVERAGE SKY COVER 0.0


WEATHER CONDITIONS
 THE FOLLOWING WEATHER WAS RECORDED YESTERDAY.
  HAZE


RELATIVE HUMIDITY (PERCENT)
 HIGHEST    71           500 AM
 LOWEST     15           500 PM
 AVERAGE    43

..........................................................


THE BURLEY ID CLIMATE NORMALS FOR TODAY
                         NORMAL    RECORD    YEAR
 MAXIMUM TEMPERATURE (F)   87       102      1994
 MINIMUM TEMPERATURE (F)   55        37      1954


SUNRISE AND SUNSET
JULY 22 2017..........SUNRISE   618 AM MDT   SUNSET   905 PM MDT
JULY 23 2017..........SUNRISE   619 AM MDT   SUNSET   904 PM MDT


-  INDICATES NEGATIVE NUMBERS.
R  INDICATES RECORD WAS SET OR TIED.
MM INDICATES DATA IS MISSING.
T  INDICATES TRACE AMOUNT.




$$
