000
CDUS45 KPIH 250731
CLIBYI


CLIMATE REPORT
NATIONAL WEATHER SERVICE POCATELLO ID
129 AM MDT MON MAY 25 2015


...................................

...THE BURLEY ID CLIMATE SUMMARY FOR MAY 24 2015...

CLIMATE NORMAL PERIOD 1981 TO 2010
CLIMATE RECORD PERIOD 1948 TO 2015


WEATHER ITEM   OBSERVED TIME   RECORD YEAR NORMAL DEPARTURE LAST
                VALUE   (LST)  VALUE       VALUE  FROM      YEAR
                                                  NORMAL
..................................................................
TEMPERATURE (F)
 YESTERDAY
  MAXIMUM         64    216 PM  91    1969  70     -6       73
  MINIMUM         44    304 AM  32    1960  43      1       51
  AVERAGE         54                        56     -2       62

PRECIPITATION (IN)
  YESTERDAY        0.10          0.27 1990   0.04   0.06     0.00
  MONTH TO DATE    3.58                      1.10   2.48     1.49
  SINCE OCT 1      7.15                      7.73  -0.58     6.66
  SINCE JAN 1      5.10                      4.90   0.20     6.05

SNOWFALL (IN)
  YESTERDAY       MM
  MONTH TO DATE   MM
  SINCE MAR 1     MM
  SINCE JUL 1     MM
  SNOW DEPTH      MM

DEGREE DAYS
 HEATING
  YESTERDAY       11                         9      2        3
  MONTH TO DATE  237                       286    -49      252
  SINCE MAR 1   1360                      1652   -292     1496
  SINCE JUL 1   5337                      6674  -1337     6191

 COOLING
  YESTERDAY        0                         0      0        0
  MONTH TO DATE    0                         0      0        0
  SINCE MAR 1      0                         0      0        0
  SINCE JAN 1      0                         0      0        0
..................................................................


WIND (MPH)
  HIGHEST WIND SPEED    17   HIGHEST WIND DIRECTION     E (80)
  HIGHEST GUST SPEED    22   HIGHEST GUST DIRECTION     N (360)
  AVERAGE WIND SPEED     4.3


SKY COVER
  POSSIBLE SUNSHINE  MM
  AVERAGE SKY COVER 0.6


WEATHER CONDITIONS
 THE FOLLOWING WEATHER WAS RECORDED YESTERDAY.
  THUNDERSTORM
  LIGHT RAIN
  FOG
  FOG W/VISIBILITY <= 1/4 MILE


RELATIVE HUMIDITY (PERCENT)
 HIGHEST   100           400 AM
 LOWEST     60           100 PM
 AVERAGE    80

..........................................................


THE BURLEY ID CLIMATE NORMALS FOR TODAY
                         NORMAL    RECORD    YEAR
 MAXIMUM TEMPERATURE (F)   70        89      1958
 MINIMUM TEMPERATURE (F)   43        28      1975


SUNRISE AND SUNSET
MAY 25 2015...........SUNRISE   605 AM MDT   SUNSET   900 PM MDT
MAY 26 2015...........SUNRISE   604 AM MDT   SUNSET   901 PM MDT


-  INDICATES NEGATIVE NUMBERS.
R  INDICATES RECORD WAS SET OR TIED.
MM INDICATES DATA IS MISSING.
T  INDICATES TRACE AMOUNT.




$$
