647
CDUS45 KPIH 212346
CLIBYI


CLIMATE REPORT
NATIONAL WEATHER SERVICE POCATELLO ID
443 PM MST TUE NOV 21 2017


...................................

...THE BURLEY ID CLIMATE SUMMARY FOR NOVEMBER 21 2017...
VALID TODAY AS OF 0400 PM LOCAL TIME.

CLIMATE NORMAL PERIOD 1981 TO 2010
CLIMATE RECORD PERIOD 1948 TO 2017


WEATHER ITEM   OBSERVED TIME   RECORD YEAR NORMAL DEPARTURE LAST
                VALUE   (LST)  VALUE       VALUE  FROM      YEAR
                                                  NORMAL
..................................................................
TEMPERATURE (F)
 TODAY
  MAXIMUM         62R   100 PM  59    2002  43     19       43
  MINIMUM         44   1239 AM   2    1994  24     20       35
  AVERAGE         53                        33     20       39

PRECIPITATION (IN)
  TODAY            T             0.65 1977   0.03  -0.03     0.06
  MONTH TO DATE    0.70                      0.63   0.07     0.07
  SINCE OCT 1      0.83                      1.39  -0.56     3.02
  SINCE JAN 1     11.02                      8.70   2.32    11.72

SNOWFALL (IN)
  TODAY           MM
  MONTH TO DATE   MM
  SINCE SEP 1     MM
  SINCE JUL 1     MM
  SNOW DEPTH      MM

DEGREE DAYS
 HEATING
  TODAY           12                        32    -20       26
  MONTH TO DATE  506                       576    -70      424
  SINCE SEP 1   1351                      1327     24     1084
  SINCE JUL 1   1357                      1384    -27     1140

 COOLING
  TODAY            0                         0      0        0
  MONTH TO DATE    0                         0      0        0
  SINCE SEP 1     68                        21     47       10
  SINCE JAN 1    601                       365    236      353
..................................................................


WIND (MPH)
  HIGHEST WIND SPEED    14   HIGHEST WIND DIRECTION    SW (220)
  HIGHEST GUST SPEED    16   HIGHEST GUST DIRECTION     W (270)
  AVERAGE WIND SPEED     7.9


SKY COVER
  POSSIBLE SUNSHINE  MM
  AVERAGE SKY COVER 0.5


WEATHER CONDITIONS
 THE FOLLOWING WEATHER WAS RECORDED TODAY.
  NO SIGNIFICANT WEATHER WAS OBSERVED.


RELATIVE HUMIDITY (PERCENT)
 HIGHEST    86           100 AM
 LOWEST     60          1200 PM
 AVERAGE    73

..........................................................


THE BURLEY ID CLIMATE NORMALS FOR TOMORROW
                         NORMAL    RECORD    YEAR
 MAXIMUM TEMPERATURE (F)   42        64      1954
 MINIMUM TEMPERATURE (F)   24         0      1994


SUNRISE AND SUNSET
NOVEMBER 21 2017......SUNRISE   734 AM MST   SUNSET   508 PM MST
NOVEMBER 22 2017......SUNRISE   735 AM MST   SUNSET   507 PM MST


-  INDICATES NEGATIVE NUMBERS.
R  INDICATES RECORD WAS SET OR TIED.
MM INDICATES DATA IS MISSING.
T  INDICATES TRACE AMOUNT.




$$
