000
CDUS45 KPIH 232324
CLIBYI


CLIMATE REPORT
NATIONAL WEATHER SERVICE POCATELLO ID
523 PM MDT SUN APR 23 2017


...................................

...THE BURLEY ID CLIMATE SUMMARY FOR APRIL 23 2017...
VALID TODAY AS OF 0500 PM LOCAL TIME.

CLIMATE NORMAL PERIOD 1981 TO 2010
CLIMATE RECORD PERIOD 1948 TO 2017


WEATHER ITEM   OBSERVED TIME   RECORD YEAR NORMAL DEPARTURE LAST
                VALUE   (LST)  VALUE       VALUE  FROM      YEAR
                                                  NORMAL
..................................................................
TEMPERATURE (F)
 TODAY
  MAXIMUM         63    359 PM  87    2012  60      3       51
  MINIMUM         42    607 AM  22    1972  35      7       41
  AVERAGE         53                        48      5       46

PRECIPITATION (IN)
  TODAY            T             0.51 1997   0.04  -0.04     0.24
  MONTH TO DATE    1.28                      0.77   0.51     0.63
  SINCE OCT 1     10.60                      6.31   4.29     6.17
  SINCE JAN 1      5.81                      3.48   2.33     3.37

SNOWFALL (IN)
  TODAY           MM
  MONTH TO DATE   MM
  SINCE MAR 1     MM
  SINCE JUL 1     MM
  SNOW DEPTH      MM

DEGREE DAYS
 HEATING
  TODAY           12                        17     -5       19
  MONTH TO DATE  430                       455    -25      296
  SINCE MAR 1   1010                      1252   -242      987
  SINCE JUL 1   5816                      6274   -458     5494

 COOLING
  TODAY            0                         0      0        0
  MONTH TO DATE    0                         0      0        0
  SINCE MAR 1      0                         0      0        0
  SINCE JAN 1      0                         0      0        0
..................................................................


WIND (MPH)
  HIGHEST WIND SPEED    20   HIGHEST WIND DIRECTION     S (170)
  HIGHEST GUST SPEED    24   HIGHEST GUST DIRECTION     S (180)
  AVERAGE WIND SPEED     8.7


SKY COVER
  POSSIBLE SUNSHINE  MM
  AVERAGE SKY COVER 0.5


WEATHER CONDITIONS
 THE FOLLOWING WEATHER WAS RECORDED TODAY.
  LIGHT RAIN


RELATIVE HUMIDITY (PERCENT)
 HIGHEST    82           600 AM
 LOWEST     35           100 AM
 AVERAGE    59

..........................................................


THE BURLEY ID CLIMATE NORMALS FOR TOMORROW
                         NORMAL    RECORD    YEAR
 MAXIMUM TEMPERATURE (F)   61        85      1977
 MINIMUM TEMPERATURE (F)   35        15      1950


SUNRISE AND SUNSET
APRIL 23 2017.........SUNRISE   641 AM MDT   SUNSET   826 PM MDT
APRIL 24 2017.........SUNRISE   639 AM MDT   SUNSET   828 PM MDT


-  INDICATES NEGATIVE NUMBERS.
R  INDICATES RECORD WAS SET OR TIED.
MM INDICATES DATA IS MISSING.
T  INDICATES TRACE AMOUNT.




$$
