000
CDUS45 KPIH 050732
CLIBYI


CLIMATE REPORT
NATIONAL WEATHER SERVICE POCATELLO ID
131 AM MDT THU MAY 5 2016


...................................

...THE BURLEY ID CLIMATE SUMMARY FOR MAY 4 2016...

CLIMATE NORMAL PERIOD 1981 TO 2010
CLIMATE RECORD PERIOD 1948 TO 2016


WEATHER ITEM   OBSERVED TIME   RECORD YEAR NORMAL DEPARTURE LAST
                VALUE   (LST)  VALUE       VALUE  FROM      YEAR
                                                  NORMAL
..................................................................
TEMPERATURE (F)
 YESTERDAY
  MAXIMUM         78    320 PM  87    1966  64     14       77
  MINIMUM         40    507 AM  25    1964  38      2       42
  AVERAGE         59                        51      8       60

PRECIPITATION (IN)
  YESTERDAY        0.00          0.49 1975   0.05  -0.05     0.00
  MONTH TO DATE    0.00                      0.20  -0.20     0.00
  SINCE OCT 1      6.63                      6.83  -0.20     3.57
  SINCE JAN 1      3.83                      4.00  -0.17     1.52

SNOWFALL (IN)
  YESTERDAY       MM
  MONTH TO DATE   MM
  SINCE MAR 1     MM
  SINCE JUL 1     MM
  SNOW DEPTH      MM

DEGREE DAYS
 HEATING
  YESTERDAY        6                        14     -8        5
  MONTH TO DATE   43                        59    -16       28
  SINCE MAR 1   1146                      1425   -279     1151
  SINCE JUL 1   5653                      6447   -794     5128

 COOLING
  YESTERDAY        0                         0      0        0
  MONTH TO DATE    0                         0      0        0
  SINCE MAR 1      0                         0      0        0
  SINCE JAN 1      0                         0      0        0
..................................................................


WIND (MPH)
  HIGHEST WIND SPEED    15   HIGHEST WIND DIRECTION     S (170)
  HIGHEST GUST SPEED    22   HIGHEST GUST DIRECTION     S (190)
  AVERAGE WIND SPEED     4.3


SKY COVER
  POSSIBLE SUNSHINE  MM
  AVERAGE SKY COVER 0.0


WEATHER CONDITIONS
 THE FOLLOWING WEATHER WAS RECORDED YESTERDAY.
  NO SIGNIFICANT WEATHER WAS OBSERVED.


RELATIVE HUMIDITY (PERCENT)
 HIGHEST    79           500 AM
 LOWEST     18           200 PM
 AVERAGE    49

..........................................................


THE BURLEY ID CLIMATE NORMALS FOR TODAY
                         NORMAL    RECORD    YEAR
 MAXIMUM TEMPERATURE (F)   64        88      1992
 MINIMUM TEMPERATURE (F)   38        22      1982


SUNRISE AND SUNSET
MAY  5 2016...........SUNRISE   624 AM MDT   SUNSET   840 PM MDT
MAY  6 2016...........SUNRISE   623 AM MDT   SUNSET   841 PM MDT


-  INDICATES NEGATIVE NUMBERS.
R  INDICATES RECORD WAS SET OR TIED.
MM INDICATES DATA IS MISSING.
T  INDICATES TRACE AMOUNT.




$$
