000
CDUS45 KTFX 041040
CLIBZN


CLIMATE REPORT
NATIONAL WEATHER SERVICE GREAT FALLS MT
338 AM MST SUN DEC 4 2016


...................................

...THE BOZEMAN/GALLATIN FIELD MT CLIMATE SUMMARY FOR DECEMBER 3 2016...

CLIMATE NORMAL PERIOD 1981 TO 2010
CLIMATE RECORD PERIOD 1935 TO 2016


WEATHER ITEM   OBSERVED TIME   RECORD YEAR NORMAL DEPARTURE LAST
                VALUE   (LST)  VALUE       VALUE  FROM      YEAR
                                                  NORMAL
..................................................................
TEMPERATURE (F)
 YESTERDAY
  MAXIMUM         42    207 PM  60    1956  35      7       35
  MINIMUM         22    729 AM -15    1984  12     10        7
  AVERAGE         32                        23      9       21

PRECIPITATION (IN)
  YESTERDAY        T             0.52 1998   0.03  -0.03     0.00
  MONTH TO DATE    T                         0.07  -0.07     0.00
  SINCE OCT 1      2.87                      1.93   0.94     2.28
  SINCE JAN 1     12.76                     13.54  -0.78    12.40

SNOWFALL (IN)
  YESTERDAY       MM             6.3  1948   0.2   MM        0.0
  MONTH TO DATE   MM                         0.7   MM        0.0
  SINCE DEC 1     MM                         0.7   MM        0.0
  SINCE JUL 1      3.9                       8.1   -4.2      6.6
  SNOW DEPTH       T

DEGREE DAYS
 HEATING
  YESTERDAY       33                        42     -9       44
  MONTH TO DATE  108                       124    -16      146
  SINCE DEC 1    108                       124    -16      146
  SINCE JUL 1   1885                      2005   -120     2110

 COOLING
  YESTERDAY        0                         0      0        0
  MONTH TO DATE    0                         0      0        0
  SINCE DEC 1      0                         0      0        0
  SINCE JAN 1    232                       368   -136      243
..................................................................


WIND (MPH)
  HIGHEST WIND SPEED    24   HIGHEST WIND DIRECTION     W (250)
  HIGHEST GUST SPEED    30   HIGHEST GUST DIRECTION     W (250)
  AVERAGE WIND SPEED     8.1


SKY COVER
  AVERAGE SKY COVER 0.8


WEATHER CONDITIONS
 THE FOLLOWING WEATHER WAS RECORDED YESTERDAY.
  LIGHT SNOW
  FOG


RELATIVE HUMIDITY (PERCENT)
 HIGHEST    92
 LOWEST     44
 AVERAGE    68

..........................................................


THE BOZEMAN/GALLATIN FIELD MT CLIMATE NORMALS FOR TODAY
                         NORMAL    RECORD    YEAR
 MAXIMUM TEMPERATURE (F)   35        60      1975
 MINIMUM TEMPERATURE (F)   11       -35      1972


SUNRISE AND SUNSET
DECEMBER  4 2016......SUNRISE   749 AM MST   SUNSET   441 PM MST
DECEMBER  5 2016......SUNRISE   750 AM MST   SUNSET   440 PM MST


-  INDICATES NEGATIVE NUMBERS.
R  INDICATES RECORD WAS SET OR TIED.
MM INDICATES DATA IS MISSING.
T  INDICATES TRACE AMOUNT.




$$
