000
CDUS45 KTFX 272230
CLIBZN


CLIMATE REPORT
NATIONAL WEATHER SERVICE GREAT FALLS MT
430 PM MDT THU APR 27 2017


...................................

...THE BOZEMAN/GALLATIN FIELD MT CLIMATE SUMMARY FOR APRIL 27 2017...
VALID TODAY AS OF 0400 PM LOCAL TIME.

CLIMATE NORMAL PERIOD 1981 TO 2010
CLIMATE RECORD PERIOD 1935 TO 2017


WEATHER ITEM   OBSERVED TIME   RECORD YEAR NORMAL DEPARTURE LAST
                VALUE   (LST)  VALUE       VALUE  FROM      YEAR
                                                  NORMAL
..................................................................
TEMPERATURE (F)
 TODAY
  MAXIMUM         44   1136 AM  83    1987  63    -19       47
  MINIMUM         34    623 AM  19    1996  34      0       37
                                      1943
  AVERAGE         39                        48     -9       42

PRECIPITATION (IN)
  TODAY            0.12          0.45 2012   0.06   0.06     0.05
  MONTH TO DATE    1.95                      1.41   0.54     0.74
  SINCE OCT 1      7.13                      5.64   1.49     5.14
  SINCE JAN 1      3.80                      3.26   0.54     2.29

SNOWFALL (IN)
  TODAY           MM             3.4  1989   0.2   MM        0.0
  MONTH TO DATE    2.5                       7.0   -4.5       T
  SINCE MAR 1      4.3                      14.7  -10.4      2.1
  SINCE JUL 1     43.5                      37.0    6.5     25.7

DEGREE DAYS
 HEATING
  TODAY           26                        17      9       23
  MONTH TO DATE  588                       549     39      481
  SINCE MAR 1   1302                      1433   -131     1306
  SINCE JUL 1   7495                      7013    482     6991

 COOLING
  TODAY            0                         0      0        0
  MONTH TO DATE    0                         0      0        0
  SINCE MAR 1      0                         0      0        0
  SINCE JAN 1      0                         0      0        0
..................................................................


WIND (MPH)
  HIGHEST WIND SPEED    17   HIGHEST WIND DIRECTION     W (280)
  HIGHEST GUST SPEED    21   HIGHEST GUST DIRECTION     W (270)
  AVERAGE WIND SPEED     7.7


SKY COVER
  AVERAGE SKY COVER 0.6


WEATHER CONDITIONS
 THE FOLLOWING WEATHER WAS RECORDED TODAY.
  LIGHT RAIN
  LIGHT SNOW
  FOG


RELATIVE HUMIDITY (PERCENT)
 HIGHEST   100           800 AM
 LOWEST     67          1100 AM
 AVERAGE    84

..........................................................


THE BOZEMAN/GALLATIN FIELD MT CLIMATE NORMALS FOR TOMORROW
                         NORMAL    RECORD    YEAR
 MAXIMUM TEMPERATURE (F)   63        83      2007
 MINIMUM TEMPERATURE (F)   34        17      1984


SUNRISE AND SUNSET
APRIL 27 2017.........SUNRISE   618 AM MDT   SUNSET   827 PM MDT
APRIL 28 2017.........SUNRISE   616 AM MDT   SUNSET   829 PM MDT


-  INDICATES NEGATIVE NUMBERS.
R  INDICATES RECORD WAS SET OR TIED.
MM INDICATES DATA IS MISSING.
T  INDICATES TRACE AMOUNT.




$$
