000
CDUS45 KTFX 242330
CLIBZN


CLIMATE REPORT
NATIONAL WEATHER SERVICE GREAT FALLS MT
430 PM MST TUE JAN 24 2017


...................................

...THE BOZEMAN/GALLATIN FIELD MT CLIMATE SUMMARY FOR JANUARY 24 2017...
VALID TODAY AS OF 0400 PM LOCAL TIME.

CLIMATE NORMAL PERIOD 1981 TO 2010
CLIMATE RECORD PERIOD 1935 TO 2017


WEATHER ITEM   OBSERVED TIME   RECORD YEAR NORMAL DEPARTURE LAST
                VALUE   (LST)  VALUE       VALUE  FROM      YEAR
                                                  NORMAL
..................................................................
TEMPERATURE (F)
 TODAY
  MAXIMUM         21    156 PM  60    1953  37    -16       31
  MINIMUM         13    304 PM -44    1969  12      1       18
  AVERAGE         17                        24     -7       25

PRECIPITATION (IN)
  TODAY            T             0.39 1948   0.02  -0.02      T
  MONTH TO DATE    0.15                      0.38  -0.23     0.35
  SINCE OCT 1      3.48                      2.76   0.72     3.20
  SINCE JAN 1      0.15                      0.38  -0.23     0.35

SNOWFALL (IN)
  TODAY           MM             8.2  1948   0.1   MM         T
  MONTH TO DATE    6.1                       3.0    3.1      7.2
  SINCE DEC 1     20.2                       9.0   11.2     16.7
  SINCE JUL 1     24.1                      16.4    7.7     23.3

DEGREE DAYS
 HEATING
  TODAY           48                        41      7       40
  MONTH TO DATE 1381                      1006    375     1104
  SINCE DEC 1   2976                      2360    616     2444
  SINCE JUL 1   4753                      4241    512     4408

 COOLING
  TODAY            0                         0      0        0
  MONTH TO DATE    0                         0      0        0
  SINCE DEC 1      0                         0      0        0
  SINCE JAN 1      0                         0      0        0
..................................................................


WIND (MPH)
  HIGHEST WIND SPEED    10   HIGHEST WIND DIRECTION     W (290)
  HIGHEST GUST SPEED    12   HIGHEST GUST DIRECTION     W (290)
  AVERAGE WIND SPEED     4.6


SKY COVER
  AVERAGE SKY COVER 0.8


WEATHER CONDITIONS
 THE FOLLOWING WEATHER WAS RECORDED TODAY.
  LIGHT SNOW
  FOG


RELATIVE HUMIDITY (PERCENT)
 HIGHEST    92           200 AM
 LOWEST     62           200 PM
 AVERAGE    77

..........................................................


THE BOZEMAN/GALLATIN FIELD MT CLIMATE NORMALS FOR TOMORROW
                         NORMAL    RECORD    YEAR
 MAXIMUM TEMPERATURE (F)   37        52      1953
 MINIMUM TEMPERATURE (F)   12       -43      1949


SUNRISE AND SUNSET
JANUARY 24 2017.......SUNRISE   755 AM MST   SUNSET   520 PM MST
JANUARY 25 2017.......SUNRISE   754 AM MST   SUNSET   521 PM MST


-  INDICATES NEGATIVE NUMBERS.
R  INDICATES RECORD WAS SET OR TIED.
MM INDICATES DATA IS MISSING.
T  INDICATES TRACE AMOUNT.




$$
