000
CDUS45 KTFX 232234
CLIBZN


CLIMATE REPORT
NATIONAL WEATHER SERVICE GREAT FALLS MT
434 PM MDT WED JUL 23 2014


...................................

...THE BOZEMAN/GALLATIN FIELD MT CLIMATE SUMMARY FOR JULY 23 2014...
VALID TODAY AS OF 0400 PM LOCAL TIME.

CLIMATE NORMAL PERIOD 1981 TO 2010
CLIMATE RECORD PERIOD 1935 TO 2014


WEATHER ITEM   OBSERVED TIME   RECORD YEAR NORMAL DEPARTURE LAST
                VALUE   (LST)  VALUE       VALUE  FROM      YEAR
                                                  NORMAL
..................................................................
TEMPERATURE (F)
 TODAY
  MAXIMUM         87    252 PM 105    2007  90     -3       90
  MINIMUM         52    443 AM  38    1954  52      0       46
  AVERAGE         70                        71     -1       68

PRECIPITATION (IN)
  TODAY            0.00          0.42 1997   0.03  -0.03     0.00
  MONTH TO DATE    0.38                      0.89  -0.51     0.29
  SINCE OCT 1     10.43                     11.57  -1.14     9.60
  SINCE JAN 1      9.38                      9.19   0.19     7.29

SNOWFALL (IN)
  TODAY            0.0           0.0  1999   0.0    0.0      0.0
                                      1994
  MONTH TO DATE    0.0                       0.0    0.0      0.0
  SINCE JUN 1      0.0                       0.0    0.0      0.0
  SINCE JUL 1      0.0                       0.0    0.0      0.0
  SNOW DEPTH       0

DEGREE DAYS
 HEATING
  TODAY            0                         0      0        0
  MONTH TO DATE    6                        27    -21        2
  SINCE JUN 1    242                       168     74      169
  SINCE JUL 1      6                        27    -21        2

 COOLING
  TODAY            5                         6     -1        3
  MONTH TO DATE  101                       114    -13      105
  SINCE JUN 1    101                       152    -51      132
  SINCE JAN 1    101                       156    -55      134
..................................................................


WIND (MPH)
  HIGHEST WIND SPEED    17   HIGHEST WIND DIRECTION     W (290)
  HIGHEST GUST SPEED    20   HIGHEST GUST DIRECTION     W (290)
  AVERAGE WIND SPEED     4.6


SKY COVER
  AVERAGE SKY COVER 0.0


WEATHER CONDITIONS
 THE FOLLOWING WEATHER WAS RECORDED TODAY.
  NO SIGNIFICANT WEATHER WAS OBSERVED.


RELATIVE HUMIDITY (PERCENT)
 HIGHEST    86           500 AM
 LOWEST     31           200 PM
 AVERAGE    59

..........................................................


THE BOZEMAN/GALLATIN FIELD MT CLIMATE NORMALS FOR TOMORROW
                         NORMAL    RECORD    YEAR
 MAXIMUM TEMPERATURE (F)   90        99      1963
 MINIMUM TEMPERATURE (F)   52        40      1964


SUNRISE AND SUNSET
JULY 23 2014..........SUNRISE   558 AM MDT   SUNSET   904 PM MDT
JULY 24 2014..........SUNRISE   559 AM MDT   SUNSET   903 PM MDT


-  INDICATES NEGATIVE NUMBERS.
R  INDICATES RECORD WAS SET OR TIED.
MM INDICATES DATA IS MISSING.
T  INDICATES TRACE AMOUNT.




$$
