000
CDUS45 KTFX 271003
CLIBZN


CLIMATE REPORT
NATIONAL WEATHER SERVICE GREAT FALLS MT
402 AM MDT MON MAR 27 2017


...................................

...THE BOZEMAN/GALLATIN FIELD MT CLIMATE SUMMARY FOR MARCH 26 2017...

CLIMATE NORMAL PERIOD 1981 TO 2010
CLIMATE RECORD PERIOD 1935 TO 2017


WEATHER ITEM   OBSERVED TIME   RECORD YEAR NORMAL DEPARTURE LAST
                VALUE   (LST)  VALUE       VALUE  FROM      YEAR
                                                  NORMAL
..................................................................
TEMPERATURE (F)
 YESTERDAY
  MAXIMUM         57    333 PM  70    1997  53      4       51
  MINIMUM         29    505 AM -24    1955  27      2       26
  AVERAGE         43                        40      3       39

PRECIPITATION (IN)
  YESTERDAY        0.00          0.33 1999   0.04  -0.04     0.00
                                      1999
                                      2006
  MONTH TO DATE    0.85                      0.74   0.11     0.65
  SINCE OCT 1      4.75                      4.03   0.72     4.09
  SINCE JAN 1      1.42                      1.65  -0.23     1.24

SNOWFALL (IN)
  YESTERDAY        0.0           3.3  1952   0.2   -0.2      0.0
  MONTH TO DATE    1.8                       6.3   -4.5      2.1
  SINCE MAR 1      1.8                       6.3   -4.5      2.1
  SINCE JUL 1     41.0                      28.6   12.4     25.7
  SNOW DEPTH       0

DEGREE DAYS
 HEATING
  YESTERDAY       22                        25     -3       26
  MONTH TO DATE  609                       762   -153      699
  SINCE MAR 1    609                       762   -153      699
  SINCE JUL 1   6802                      6342    460     6384

 COOLING
  YESTERDAY        0                         0      0        0
  MONTH TO DATE    0                         0      0        0
  SINCE MAR 1      0                         0      0        0
  SINCE JAN 1      0                         0      0        0
..................................................................


WIND (MPH)
  HIGHEST WIND SPEED    22   HIGHEST WIND DIRECTION     W (250)
  HIGHEST GUST SPEED    28   HIGHEST GUST DIRECTION     W (250)
  AVERAGE WIND SPEED     5.9


SKY COVER
  AVERAGE SKY COVER 0.6


WEATHER CONDITIONS
 THE FOLLOWING WEATHER WAS RECORDED YESTERDAY.
  NO SIGNIFICANT WEATHER WAS OBSERVED.


RELATIVE HUMIDITY (PERCENT)
 HIGHEST    92
 LOWEST     26
 AVERAGE    59

..........................................................


THE BOZEMAN/GALLATIN FIELD MT CLIMATE NORMALS FOR TODAY
                         NORMAL    RECORD    YEAR
 MAXIMUM TEMPERATURE (F)   54        74      2015
 MINIMUM TEMPERATURE (F)   27       -12      1955


SUNRISE AND SUNSET
MARCH 27 2017.........SUNRISE   714 AM MDT   SUNSET   747 PM MDT
MARCH 28 2017.........SUNRISE   712 AM MDT   SUNSET   748 PM MDT


-  INDICATES NEGATIVE NUMBERS.
R  INDICATES RECORD WAS SET OR TIED.
MM INDICATES DATA IS MISSING.
T  INDICATES TRACE AMOUNT.




$$
