000
CDUS45 KTFX 201011
CLIBZN


CLIMATE REPORT
NATIONAL WEATHER SERVICE GREAT FALLS MT
309 AM MST SAT JAN 20 2018


...................................

...THE BOZEMAN/GALLATIN FIELD MT CLIMATE SUMMARY FOR JANUARY 19 2018...

CLIMATE NORMAL PERIOD 1981 TO 2010
CLIMATE RECORD PERIOD 1935 TO 2018


WEATHER ITEM   OBSERVED TIME   RECORD YEAR NORMAL DEPARTURE LAST
                VALUE   (LST)  VALUE       VALUE  FROM      YEAR
                                                  NORMAL
..................................................................
TEMPERATURE (F)
 YESTERDAY
  MAXIMUM         36   1201 AM  59    2005  36      0       36
  MINIMUM         13   1143 PM -43    1963  12      1       19
  AVERAGE         25                        24      1       28

PRECIPITATION (IN)
  YESTERDAY        0.44R         0.28 1969   0.02   0.42      T
  MONTH TO DATE    0.93                      0.30   0.63     0.15
  SINCE OCT 1      3.88                      2.68   1.20     3.48
  SINCE JAN 1      0.93                      0.30   0.63     0.15

SNOWFALL (IN)
  YESTERDAY        1.3           7.0  1969   0.2    1.1       T
  MONTH TO DATE    3.3                       2.4    0.9      6.1
  SINCE DEC 1     24.7                       8.4   16.3     20.2
  SINCE JUL 1     40.9                      15.8   25.1     24.1
  SNOW DEPTH       6

DEGREE DAYS
 HEATING
  YESTERDAY       40                        41     -1       37
  MONTH TO DATE  831                       801     30     1138
  SINCE DEC 1   2335                      2155    180     2733
  SINCE JUL 1   4466                      4036    430     4510

 COOLING
  YESTERDAY        0                         0      0        0
  MONTH TO DATE    0                         0      0        0
  SINCE DEC 1      0                         0      0        0
  SINCE JAN 1      0                         0      0        0
..................................................................


WIND (MPH)
  HIGHEST WIND SPEED    12   HIGHEST WIND DIRECTION     N (350)
  HIGHEST GUST SPEED    14   HIGHEST GUST DIRECTION     N (350)
  AVERAGE WIND SPEED     5.0


SKY COVER
  AVERAGE SKY COVER 0.9


WEATHER CONDITIONS
 THE FOLLOWING WEATHER WAS RECORDED YESTERDAY.
  RAIN
  SNOW
  LIGHT SNOW
  FOG


RELATIVE HUMIDITY (PERCENT)
 HIGHEST   100
 LOWEST     84
 AVERAGE    92

..........................................................


THE BOZEMAN/GALLATIN FIELD MT CLIMATE NORMALS FOR TODAY
                         NORMAL    RECORD    YEAR
 MAXIMUM TEMPERATURE (F)   37        51      1950
 MINIMUM TEMPERATURE (F)   12       -42      1949


SUNRISE AND SUNSET
JANUARY 20 2018.......SUNRISE   758 AM MST   SUNSET   514 PM MST
JANUARY 21 2018.......SUNRISE   757 AM MST   SUNSET   515 PM MST


-  INDICATES NEGATIVE NUMBERS.
R  INDICATES RECORD WAS SET OR TIED.
MM INDICATES DATA IS MISSING.
T  INDICATES TRACE AMOUNT.




$$
