000
CDUS45 KTFX 232330
CLIBZN


CLIMATE REPORT
NATIONAL WEATHER SERVICE GREAT FALLS MT
430 PM MST THU FEB 23 2017


...................................

...THE BOZEMAN/GALLATIN FIELD MT CLIMATE SUMMARY FOR FEBRUARY 23 2017...
VALID TODAY AS OF 0400 PM LOCAL TIME.

CLIMATE NORMAL PERIOD 1981 TO 2010
CLIMATE RECORD PERIOD 1935 TO 2017


WEATHER ITEM   OBSERVED TIME   RECORD YEAR NORMAL DEPARTURE LAST
                VALUE   (LST)  VALUE       VALUE  FROM      YEAR
                                                  NORMAL
..................................................................
TEMPERATURE (F)
 TODAY
  MAXIMUM         51   1153 AM  61    2009  42      9       42
  MINIMUM         25    706 AM -28    1942  17      8       16
  AVERAGE         38                        29      9       29

PRECIPITATION (IN)
  TODAY            T             0.18 1947   0.02  -0.02     0.00
                                      1947
                                      2007
  MONTH TO DATE    0.24                      0.34  -0.10     0.17
  SINCE OCT 1      3.87                      3.20   0.67     3.38
  SINCE JAN 1      0.54                      0.82  -0.28     0.53

SNOWFALL (IN)
  TODAY           MM             4.0  1967   0.2   MM        0.0
  MONTH TO DATE    7.0                       3.9    3.1       T
  SINCE DEC 1     33.7                      13.9   19.8     17.0
  SINCE JUL 1     37.6                      21.3   16.3     23.6

DEGREE DAYS
 HEATING
  TODAY           27                        36     -9       36
  MONTH TO DATE  904                       884     20      806
  SINCE DEC 1   4209                      3525    684     3557
  SINCE JUL 1   5986                      5406    580     5521

 COOLING
  TODAY            0                         0      0        0
  MONTH TO DATE    0                         0      0        0
  SINCE DEC 1      0                         0      0        0
  SINCE JAN 1      0                         0      0        0
..................................................................


WIND (MPH)
  HIGHEST WIND SPEED    15   HIGHEST WIND DIRECTION    NE (60)
  HIGHEST GUST SPEED    19   HIGHEST GUST DIRECTION    NE (60)
  AVERAGE WIND SPEED     4.7


SKY COVER
  AVERAGE SKY COVER 0.8


WEATHER CONDITIONS
 THE FOLLOWING WEATHER WAS RECORDED TODAY.
  LIGHT SNOW
  FOG


RELATIVE HUMIDITY (PERCENT)
 HIGHEST    85           200 AM
 LOWEST     49           400 PM
 AVERAGE    67

..........................................................


THE BOZEMAN/GALLATIN FIELD MT CLIMATE NORMALS FOR TOMORROW
                         NORMAL    RECORD    YEAR
 MAXIMUM TEMPERATURE (F)   42        66      1995
 MINIMUM TEMPERATURE (F)   17       -35      2003


SUNRISE AND SUNSET
FEBRUARY 23 2017......SUNRISE   713 AM MST   SUNSET   603 PM MST
FEBRUARY 24 2017......SUNRISE   711 AM MST   SUNSET   605 PM MST


-  INDICATES NEGATIVE NUMBERS.
R  INDICATES RECORD WAS SET OR TIED.
MM INDICATES DATA IS MISSING.
T  INDICATES TRACE AMOUNT.




$$
