000
CDUS45 KTFX 142229
CLIBZN


CLIMATE REPORT
NATIONAL WEATHER SERVICE GREAT FALLS MT
429 PM MDT SUN SEP 14 2014


...................................

...THE BOZEMAN/GALLATIN FIELD MT CLIMATE SUMMARY FOR SEPTEMBER 14 2014...
VALID TODAY AS OF 0400 PM LOCAL TIME.

CLIMATE NORMAL PERIOD 1981 TO 2010
CLIMATE RECORD PERIOD 1935 TO 2014


WEATHER ITEM   OBSERVED TIME   RECORD YEAR NORMAL DEPARTURE LAST
                VALUE   (LST)  VALUE       VALUE  FROM      YEAR
                                                  NORMAL
..................................................................
TEMPERATURE (F)
 TODAY
  MAXIMUM         69    256 PM  94    1948  76     -7       73
  MINIMUM         30    603 AM  22    1970  41    -11       57
  AVERAGE         50                        58     -8       65

PRECIPITATION (IN)
  TODAY            0.00          0.40 1986   0.03  -0.03     0.10
  MONTH TO DATE    0.27                      0.48  -0.21     0.34
  SINCE OCT 1     13.63                     13.36   0.27    10.95
  SINCE JAN 1     12.58                     10.98   1.60     8.64

SNOWFALL (IN)
  TODAY            0.0           T    1991   0.1   -0.1      0.0
                                      1994
  MONTH TO DATE    T                         0.1   -0.1      0.0
  SINCE SEP 1      T                         0.1   -0.1      0.0
  SINCE JUL 1      T                         0.1   -0.1      0.0
  SNOW DEPTH       0

DEGREE DAYS
 HEATING
  TODAY           15                         7      8        0
  MONTH TO DATE  189                        73    116       12
  SINCE SEP 1    189                        73    116       12
  SINCE JUL 1    275                       140    135       15

 COOLING
  TODAY            0                         1     -1        0
  MONTH TO DATE    0                        18    -18       23
  SINCE SEP 1      0                        18    -18       23
  SINCE JAN 1    182                       364   -182      284
..................................................................


WIND (MPH)
  HIGHEST WIND SPEED     7   HIGHEST WIND DIRECTION     W (260)
  HIGHEST GUST SPEED     8   HIGHEST GUST DIRECTION     N (340)
  AVERAGE WIND SPEED     1.8


SKY COVER
  AVERAGE SKY COVER 0.0


WEATHER CONDITIONS
 THE FOLLOWING WEATHER WAS RECORDED TODAY.
  NO SIGNIFICANT WEATHER WAS OBSERVED.


RELATIVE HUMIDITY (PERCENT)
 HIGHEST    89           400 AM
 LOWEST     32           200 PM
 AVERAGE    61

..........................................................


THE BOZEMAN/GALLATIN FIELD MT CLIMATE NORMALS FOR TOMORROW
                         NORMAL    RECORD    YEAR
 MAXIMUM TEMPERATURE (F)   75        97      2000
 MINIMUM TEMPERATURE (F)   41        26      1970


SUNRISE AND SUNSET
SEPTEMBER 14 2014.....SUNRISE   702 AM MDT   SUNSET   738 PM MDT
SEPTEMBER 15 2014.....SUNRISE   703 AM MDT   SUNSET   736 PM MDT


-  INDICATES NEGATIVE NUMBERS.
R  INDICATES RECORD WAS SET OR TIED.
MM INDICATES DATA IS MISSING.
T  INDICATES TRACE AMOUNT.




$$
