000
CDUS45 KTFX 300802
CLIBZN


CLIMATE REPORT
NATIONAL WEATHER SERVICE GREAT FALLS MT
200 AM MDT MON MAR 30 2015


...................................

...THE BOZEMAN/GALLATIN FIELD MT CLIMATE SUMMARY FOR MARCH 29 2015...

CLIMATE NORMAL PERIOD 1981 TO 2010
CLIMATE RECORD PERIOD 1935 TO 2015


WEATHER ITEM   OBSERVED TIME   RECORD YEAR NORMAL DEPARTURE LAST
                VALUE   (LST)  VALUE       VALUE  FROM      YEAR
                                                  NORMAL
..................................................................
TEMPERATURE (F)
 YESTERDAY
  MAXIMUM         62    533 PM  74    1978  54      8       51
  MINIMUM         22    630 AM -11    1936  27     -5       35
  AVERAGE         42                        41      1       43

PRECIPITATION (IN)
  YESTERDAY        0.00          0.43 2009   0.04  -0.04     0.08
  MONTH TO DATE    0.30                      0.86  -0.56     1.43
  SINCE OCT 1      2.60                      4.15  -1.55     3.43
  SINCE JAN 1      0.67                      1.77  -1.10     2.38

SNOWFALL (IN)
  YESTERDAY        0.0           5.0  1967   0.3   -0.3      0.0
  MONTH TO DATE    2.0                       7.2   -5.2      4.1
  SINCE MAR 1      2.0                       7.2   -5.2      4.1
  SINCE JUL 1     32.4                      29.5    2.9     29.1
  SNOW DEPTH       0

DEGREE DAYS
 HEATING
  YESTERDAY       23                        24     -1       22
  MONTH TO DATE  730                       836   -106      912
  SINCE MAR 1    730                       836   -106      912
  SINCE JUL 1   6312                      6416   -104     6927

 COOLING
  YESTERDAY        0                         0      0        0
  MONTH TO DATE    0                         0      0        0
  SINCE MAR 1      0                         0      0        0
  SINCE JAN 1      0                         0      0        0
..................................................................


WIND (MPH)
  HIGHEST WIND SPEED    16   HIGHEST WIND DIRECTION    NW (300)
  HIGHEST GUST SPEED    19   HIGHEST GUST DIRECTION    NW (300)
  AVERAGE WIND SPEED     5.8


SKY COVER
  AVERAGE SKY COVER 0.1


WEATHER CONDITIONS
 THE FOLLOWING WEATHER WAS RECORDED YESTERDAY.
  NO SIGNIFICANT WEATHER WAS OBSERVED.


RELATIVE HUMIDITY (PERCENT)
 HIGHEST    81
 LOWEST     22
 AVERAGE    52

..........................................................


THE BOZEMAN/GALLATIN FIELD MT CLIMATE NORMALS FOR TODAY
                         NORMAL    RECORD    YEAR
 MAXIMUM TEMPERATURE (F)   54        75      2004
                                             1978
 MINIMUM TEMPERATURE (F)   28       -15      1936


SUNRISE AND SUNSET
MARCH 30 2015.........SUNRISE   709 AM MDT   SUNSET   750 PM MDT
MARCH 31 2015.........SUNRISE   707 AM MDT   SUNSET   751 PM MDT


-  INDICATES NEGATIVE NUMBERS.
R  INDICATES RECORD WAS SET OR TIED.
MM INDICATES DATA IS MISSING.
T  INDICATES TRACE AMOUNT.




$$
