000
CDUS45 KTFX 291015
CLIBZN


CLIMATE REPORT
NATIONAL WEATHER SERVICE GREAT FALLS MT
413 AM MDT FRI AUG 29 2014


...................................

...THE BOZEMAN/GALLATIN FIELD MT CLIMATE SUMMARY FOR AUGUST 28 2014...

CLIMATE NORMAL PERIOD 1981 TO 2010
CLIMATE RECORD PERIOD 1935 TO 2014


WEATHER ITEM   OBSERVED TIME   RECORD YEAR NORMAL DEPARTURE
                VALUE   (LST)  VALUE       VALUE  FROM
                                                  NORMAL
...............................................................
TEMPERATURE (F)
 YESTERDAY
  MAXIMUM         85    441 PM  98    2012  84      1
  MINIMUM         45    519 AM  33    1960  47     -2
  AVERAGE         65                        65      0

PRECIPITATION (IN)
  YESTERDAY        0.01          1.61 1964   0.04  -0.03
  MONTH TO DATE    2.44                      0.97   1.47
  SINCE OCT 1     12.87                     12.77   0.10
  SINCE JAN 1     11.82                     10.39   1.43

SNOWFALL (IN)
  YESTERDAY        0.0           T    1964   0.0    0.0
                                      1994
  MONTH TO DATE    0.0                       0.0    0.0
  SINCE JUN 1      0.0                       0.0    0.0
  SINCE JUL 1      0.0                       0.0    0.0
  SNOW DEPTH       0

DEGREE DAYS
 HEATING
  YESTERDAY        0                               -3
  MONTH TO DATE   62                               32
  SINCE JUN 1    311                              112
  SINCE JUL 1     75                               17

 COOLING
  YESTERDAY        0                               -3
  MONTH TO DATE   59                              -73
  SINCE JUN 1    182                             -154
  SINCE JAN 1    182                             -158
...............................................................


WIND (MPH)
  HIGHEST WIND SPEED    14   HIGHEST WIND DIRECTION     S (170)
  HIGHEST GUST SPEED    17   HIGHEST GUST DIRECTION     S (170)
  AVERAGE WIND SPEED     5.4



WEATHER CONDITIONS
 THE FOLLOWING WEATHER WAS RECORDED YESTERDAY.
  LIGHT RAIN


RELATIVE HUMIDITY (PERCENT)
 HIGHEST    86
 LOWEST     23
 AVERAGE    55

..........................................................


THE BOZEMAN/GALLATIN FIELD MT CLIMATE NORMALS FOR TODAY
                         NORMAL    RECORD    YEAR
 MAXIMUM TEMPERATURE (F)   83        97      2005
 MINIMUM TEMPERATURE (F)   46        34      1992


SUNRISE AND SUNSET
AUGUST 29 2014........SUNRISE   642 AM MDT   SUNSET   808 PM MDT
AUGUST 30 2014........SUNRISE   643 AM MDT   SUNSET   806 PM MDT


-  INDICATES NEGATIVE NUMBERS.
R  INDICATES RECORD WAS SET OR TIED.
MM INDICATES DATA IS MISSING.
T  INDICATES TRACE AMOUNT.




$$
