000
CDUS42 KCAE 120605
CLICAE


CLIMATE REPORT
NATIONAL WEATHER SERVICE COLUMBIA SC
104 AM EST TUE DEC 12 2017


...................................

...THE COLUMBIA METRO AIRPORT SC CLIMATE SUMMARY FOR DECEMBER 11 2017...

CLIMATE NORMAL PERIOD 1981 TO 2010
CLIMATE RECORD PERIOD 1887 TO 2017


WEATHER ITEM   OBSERVED TIME   RECORD YEAR NORMAL DEPARTURE LAST
                VALUE   (LST)  VALUE       VALUE  FROM      YEAR
                                                  NORMAL
..................................................................
TEMPERATURE (F)
 YESTERDAY
  MAXIMUM         60    343 PM  80    2007  59      1       49
  MINIMUM         28    739 AM  16    1977  36     -8       25
  AVERAGE         44                        48     -4       37

PRECIPITATION (IN)
  YESTERDAY        0.00          1.58 2008   0.11  -0.11      T
  MONTH TO DATE    2.13                      1.11   1.02     1.56
  SINCE DEC 1      2.13                      1.11   1.02     1.56
  SINCE JAN 1     46.28                     42.48   3.80    37.76

SNOWFALL (IN)
  YESTERDAY        0.0           8.8  1958   0.0             0.0
  MONTH TO DATE    0.0                       0.0             0.0
  SINCE DEC 1      0.0                       0.0             0.0
  SINCE JUL 1      0.0                       0.0             0.0

DEGREE DAYS
 HEATING
  YESTERDAY       21                        18      3       28
  MONTH TO DATE  152                       180    -28      193
  SINCE DEC 1    152                       180    -28      193
  SINCE JUL 1    530                       621    -91      495

 COOLING
  YESTERDAY        0                         0      0        0
  MONTH TO DATE    0                         0      0        0
  SINCE DEC 1      0                         0      0        0
  SINCE JAN 1   2684                      2167    517     2886
..................................................................


WIND (MPH)
  HIGHEST WIND SPEED    10   HIGHEST WIND DIRECTION    SW (220)
  HIGHEST GUST SPEED    13   HIGHEST GUST DIRECTION    SW (210)
  AVERAGE WIND SPEED     2.9


SKY COVER
  AVERAGE SKY COVER 0.0


WEATHER CONDITIONS
 THE FOLLOWING WEATHER WAS RECORDED YESTERDAY.
  NO SIGNIFICANT WEATHER WAS OBSERVED.


RELATIVE HUMIDITY (PERCENT)
 HIGHEST    92          1200 AM
 LOWEST     33           200 PM
 AVERAGE    63

..........................................................


THE COLUMBIA METRO AIRPORT SC CLIMATE NORMALS FOR TODAY
                         NORMAL    RECORD    YEAR
 MAXIMUM TEMPERATURE (F)   59        81      2007
 MINIMUM TEMPERATURE (F)   36         4      1958


SUNRISE AND SUNSET
DECEMBER 12 2017......SUNRISE   720 AM EST   SUNSET   516 PM EST
DECEMBER 13 2017......SUNRISE   721 AM EST   SUNSET   516 PM EST


-  INDICATES NEGATIVE NUMBERS.
R  INDICATES RECORD WAS SET OR TIED.
MM INDICATES DATA IS MISSING.
T  INDICATES TRACE AMOUNT.




$$
