000
CDUS42 KCAE 280655
CLICAE


CLIMATE REPORT
NATIONAL WEATHER SERVICE COLUMBIA SC
255 AM EDT TUE MAR 28 2017


...................................

...THE COLUMBIA METRO AIRPORT SC CLIMATE SUMMARY FOR MARCH 27 2017...

CLIMATE NORMAL PERIOD 1981 TO 2010
CLIMATE RECORD PERIOD 1887 TO 2017


WEATHER ITEM   OBSERVED TIME   RECORD YEAR NORMAL DEPARTURE LAST
                VALUE   (LST)  VALUE       VALUE  FROM      YEAR
                                                  NORMAL
..................................................................
TEMPERATURE (F)
 YESTERDAY
  MAXIMUM         83    247 PM  88    1994  71     12       72
  MINIMUM         60    644 AM  23    1955  46     14       65
  AVERAGE         72                        58     14       69

PRECIPITATION (IN)
  YESTERDAY        0.00          1.98 2005   0.11  -0.11     0.71
  MONTH TO DATE    1.84                      3.27  -1.43     1.80
  SINCE MAR 1      1.84                      3.27  -1.43     1.80
  SINCE JAN 1     10.48                     10.46   0.02     8.43

SNOWFALL (IN)
  YESTERDAY        0.0          MM      MM   0.0             0.0
  MONTH TO DATE    T                         0.1             0.0
  SINCE MAR 1      T                         0.1             0.0
  SINCE JUL 1      0.1                       1.5              T

DEGREE DAYS
 HEATING
  YESTERDAY        0                         7     -7        0
  MONTH TO DATE  274                       281     -7      135
  SINCE MAR 1    274                       281     -7      135
  SINCE JUL 1   1615                      2380   -765     1698

 COOLING
  YESTERDAY        7                         1      6        4
  MONTH TO DATE   24                        15      9       65
  SINCE MAR 1     24                        15      9       65
  SINCE JAN 1     42                        19     23       69
..................................................................


WIND (MPH)
  HIGHEST WIND SPEED    20   HIGHEST WIND DIRECTION     W (280)
  HIGHEST GUST SPEED    23   HIGHEST GUST DIRECTION     W (250)
  AVERAGE WIND SPEED     7.0


SKY COVER
  AVERAGE SKY COVER 0.5


WEATHER CONDITIONS
 THE FOLLOWING WEATHER WAS RECORDED YESTERDAY.
  NO SIGNIFICANT WEATHER WAS OBSERVED.


RELATIVE HUMIDITY (PERCENT)
 HIGHEST    84           300 AM
 LOWEST     43           200 PM
 AVERAGE    64

..........................................................


THE COLUMBIA METRO AIRPORT SC CLIMATE NORMALS FOR TODAY
                         NORMAL    RECORD    YEAR
 MAXIMUM TEMPERATURE (F)   72        92      1907
 MINIMUM TEMPERATURE (F)   46        27      2001


SUNRISE AND SUNSET
MARCH 28 2017.........SUNRISE   717 AM EDT   SUNSET   742 PM EDT
MARCH 29 2017.........SUNRISE   716 AM EDT   SUNSET   743 PM EDT


-  INDICATES NEGATIVE NUMBERS.
R  INDICATES RECORD WAS SET OR TIED.
MM INDICATES DATA IS MISSING.
T  INDICATES TRACE AMOUNT.




$$
