000
CDUS42 KCAE 020608
CLICAE


CLIMATE REPORT
NATIONAL WEATHER SERVICE COLUMBIA SC
208 AM EDT SUN AUG 2 2015


...................................

...THE COLUMBIA METRO AIRPORT SC CLIMATE SUMMARY FOR AUGUST 1 2015...

CLIMATE NORMAL PERIOD 1981 TO 2010
CLIMATE RECORD PERIOD 1887 TO 2015


WEATHER ITEM   OBSERVED TIME   RECORD YEAR NORMAL DEPARTURE LAST
                VALUE   (LST)  VALUE       VALUE  FROM      YEAR
                                                  NORMAL
..................................................................
TEMPERATURE (F)
 YESTERDAY
  MAXIMUM         98    436 PM 104    1999  92      6       82
  MINIMUM         76    450 AM  57    1997  72      4       72
  AVERAGE         87                        82      5       77

PRECIPITATION (IN)
  YESTERDAY        0.00          2.71 1973   0.19  -0.19      T
  MONTH TO DATE    0.00                      0.19  -0.19      T
  SINCE JUN 1     10.32                     10.34  -0.02     4.24
  SINCE JAN 1     26.20                     26.85  -0.65    23.20

SNOWFALL (IN)
  YESTERDAY        0.0          MM      MM   0.0             0.0
  MONTH TO DATE    0.0                       0.0             0.0
  SINCE JUN 1      0.0                       0.0             0.0
  SINCE JUL 1      0.0                       0.0             0.0

DEGREE DAYS
 HEATING
  YESTERDAY        0                         0      0        0
  MONTH TO DATE    0                         0      0        0
  SINCE JUN 1      0                         1     -1        0
  SINCE JUL 1      0                         0      0        0

 COOLING
  YESTERDAY       22                        17      5       12
  MONTH TO DATE   22                        17      5       12
  SINCE JUN 1   1198                       973    225     1099
  SINCE JAN 1   1619                      1294    325     1513
..................................................................


WIND (MPH)
  HIGHEST WIND SPEED    13   HIGHEST WIND DIRECTION     S (200)
  HIGHEST GUST SPEED    17   HIGHEST GUST DIRECTION     E (80)
  AVERAGE WIND SPEED     5.7


SKY COVER
  AVERAGE SKY COVER 0.4


WEATHER CONDITIONS
 THE FOLLOWING WEATHER WAS RECORDED YESTERDAY.
  NO SIGNIFICANT WEATHER WAS OBSERVED.


RELATIVE HUMIDITY (PERCENT)
 HIGHEST    82           300 AM
 LOWEST     29           300 PM
 AVERAGE    56

..........................................................


THE COLUMBIA METRO AIRPORT SC CLIMATE NORMALS FOR TODAY
                         NORMAL    RECORD    YEAR
 MAXIMUM TEMPERATURE (F)   92       100      2011
                                             1954
                                             1953
 MINIMUM TEMPERATURE (F)   72        59      1997


SUNRISE AND SUNSET
AUGUST  2 2015........SUNRISE   637 AM EDT   SUNSET   824 PM EDT
AUGUST  3 2015........SUNRISE   637 AM EDT   SUNSET   824 PM EDT


-  INDICATES NEGATIVE NUMBERS.
R  INDICATES RECORD WAS SET OR TIED.
MM INDICATES DATA IS MISSING.
T  INDICATES TRACE AMOUNT.




$$
