030
CDUS42 KCAE 300620
CLICAE


CLIMATE REPORT
NATIONAL WEATHER SERVICE COLUMBIA SC
220 AM EDT FRI SEP 30 2016


...................................

...THE COLUMBIA METRO AIRPORT SC CLIMATE SUMMARY FOR SEPTEMBER 29 2016...

CLIMATE NORMAL PERIOD 1981 TO 2010
CLIMATE RECORD PERIOD 1887 TO 2016


WEATHER ITEM   OBSERVED TIME   RECORD YEAR NORMAL DEPARTURE LAST
                VALUE   (LST)  VALUE       VALUE  FROM      YEAR
                                                  NORMAL
..................................................................
TEMPERATURE (F)
 YESTERDAY
  MAXIMUM         90    329 PM  97    1941  81      9       83
  MINIMUM         69    619 AM  43    1985  59     10       75
  AVERAGE         80                        70     10       79

PRECIPITATION (IN)
  YESTERDAY        0.00          4.89 1959   0.12  -0.12     0.02
  MONTH TO DATE    6.81                      3.43   3.38     6.15
  SINCE SEP 1      6.81                      3.43   3.38     6.15
  SINCE JAN 1     29.74                     35.35  -5.61    37.20

SNOWFALL (IN)
  YESTERDAY        0.0          MM      MM   0.0             0.0
  MONTH TO DATE    0.0                       0.0             0.0
  SINCE SEP 1      0.0                       0.0             0.0
  SINCE JUL 1      0.0                       0.0             0.0

DEGREE DAYS
 HEATING
  YESTERDAY        0                         1     -1        0
  MONTH TO DATE    0                         6     -6        0
  SINCE SEP 1      0                         6     -6        0
  SINCE JUL 1      0                         6     -6        0

 COOLING
  YESTERDAY       15                         6      9       14
  MONTH TO DATE  433                       293    140      343
  SINCE SEP 1    433                       293    140      343
  SINCE JAN 1   2720                      2061    659     2491
..................................................................


WIND (MPH)
  HIGHEST WIND SPEED    15   HIGHEST WIND DIRECTION     S (190)
  HIGHEST GUST SPEED    20   HIGHEST GUST DIRECTION     S (200)
  AVERAGE WIND SPEED     4.5


SKY COVER
  AVERAGE SKY COVER 0.3


WEATHER CONDITIONS
 THE FOLLOWING WEATHER WAS RECORDED YESTERDAY.
  FOG


RELATIVE HUMIDITY (PERCENT)
 HIGHEST    93           200 AM
 LOWEST     27           100 PM
 AVERAGE    60

..........................................................


THE COLUMBIA METRO AIRPORT SC CLIMATE NORMALS FOR TODAY
                         NORMAL    RECORD    YEAR
 MAXIMUM TEMPERATURE (F)   81        94      1904
 MINIMUM TEMPERATURE (F)   59        40      1967


SUNRISE AND SUNSET
SEPTEMBER 30 2016.....SUNRISE   719 AM EDT   SUNSET   709 PM EDT
OCTOBER  1 2016.......SUNRISE   719 AM EDT   SUNSET   708 PM EDT


-  INDICATES NEGATIVE NUMBERS.
R  INDICATES RECORD WAS SET OR TIED.
MM INDICATES DATA IS MISSING.
T  INDICATES TRACE AMOUNT.




$$
