000
CDUS42 KCAE 302127
CLICAE


CLIMATE REPORT
NATIONAL WEATHER SERVICE COLUMBIA SC
527 PM EDT SAT JUL 30 2016


...................................

...THE COLUMBIA METRO AIRPORT SC CLIMATE SUMMARY FOR JULY 30 2016...
VALID TODAY AS OF 0500 PM LOCAL TIME.

CLIMATE NORMAL PERIOD 1981 TO 2010
CLIMATE RECORD PERIOD 1887 TO 2016


WEATHER ITEM   OBSERVED TIME   RECORD YEAR NORMAL DEPARTURE LAST
                VALUE   (LST)  VALUE       VALUE  FROM      YEAR
                                                  NORMAL
..................................................................
TEMPERATURE (F)
 TODAY
  MAXIMUM        101    142 PM 103    1952  92      9       99
  MINIMUM         76    553 AM  62    1983  72      4       77
                                      1914
  AVERAGE         89                        82      7       88

PRECIPITATION (IN)
  TODAY            0.00          3.38 1889   0.19  -0.19     0.03
  MONTH TO DATE    1.76                      5.26  -3.50     1.53
  SINCE JUN 1      4.15                      9.95  -5.80    10.32
  SINCE JAN 1     18.07                     26.46  -8.39    26.20

SNOWFALL (IN)
  TODAY            0.0          MM      MM   0.0             0.0
  MONTH TO DATE    0.0                       0.0             0.0
  SINCE JUN 1      0.0                       0.0             0.0
  SINCE JUL 1      0.0                       0.0             0.0

DEGREE DAYS
 HEATING
  TODAY            0                         0      0        0
  MONTH TO DATE    0                         0      0        0
  SINCE JUN 1      0                         1     -1        0
  SINCE JUL 1      0                         0      0        0

 COOLING
  TODAY           24                        17      7       23
  MONTH TO DATE  672                       510    162      616
  SINCE JUN 1   1218                       934    284     1153
  SINCE JAN 1   1657                      1255    402     1574
..................................................................


WIND (MPH)
  HIGHEST WIND SPEED    24   HIGHEST WIND DIRECTION    SW (240)
  HIGHEST GUST SPEED    30   HIGHEST GUST DIRECTION    SW (240)
  AVERAGE WIND SPEED     6.3


SKY COVER
  AVERAGE SKY COVER 0.4


WEATHER CONDITIONS
 THE FOLLOWING WEATHER WAS RECORDED TODAY.
  NO SIGNIFICANT WEATHER WAS OBSERVED.


RELATIVE HUMIDITY (PERCENT)
 HIGHEST    79           300 AM
 LOWEST     33           200 PM
 AVERAGE    56

..........................................................


THE COLUMBIA METRO AIRPORT SC CLIMATE NORMALS FOR TOMORROW
                         NORMAL    RECORD    YEAR
 MAXIMUM TEMPERATURE (F)   92       103      1999
 MINIMUM TEMPERATURE (F)   72        58      1936


SUNRISE AND SUNSET
JULY 30 2016..........SUNRISE   635 AM EDT   SUNSET   826 PM EDT
JULY 31 2016..........SUNRISE   636 AM EDT   SUNSET   826 PM EDT


-  INDICATES NEGATIVE NUMBERS.
R  INDICATES RECORD WAS SET OR TIED.
MM INDICATES DATA IS MISSING.
T  INDICATES TRACE AMOUNT.




$$
