000
CDUS45 KGJT 100756
CLICAG


CLIMATE REPORT
NATIONAL WEATHER SERVICE GRAND JUNCTION CO
1254 AM MST WED FEB 10 2016


...................................

...THE CRAIG CO CLIMATE SUMMARY FOR FEBRUARY 9 2016...

CLIMATE NORMAL PERIOD 1981 TO 2010
CLIMATE RECORD PERIOD 9999 TO 9999


WEATHER ITEM   OBSERVED TIME   RECORD YEAR NORMAL DEPARTURE LAST
                VALUE   (LST)  VALUE       VALUE  FROM      YEAR
                                                  NORMAL
..................................................................
TEMPERATURE (F)
 YESTERDAY
  MAXIMUM         26    219 PM  MM      MM  32     -6       61
  MINIMUM         -8    733 AM  MM      MM   6    -14       22
  AVERAGE          9                        19    -10       42

PRECIPITATION (IN)
  YESTERDAY        0.00         MM      MM   0.03  -0.03     0.00
  MONTH TO DATE    0.23                      0.26  -0.03     0.18
  SINCE DEC 1      3.00                      2.14   0.86     1.43
  SINCE JAN 1      1.63                      1.14   0.49     0.59

SNOWFALL (IN)
  YESTERDAY       MM            MM      MM  MM     MM       MM
  MONTH TO DATE   MM                        MM     MM       MM
  SINCE DEC 1     MM                        MM     MM       MM
  SINCE JUL 1     MM                        MM     MM       MM
  SNOW DEPTH      MM

DEGREE DAYS
 HEATING
  YESTERDAY       56                        46     10       23
  MONTH TO DATE  518                       420     98      251
  SINCE DEC 1   3788                      3419    369     2898
  SINCE JUL 1   5465                      5504    -39     4801

 COOLING
  YESTERDAY        0                         0      0        0
  MONTH TO DATE    0                         0      0        0
  SINCE DEC 1      0                         0      0        0
  SINCE JAN 1      0                         0      0        0
..................................................................


WIND (MPH)
  HIGHEST WIND SPEED     6   HIGHEST WIND DIRECTION     W (290)
  HIGHEST GUST SPEED     8   HIGHEST GUST DIRECTION    SW (230)
  AVERAGE WIND SPEED     1.7


SKY COVER
  POSSIBLE SUNSHINE  MM
  AVERAGE SKY COVER 0.1


WEATHER CONDITIONS
 THE FOLLOWING WEATHER WAS RECORDED YESTERDAY.
  FOG
  FOG W/VISIBILITY <= 1/4 MILE
  HAZE


RELATIVE HUMIDITY (PERCENT)
 HIGHEST   100           900 AM
 LOWEST     68           200 PM
 AVERAGE    84

..........................................................


THE CRAIG CO CLIMATE NORMALS FOR TODAY
                         NORMAL    RECORD    YEAR
 MAXIMUM TEMPERATURE (F)   32        MM        MM
 MINIMUM TEMPERATURE (F)    6        MM        MM


SUNRISE AND SUNSET
FEBRUARY 10 2016......SUNRISE   710 AM MST   SUNSET   539 PM MST
FEBRUARY 11 2016......SUNRISE   709 AM MST   SUNSET   540 PM MST


-  INDICATES NEGATIVE NUMBERS.
R  INDICATES RECORD WAS SET OR TIED.
MM INDICATES DATA IS MISSING.
T  INDICATES TRACE AMOUNT.




$$
