000
CDUS45 KGJT 220747
CLICAG


CLIMATE REPORT
NATIONAL WEATHER SERVICE GRAND JUNCTION CO
143 AM MDT SAT JUL 22 2017


...................................

...THE CRAIG CO CLIMATE SUMMARY FOR JULY 21 2017...

CLIMATE NORMAL PERIOD 1981 TO 2010
CLIMATE RECORD PERIOD 9999 TO 9999


WEATHER ITEM   OBSERVED TIME   RECORD YEAR NORMAL DEPARTURE LAST
                VALUE   (LST)  VALUE       VALUE  FROM      YEAR
                                                  NORMAL
..................................................................
TEMPERATURE (F)
 YESTERDAY
  MAXIMUM         90    118 PM  MM      MM  89      1       89
  MINIMUM         57   1159 PM  MM      MM  47     10       50
  AVERAGE         74                        68      6       70

PRECIPITATION (IN)
  YESTERDAY        0.47         MM      MM   0.03   0.44      T
  MONTH TO DATE    0.68                      0.71  -0.03     0.27
  SINCE JUN 1      1.07                      2.03  -0.96     0.89
  SINCE JAN 1      8.86                      8.22   0.64     7.27

SNOWFALL (IN)
  YESTERDAY       MM            MM      MM  MM     MM       MM
  MONTH TO DATE   MM                        MM     MM       MM
  SINCE JUN 1     MM                        MM     MM       MM
  SINCE JUL 1     MM                        MM     MM       MM
  SNOW DEPTH      MM

DEGREE DAYS
 HEATING
  YESTERDAY        0                         0      0        0
  MONTH TO DATE    3                        20    -17       14
  SINCE JUN 1     94                       195   -101       73
  SINCE JUL 1      3                        20    -17       14

 COOLING
  YESTERDAY        9                         3      6        5
  MONTH TO DATE  136                        46     90       59
  SINCE JUN 1    165                        56    109      100
  SINCE JAN 1    165                        56    109      100
..................................................................


WIND (MPH)
  HIGHEST WIND SPEED    29   HIGHEST WIND DIRECTION     W (290)
  HIGHEST GUST SPEED    35   HIGHEST GUST DIRECTION     W (290)
  AVERAGE WIND SPEED     6.6


SKY COVER
  POSSIBLE SUNSHINE  MM
  AVERAGE SKY COVER 0.4


WEATHER CONDITIONS
 THE FOLLOWING WEATHER WAS RECORDED YESTERDAY.
  THUNDERSTORM
  HEAVY RAIN
  RAIN
  LIGHT RAIN
  FOG


RELATIVE HUMIDITY (PERCENT)
 HIGHEST    78          1000 PM
 LOWEST     21           100 PM
 AVERAGE    50

..........................................................


THE CRAIG CO CLIMATE NORMALS FOR TODAY
                         NORMAL    RECORD    YEAR
 MAXIMUM TEMPERATURE (F)   89        MM        MM
 MINIMUM TEMPERATURE (F)   47        MM        MM


SUNRISE AND SUNSET
JULY 22 2017..........SUNRISE   559 AM MDT   SUNSET   834 PM MDT
JULY 23 2017..........SUNRISE   559 AM MDT   SUNSET   833 PM MDT


-  INDICATES NEGATIVE NUMBERS.
R  INDICATES RECORD WAS SET OR TIED.
MM INDICATES DATA IS MISSING.
T  INDICATES TRACE AMOUNT.




$$
