000
CDUS45 KGJT 190739
CLICAG


CLIMATE REPORT
NATIONAL WEATHER SERVICE GRAND JUNCTION CO
135 AM MDT TUE SEP 19 2017


...................................

...THE CRAIG CO CLIMATE SUMMARY FOR SEPTEMBER 18 2017...

CLIMATE NORMAL PERIOD 1981 TO 2010
CLIMATE RECORD PERIOD 9999 TO 9999


WEATHER ITEM   OBSERVED TIME   RECORD YEAR NORMAL DEPARTURE LAST
                VALUE   (LST)  VALUE       VALUE  FROM      YEAR
                                                  NORMAL
..................................................................
TEMPERATURE (F)
 YESTERDAY
  MAXIMUM         79    212 PM  MM      MM  73      6       81
  MINIMUM         32    544 AM  MM      MM  36     -4       29
  AVERAGE         56                        55      1       55

PRECIPITATION (IN)
  YESTERDAY        0.00         MM      MM   0.07  -0.07     0.00
  MONTH TO DATE    0.21                      1.12  -0.91     0.92
  SINCE SEP 1      0.21                      1.12  -0.91     0.92
  SINCE JAN 1     10.09                     11.18  -1.09     8.90

SNOWFALL (IN)
  YESTERDAY       MM            MM      MM  MM     MM       MM
  MONTH TO DATE   MM                        MM     MM       MM
  SINCE SEP 1     MM                        MM     MM       MM
  SINCE JUL 1     MM                        MM     MM       MM
  SNOW DEPTH      MM

DEGREE DAYS
 HEATING
  YESTERDAY        9                        10     -1       10
  MONTH TO DATE   63                       130    -67      119
  SINCE SEP 1     63                       130    -67      119
  SINCE JUL 1     79                       207   -128      182

 COOLING
  YESTERDAY        0                         0      0        0
  MONTH TO DATE   17                         0     17        6
  SINCE SEP 1     17                         0     17        6
  SINCE JAN 1    285                       140    145      200
..................................................................


WIND (MPH)
  HIGHEST WIND SPEED    25   HIGHEST WIND DIRECTION    SW (230)
  HIGHEST GUST SPEED    30   HIGHEST GUST DIRECTION    SW (230)
  AVERAGE WIND SPEED     7.3


SKY COVER
  POSSIBLE SUNSHINE  MM
  AVERAGE SKY COVER 0.1


WEATHER CONDITIONS
 THE FOLLOWING WEATHER WAS RECORDED YESTERDAY.
  NO SIGNIFICANT WEATHER WAS OBSERVED.


RELATIVE HUMIDITY (PERCENT)
 HIGHEST    92           300 AM
 LOWEST     13           200 PM
 AVERAGE    53

..........................................................


THE CRAIG CO CLIMATE NORMALS FOR TODAY
                         NORMAL    RECORD    YEAR
 MAXIMUM TEMPERATURE (F)   73        MM        MM
 MINIMUM TEMPERATURE (F)   36        MM        MM


SUNRISE AND SUNSET
SEPTEMBER 19 2017.....SUNRISE   655 AM MDT   SUNSET   712 PM MDT
SEPTEMBER 20 2017.....SUNRISE   656 AM MDT   SUNSET   710 PM MDT


-  INDICATES NEGATIVE NUMBERS.
R  INDICATES RECORD WAS SET OR TIED.
MM INDICATES DATA IS MISSING.
T  INDICATES TRACE AMOUNT.




$$
