947
CDUS41 KCLE 240544
CLICAK


CLIMATE REPORT
NATIONAL WEATHER SERVICE CLEVELAND OH
1243 AM EST WED JAN 24 2018


...................................

...THE AKRON CANTON OH CLIMATE SUMMARY FOR JANUARY 23 2018...

CLIMATE NORMAL PERIOD 1981 TO 2010
CLIMATE RECORD PERIOD 1887 TO 2018


WEATHER ITEM   OBSERVED TIME   RECORD YEAR NORMAL DEPARTURE LAST
                VALUE   (LST)  VALUE       VALUE  FROM      YEAR
                                                  NORMAL
..................................................................
TEMPERATURE (F)
 YESTERDAY
  MAXIMUM         52    101 AM  73    1906  33     19       53
  MINIMUM         32   1159 PM -15    1963  19     13       40
  AVERAGE         42                        26     16       47

PRECIPITATION (IN)
  YESTERDAY        0.19                      0.08   0.11     0.77
  MONTH TO DATE    1.88                      1.96  -0.08     5.56
  SINCE DEC 1      3.78                      4.80  -1.02     8.56
  SINCE JAN 1      1.88                      1.96  -0.08     5.56

SNOWFALL (IN)
  YESTERDAY        0.3                       0.4   -0.1      0.0
  MONTH TO DATE   10.2                       9.2    1.0      3.8
  SINCE DEC 1     24.2                      19.4    4.8     11.3
  SINCE JUL 1     24.3                      22.8    1.5     13.4
  SNOW DEPTH       0

DEGREE DAYS
 HEATING
  YESTERDAY       23                        39    -16       18
  MONTH TO DATE  964                       895     69      701
  SINCE DEC 1   2092                      1966    126     1767
  SINCE JUL 1   3082                      3225   -143     2645

 COOLING
  YESTERDAY        0                         0      0        0
  MONTH TO DATE    0                         0      0        0
  SINCE DEC 1      0                         0      0        0
  SINCE JAN 1      0                         0      0        0
..................................................................


WIND (MPH)
  HIGHEST WIND SPEED    40   HIGHEST WIND DIRECTION    SW (230)
  HIGHEST GUST SPEED    54   HIGHEST GUST DIRECTION    SW (230)
  AVERAGE WIND SPEED    14.8


SKY COVER
  POSSIBLE SUNSHINE  MM
  AVERAGE SKY COVER 0.8


WEATHER CONDITIONS
 THE FOLLOWING WEATHER WAS RECORDED YESTERDAY.
  THUNDERSTORM
  RAIN
  LIGHT RAIN
  LIGHT SNOW


RELATIVE HUMIDITY (PERCENT)
 HIGHEST    92           500 AM
 LOWEST     64           100 PM
 AVERAGE    78

..........................................................


THE AKRON CANTON OH CLIMATE NORMALS FOR TODAY
                         NORMAL    RECORD    YEAR
 MAXIMUM TEMPERATURE (F)   33        65      1909
 MINIMUM TEMPERATURE (F)   19       -21      1963


SUNRISE AND SUNSET
JANUARY 24 2018.......SUNRISE   743 AM EST   SUNSET   533 PM EST
JANUARY 25 2018.......SUNRISE   742 AM EST   SUNSET   534 PM EST


-  INDICATES NEGATIVE NUMBERS.
R  INDICATES RECORD WAS SET OR TIED.
MM INDICATES DATA IS MISSING.
T  INDICATES TRACE AMOUNT.




$$
