000
CDUS41 KCLE 232110
CLICAK


CLIMATE REPORT
NATIONAL WEATHER SERVICE CLEVELAND OH
510 PM EDT MON OCT 23 2017


...................................

...THE AKRON CANTON OH CLIMATE SUMMARY FOR OCTOBER 23 2017...
VALID TODAY AS OF 0500 PM LOCAL TIME.

CLIMATE NORMAL PERIOD 1981 TO 2010
CLIMATE RECORD PERIOD 1887 TO 2017


WEATHER ITEM   OBSERVED TIME   RECORD YEAR NORMAL DEPARTURE LAST
                VALUE   (LST)  VALUE       VALUE  FROM      YEAR
                                                  NORMAL
..................................................................
TEMPERATURE (F)
 TODAY
  MAXIMUM         67   1129 AM  79    1920  59      8       66
  MINIMUM         60    449 AM  23    1969  40     20       41
  AVERAGE         64                        49     15       54

PRECIPITATION (IN)
  TODAY            0.17                      0.09   0.08     0.00
  MONTH TO DATE    2.84                      2.09   0.75     3.18
  SINCE SEP 1      4.86                      5.54  -0.68     9.72
  SINCE JAN 1     39.53                     32.74   6.79    33.32

SNOWFALL (IN)
  TODAY            0.0                       0.1   -0.1      0.0
  MONTH TO DATE    0.0                       0.2   -0.2      0.0
  SINCE SEP 1      0.0                       0.2   -0.2      0.0
  SINCE JUL 1      0.0                       0.2   -0.2      0.0
  SNOW DEPTH       0

DEGREE DAYS
 HEATING
  TODAY            1                        16    -15       11
  MONTH TO DATE   65                       281   -216      157
  SINCE SEP 1    134                       400   -266      187
  SINCE JUL 1    140                       420   -280      190

 COOLING
  TODAY            0                         0      0        0
  MONTH TO DATE   35                         3     32       21
  SINCE SEP 1    184                        67    117      176
  SINCE JAN 1    926                       649    277     1130
..................................................................


WIND (MPH)
  HIGHEST WIND SPEED    26   HIGHEST WIND DIRECTION    SE (150)
  HIGHEST GUST SPEED    38   HIGHEST GUST DIRECTION    SE (130)


SKY COVER
  POSSIBLE SUNSHINE  MM
  AVERAGE SKY COVER 0.9


WEATHER CONDITIONS
 THE FOLLOWING WEATHER WAS RECORDED TODAY.
  RAIN
  LIGHT RAIN
  FOG


RELATIVE HUMIDITY (PERCENT)
 HIGHEST    90           200 PM
 LOWEST     60          1200 AM
 AVERAGE    75

..........................................................


THE AKRON CANTON OH CLIMATE NORMALS FOR TOMORROW
                         NORMAL    RECORD    YEAR
 MAXIMUM TEMPERATURE (F)   58        80      1963
 MINIMUM TEMPERATURE (F)   40        22      1969


SUNRISE AND SUNSET
OCTOBER 23 2017.......SUNRISE   746 AM EDT   SUNSET   633 PM EDT
OCTOBER 24 2017.......SUNRISE   747 AM EDT   SUNSET   632 PM EDT


-  INDICATES NEGATIVE NUMBERS.
R  INDICATES RECORD WAS SET OR TIED.
MM INDICATES DATA IS MISSING.
T  INDICATES TRACE AMOUNT.




$$
