000
CDUS41 KCLE 290528
CLICAK


CLIMATE REPORT
NATIONAL WEATHER SERVICE CLEVELAND OH
127 AM EDT SUN MAR 29 2015


...................................

...THE AKRON CANTON OH CLIMATE SUMMARY FOR MARCH 28 2015...

CLIMATE NORMAL PERIOD 1981 TO 2010
CLIMATE RECORD PERIOD 1887 TO 2015


WEATHER ITEM   OBSERVED TIME   RECORD YEAR NORMAL DEPARTURE LAST
                VALUE   (LST)  VALUE       VALUE  FROM      YEAR
                                                  NORMAL
..................................................................
TEMPERATURE (F)
 YESTERDAY
  MAXIMUM         29    306 PM  80    1910  52    -23       57
  MINIMUM         12R   553 AM  12    1982  32    -20       40
  AVERAGE         21                        42    -21       49

PRECIPITATION (IN)
  YESTERDAY        T                         0.11  -0.11     0.02
  MONTH TO DATE    2.73                      2.65   0.08     1.48
  SINCE MAR 1      2.73                      2.65   0.08     1.48
  SINCE JAN 1      8.21                      7.57   0.64     4.99

SNOWFALL (IN)
  YESTERDAY        T                         0.2   -0.2      0.0
  MONTH TO DATE    6.9                       7.7   -0.8      8.4
  SINCE MAR 1      6.9                       7.7   -0.8      8.4
  SINCE JUL 1     59.8                      44.2   15.6     67.7
  SNOW DEPTH       T

DEGREE DAYS
 HEATING
  YESTERDAY       44                        23     21       16
  MONTH TO DATE  853                       784     69      938
  SINCE MAR 1    853                       784     69      938
  SINCE JUL 1   5696                      5328    368     5761

 COOLING
  YESTERDAY        0                         0      0        0
  MONTH TO DATE    0                         0      0        0
  SINCE MAR 1      0                         0      0        0
  SINCE JAN 1      0                         0      0        0
..................................................................


WIND (MPH)
  HIGHEST WIND SPEED    22   HIGHEST WIND DIRECTION     N (340)
  HIGHEST GUST SPEED    29   HIGHEST GUST DIRECTION    NW (330)
  AVERAGE WIND SPEED    10.7


SKY COVER
  POSSIBLE SUNSHINE  MM
  AVERAGE SKY COVER 0.2


WEATHER CONDITIONS
 THE FOLLOWING WEATHER WAS RECORDED YESTERDAY.
  LIGHT SNOW
  HAZE


RELATIVE HUMIDITY (PERCENT)
 HIGHEST    73           700 AM
 LOWEST     39           400 PM
 AVERAGE    56

..........................................................


THE AKRON CANTON OH CLIMATE NORMALS FOR TODAY
                         NORMAL    RECORD    YEAR
 MAXIMUM TEMPERATURE (F)   52        80      1910
                                             1905
 MINIMUM TEMPERATURE (F)   33         9      1887


SUNRISE AND SUNSET
MARCH 29 2015.........SUNRISE   715 AM EDT   SUNSET   747 PM EDT
MARCH 30 2015.........SUNRISE   713 AM EDT   SUNSET   748 PM EDT


-  INDICATES NEGATIVE NUMBERS.
R  INDICATES RECORD WAS SET OR TIED.
MM INDICATES DATA IS MISSING.
T  INDICATES TRACE AMOUNT.




$$
