000
CDUS45 KABQ 290833
CLICAO


CLIMATE REPORT
NATIONAL WEATHER SERVICE ALBUQUERQUE NM
232 AM MDT SUN MAY 29 2016


...................................

...THE CLAYTON  NM CLIMATE SUMMARY FOR MAY 28 2016...

CLIMATE NORMAL PERIOD 1981 TO 2010
CLIMATE RECORD PERIOD 1896 TO 2016


WEATHER ITEM   OBSERVED TIME   RECORD YEAR NORMAL DEPARTURE
                VALUE   (LST)  VALUE       VALUE  FROM
                                                  NORMAL
...............................................................
TEMPERATURE (F)
 YESTERDAY
  MAXIMUM         80    319 PM  95    1974  79      1
                                      1938
                                      1934
  MINIMUM         42    240 AM  34    1947  51     -9
  AVERAGE         61                        65     -4

PRECIPITATION (IN)
  YESTERDAY        0.00          2.24 1918   0.08  -0.08
  MONTH TO DATE    0.82                      1.70  -0.88
  SINCE MAR 1      2.92                      3.59  -0.67
  SINCE JAN 1      3.36                      4.21  -0.85

SNOWFALL (IN)
  YESTERDAY        0.0
  MONTH TO DATE    0.5
  SINCE MAR 1      2.1
  SINCE JUL 1     25.5

DEGREE DAYS
 HEATING
  YESTERDAY        4                         3      1
  MONTH TO DATE  181                       148     33
  SINCE MAR 1   1054                      1177   -123
  SINCE JUL 1   4304                      4854   -550

 COOLING
  YESTERDAY        0                         3     -3
  MONTH TO DATE   16                        38    -22
  SINCE MAR 1     16                        44    -28
  SINCE JAN 1     16                        44    -28
...............................................................


WIND (MPH)
  HIGHEST WIND SPEED    23   HIGHEST WIND DIRECTION     S (180)
  HIGHEST GUST SPEED    30   HIGHEST GUST DIRECTION     S (180)
  AVERAGE WIND SPEED     9.6


SKY COVER
  AVERAGE SKY COVER 0.2


WEATHER CONDITIONS
 THE FOLLOWING WEATHER WAS RECORDED YESTERDAY.
  HAZE


RELATIVE HUMIDITY (PERCENT)
 HIGHEST    76           300 AM
 LOWEST     19           400 PM
 AVERAGE    48

..........................................................


THE CLAYTON  NM CLIMATE NORMALS FOR TODAY
                         NORMAL    RECORD    YEAR
 MAXIMUM TEMPERATURE (F)   79        99      2000
 MINIMUM TEMPERATURE (F)   51        29      1947


SUNRISE AND SUNSET
MAY 29 2016...........SUNRISE   537 AM MDT   SUNSET   804 PM MDT
MAY 30 2016...........SUNRISE   537 AM MDT   SUNSET   804 PM MDT


-  INDICATES NEGATIVE NUMBERS.
R  INDICATES RECORD WAS SET OR TIED.
MM INDICATES DATA IS MISSING.
T  INDICATES TRACE AMOUNT.




$$
