000
CDUS45 KABQ 270828
CLICAO


CLIMATE REPORT
NATIONAL WEATHER SERVICE ALBUQUERQUE NM
127 AM MST SAT DEC 27 2014


...................................

...THE CLAYTON  NM CLIMATE SUMMARY FOR DECEMBER 26 2014...

CLIMATE NORMAL PERIOD 1981 TO 2010
CLIMATE RECORD PERIOD 1896 TO 2014


WEATHER ITEM   OBSERVED TIME   RECORD YEAR NORMAL DEPARTURE
                VALUE   (LST)  VALUE       VALUE  FROM
                                                  NORMAL
...............................................................
TEMPERATURE (F)
 YESTERDAY
  MAXIMUM         32   1200 AM  92    1917  47    -15
  MINIMUM         11   1132 PM  -2    1962  21    -10
  AVERAGE         22                        34    -12

PRECIPITATION (IN)
  YESTERDAY        0.06          0.35 1982   0.01   0.05
  MONTH TO DATE    0.45                      0.30   0.15
  SINCE DEC 1      0.45                      0.30   0.15
  SINCE JAN 1     13.34                     15.73  -2.39

SNOWFALL (IN)
  YESTERDAY        0.8
  MONTH TO DATE    1.6
  SINCE DEC 1      1.6
  SINCE JUL 1      4.2

DEGREE DAYS
 HEATING
  YESTERDAY       43                        31     12
  MONTH TO DATE  660                       786   -126
  SINCE DEC 1    660                       786   -126
  SINCE JUL 1   1612                      1838   -226

 COOLING
  YESTERDAY        0                         0      0
  MONTH TO DATE    0                         0      0
  SINCE DEC 1      0                         0      0
  SINCE JAN 1   1130                       909    221
...............................................................


WIND (MPH)
  HIGHEST WIND SPEED    29   HIGHEST WIND DIRECTION    NE (30)
  HIGHEST GUST SPEED    35   HIGHEST GUST DIRECTION    NE (30)
  AVERAGE WIND SPEED    12.9


SKY COVER
  AVERAGE SKY COVER 0.8


WEATHER CONDITIONS
 THE FOLLOWING WEATHER WAS RECORDED YESTERDAY.
  SNOW
  LIGHT SNOW
  FOG


RELATIVE HUMIDITY (PERCENT)
 HIGHEST    92           400 AM
 LOWEST     47          1200 AM
 AVERAGE    70

..........................................................


THE CLAYTON  NM CLIMATE NORMALS FOR TODAY
                         NORMAL    RECORD    YEAR
 MAXIMUM TEMPERATURE (F)   47        74      1928
 MINIMUM TEMPERATURE (F)   22         1      1987
                                             1924


SUNRISE AND SUNSET
DECEMBER 27 2014......SUNRISE   703 AM MST   SUNSET   444 PM MST
DECEMBER 28 2014......SUNRISE   703 AM MST   SUNSET   445 PM MST


-  INDICATES NEGATIVE NUMBERS.
R  INDICATES RECORD WAS SET OR TIED.
MM INDICATES DATA IS MISSING.
T  INDICATES TRACE AMOUNT.




$$
