000
CDUS45 KABQ 190831
CLICAO


CLIMATE REPORT
NATIONAL WEATHER SERVICE ALBUQUERQUE NM
131 AM MST THU JAN 19 2017


...................................

...THE CLAYTON  NM CLIMATE SUMMARY FOR JANUARY 18 2017...

CLIMATE NORMAL PERIOD 1981 TO 2010
CLIMATE RECORD PERIOD 1896 TO 2017


WEATHER ITEM   OBSERVED TIME   RECORD YEAR NORMAL DEPARTURE
                VALUE   (LST)  VALUE       VALUE  FROM
                                                  NORMAL
...............................................................
TEMPERATURE (F)
 YESTERDAY
  MAXIMUM         54   1235 PM  75    1920  49      5
  MINIMUM         30   1112 PM -13    1984  22      8
  AVERAGE         42                        36      6

PRECIPITATION (IN)
  YESTERDAY        0.00          0.48 1990   0.01  -0.01
  MONTH TO DATE    1.03                      0.15   0.88
  SINCE DEC 1      1.24                      0.51   0.73
  SINCE JAN 1      1.03                      0.15   0.88

SNOWFALL (IN)
  YESTERDAY        0.0
  MONTH TO DATE    6.3
  SINCE DEC 1      8.9
  SINCE JUL 1      8.9

DEGREE DAYS
 HEATING
  YESTERDAY       23                        29     -6
  MONTH TO DATE  560                       537     23
  SINCE DEC 1   1470                      1473     -3
  SINCE JUL 1   2138                      2525   -387

 COOLING
  YESTERDAY        0                         0      0
  MONTH TO DATE    0                         0      0
  SINCE DEC 1      0                         0      0
  SINCE JAN 1      0                         0      0
...............................................................


WIND (MPH)
  HIGHEST WIND SPEED    18   HIGHEST WIND DIRECTION     S (190)
  HIGHEST GUST SPEED    24   HIGHEST GUST DIRECTION    SW (210)
  AVERAGE WIND SPEED    10.5


SKY COVER
  AVERAGE SKY COVER 0.2


WEATHER CONDITIONS
 THE FOLLOWING WEATHER WAS RECORDED YESTERDAY.
  NO SIGNIFICANT WEATHER WAS OBSERVED.


RELATIVE HUMIDITY (PERCENT)
 HIGHEST   100          1200 AM
 LOWEST     48           400 PM
 AVERAGE    74

..........................................................


THE CLAYTON  NM CLIMATE NORMALS FOR TODAY
                         NORMAL    RECORD    YEAR
 MAXIMUM TEMPERATURE (F)   49        76      1986
                                             1920
 MINIMUM TEMPERATURE (F)   22       -15      1943


SUNRISE AND SUNSET
JANUARY 19 2017.......SUNRISE   702 AM MST   SUNSET   505 PM MST
JANUARY 20 2017.......SUNRISE   701 AM MST   SUNSET   506 PM MST


-  INDICATES NEGATIVE NUMBERS.
R  INDICATES RECORD WAS SET OR TIED.
MM INDICATES DATA IS MISSING.
T  INDICATES TRACE AMOUNT.




$$
