976
CDUS41 KCAR 060529
CLICAR

CLIMATE REPORT
NATIONAL WEATHER SERVICE CARIBOU, ME
127 AM EDT FRI MAY 6 2016


...................................

...THE CARIBOU ME CLIMATE SUMMARY FOR MAY 5 2016...

CLIMATE NORMAL PERIOD 1981 TO 2010
CLIMATE RECORD PERIOD 1939 TO 2016


WEATHER ITEM   OBSERVED TIME   RECORD YEAR NORMAL DEPARTURE LAST
                VALUE   (LST)  VALUE       VALUE  FROM      YEAR
                                                  NORMAL
..................................................................
TEMPERATURE (F)
 YESTERDAY
  MAXIMUM         52    213 PM  82    1999  58     -6       67
  MINIMUM         42    801 AM  25    1958  37      5       44
  AVERAGE         47                        48     -1       56

PRECIPITATION (IN)
  YESTERDAY        T             0.43 2011   0.11  -0.11     0.03
  MONTH TO DATE    0.23                      0.49  -0.26     0.03
  SINCE MAR 1      7.73                      5.66   2.07     4.03
  SINCE JAN 1     13.20                     10.58   2.62     8.13

SNOWFALL (IN)
  YESTERDAY        0.0           0.0  2002   0.1   -0.1      0.0
                                      2001
  MONTH TO DATE    0.0                       0.2   -0.2      0.0
  SINCE MAR 1     30.0                      25.9    4.1     33.5
  SINCE JUL 1     90.0                     108.4  -18.4    141.8
  SNOW DEPTH       0

DEGREE DAYS
 HEATING
  YESTERDAY       18                        17      1        9
  MONTH TO DATE   95                        91      4       55
  SINCE MAR 1   2225                      2136     89     2302
  SINCE JUL 1   7967                      8857   -890     9043

 COOLING
  YESTERDAY        0                         0      0        0
  MONTH TO DATE    0                         0      0        0
  SINCE MAR 1      0                         0      0        0
  SINCE JAN 1      0                         0      0        0
..................................................................


WIND (MPH)
  HIGHEST WIND SPEED    14   HIGHEST WIND DIRECTION    NE (40)
  HIGHEST GUST SPEED    20   HIGHEST GUST DIRECTION    NE (50)
  AVERAGE WIND SPEED     8.5


SKY COVER
  POSSIBLE SUNSHINE  MM
  AVERAGE SKY COVER 1.0


WEATHER CONDITIONS
 THE FOLLOWING WEATHER WAS RECORDED YESTERDAY.
  LIGHT RAIN


RELATIVE HUMIDITY (PERCENT)
 HIGHEST    76           300 AM
 LOWEST     56           200 PM
 AVERAGE    66

..........................................................


THE CARIBOU ME CLIMATE NORMALS FOR TODAY
                         NORMAL    RECORD    YEAR
 MAXIMUM TEMPERATURE (F)   59        81      1999
 MINIMUM TEMPERATURE (F)   38        25      1974


SUNRISE AND SUNSET
MAY  6 2016...........SUNRISE   509 AM EDT   SUNSET   750 PM EDT
MAY  7 2016...........SUNRISE   507 AM EDT   SUNSET   751 PM EDT


-  INDICATES NEGATIVE NUMBERS.
R  INDICATES RECORD WAS SET OR TIED.
MM INDICATES DATA IS MISSING.
T  INDICATES TRACE AMOUNT.

........................................................
THE CARIBOU 4" UNDER SOD SOIL TEMP: MAXIMUM SOIL TEMPERATURE: 47F
                                    MINIMUM SOIL TEMPERATURE: 44F

EXPERIMENTAL BARE SOIL TEMPERATURES: 4 INCH = 47F 6 INCH = 44F


$$
