000
CDUS41 KCAR 180530
CLICAR


CLIMATE REPORT
NATIONAL WEATHER SERVICE CARIBOU, ME
1230 AM EST MON DEC 18 2017


...................................

...THE CARIBOU ME CLIMATE SUMMARY FOR DECEMBER 17 2017...

CLIMATE NORMAL PERIOD 1981 TO 2010
CLIMATE RECORD PERIOD 1939 TO 2017


WEATHER ITEM   OBSERVED TIME   RECORD YEAR NORMAL DEPARTURE LAST
                VALUE   (LST)  VALUE       VALUE  FROM      YEAR
                                                  NORMAL
..................................................................
TEMPERATURE (F)
 YESTERDAY
  MAXIMUM         11    210 PM  53    2000  26    -15       14
  MINIMUM         -5   1159 PM -21    1951  10    -15      -12
                                      1942
  AVERAGE          3                        18    -15        1

PRECIPITATION (IN)
  YESTERDAY        0.00          2.76 1973   0.11  -0.11     0.25
  MONTH TO DATE    2.60                      1.93   0.67     1.94
  SINCE DEC 1      2.60                      1.93   0.67     1.94
  SINCE JAN 1     41.49                     37.15   4.34    41.70

SNOWFALL (IN)
  YESTERDAY        0.0           9.2  2007   0.7   -0.7      3.5
  MONTH TO DATE   17.4                      11.8    5.6     22.5
  SINCE DEC 1     17.4                      11.8    5.6     22.5
  SINCE JUL 1     21.3                      24.0   -2.7     42.7
  SNOW DEPTH       9

DEGREE DAYS
 HEATING
  YESTERDAY       62                        47     15       64
  MONTH TO DATE  745                       746     -1      856
  SINCE DEC 1    745                       746     -1      856
  SINCE JUL 1   2449                      2891   -442     2543

 COOLING
  YESTERDAY        0                         0      0        0
  MONTH TO DATE    0                         0      0        0
  SINCE DEC 1      0                         0      0        0
  SINCE JAN 1    222                       180     42      275
..................................................................


WIND (MPH)
  HIGHEST WIND SPEED    18   HIGHEST WIND DIRECTION    NW (310)
  HIGHEST GUST SPEED    25   HIGHEST GUST DIRECTION     W (290)
  AVERAGE WIND SPEED     5.7


SKY COVER
  POSSIBLE SUNSHINE  MM
  AVERAGE SKY COVER 0.0


WEATHER CONDITIONS
 THE FOLLOWING WEATHER WAS RECORDED YESTERDAY.
  NO SIGNIFICANT WEATHER WAS OBSERVED.


RELATIVE HUMIDITY (PERCENT)
 HIGHEST    79           800 PM
 LOWEST     55          1200 PM
 AVERAGE    67

..........................................................


THE CARIBOU ME CLIMATE NORMALS FOR TODAY
                         NORMAL    RECORD    YEAR
 MAXIMUM TEMPERATURE (F)   25        54      2000
 MINIMUM TEMPERATURE (F)    9       -15      1940


SUNRISE AND SUNSET
DECEMBER 18 2017......SUNRISE   713 AM EST   SUNSET   345 PM EST
DECEMBER 19 2017......SUNRISE   713 AM EST   SUNSET   345 PM EST


-  INDICATES NEGATIVE NUMBERS.
R  INDICATES RECORD WAS SET OR TIED.
MM INDICATES DATA IS MISSING.
T  INDICATES TRACE AMOUNT.




$$
