459
CDUS41 KCAR 190533
CLICAR


CLIMATE REPORT
NATIONAL WEATHER SERVICE CARIBOU, ME
132 AM EDT SAT AUG 19 2017

...................................

...THE CARIBOU ME CLIMATE SUMMARY FOR AUGUST 18 2017...

CLIMATE NORMAL PERIOD 1981 TO 2010
CLIMATE RECORD PERIOD 1939 TO 2017


WEATHER ITEM   OBSERVED TIME   RECORD YEAR NORMAL DEPARTURE LAST
                VALUE   (LST)  VALUE       VALUE  FROM      YEAR
                                                  NORMAL
..................................................................
TEMPERATURE (F)
 YESTERDAY
  MAXIMUM         72   1237 PM  91    1960  74     -2       82
  MINIMUM         49    347 AM  40    1957  53     -4       60
  AVERAGE         61                        64     -3       71

PRECIPITATION (IN)
  YESTERDAY        0.03          4.08 1958   0.12  -0.09     0.00
  MONTH TO DATE    1.92                      2.26  -0.34     4.22
  SINCE JUN 1      8.93                      9.82  -0.89    13.51
  SINCE JAN 1     25.50                     23.24   2.26    29.44

SNOWFALL (IN)
  YESTERDAY        0.0           0.0  2002   0.0    0.0      0.0
                                      2001
  MONTH TO DATE    0.0                       0.0    0.0      0.0
  SINCE JUN 1      0.0                       0.0    0.0      0.0
  SINCE JUL 1      0.0                       0.0    0.0      0.0
  SNOW DEPTH       0

DEGREE DAYS
 HEATING
  YESTERDAY        4                         3      1        0
  MONTH TO DATE   36                        41     -5       17
  SINCE JUN 1    207                       264    -57      209
  SINCE JUL 1     75                        99    -24       65

 COOLING
  YESTERDAY        0                         2     -2        6
  MONTH TO DATE   39                        37      2       57
  SINCE JUN 1    162                       148     14      211
  SINCE JAN 1    168                       153     15      219
..................................................................


WIND (MPH)
  HIGHEST WIND SPEED    14   HIGHEST WIND DIRECTION     S (160)
  HIGHEST GUST SPEED    18   HIGHEST GUST DIRECTION    SE (140)
  AVERAGE WIND SPEED     5.0


SKY COVER
  POSSIBLE SUNSHINE  MM
  AVERAGE SKY COVER 0.4


WEATHER CONDITIONS
 THE FOLLOWING WEATHER WAS RECORDED YESTERDAY.
  LIGHT RAIN


RELATIVE HUMIDITY (PERCENT)
 HIGHEST    93           100 AM
 LOWEST     57           100 PM
 AVERAGE    75

..........................................................


THE CARIBOU ME CLIMATE NORMALS FOR TODAY
                         NORMAL    RECORD    YEAR
 MAXIMUM TEMPERATURE (F)   74        92      1960
 MINIMUM TEMPERATURE (F)   53        37      2005


SUNRISE AND SUNSET
AUGUST 19 2017........SUNRISE   535 AM EDT   SUNSET   735 PM EDT
AUGUST 20 2017........SUNRISE   536 AM EDT   SUNSET   733 PM EDT


-  INDICATES NEGATIVE NUMBERS.
R  INDICATES RECORD WAS SET OR TIED.
MM INDICATES DATA IS MISSING.
T  INDICATES TRACE AMOUNT.
..................................................................

THE CARIBOU ME 4 INCH UNDER SOD SOIL TEMPERATURE FOR AUGUST 18 2017

MAXIMUM 67F
MINIMUM 63F

$$
