000
CDUS41 KCAR 010529
CLICAR


CLIMATE REPORT
NATIONAL WEATHER SERVICE CARIBOU, ME
1228 AM EST WED MAR 1 2017


...................................

...THE CARIBOU ME CLIMATE SUMMARY FOR FEBRUARY 28 2017...

CLIMATE NORMAL PERIOD 1981 TO 2010
CLIMATE RECORD PERIOD 1939 TO 2017


WEATHER ITEM   OBSERVED TIME   RECORD YEAR NORMAL DEPARTURE LAST
                VALUE   (LST)  VALUE       VALUE  FROM      YEAR
                                                  NORMAL
..................................................................
TEMPERATURE (F)
 YESTERDAY
  MAXIMUM         37    357 PM  45    2000  28      9       31
                                      1966
  MINIMUM         11    701 AM -16    1940   8      3       14
  AVERAGE         24                        18      6       23

PRECIPITATION (IN)
  YESTERDAY        0.00          1.50 2013   0.08  -0.08     0.02
  MONTH TO DATE    2.17                      2.21  -0.04     3.91
  SINCE DEC 1      9.82                      8.19   1.63    10.21
  SINCE JAN 1      5.62                      4.92   0.70     5.33

SNOWFALL (IN)
  YESTERDAY        0.0          13.6  2013   0.8   -0.8      0.3
  MONTH TO DATE   15.8                      22.2   -6.4     15.7
  SINCE DEC 1     76.4                      70.3    6.1     54.7
  SINCE JUL 1     96.6                      82.5   14.1     58.8
  SNOW DEPTH       0

DEGREE DAYS
 HEATING
  YESTERDAY       41                        47     -6       42
  MONTH TO DATE 1353                      1426    -73     1305
  SINCE DEC 1   4294                      4576   -282     3884
  SINCE JUL 1   5981                      6721   -740     5702

 COOLING
  YESTERDAY        0                         0      0        0
  MONTH TO DATE    0                         0      0        0
  SINCE DEC 1      0                         0      0        0
  SINCE JAN 1      0                         0      0        0
..................................................................


WIND (MPH)
  HIGHEST WIND SPEED    14   HIGHEST WIND DIRECTION     S (170)
  HIGHEST GUST SPEED    19   HIGHEST GUST DIRECTION     S (170)
  AVERAGE WIND SPEED     4.6


SKY COVER
  POSSIBLE SUNSHINE  MM
  AVERAGE SKY COVER 0.1


WEATHER CONDITIONS
 THE FOLLOWING WEATHER WAS RECORDED YESTERDAY.
  HAZE


RELATIVE HUMIDITY (PERCENT)
 HIGHEST    84           500 AM
 LOWEST     40           300 PM
 AVERAGE    62

..........................................................


THE CARIBOU ME CLIMATE NORMALS FOR TODAY
                         NORMAL    RECORD    YEAR
 MAXIMUM TEMPERATURE (F)   29        47      1954
 MINIMUM TEMPERATURE (F)    9       -21      1992


SUNRISE AND SUNSET
MARCH  1 2017.........SUNRISE   611 AM EST   SUNSET   518 PM EST
MARCH  2 2017.........SUNRISE   609 AM EST   SUNSET   519 PM EST


-  INDICATES NEGATIVE NUMBERS.
R  INDICATES RECORD WAS SET OR TIED.
MM INDICATES DATA IS MISSING.
T  INDICATES TRACE AMOUNT.




$$
