000
CDAK48 PACD 271518
CLICDB

CLIMATE REPORT
NATIONAL WEATHER SERVICE COLD BAY, AK
718 AM AKDT WED AUG 27 2014

...................................
...THE COLD BAY AP CLIMATE SUMMARY FOR AUGUST 26 2014...

CLIMATE NORMAL PERIOD  1981 TO  2010
CLIMATE RECORD PERIOD  1942 TO  2014

WEATHER ITEM   OBSERVED TIME    RECORD YEAR NORMAL DEPARTURE LAST
               VALUE    (LST)   VALUE       VALUE  FROM      YEAR
                                                   NORMAL
...................................................................
TEMPERATURE
YESTERDAY
 MAXIMUM            61  0250 PM    69  1962     56       5     59
 MINIMUM            45  0721 AM    39  2002     47      -2     50
 AVERAGE            53                          52       1     55

PRECIPITATION
(INCHES)
 YESTERDAY        0.07           1.20  2013   0.13   -0.06   1.20
 MONTH TO DATE    2.58                        3.00   -0.42   4.89
 SINCE JUN 1      5.76                        8.20   -2.44  11.41
 SINCE JAN 1     17.74                       22.06   -4.32  25.32

SNOWFALL
(INCHES)
 YESTERDAY         0.0            0.0  2014    0.0     0.0    0.0
 MONTH TO DATE     0.0                         0.0     0.0    0.0
 SINCE JUN 1       0.0                         0.0     0.0    0.0
 SINCE JUL 1       0.0                         0.0     0.0    0.0
 SNOW DEPTH (IN)     0                                          0

DEGREE DAYS
 HEATING
  YESTERDAY         12                          13      -1     10
  MONTH TO DATE    204                         338    -134    279
  SINCE JUN 1      928                        1338    -410   1124
  SINCE JUL 1      483                         776    -293    615

 COOLING
  YESTERDAY          0                           0       0      0
  MONTH TO DATE      0                           0       0      0
  SINCE JUN 1        0                           0       0      0
  SINCE JAN 1        0                           0       0      0
...................................................................

WIND (MPH)
 HIGHEST WIND SPEED    25     HIGHEST WIND DIRECTION    150
 HIGHEST GUST SPEED    33     HIGHEST GUST DIRECTION    140
 AVERAGE WIND SPEED  13.5

WEATHER CONDITIONS
 THE FOLLOWING WEATHER WAS RECORDED YESTERDAY.
 RAIN
...................................................................

THE COLD BAY CLIMATE NORMALS FOR TODAY
                           NORMAL    RECORD   YEAR
 MAXIMUM TEMPERATURE (F)     56        67     1987
 MINIMUM TEMPERATURE (F)     47        39     1994

SUNRISE AND SUNSET
 AUG 27 2014..........SUNRISE  7:48 AM      SUNSET  9:56 PM
 AUG 28 2014..........SUNRISE  7:50 AM      SUNSET  9:54 PM

-  INDICATES NEGATIVE NUMBERS.
R  INDICATES RECORD HAS BEEN SET OR TIED.
MM INDICATES DATA IS MISSING.
T  INDICATES TRACE OF PRECIPITATION.

&&
-------------------------------------------------------------------

AMOUNT OF DAYLIGHT TODAY  (HOUR:MIN)........14 HOURS 8 MINUTES
LOSS SINCE YESTERDAY (HOUR:MIN:SEC)....-0:04:21

$$
STACY
