000
CDAK48 PACD 251201
CLICDB

CLIMATE REPORT
NATIONAL WEATHER SERVICE COLD BAY, AK
401 AM AKDT WED MAY 25 2016

...................................
...THE COLD BAY AP CLIMATE SUMMARY FOR MAY 24 2016...

CLIMATE NORMAL PERIOD  1981 TO  2010
CLIMATE RECORD PERIOD  1942 TO  2016

WEATHER ITEM   OBSERVED TIME    RECORD YEAR NORMAL DEPARTURE LAST
               VALUE    (LST)   VALUE       VALUE  FROM      YEAR
                                                   NORMAL
...................................................................
TEMPERATURE
YESTERDAY
 MAXIMUM            52  0401 PM    59  2006     47       5     49
 MINIMUM            41  1159 PM    28  1985     37       4     38
 AVERAGE            47                          42       5     44

PRECIPITATION
(INCHES)
 YESTERDAY        0.00           0.75  1971   0.10   -0.10   0.10
 MONTH TO DATE    1.58                        1.95   -0.37   3.18
 SINCE MAR 1      5.81                        7.07   -1.26   8.29
 SINCE JAN 1     12.30                       13.21   -0.91  10.80

SNOWFALL
(INCHES)
 YESTERDAY         0.0            0.5  1975    0.0     0.0    0.0
 MONTH TO DATE     0.0                         1.2    -1.2      T
 SINCE MAR 1       8.2                        20.8   -12.6   13.6
 SINCE JUL 1      50.1                        73.0   -22.9   22.3
 SNOW DEPTH (IN)     0                                          0

DEGREE DAYS
 HEATING
  YESTERDAY         18                          23      -5     21
  MONTH TO DATE    511                         608     -97    532
  SINCE MAR 1     2245                        2617    -372   2380
  SINCE JUL 1     7970                        8841    -871   7753

 COOLING
  YESTERDAY          0                           0       0      0
  MONTH TO DATE      0                           0       0      0
  SINCE MAR 1        0                           0       0      0
  SINCE JAN 1        0                           0       0      0
...................................................................

WIND (MPH)
 HIGHEST WIND SPEED    26     HIGHEST WIND DIRECTION    150
 HIGHEST GUST SPEED    31     HIGHEST GUST DIRECTION    140
 AVERAGE WIND SPEED   0.0

WEATHER CONDITIONS
 THE FOLLOWING WEATHER WAS RECORDED YESTERDAY.
  FOG
...................................................................

THE COLD BAY CLIMATE NORMALS FOR TODAY
                           NORMAL    RECORD   YEAR
 MAXIMUM TEMPERATURE (F)     47        60     1997
 MINIMUM TEMPERATURE (F)     37        26     2001

SUNRISE AND SUNSET
 MAY 25 2016..........SUNRISE  6:26 AM      SUNSET 11:12 PM
 MAY 26 2016..........SUNRISE  6:25 AM      SUNSET 11:14 PM

-  INDICATES NEGATIVE NUMBERS.
R  INDICATES RECORD HAS BEEN SET OR TIED.
MM INDICATES DATA IS MISSING.
T  INDICATES TRACE OF PRECIPITATION.

&&
-------------------------------------------------------------------

AMOUNT OF DAYLIGHT TODAY  (HOUR:MIN)........16 HOURS 46 MINUTES
GAIN SINCE YESTERDAY (HOUR:MIN:SEC).........+0:02:52

$$
JPW MAY 16
