000
CDAK48 PACD 271245
CLICDB


CLIMATE REPORT
NATIONAL WEATHER SERVICE ANCHORAGE, AK
444 AM AKDT SAT MAY 27 2017


...................................

...THE COLD BAY CLIMATE SUMMARY FOR MAY 26 2017...

CLIMATE NORMAL PERIOD 1981 TO 2010
CLIMATE RECORD PERIOD 1942 TO 2017


WEATHER ITEM   OBSERVED TIME   RECORD YEAR NORMAL DEPARTURE LAST
                VALUE   (LST)  VALUE       VALUE  FROM      YEAR
                                                  NORMAL
..................................................................
TEMPERATURE (F)
 YESTERDAY
  MAXIMUM         48    245 PM  65    1997  48      0       59
  MINIMUM         36    535 AM  30    2000  37     -1       41
  AVERAGE         42                        42      0       50

PRECIPITATION (IN)
  YESTERDAY        0.03          0.80 2013   0.09  -0.06     0.00
  MONTH TO DATE    1.87                      2.13  -0.26     1.57
  SINCE MAR 1      2.92                      7.25  -4.33     5.81
  SINCE JAN 1      9.90                     13.39  -3.49    12.29

SNOWFALL (IN)
  YESTERDAY        0.0           T    2001   0.1   -0.1      0.0
  MONTH TO DATE    0.0                       1.3   -1.3      0.0
  SINCE MAR 1      2.9                      20.9  -18.0      0.0
  SINCE JUL 1     39.5                      73.1  -33.6     38.3
  SNOW DEPTH       0

DEGREE DAYS
 HEATING
  YESTERDAY       23                        23      0       15
  MONTH TO DATE  602                       654    -52      501
  SINCE MAR 1   2657                      2666     -9     2114
  SINCE JUL 1   8217                      8884   -667     7330

 COOLING
  YESTERDAY        0                         0      0        0
  MONTH TO DATE    0                         0      0        0
  SINCE MAR 1      0                         0      0        0
  SINCE JAN 1      0                         0      0        0
..................................................................


WIND (MPH)
  RESULTANT WIND SPEED   7   RESULTANT WIND DIRECTION   N (340)
  HIGHEST WIND SPEED    20   HIGHEST WIND DIRECTION     N (340)
  HIGHEST GUST SPEED    24   HIGHEST GUST DIRECTION    NW (330)
  AVERAGE WIND SPEED    11.7



WEATHER CONDITIONS
 THE FOLLOWING WEATHER WAS RECORDED YESTERDAY.
  LIGHT RAIN


RELATIVE HUMIDITY (PERCENT)
 HIGHEST   100
 LOWEST     70
 AVERAGE    85

..........................................................


THE COLD BAY CLIMATE NORMALS FOR TODAY
                         NORMAL    RECORD    YEAR
 MAXIMUM TEMPERATURE (F)   48        67      1979
 MINIMUM TEMPERATURE (F)   37        32      2001
                                             1987
                                             1971


SUNRISE AND SUNSET
MAY 27 2017...........SUNRISE   623 AM AKDT  SUNSET  1114 PM AKDT
MAY 28 2017...........SUNRISE   622 AM AKDT  SUNSET  1116 PM AKDT


-  INDICATES NEGATIVE NUMBERS.
R  INDICATES RECORD WAS SET OR TIED.
MM INDICATES DATA IS MISSING.
T  INDICATES TRACE AMOUNT.




$$
