960
CDAK48 PAFC 191314
CLICDB


CLIMATE REPORT
NATIONAL WEATHER SERVICE ANCHORAGE, AK
414 AM AKST MON FEB 19 2018


...................................

...THE COLD BAY CLIMATE SUMMARY FOR FEBRUARY 18 2018...

CLIMATE NORMAL PERIOD 1981 TO 2010
CLIMATE RECORD PERIOD 1942 TO 2018


WEATHER ITEM   OBSERVED TIME   RECORD YEAR NORMAL DEPARTURE LAST
                VALUE   (LST)  VALUE       VALUE  FROM      YEAR
                                                  NORMAL
..................................................................
TEMPERATURE (F)
 YESTERDAY
  MAXIMUM         43   1248 AM  49    2006  34      9       24
  MINIMUM         32    920 AM   0    1972  25      7       12
  AVERAGE         38                        29      9       18

PRECIPITATION (IN)
  YESTERDAY        T             1.15 1957   0.11  -0.11      T
  MONTH TO DATE    2.15                      1.91   0.24     0.42
  SINCE SEP 1     22.73                     24.00  -1.27    27.92
  SINCE JAN 1      5.17                      5.07   0.10     5.55

SNOWFALL (IN)
  YESTERDAY        0.0           2.7  1976   0.5   -0.5       T
  MONTH TO DATE    T                         8.5   -8.5      3.5
  SINCE SEP 1     33.9                      47.8  -13.9     32.8
  SINCE JUL 1     33.9                      47.8  -13.9     32.8
  SNOW DEPTH       0

DEGREE DAYS
 HEATING
  YESTERDAY       27                        36     -9       47
  MONTH TO DATE  515                       653   -138      698
  SINCE DEC 1   2535                      2843   -308     2866
  SINCE JUL 1   5258                      5863   -605     5216

 COOLING
  YESTERDAY        0                         0      0        0
  MONTH TO DATE    0                         0      0        0
  SINCE DEC 1      0                         0      0        0
  SINCE JAN 1      0                         0      0        0
..................................................................


WIND (MPH)
  RESULTANT WIND SPEED  13   RESULTANT WIND DIRECTION   S (170)
  HIGHEST WIND SPEED    38   HIGHEST WIND DIRECTION    SE (140)
  HIGHEST GUST SPEED    47   HIGHEST GUST DIRECTION    SE (140)
  AVERAGE WIND SPEED    17.7



WEATHER CONDITIONS
 THE FOLLOWING WEATHER WAS RECORDED YESTERDAY.
  LIGHT RAIN
  LIGHT SNOW


RELATIVE HUMIDITY (PERCENT)
 HIGHEST   100
 LOWEST     70
 AVERAGE    85

..........................................................


THE COLD BAY CLIMATE NORMALS FOR TODAY
                         NORMAL    RECORD    YEAR
 MAXIMUM TEMPERATURE (F)   34        43      2015
                                             2011
                                             2003
 MINIMUM TEMPERATURE (F)   25        -1      1974


SUNRISE AND SUNSET
FEBRUARY 19 2018......SUNRISE   904 AM AKST  SUNSET   706 PM AKST
FEBRUARY 20 2018......SUNRISE   902 AM AKST  SUNSET   708 PM AKST


-  INDICATES NEGATIVE NUMBERS.
R  INDICATES RECORD WAS SET OR TIED.
MM INDICATES DATA IS MISSING.
T  INDICATES TRACE AMOUNT.




$$
