000
CDAK48 PACD 302331
CLICDB

CLIMATE REPORT
NATIONAL WEATHER SERVICE COLD BAY, AK
331 PM AKDT MON MAR 30 2015

...................................
...THE COLD BAY AP CLIMATE SUMMARY FOR MARCH 30 2015...
VALID TODAY AS OF 2:00 PM LOCAL TIME

CLIMATE NORMAL PERIOD  1981 TO  2010
CLIMATE RECORD PERIOD  1955 TO  2015

WEATHER ITEM   OBSERVED TIME    RECORD YEAR NORMAL DEPARTURE LAST
               VALUE    (LST)   VALUE       VALUE  FROM      YEAR
                                                   NORMAL
...................................................................
TEMPERATURE
TODAY
 MAXIMUM            38  0155 PM    47  1996     36       2     42
 MINIMUM            31  0859 AM     4  1944     26       5     34
 AVERAGE            35                          31       4     38

PRECIPITATION
(INCHES)
 TODAY               T           0.99  1998   0.07   -0.07      T
 MONTH TO DATE    3.15                        2.62    0.53   1.06
 SINCE MAR 1      3.15                        2.62    0.53   1.06
 SINCE JAN 1      5.66                        8.76   -3.10   9.51

SNOWFALL
(INCHES)
 TODAY               T            1.9  1966    0.3    -0.3      T
 MONTH TO DATE     5.6                        12.6    -7.0    6.8
 SINCE MAR 1       5.6                        12.6    -7.0    6.8
 SINCE JUL 1      14.3                        64.8   -50.5   35.9
 SNOW DEPTH (IN)     0                                          0

DEGREE DAYS
 HEATING
  TODAY             30                          34      -4     27
  MONTH TO DATE    904                        1045    -141    937
  SINCE MAR 1      904                        1045    -141    937
  SINCE JUL 1     6277                        7269    -992   6081

 COOLING
  TODAY              0                           0       0      0
  MONTH TO DATE      0                           0       0      0
  SINCE MAR 1        0                           0       0      0
  SINCE JAN 1        0                           0       0      0
...................................................................

WIND (MPH)
 HIGHEST WIND SPEED    23     HIGHEST WIND DIRECTION    280
 HIGHEST GUST SPEED    26     HIGHEST GUST DIRECTION    280

 WEATHER CONDITIONS
 THE FOLLOWING WEATHER WAS RECORDED TODAY...FOG...SLEET...RAIN

...................................................................

THE COLD BAY CLIMATE NORMALS FOR TOMORROW
                        NORMAL    RECORD   YEAR
 MAXIMUM TEMPERATURE      36        49     1996
 MINIMUM TEMPERATURE      26         5     1944

SUNRISE AND SUNSET
 MAR 30 2015..........SUNRISE  8:28 AM      SUNSET  9:25 PM
 MAR 31 2015..........SUNRISE  8:25 AM      SUNSET  9:27 PM

-  INDICATES NEGATIVE NUMBERS.
R  INDICATES RECORD HAS BEEN SET OR TIED.
MM INDICATES DATA IS MISSING.
T  INDICATES TRACE OF PRECIPITATION.

&&
-------------------------------------------------------------------

AMOUNT OF DAYLIGHT TODAY  (HOUR:MIN)........12 HOURS 57 MINUTES
GAIN SINCE YESTERDAY (HOUR:MIN:SEC)....+0:04:31

$$
KH MAR 15
