000
CDAK48 PACD 251000
CLICDB


CLIMATE REPORT
NATIONAL WEATHER SERVICE ANCHORAGE, AK
200 AM AKDT TUE JUL 25 2017


...................................

...THE COLD BAY CLIMATE SUMMARY FOR JULY 24 2017...

CLIMATE NORMAL PERIOD 1981 TO 2010
CLIMATE RECORD PERIOD 1942 TO 2017


WEATHER ITEM   OBSERVED TIME   RECORD YEAR NORMAL DEPARTURE LAST
                VALUE   (LST)  VALUE       VALUE  FROM      YEAR
                                                  NORMAL
..................................................................
TEMPERATURE (F)
 YESTERDAY
  MAXIMUM         58    435 PM  68    1968  56      2       MM
  MINIMUM         47    642 AM  38    1989  47      0       MM
  AVERAGE         53                        52      1       MM

PRECIPITATION (IN)
  YESTERDAY        0.20          0.46 1969   0.08   0.12     0.15
  MONTH TO DATE    1.22                      1.85  -0.63     1.36
  SINCE JUN 1      3.16                      4.57  -1.41     3.09
  SINCE JAN 1     13.13                     18.43  -5.30    15.50

SNOWFALL (IN)
  YESTERDAY        0.0          MM      MM   0.0    0.0     MM
  MONTH TO DATE    0.0                       0.0    0.0      0.0
  SINCE JUN 1      0.0                       T      0.0      0.0
  SINCE JUL 1      0.0                       0.0    0.0      0.0
  SNOW DEPTH       0

DEGREE DAYS
 HEATING
  YESTERDAY       12                        13     -1       MM
  MONTH TO DATE  295                       347    -52      170
  SINCE JUN 1    796                       908   -112      604
  SINCE JUL 1    295                       347    -52      170

 COOLING
  YESTERDAY        0                         0      0       MM
  MONTH TO DATE    0                         0      0        0
  SINCE JUN 1      0                         0      0        0
  SINCE JAN 1      0                         0      0        0
..................................................................


WIND (MPH)
  RESULTANT WIND SPEED   4   RESULTANT WIND DIRECTION  NW (300)
  HIGHEST WIND SPEED    14   HIGHEST WIND DIRECTION     W (280)
  HIGHEST GUST SPEED    16   HIGHEST GUST DIRECTION     W (290)
  AVERAGE WIND SPEED     5.8



WEATHER CONDITIONS
 THE FOLLOWING WEATHER WAS RECORDED YESTERDAY.
  RAIN
  LIGHT RAIN
  FOG


RELATIVE HUMIDITY (PERCENT)
 HIGHEST   100
 LOWEST     77
 AVERAGE    89

..........................................................


THE COLD BAY CLIMATE NORMALS FOR TODAY
                         NORMAL    RECORD    YEAR
 MAXIMUM TEMPERATURE (F)   56        72      1968
 MINIMUM TEMPERATURE (F)   47        40      1954


SUNRISE AND SUNSET
JULY 25 2017..........SUNRISE   647 AM AKDT  SUNSET  1106 PM AKDT
JULY 26 2017..........SUNRISE   649 AM AKDT  SUNSET  1105 PM AKDT


-  INDICATES NEGATIVE NUMBERS.
R  INDICATES RECORD WAS SET OR TIED.
MM INDICATES DATA IS MISSING.
T  INDICATES TRACE AMOUNT.




$$
