607
CDUS45 KSLC 051226
CLICDC


CLIMATE REPORT
NATIONAL WEATHER SERVICE SALT LAKE CITY UT
626 AM MDT THU MAY 5 2016


...................................

...THE CEDAR CITY UT CLIMATE SUMMARY FOR MAY 4 2016...

CLIMATE NORMAL PERIOD 1981 TO 2010
CLIMATE RECORD PERIOD 1928 TO 2016


WEATHER ITEM   OBSERVED TIME   RECORD YEAR NORMAL DEPARTURE LAST
                VALUE   (LST)  VALUE       VALUE  FROM      YEAR
                                                  NORMAL
..................................................................
TEMPERATURE (F)
 YESTERDAY
  MAXIMUM         77    415 PM  84    2004  68      9       67
  MINIMUM         41    607 AM  24    1959  37      4       48
  AVERAGE         59                        52      7       58

PRECIPITATION (IN)
  YESTERDAY        0.00          0.52 1950   0.03  -0.03     0.07
  MONTH TO DATE    0.09                      0.11  -0.02     0.07
  SINCE OCT 1      7.70                      7.49   0.21     5.89
  SINCE JAN 1      4.14                      4.38  -0.24     3.76

DEGREE DAYS
 HEATING
  YESTERDAY        6                        13     -7        7
  MONTH TO DATE   52                        53     -1       22
  SINCE MAR 1   1217                      1377   -160     1190
  SINCE JUL 1   5631                      5939   -308     5028

 COOLING
  YESTERDAY        0                         0      0        0
  MONTH TO DATE    0                         0      0        0
  SINCE MAR 1      0                         0      0        0
  SINCE JAN 1      0                         0      0        0
..................................................................


WIND (MPH)
  RESULTANT WIND SPEED   5   RESULTANT WIND DIRECTION   S (160)
  HIGHEST WIND SPEED    28   HIGHEST WIND DIRECTION     S (160)
  HIGHEST GUST SPEED    40   HIGHEST GUST DIRECTION     E (110)
  AVERAGE WIND SPEED     8.4



WEATHER CONDITIONS
 THE FOLLOWING WEATHER WAS RECORDED YESTERDAY.
  NO SIGNIFICANT WEATHER WAS OBSERVED.


RELATIVE HUMIDITY (PERCENT)
 HIGHEST    70           500 AM
 LOWEST     15           200 PM
 AVERAGE    43

..........................................................


THE CEDAR CITY UT CLIMATE NORMALS FOR TODAY
                         NORMAL    RECORD    YEAR
 MAXIMUM TEMPERATURE (F)   68        83      1989
 MINIMUM TEMPERATURE (F)   37        24      2011
                                             1950


SUNRISE AND SUNSET
MAY  5 2016...........SUNRISE   632 AM MDT   SUNSET   827 PM MDT
MAY  6 2016...........SUNRISE   631 AM MDT   SUNSET   828 PM MDT


-  INDICATES NEGATIVE NUMBERS.
R  INDICATES RECORD WAS SET OR TIED.
MM INDICATES DATA IS MISSING.
T  INDICATES TRACE AMOUNT.




$$
