000
CDUS45 KSLC 301216
CLICDC


CLIMATE REPORT
NATIONAL WEATHER SERVICE SALT LAKE CITY UT
516 AM MST FRI JAN 30 2015


...................................

...THE CEDAR CITY UT CLIMATE SUMMARY FOR JANUARY 29 2015...

CLIMATE NORMAL PERIOD 1981 TO 2010
CLIMATE RECORD PERIOD 1928 TO 2015


WEATHER ITEM   OBSERVED TIME   RECORD YEAR NORMAL DEPARTURE LAST
                VALUE   (LST)  VALUE       VALUE  FROM      YEAR
                                                  NORMAL
..................................................................
TEMPERATURE (F)
 YESTERDAY
  MAXIMUM         46    431 PM  62    1986  43      3       59
  MINIMUM         32    524 AM -19    1949  18     14       20
  AVERAGE         39                        30      9       40

PRECIPITATION (IN)
  YESTERDAY        T             0.48 1980   0.03  -0.03     0.00
  MONTH TO DATE    0.32                      0.80  -0.48     0.00
  SINCE OCT 1      2.45                      3.91  -1.46     1.94
  SINCE JAN 1      0.32                      0.80  -0.48     0.00

DEGREE DAYS
 HEATING
  YESTERDAY       26                        35     -9       25
  MONTH TO DATE  915                      1044   -129      916
  SINCE DEC 1   1893                      2164   -271     2243
  SINCE JUL 1   3084                      3606   -522     3771

 COOLING
  YESTERDAY        0                         0      0        0
  MONTH TO DATE    0                         0      0        0
  SINCE DEC 1      0                         0      0        0
  SINCE JAN 1      0                         0      0        0
..................................................................


WIND (MPH)
  RESULTANT WIND SPEED   1   RESULTANT WIND DIRECTION  SW (210)
  HIGHEST WIND SPEED     7   HIGHEST WIND DIRECTION    SW (220)
  HIGHEST GUST SPEED     9   HIGHEST GUST DIRECTION     W (280)
  AVERAGE WIND SPEED     2.2



WEATHER CONDITIONS
 THE FOLLOWING WEATHER WAS RECORDED YESTERDAY.
  LIGHT RAIN
  FOG
  HAZE


RELATIVE HUMIDITY (PERCENT)
 HIGHEST    89           300 AM
 LOWEST     62           300 PM
 AVERAGE    76

..........................................................


THE CEDAR CITY UT CLIMATE NORMALS FOR TODAY
                         NORMAL    RECORD    YEAR
 MAXIMUM TEMPERATURE (F)   43        64      1971
 MINIMUM TEMPERATURE (F)   18       -20      1951


SUNRISE AND SUNSET
JANUARY 30 2015.......SUNRISE   738 AM MST   SUNSET   554 PM MST
JANUARY 31 2015.......SUNRISE   737 AM MST   SUNSET   555 PM MST


-  INDICATES NEGATIVE NUMBERS.
R  INDICATES RECORD WAS SET OR TIED.
MM INDICATES DATA IS MISSING.
T  INDICATES TRACE AMOUNT.




$$
