000
CDUS45 KSLC 181244
CLICDC


CLIMATE REPORT
NATIONAL WEATHER SERVICE SALT LAKE CITY UT
544 AM MST THU DEC 18 2014


...................................

...THE CEDAR CITY UT CLIMATE SUMMARY FOR DECEMBER 17 2014...

CLIMATE NORMAL PERIOD 1981 TO 2010
CLIMATE RECORD PERIOD 1928 TO 2014


WEATHER ITEM   OBSERVED TIME   RECORD YEAR NORMAL DEPARTURE LAST
                VALUE   (LST)  VALUE       VALUE  FROM      YEAR
                                                  NORMAL
..................................................................
TEMPERATURE (F)
 YESTERDAY
  MAXIMUM         39    304 PM  64    1980  41     -2       40
  MINIMUM         31    759 AM  -1    2008  16     15       10
  AVERAGE         35                        28      7       25

PRECIPITATION (IN)
  YESTERDAY        0.04          0.21 1952   0.02   0.02     0.00
  MONTH TO DATE    0.44                      0.44   0.00     0.83
  SINCE OCT 1      1.79                      2.71  -0.92     1.86
  SINCE JAN 1      9.47                     10.91  -1.44    14.90

DEGREE DAYS
 HEATING
  YESTERDAY       30                        37     -7       40
  MONTH TO DATE  434                       604   -170      815
  SINCE DEC 1    434                       604   -170      815
  SINCE JUL 1   1625                      2046   -421     2343

 COOLING
  YESTERDAY        0                         0      0        0
  MONTH TO DATE    0                         0      0        0
  SINCE DEC 1      0                         0      0        0
  SINCE JAN 1    607                       588     19      667
..................................................................


WIND (MPH)
  RESULTANT WIND SPEED   2   RESULTANT WIND DIRECTION   S (200)
  HIGHEST WIND SPEED    12   HIGHEST WIND DIRECTION     S (180)
  HIGHEST GUST SPEED    14   HIGHEST GUST DIRECTION     E (110)
  AVERAGE WIND SPEED     3.0



WEATHER CONDITIONS
 THE FOLLOWING WEATHER WAS RECORDED YESTERDAY.
  LIGHT SNOW
  FOG


RELATIVE HUMIDITY (PERCENT)
 HIGHEST    96           600 PM
 LOWEST     54           300 AM
 AVERAGE    75

..........................................................


THE CEDAR CITY UT CLIMATE NORMALS FOR TODAY
                         NORMAL    RECORD    YEAR
 MAXIMUM TEMPERATURE (F)   41        67      1958
 MINIMUM TEMPERATURE (F)   16        -2      1992


SUNRISE AND SUNSET
DECEMBER 18 2014......SUNRISE   742 AM MST   SUNSET   516 PM MST
DECEMBER 19 2014......SUNRISE   743 AM MST   SUNSET   516 PM MST


-  INDICATES NEGATIVE NUMBERS.
R  INDICATES RECORD WAS SET OR TIED.
MM INDICATES DATA IS MISSING.
T  INDICATES TRACE AMOUNT.




$$
