000
CDUS45 KSLC 081239
CLICDC


CLIMATE REPORT
NATIONAL WEATHER SERVICE SALT LAKE CITY UT
539 AM MST THU DEC 8 2016


...................................

...THE CEDAR CITY UT CLIMATE SUMMARY FOR DECEMBER 7 2016...

CLIMATE NORMAL PERIOD 1981 TO 2010
CLIMATE RECORD PERIOD 1928 TO 2016


WEATHER ITEM   OBSERVED TIME   RECORD YEAR NORMAL DEPARTURE LAST
                VALUE   (LST)  VALUE       VALUE  FROM      YEAR
                                                  NORMAL
..................................................................
TEMPERATURE (F)
 YESTERDAY
  MAXIMUM         35    225 PM  67    1959  43     -8       56
  MINIMUM          8    756 AM -15    1951  17     -9       20
  AVERAGE         22                        30     -8       38

PRECIPITATION (IN)
  YESTERDAY        0.00          0.59 1982   0.03  -0.03     0.00
  MONTH TO DATE    T                         0.18  -0.18     0.00
  SINCE OCT 1      1.71                      2.45  -0.74     2.23
  SINCE JAN 1      9.63                     10.65  -1.02    12.02

DEGREE DAYS
 HEATING
  YESTERDAY       43                        35      8       27
  MONTH TO DATE  255                       242     13      214
  SINCE DEC 1    255                       242     13      214
  SINCE JUL 1   1352                      1684   -332     1446

 COOLING
  YESTERDAY        0                         0      0        0
  MONTH TO DATE    0                         0      0        0
  SINCE DEC 1      0                         0      0        0
  SINCE JAN 1    826                       588    238      706
..................................................................


WIND (MPH)
  RESULTANT WIND SPEED   3   RESULTANT WIND DIRECTION   N (20)
  HIGHEST WIND SPEED    16   HIGHEST WIND DIRECTION    NE (40)
  HIGHEST GUST SPEED    20   HIGHEST GUST DIRECTION     N (20)
  AVERAGE WIND SPEED     4.8



WEATHER CONDITIONS
 THE FOLLOWING WEATHER WAS RECORDED YESTERDAY.
  NO SIGNIFICANT WEATHER WAS OBSERVED.


RELATIVE HUMIDITY (PERCENT)
 HIGHEST    80           500 AM
 LOWEST     29           300 PM
 AVERAGE    55

..........................................................


THE CEDAR CITY UT CLIMATE NORMALS FOR TODAY
                         NORMAL    RECORD    YEAR
 MAXIMUM TEMPERATURE (F)   43        64      1981
 MINIMUM TEMPERATURE (F)   17       -14      1951


SUNRISE AND SUNSET
DECEMBER  8 2016......SUNRISE   735 AM MST   SUNSET   514 PM MST
DECEMBER  9 2016......SUNRISE   736 AM MST   SUNSET   514 PM MST


-  INDICATES NEGATIVE NUMBERS.
R  INDICATES RECORD WAS SET OR TIED.
MM INDICATES DATA IS MISSING.
T  INDICATES TRACE AMOUNT.




$$
