000
CDUS45 KSLC 280035
CLICDC


CLIMATE REPORT
NATIONAL WEATHER SERVICE SALT LAKE CITY UT
534 PM MST MON FEB 27 2017


...................................

...THE CEDAR CITY UT CLIMATE SUMMARY FOR FEBRUARY 27 2017...
VALID TODAY AS OF 0500 PM LOCAL TIME.

CLIMATE NORMAL PERIOD 1981 TO 2010
CLIMATE RECORD PERIOD 1928 TO 2017


WEATHER ITEM   OBSERVED TIME   RECORD YEAR NORMAL DEPARTURE LAST
                VALUE   (LST)  VALUE       VALUE  FROM      YEAR
                                                  NORMAL
..................................................................
TEMPERATURE (F)
 TODAY
  MAXIMUM         44    135 PM  68    2016  50     -6       68
  MINIMUM         35    754 AM -22    1962  23     12       34
  AVERAGE         40                        36      4       51

PRECIPITATION (IN)
  TODAY            T             0.28 2007   0.04  -0.04     0.00
  MONTH TO DATE    0.60                      0.96  -0.36     0.37
  SINCE OCT 1      4.51                      4.93  -0.42     5.03
  SINCE JAN 1      1.68                      1.82  -0.14     1.47

DEGREE DAYS
 HEATING
  TODAY           25                        29     -4       14
  MONTH TO DATE  659                       857   -198      893
  SINCE DEC 1   2886                      3090   -204     3145
  SINCE JUL 1   3983                      4532   -549     4377

 COOLING
  TODAY            0                         0      0        0
  MONTH TO DATE    0                         0      0        0
  SINCE DEC 1      0                         0      0        0
  SINCE JAN 1      0                         0      0        0
..................................................................


WIND (MPH)
  RESULTANT WIND SPEED  22   RESULTANT WIND DIRECTION   S (200)
  HIGHEST WIND SPEED    33   HIGHEST WIND DIRECTION     S (200)
  HIGHEST GUST SPEED    43   HIGHEST GUST DIRECTION     S (190)
  AVERAGE WIND SPEED    21.7



WEATHER CONDITIONS
 THE FOLLOWING WEATHER WAS RECORDED TODAY.
  LIGHT SNOW


RELATIVE HUMIDITY (PERCENT)
 HIGHEST    64           400 AM
 LOWEST     45          1100 AM
 AVERAGE    55

..........................................................


THE CEDAR CITY UT CLIMATE NORMALS FOR TOMORROW
                         NORMAL    RECORD    YEAR
 MAXIMUM TEMPERATURE (F)   50        70      1972
 MINIMUM TEMPERATURE (F)   23       -16      1962


SUNRISE AND SUNSET
FEBRUARY 27 2017......SUNRISE   706 AM MST   SUNSET   624 PM MST
FEBRUARY 28 2017......SUNRISE   705 AM MST   SUNSET   625 PM MST


-  INDICATES NEGATIVE NUMBERS.
R  INDICATES RECORD WAS SET OR TIED.
MM INDICATES DATA IS MISSING.
T  INDICATES TRACE AMOUNT.




$$
