000
CDUS45 KSLC 191230
CLICDC


CLIMATE REPORT
NATIONAL WEATHER SERVICE SALT LAKE CITY UT
627 AM MDT SAT APR 19 2014


...................................

...THE CEDAR CITY UT CLIMATE SUMMARY FOR APRIL 18 2014...

CLIMATE NORMAL PERIOD 1981 TO 2010
CLIMATE RECORD PERIOD 1928 TO 2014


WEATHER ITEM   OBSERVED TIME   RECORD YEAR NORMAL DEPARTURE LAST
                VALUE   (LST)  VALUE       VALUE  FROM      YEAR
                                                  NORMAL
..................................................................
TEMPERATURE (F)
 YESTERDAY
  MAXIMUM         70    220 PM  82    1989  62      8       47
  MINIMUM         46    313 AM  14    1963  32     14       19
  AVERAGE         58                        47     11       33

PRECIPITATION (IN)
  YESTERDAY        0.00          0.61 1981   0.04  -0.04     0.00
  MONTH TO DATE    T                         0.70  -0.70     0.91
  SINCE OCT 1      3.30                      7.02  -3.72     6.43
  SINCE JAN 1      1.36                      3.91  -2.55     3.72

DEGREE DAYS
 HEATING
  YESTERDAY        7                        18    -11       32
  MONTH TO DATE  318                       362    -44      378
  SINCE MAR 1   1048                      1134    -86     1038
  SINCE JUL 1   5635                      5696    -61     5658

 COOLING
  YESTERDAY        0                         0      0        0
  MONTH TO DATE    0                         0      0        0
  SINCE MAR 1      0                         0      0        0
  SINCE JAN 1      0                         0      0        0
..................................................................


WIND (MPH)
  RESULTANT WIND SPEED   8   RESULTANT WIND DIRECTION   S (200)
  HIGHEST WIND SPEED    25   HIGHEST WIND DIRECTION     S (200)
  HIGHEST GUST SPEED    31   HIGHEST GUST DIRECTION     S (200)
  AVERAGE WIND SPEED     9.6



WEATHER CONDITIONS
 THE FOLLOWING WEATHER WAS RECORDED YESTERDAY.
  NO SIGNIFICANT WEATHER WAS OBSERVED.


RELATIVE HUMIDITY (PERCENT)
 HIGHEST    39          1000 PM
 LOWEST     14          1100 AM
 AVERAGE    27

..........................................................


THE CEDAR CITY UT CLIMATE NORMALS FOR TODAY
                         NORMAL    RECORD    YEAR
 MAXIMUM TEMPERATURE (F)   62        82      1989
 MINIMUM TEMPERATURE (F)   32        16      2007


SUNRISE AND SUNSET
APRIL 19 2014.........SUNRISE   652 AM MDT   SUNSET   812 PM MDT
APRIL 20 2014.........SUNRISE   650 AM MDT   SUNSET   813 PM MDT


-  INDICATES NEGATIVE NUMBERS.
R  INDICATES RECORD WAS SET OR TIED.
MM INDICATES DATA IS MISSING.
T  INDICATES TRACE AMOUNT.




$$
