000
CDUS45 KSLC 201226
CLICDC


CLIMATE REPORT
NATIONAL WEATHER SERVICE SALT LAKE CITY UT
625 AM MDT SAT SEP 20 2014


...................................

...THE CEDAR CITY UT CLIMATE SUMMARY FOR SEPTEMBER 19 2014...

CLIMATE NORMAL PERIOD 1981 TO 2010
CLIMATE RECORD PERIOD 1928 TO 2014


WEATHER ITEM   OBSERVED TIME   RECORD YEAR NORMAL DEPARTURE LAST
                VALUE   (LST)  VALUE       VALUE  FROM      YEAR
                                                  NORMAL
..................................................................
TEMPERATURE (F)
 YESTERDAY
  MAXIMUM         84    337 PM  90    1956  78      6       74
  MINIMUM         55    639 AM  24    1971  43     12       38
  AVERAGE         70                        60     10       56

PRECIPITATION (IN)
  YESTERDAY        0.00          0.84 1972   0.02  -0.02     0.00
  MONTH TO DATE    1.18                      0.40   0.78     1.75
  SINCE OCT 1      8.23                     11.05  -2.82    15.71
  SINCE JAN 1      6.29                      7.94  -1.65    13.00

DEGREE DAYS
 HEATING
  YESTERDAY        0                         5     -5        9
  MONTH TO DATE   10                        53    -43       39
  SINCE SEP 1     10                        53    -43       39
  SINCE JUL 1     16                        62    -46       42

 COOLING
  YESTERDAY        5                         1      4        0
  MONTH TO DATE   54                        35     19       35
  SINCE SEP 1     54                        35     19       35
  SINCE JAN 1    600                       584     16      667
..................................................................


WIND (MPH)
  RESULTANT WIND SPEED   1   RESULTANT WIND DIRECTION   E (80)
  HIGHEST WIND SPEED    10   HIGHEST WIND DIRECTION     N (350)
  HIGHEST GUST SPEED    15   HIGHEST GUST DIRECTION     N (350)
  AVERAGE WIND SPEED     4.1



WEATHER CONDITIONS
 THE FOLLOWING WEATHER WAS RECORDED YESTERDAY.
  NO SIGNIFICANT WEATHER WAS OBSERVED.


RELATIVE HUMIDITY (PERCENT)
 HIGHEST    77           600 AM
 LOWEST     22           300 PM
 AVERAGE    50

..........................................................


THE CEDAR CITY UT CLIMATE NORMALS FOR TODAY
                         NORMAL    RECORD    YEAR
 MAXIMUM TEMPERATURE (F)   77        87      1951
 MINIMUM TEMPERATURE (F)   43        28      1978


SUNRISE AND SUNSET
SEPTEMBER 20 2014.....SUNRISE   719 AM MDT   SUNSET   732 PM MDT
SEPTEMBER 21 2014.....SUNRISE   719 AM MDT   SUNSET   731 PM MDT


-  INDICATES NEGATIVE NUMBERS.
R  INDICATES RECORD WAS SET OR TIED.
MM INDICATES DATA IS MISSING.
T  INDICATES TRACE AMOUNT.




$$
