000
CDUS45 KSLC 231227
CLICDC


CLIMATE REPORT
NATIONAL WEATHER SERVICE SALT LAKE CITY UT
626 AM MDT TUE AUG 23 2016


...................................

...THE CEDAR CITY UT CLIMATE SUMMARY FOR AUGUST 22 2016...

CLIMATE NORMAL PERIOD 1981 TO 2010
CLIMATE RECORD PERIOD 1928 TO 2016


WEATHER ITEM   OBSERVED TIME   RECORD YEAR NORMAL DEPARTURE LAST
                VALUE   (LST)  VALUE       VALUE  FROM      YEAR
                                                  NORMAL
..................................................................
TEMPERATURE (F)
 YESTERDAY
  MAXIMUM         84    134 PM  93    2011  86     -2       89
                                      2007
                                      2006
  MINIMUM         57    503 AM  42    1968  54      3       59
  AVERAGE         71                        70      1       74

PRECIPITATION (IN)
  YESTERDAY        0.04          0.39 1968   0.04   0.00     0.03
  MONTH TO DATE    1.06                      0.85   0.21     0.73
  SINCE OCT 1     10.39                     10.37   0.02    10.79
  SINCE JAN 1      6.83                      7.26  -0.43     8.66

DEGREE DAYS
 HEATING
  YESTERDAY        0                         0      0        0
  MONTH TO DATE    0                         0      0        0
  SINCE JUN 1      4                        79    -75       26
  SINCE JUL 1      0                         3     -3        1

 COOLING
  YESTERDAY        6                         5      1        9
  MONTH TO DATE  192                       155     37      164
  SINCE JUN 1    760                       500    260      556
  SINCE JAN 1    763                       508    255      558
..................................................................


WIND (MPH)
  RESULTANT WIND SPEED   5   RESULTANT WIND DIRECTION   S (180)
  HIGHEST WIND SPEED    22   HIGHEST WIND DIRECTION    SE (130)
  HIGHEST GUST SPEED    27   HIGHEST GUST DIRECTION    SE (120)
  AVERAGE WIND SPEED     9.2



WEATHER CONDITIONS
 THE FOLLOWING WEATHER WAS RECORDED YESTERDAY.
  THUNDERSTORM


RELATIVE HUMIDITY (PERCENT)
 HIGHEST    77           400 AM
 LOWEST     26           100 PM
 AVERAGE    52

..........................................................


THE CEDAR CITY UT CLIMATE NORMALS FOR TODAY
                         NORMAL    RECORD    YEAR
 MAXIMUM TEMPERATURE (F)   86        95      2011
 MINIMUM TEMPERATURE (F)   54        36      1968


SUNRISE AND SUNSET
AUGUST 23 2016........SUNRISE   655 AM MDT   SUNSET   814 PM MDT
AUGUST 24 2016........SUNRISE   656 AM MDT   SUNSET   812 PM MDT


-  INDICATES NEGATIVE NUMBERS.
R  INDICATES RECORD WAS SET OR TIED.
MM INDICATES DATA IS MISSING.
T  INDICATES TRACE AMOUNT.




$$
