000
CDUS45 KSLC 040045
CLICDC


CLIMATE REPORT
NATIONAL WEATHER SERVICE SALT LAKE CITY UT
645 PM MDT THU SEP 3 2015


...................................

...THE CEDAR CITY UT CLIMATE SUMMARY FOR SEPTEMBER 3 2015...
VALID TODAY AS OF 0500 PM LOCAL TIME.

CLIMATE NORMAL PERIOD 1981 TO 2010
CLIMATE RECORD PERIOD 1928 TO 2015


WEATHER ITEM   OBSERVED TIME   RECORD YEAR NORMAL DEPARTURE LAST
                VALUE   (LST)  VALUE       VALUE  FROM      YEAR
                                                  NORMAL
..................................................................
TEMPERATURE (F)
 TODAY
  MAXIMUM         83    322 PM  96    1995  83      0       87
  MINIMUM         62    548 AM  35    1973  50     12       59
  AVERAGE         73                        67      6       73

PRECIPITATION (IN)
  TODAY            0.00          0.96 1997   0.02  -0.02     0.00
  MONTH TO DATE    0.00                      0.07  -0.07     0.00
  SINCE OCT 1     11.04                     10.72   0.32     7.05
  SINCE JAN 1      8.91                      7.61   1.30     5.11

DEGREE DAYS
 HEATING
  TODAY            0                         1     -1        0
  MONTH TO DATE    0                         3     -3        0
  SINCE SEP 1      0                         3     -3        0
  SINCE JUL 1      1                        12    -11        6

 COOLING
  TODAY            8                         3      5        8
  MONTH TO DATE   23                         9     14       16
  SINCE SEP 1     23                         9     14       16
  SINCE JAN 1    646                       558     88      562
..................................................................


WIND (MPH)
  RESULTANT WIND SPEED  14   RESULTANT WIND DIRECTION   S (200)
  HIGHEST WIND SPEED    31   HIGHEST WIND DIRECTION     S (170)
  HIGHEST GUST SPEED    41   HIGHEST GUST DIRECTION    SW (210)
  AVERAGE WIND SPEED    14.1



WEATHER CONDITIONS
 THE FOLLOWING WEATHER WAS RECORDED TODAY.
  NO SIGNIFICANT WEATHER WAS OBSERVED.


RELATIVE HUMIDITY (PERCENT)
 HIGHEST    40           700 AM
 LOWEST     14           200 PM
 AVERAGE    27

..........................................................


THE CEDAR CITY UT CLIMATE NORMALS FOR TOMORROW
                         NORMAL    RECORD    YEAR
 MAXIMUM TEMPERATURE (F)   83        94      1955
 MINIMUM TEMPERATURE (F)   50        36      2004
                                             1961


SUNRISE AND SUNSET
SEPTEMBER  3 2015.....SUNRISE   704 AM MDT   SUNSET   759 PM MDT
SEPTEMBER  4 2015.....SUNRISE   705 AM MDT   SUNSET   757 PM MDT


-  INDICATES NEGATIVE NUMBERS.
R  INDICATES RECORD WAS SET OR TIED.
MM INDICATES DATA IS MISSING.
T  INDICATES TRACE AMOUNT.




$$
