000
CDUS45 KSLC 021244
CLICDC


CLIMATE REPORT
NATIONAL WEATHER SERVICE SALT LAKE CITY UT
644 AM MDT SUN AUG 2 2015


...................................

...THE CEDAR CITY UT CLIMATE SUMMARY FOR AUGUST 1 2015...

CLIMATE NORMAL PERIOD 1981 TO 2010
CLIMATE RECORD PERIOD 1928 TO 2015


WEATHER ITEM   OBSERVED TIME   RECORD YEAR NORMAL DEPARTURE LAST
                VALUE   (LST)  VALUE       VALUE  FROM      YEAR
                                                  NORMAL
..................................................................
TEMPERATURE (F)
 YESTERDAY
  MAXIMUM         87    308 PM  99    1979  90     -3       89
  MINIMUM         59    545 AM  43    1998  57      2       53
  AVERAGE         73                        74     -1       71

PRECIPITATION (IN)
  YESTERDAY        0.00          1.10 1968   0.04  -0.04     0.00
  MONTH TO DATE    0.00                      0.04  -0.04     0.00
  SINCE OCT 1     10.06                      9.56   0.50     5.81
  SINCE JAN 1      7.93                      6.45   1.48     3.87

DEGREE DAYS
 HEATING
  YESTERDAY        0                         0      0        0
  MONTH TO DATE    0                         0      0        0
  SINCE JUN 1     26                        79    -53       27
  SINCE JUL 1      1                         3     -2        0

 COOLING
  YESTERDAY        8                         8      0        6
  MONTH TO DATE    8                         8      0        6
  SINCE JUN 1    400                       353     47      401
  SINCE JAN 1    402                       361     41      426
..................................................................


WIND (MPH)
  RESULTANT WIND SPEED   4   RESULTANT WIND DIRECTION   S (200)
  HIGHEST WIND SPEED    21   HIGHEST WIND DIRECTION    SW (230)
  HIGHEST GUST SPEED    25   HIGHEST GUST DIRECTION    SW (220)
  AVERAGE WIND SPEED     6.1



WEATHER CONDITIONS
 THE FOLLOWING WEATHER WAS RECORDED YESTERDAY.
  THUNDERSTORM


RELATIVE HUMIDITY (PERCENT)
 HIGHEST    57           600 AM
 LOWEST     19           200 PM
 AVERAGE    38

..........................................................


THE CEDAR CITY UT CLIMATE NORMALS FOR TODAY
                         NORMAL    RECORD    YEAR
 MAXIMUM TEMPERATURE (F)   90        99      1979
 MINIMUM TEMPERATURE (F)   57        50      1965


SUNRISE AND SUNSET
AUGUST  2 2015........SUNRISE   637 AM MDT   SUNSET   840 PM MDT
AUGUST  3 2015........SUNRISE   638 AM MDT   SUNSET   839 PM MDT


-  INDICATES NEGATIVE NUMBERS.
R  INDICATES RECORD WAS SET OR TIED.
MM INDICATES DATA IS MISSING.
T  INDICATES TRACE AMOUNT.




$$
