000
CDUS45 KCYS 182134
CLICDR


CLIMATE REPORT
NATIONAL WEATHER SERVICE CHEYENNE WY
334 PM MDT FRI APR 18 2014


...................................

...THE CHADRON NE AIRPORT CLIMATE SUMMARY FOR APRIL 18 2014...
VALID AS OF 0300 PM LOCAL TIME.

CLIMATE NORMAL PERIOD 1981 TO 2010
CLIMATE RECORD PERIOD 1895 TO 2014


WEATHER ITEM   OBSERVED TIME   RECORD YEAR NORMAL DEPARTURE LAST
                VALUE   (LST)  VALUE       VALUE  FROM      YEAR
                                                  NORMAL
..................................................................
TEMPERATURE (F)
 TODAY
  MAXIMUM         79    159 PM  85    1985  61     18       33
  MINIMUM         37    516 AM  16    1956  30      7       19
  AVERAGE         58                        46     12       26

PRECIPITATION (IN)
  TODAY            0.00          2.42 1920   0.07  -0.07     0.02
  MONTH TO DATE    0.92                      1.02  -0.10     2.47
  SINCE JAN 1      2.50                      3.22  -0.72     4.01

DEGREE DAYS
 HEATING
  TODAY            7                        19    -12       39
  MONTH TO DATE  388                       400    -12      539
  SINCE MAR 1   1286                      1305    -19     1412
  SINCE JUL 1   6760                      6557    203     6308

 COOLING
  TODAY            0                         0      0        0
  MONTH TO DATE    0                         0      0        0
  SINCE MAR 1      0                         0      0        0
  SINCE JAN 1      0                         0      0        0
..................................................................


WIND (MPH)
  HIGHEST WIND SPEED    24   HIGHEST WIND DIRECTION     S (200)
  HIGHEST GUST SPEED    30   HIGHEST GUST DIRECTION    SW (210)
  AVERAGE WIND SPEED     8.1


SKY COVER
  AVERAGE SKY COVER 0.0


WEATHER CONDITIONS
 THE FOLLOWING WEATHER WAS RECORDED TODAY.
  NO SIGNIFICANT WEATHER WAS OBSERVED.


RELATIVE HUMIDITY (PERCENT)
 HIGHEST    85           600 AM
 LOWEST     23          1100 AM
 AVERAGE    54

..........................................................


THE CHADRON NE AIRPORT CLIMATE NORMALS FOR TOMORROW
                         NORMAL    RECORD    YEAR
 MAXIMUM TEMPERATURE (F)   61        84      1989
                                             1961
 MINIMUM TEMPERATURE (F)   31         9      1966


SUNRISE AND SUNSET
APRIL 18 2014.........SUNRISE   606 AM MDT   SUNSET   738 PM MDT
APRIL 19 2014.........SUNRISE   604 AM MDT   SUNSET   739 PM MDT


-  INDICATES NEGATIVE NUMBERS.
R  INDICATES RECORD WAS SET OR TIED.
MM INDICATES DATA IS MISSING.
T  INDICATES TRACE AMOUNT.




$$
