000
CDUS45 KCYS 282138
CLICDR


CLIMATE REPORT
NATIONAL WEATHER SERVICE CHEYENNE WY
338 PM MDT THU MAY 28 2015


...................................

...THE CHADRON NE AIRPORT CLIMATE SUMMARY FOR MAY 28 2015...
VALID AS OF 0300 PM LOCAL TIME.

CLIMATE NORMAL PERIOD 1981 TO 2010
CLIMATE RECORD PERIOD 1895 TO 2015


WEATHER ITEM   OBSERVED TIME   RECORD YEAR NORMAL DEPARTURE LAST
                VALUE   (LST)  VALUE       VALUE  FROM      YEAR
                                                  NORMAL
..................................................................
TEMPERATURE (F)
 TODAY
  MAXIMUM         73   1213 PM  98    1934  75     -2       89
  MINIMUM         51    422 AM  27    1947  45      6       56
  AVERAGE         62                        60      2       73

PRECIPITATION (IN)
  TODAY            0.02          1.01 1978   0.10  -0.08     0.00
  MONTH TO DATE    5.84                      2.45   3.39     3.49
  SINCE JAN 1      8.46                      6.63   1.83     7.79

DEGREE DAYS
 HEATING
  TODAY            3                         6     -3        0
  MONTH TO DATE  363                       286     77      290
  SINCE MAR 1   1578                      1797   -219     1734
  SINCE JUL 1   6523                      7049   -526     7208

 COOLING
  TODAY            0                         1     -1        8
  MONTH TO DATE    0                        12    -12       14
  SINCE MAR 1      0                        14    -14       15
  SINCE JAN 1      0                        14    -14       15
..................................................................


WIND (MPH)
  HIGHEST WIND SPEED    20   HIGHEST WIND DIRECTION     S (180)
  HIGHEST GUST SPEED    25   HIGHEST GUST DIRECTION     S (180)
  AVERAGE WIND SPEED     8.2


SKY COVER
  AVERAGE SKY COVER 0.1


WEATHER CONDITIONS
 THE FOLLOWING WEATHER WAS RECORDED TODAY.
  THUNDERSTORM


RELATIVE HUMIDITY (PERCENT)
 HIGHEST    86           400 AM
 LOWEST     49          1200 PM
 AVERAGE    68

..........................................................


THE CHADRON NE AIRPORT CLIMATE NORMALS FOR TOMORROW
                         NORMAL    RECORD    YEAR
 MAXIMUM TEMPERATURE (F)   75        98      1934
 MINIMUM TEMPERATURE (F)   46        24      1947


SUNRISE AND SUNSET
MAY 28 2015...........SUNRISE   519 AM MDT   SUNSET   821 PM MDT
MAY 29 2015...........SUNRISE   518 AM MDT   SUNSET   822 PM MDT


-  INDICATES NEGATIVE NUMBERS.
R  INDICATES RECORD WAS SET OR TIED.
MM INDICATES DATA IS MISSING.
T  INDICATES TRACE AMOUNT.




$$
