000
CDUS45 KCYS 042127
CLICDR


CLIMATE REPORT
NATIONAL WEATHER SERVICE CHEYENNE WY
326 PM MDT TUE AUG 4 2015


...................................

...THE CHADRON NE AIRPORT CLIMATE SUMMARY FOR AUGUST 4 2015...
VALID AS OF 0300 PM LOCAL TIME.

CLIMATE NORMAL PERIOD 1981 TO 2010
CLIMATE RECORD PERIOD 1895 TO 2015


WEATHER ITEM   OBSERVED TIME   RECORD YEAR NORMAL DEPARTURE LAST
                VALUE   (LST)  VALUE       VALUE  FROM      YEAR
                                                  NORMAL
..................................................................
TEMPERATURE (F)
 TODAY
  MAXIMUM         84   1210 PM 104    1947  91     -7       96
  MINIMUM         56    452 AM  42    1974  58     -2       62
  AVERAGE         70                        74     -4       79

PRECIPITATION (IN)
  TODAY            0.00          1.12 1966   0.06  -0.06     0.14
  MONTH TO DATE    0.00                      0.24  -0.24     0.52
  SINCE JAN 1     15.29                     12.53   2.76    12.31

DEGREE DAYS
 HEATING
  TODAY            0                         0      0        0
  MONTH TO DATE    0                         0      0        0
  SINCE JUN 1     12                        91    -79       94
  SINCE JUL 1      3                        10     -7       11

 COOLING
  TODAY            5                        10     -5       14
  MONTH TO DATE   36                        40     -4       43
  SINCE JUN 1    393                       424    -31      356
  SINCE JAN 1    393                       444    -51      387
..................................................................


WIND (MPH)
  HIGHEST WIND SPEED    28   HIGHEST WIND DIRECTION     S (190)
  HIGHEST GUST SPEED    34   HIGHEST GUST DIRECTION     S (180)
  AVERAGE WIND SPEED    11.6


SKY COVER
  AVERAGE SKY COVER 0.1


WEATHER CONDITIONS
 THE FOLLOWING WEATHER WAS RECORDED TODAY.
  HAZE


RELATIVE HUMIDITY (PERCENT)
 HIGHEST    93           300 AM
 LOWEST     47          1200 PM
 AVERAGE    70

..........................................................


THE CHADRON NE AIRPORT CLIMATE NORMALS FOR TOMORROW
                         NORMAL    RECORD    YEAR
 MAXIMUM TEMPERATURE (F)   91       102      1979
 MINIMUM TEMPERATURE (F)   58        41      1980


SUNRISE AND SUNSET
AUGUST  4 2015........SUNRISE   547 AM MDT   SUNSET   810 PM MDT
AUGUST  5 2015........SUNRISE   548 AM MDT   SUNSET   808 PM MDT


-  INDICATES NEGATIVE NUMBERS.
R  INDICATES RECORD WAS SET OR TIED.
MM INDICATES DATA IS MISSING.
T  INDICATES TRACE AMOUNT.




$$
