000
CDUS45 KCYS 290745
CLICDR


CLIMATE REPORT
NATIONAL WEATHER SERVICE CHEYENNE WY
145 AM MDT SUN MAY 29 2016


...................................

...THE CHADRON NE AIRPORT CLIMATE SUMMARY FOR MAY 28 2016...

CLIMATE NORMAL PERIOD 1981 TO 2010
CLIMATE RECORD PERIOD 1895 TO 2016


WEATHER ITEM   OBSERVED TIME   RECORD YEAR NORMAL DEPARTURE LAST
                VALUE   (LST)  VALUE       VALUE  FROM      YEAR
                                                  NORMAL
..................................................................
TEMPERATURE (F)
 YESTERDAY
  MAXIMUM         73    239 PM  98    1934  75     -2       73
  MINIMUM         36    430 AM  27    1947  45     -9       51
  AVERAGE         55                        60     -5       62

PRECIPITATION (IN)
  YESTERDAY        0.03          1.01 1978   0.10  -0.07     0.02
  MONTH TO DATE    0.68                      2.45  -1.77     6.35
  SINCE JAN 1      7.13                      6.63   0.50     8.97

DEGREE DAYS
 HEATING
  YESTERDAY       10                         6      4        3
  MONTH TO DATE  321                       286     35      363
  SINCE MAR 1   1536                      1797   -261     1578
  SINCE JUL 1   6268                      7049   -781     6523

 COOLING
  YESTERDAY        0                         1     -1        0
  MONTH TO DATE    4                        12     -8        0
  SINCE MAR 1      6                        14     -8        0
  SINCE JAN 1      6                        14     -8        0
..................................................................


WIND (MPH)
  HIGHEST WIND SPEED    22   HIGHEST WIND DIRECTION    NW (310)
  HIGHEST GUST SPEED    30   HIGHEST GUST DIRECTION    NW (310)
  AVERAGE WIND SPEED     5.0


SKY COVER
  AVERAGE SKY COVER 0.1


WEATHER CONDITIONS
 THE FOLLOWING WEATHER WAS RECORDED YESTERDAY.
  THUNDERSTORM
  LIGHT RAIN
  FOG


RELATIVE HUMIDITY (PERCENT)
 HIGHEST   100           500 AM
 LOWEST     37          1200 PM
 AVERAGE    69

..........................................................


THE CHADRON NE AIRPORT CLIMATE NORMALS FOR TODAY
                         NORMAL    RECORD    YEAR
 MAXIMUM TEMPERATURE (F)   75        98      1934
 MINIMUM TEMPERATURE (F)   46        24      1947


SUNRISE AND SUNSET
MAY 29 2016...........SUNRISE   518 AM MDT   SUNSET   822 PM MDT
MAY 30 2016...........SUNRISE   517 AM MDT   SUNSET   823 PM MDT


-  INDICATES NEGATIVE NUMBERS.
R  INDICATES RECORD WAS SET OR TIED.
MM INDICATES DATA IS MISSING.
T  INDICATES TRACE AMOUNT.




$$
