000
CDUS45 KCYS 230740
CLICDR


CLIMATE REPORT
NATIONAL WEATHER SERVICE CHEYENNE WY
1239 AM MST SUN NOV 23 2014


...................................

...THE CHADRON NE AIRPORT CLIMATE SUMMARY FOR NOVEMBER 22 2014...

CLIMATE NORMAL PERIOD 1981 TO 2010
CLIMATE RECORD PERIOD 1895 TO 2014


WEATHER ITEM   OBSERVED TIME   RECORD YEAR NORMAL DEPARTURE LAST
                VALUE   (LST)  VALUE       VALUE  FROM      YEAR
                                                  NORMAL
..................................................................
TEMPERATURE (F)
 YESTERDAY
  MAXIMUM         60   1200 PM  72    2006  45     15       29
  MINIMUM         24    214 AM -13    1941  17      7       -9
  AVERAGE         42                        31     11       10

PRECIPITATION (IN)
  YESTERDAY        0.00          0.33 1931   0.02  -0.02     0.00
  MONTH TO DATE    0.10                      0.49  -0.39     0.48
  SINCE JAN 1     18.69                     17.40   1.29    19.10

DEGREE DAYS
 HEATING
  YESTERDAY       23                        34    -11       55
  MONTH TO DATE  775                       638    137      644
  SINCE SEP 1   1344                      1361    -17     1365
  SINCE JUL 1   1358                      1391    -33     1365

 COOLING
  YESTERDAY        0                         0      0        0
  MONTH TO DATE    0                         0      0        0
  SINCE SEP 1     62                        65     -3      149
  SINCE JAN 1    647                       712    -65      917
..................................................................


WIND (MPH)
  HIGHEST WIND SPEED    24   HIGHEST WIND DIRECTION    NW (310)
  HIGHEST GUST SPEED    34   HIGHEST GUST DIRECTION    NW (300)
  AVERAGE WIND SPEED    10.1


SKY COVER
  AVERAGE SKY COVER 0.1


WEATHER CONDITIONS
 THE FOLLOWING WEATHER WAS RECORDED YESTERDAY.
  NO SIGNIFICANT WEATHER WAS OBSERVED.


RELATIVE HUMIDITY (PERCENT)
 HIGHEST    88          1200 AM
 LOWEST     30          1200 PM
 AVERAGE    59

..........................................................


THE CHADRON NE AIRPORT CLIMATE NORMALS FOR TODAY
                         NORMAL    RECORD    YEAR
 MAXIMUM TEMPERATURE (F)   44        71      2011
 MINIMUM TEMPERATURE (F)   16       -15      1950


SUNRISE AND SUNSET
NOVEMBER 23 2014......SUNRISE   654 AM MST   SUNSET   423 PM MST
NOVEMBER 24 2014......SUNRISE   655 AM MST   SUNSET   422 PM MST


-  INDICATES NEGATIVE NUMBERS.
R  INDICATES RECORD WAS SET OR TIED.
MM INDICATES DATA IS MISSING.
T  INDICATES TRACE AMOUNT.




$$
