000
CDUS45 KCYS 080811
CLICDR


CLIMATE REPORT
NATIONAL WEATHER SERVICE CHEYENNE WY
111 AM MST THU DEC 8 2016


...................................

...THE CHADRON NE AIRPORT CLIMATE SUMMARY FOR DECEMBER 7 2016...

CLIMATE NORMAL PERIOD 1981 TO 2010
CLIMATE RECORD PERIOD 1895 TO 2016


WEATHER ITEM   OBSERVED TIME   RECORD YEAR NORMAL DEPARTURE LAST
                VALUE   (LST)  VALUE       VALUE  FROM      YEAR
                                                  NORMAL
..................................................................
TEMPERATURE (F)
 YESTERDAY
  MAXIMUM         14    219 PM  63    2003  39    -25       48
                                      1970
                                      1918
  MINIMUM          1   1159 PM -19    2005  11    -10       28
  AVERAGE          8                        25    -17       38

PRECIPITATION (IN)
  YESTERDAY        0.00          0.40 1924   0.02  -0.02     0.00
  MONTH TO DATE    0.04                      0.12  -0.08     0.14
  SINCE JAN 1     13.88                     17.65  -3.77    19.38

DEGREE DAYS
 HEATING
  YESTERDAY       57                        40     17       27
  MONTH TO DATE  279                       273      6      216
  SINCE DEC 1    279                       273      6      216
  SINCE JUL 1   1391                      1957   -566     1596

 COOLING
  YESTERDAY        0                         0      0        0
  MONTH TO DATE    0                         0      0        0
  SINCE DEC 1      0                         0      0        0
  SINCE JAN 1    883                       712    171      718
..................................................................


WIND (MPH)
  HIGHEST WIND SPEED    26   HIGHEST WIND DIRECTION    NW (300)
  HIGHEST GUST SPEED    32   HIGHEST GUST DIRECTION    NW (300)
  AVERAGE WIND SPEED    16.1


SKY COVER
  AVERAGE SKY COVER 0.4


WEATHER CONDITIONS
 THE FOLLOWING WEATHER WAS RECORDED YESTERDAY.
  NO SIGNIFICANT WEATHER WAS OBSERVED.


RELATIVE HUMIDITY (PERCENT)
 HIGHEST    75          1100 PM
 LOWEST     48           100 PM
 AVERAGE    62

..........................................................


THE CHADRON NE AIRPORT CLIMATE NORMALS FOR TODAY
                         NORMAL    RECORD    YEAR
 MAXIMUM TEMPERATURE (F)   39        68      1939
 MINIMUM TEMPERATURE (F)   11       -21      2005


SUNRISE AND SUNSET
DECEMBER  8 2016......SUNRISE   711 AM MST   SUNSET   418 PM MST
DECEMBER  9 2016......SUNRISE   712 AM MST   SUNSET   418 PM MST


-  INDICATES NEGATIVE NUMBERS.
R  INDICATES RECORD WAS SET OR TIED.
MM INDICATES DATA IS MISSING.
T  INDICATES TRACE AMOUNT.




$$
