000
CDUS44 KLUB 310125
CLICDS


CLIMATE REPORT
NATIONAL WEATHER SERVICE LUBBOCK, TX
825 PM CDT SUN AUG 30 2015


...................................

...THE CHILDRESS CLIMATE SUMMARY FOR AUGUST 30 2015...
VALID TODAY AS OF 0800 PM LOCAL TIME.

CLIMATE NORMAL PERIOD 1981 TO 2010
CLIMATE RECORD PERIOD 1893 TO 2015


WEATHER ITEM   OBSERVED TIME   RECORD YEAR NORMAL DEPARTURE LAST
                VALUE   (LST)  VALUE       VALUE  FROM      YEAR
                                                  NORMAL
..................................................................
TEMPERATURE (F)
 TODAY
  MAXIMUM         95    337 PM 111    2011  93      2       95
  MINIMUM         64    640 AM  55    1893  67     -3       70
  AVERAGE         80                        80      0       83

PRECIPITATION (IN)
  TODAY            0.00          1.00 1940   0.09  -0.09     0.00
  MONTH TO DATE    1.93                      2.53  -0.60     2.03
  SINCE JUN 1     10.65                      8.43   2.22     9.38
  SINCE JAN 1     30.25                     17.00  13.25    15.61

SNOWFALL (IN)
  TODAY            0.0          MM      MM   0.0    0.0      0.0
  MONTH TO DATE    0.0                       0.0    0.0      0.0
  SINCE JUN 1      0.0                       0.0    0.0      0.0
  SINCE JUL 1      0.0                       0.0    0.0      0.0
  SNOW DEPTH       0

DEGREE DAYS
 HEATING
  TODAY            0                         0      0        0
  MONTH TO DATE    0                         0      0        0
  SINCE JUN 1      0                         2     -2        0
  SINCE JUL 1      0                         0      0        0

 COOLING
  TODAY           15                        15      0       18
  MONTH TO DATE  533                       512     21      539
  SINCE JUN 1   1564                      1502     62     1474
  SINCE JAN 1   1764                      1814    -50     1838
..................................................................


WIND (MPH)
  RESULTANT WIND SPEED   2   RESULTANT WIND DIRECTION  NW (330)
  HIGHEST WIND SPEED     9   HIGHEST WIND DIRECTION    NW (330)
  HIGHEST GUST SPEED    11   HIGHEST GUST DIRECTION    NW (330)
  AVERAGE WIND SPEED     3.1


SKY COVER
  AVERAGE SKY COVER 0.0


WEATHER CONDITIONS
 THE FOLLOWING WEATHER WAS RECORDED TODAY.
  HAZE


RELATIVE HUMIDITY (PERCENT)
 HIGHEST    93           500 AM
 LOWEST     23           500 PM
 AVERAGE    58

..........................................................


THE CHILDRESS CLIMATE NORMALS FOR TOMORROW
                         NORMAL    RECORD    YEAR
 MAXIMUM TEMPERATURE (F)   92       107      1939
 MINIMUM TEMPERATURE (F)   67        56      1944


SUNRISE AND SUNSET
AUGUST 30 2015........SUNRISE   713 AM CDT   SUNSET   810 PM CDT
AUGUST 31 2015........SUNRISE   713 AM CDT   SUNSET   809 PM CDT


-  INDICATES NEGATIVE NUMBERS.
R  INDICATES RECORD WAS SET OR TIED.
MM INDICATES DATA IS MISSING.
T  INDICATES TRACE AMOUNT.




$$
