000
CDUS44 KLUB 020132
CLICDS


CLIMATE REPORT
NATIONAL WEATHER SERVICE LUBBOCK, TX
831 PM CDT WED JUL 1 2015


...................................

...THE CHILDRESS CLIMATE SUMMARY FOR JULY 1 2015...
VALID TODAY AS OF 0800 PM LOCAL TIME.

CLIMATE NORMAL PERIOD 1981 TO 2010
CLIMATE RECORD PERIOD 1893 TO 2015


WEATHER ITEM   OBSERVED TIME   RECORD YEAR NORMAL DEPARTURE LAST
                VALUE   (LST)  VALUE       VALUE  FROM      YEAR
                                                  NORMAL
..................................................................
TEMPERATURE (F)
 TODAY
  MAXIMUM         96    351 PM 111    1980  95      1       90
  MINIMUM         70    605 AM  60    1995  70      0       70
                                      1951
                                      1893
  AVERAGE         83                        82      1       80

PRECIPITATION (IN)
  TODAY            0.00          2.50 1919   0.09  -0.09     0.01
  MONTH TO DATE    0.00                      0.09  -0.09     0.01
  SINCE JUN 1      4.04                      4.04   0.00     4.73
  SINCE JAN 1     23.64                     12.61  11.03    10.96

SNOWFALL (IN)
  TODAY            0.0          MM      MM   0.0    0.0      0.0
  MONTH TO DATE    0.0                       0.0    0.0      0.0
  SINCE JUN 1      0.0                       0.0    0.0      0.0
  SINCE JUL 1      0.0                       0.0    0.0      0.0
  SNOW DEPTH       0

DEGREE DAYS
 HEATING
  TODAY            0                         0      0        0
  MONTH TO DATE    0                         0      0        0
  SINCE JUN 1      0                         2     -2        0
  SINCE JUL 1      0                         0      0        0

 COOLING
  TODAY           18                        17      1       15
  MONTH TO DATE   18                        17      1       15
  SINCE JUN 1    477                       438     39      460
  SINCE JAN 1    677                       750    -73      824
..................................................................


WIND (MPH)
  RESULTANT WIND SPEED  12   RESULTANT WIND DIRECTION  SW (210)
  HIGHEST WIND SPEED    23   HIGHEST WIND DIRECTION    SW (210)
  HIGHEST GUST SPEED    31   HIGHEST GUST DIRECTION     S (180)
  AVERAGE WIND SPEED    12.4


SKY COVER
  AVERAGE SKY COVER 0.0


WEATHER CONDITIONS
 THE FOLLOWING WEATHER WAS RECORDED TODAY.
  HAZE


RELATIVE HUMIDITY (PERCENT)
 HIGHEST    90           200 AM
 LOWEST     34           100 PM
 AVERAGE    62

..........................................................


THE CHILDRESS CLIMATE NORMALS FOR TOMORROW
                         NORMAL    RECORD    YEAR
 MAXIMUM TEMPERATURE (F)   95       108      1980
 MINIMUM TEMPERATURE (F)   70        59      2013


SUNRISE AND SUNSET
JULY  1 2015..........SUNRISE   632 AM CDT   SUNSET   858 PM CDT
JULY  2 2015..........SUNRISE   633 AM CDT   SUNSET   857 PM CDT


-  INDICATES NEGATIVE NUMBERS.
R  INDICATES RECORD WAS SET OR TIED.
MM INDICATES DATA IS MISSING.
T  INDICATES TRACE AMOUNT.




$$
