000
CDUS46 KEKA 291214
CLICEC


CLIMATE REPORT
NATIONAL WEATHER SERVICE EUREKA CA
510 AM PDT WED JUL 29 2015


...................................

...THE CRESCENT CITY CA CLIMATE SUMMARY FOR JULY 28 2015...

CLIMATE NORMAL PERIOD 1981 TO 2010
CLIMATE RECORD PERIOD 1894 TO 2015


WEATHER ITEM   OBSERVED TIME   RECORD YEAR NORMAL DEPARTURE LAST
                VALUE   (LST)  VALUE       VALUE  FROM      YEAR
                                                  NORMAL
..................................................................
TEMPERATURE (F)
 YESTERDAY
  MAXIMUM         70    712 AM  72    2000  62      8       61
  MINIMUM         57   1150 PM  43    1949  52      5       52
  AVERAGE         64                        57      7       57

PRECIPITATION (IN)
  YESTERDAY        0.00          0.07 1964   0.00   0.00     0.00
  MONTH TO DATE    0.07                      0.39  -0.32     0.20
  SINCE OCT 1     41.84                     62.56 -20.72    28.73
  SINCE JAN 1     21.01                     37.32 -16.31    24.79

SNOWFALL (IN)
  YESTERDAY        0.0          MM      MM  MM     MM        0.0
  MONTH TO DATE    0.0                      MM     MM        0.0
  SINCE JUN 1      0.0                      MM     MM        0.0
  SINCE JUL 1      0.0                      MM     MM        0.0
  SNOW DEPTH       0

DEGREE DAYS
 HEATING
  YESTERDAY        1                         8     -7        8
  MONTH TO DATE  136                       248   -112      186
  SINCE JUN 1    418                       557   -139      507
  SINCE JUL 1    136                       248   -112      186

 COOLING
  YESTERDAY        0                         0      0        0
  MONTH TO DATE    0                         0      0        0
  SINCE JUN 1      0                         0      0        0
  SINCE JAN 1      0                         0      0        0
..................................................................


WIND (MPH)
  HIGHEST WIND SPEED    24   HIGHEST WIND DIRECTION     N (340)
  HIGHEST GUST SPEED    33   HIGHEST GUST DIRECTION     N (340)
  AVERAGE WIND SPEED    11.1


SKY COVER
  AVERAGE SKY COVER 0.0


WEATHER CONDITIONS
 THE FOLLOWING WEATHER WAS RECORDED YESTERDAY.
  HAZE


RELATIVE HUMIDITY (PERCENT)
 HIGHEST    77
 LOWEST     55
 AVERAGE    66

..........................................................


THE CRESCENT CITY CA CLIMATE NORMALS FOR TODAY
                         NORMAL    RECORD    YEAR
 MAXIMUM TEMPERATURE (F)   62        72      1977
 MINIMUM TEMPERATURE (F)   52        42      1985


SUNRISE AND SUNSET
JULY 29 2015..........SUNRISE   608 AM PDT   SUNSET   838 PM PDT
JULY 30 2015..........SUNRISE   609 AM PDT   SUNSET   837 PM PDT


-  INDICATES NEGATIVE NUMBERS.
R  INDICATES RECORD WAS SET OR TIED.
MM INDICATES DATA IS MISSING.
T  INDICATES TRACE AMOUNT.




$$
