000
CDUS46 KEKA 251210
CLICEC


CLIMATE REPORT
NATIONAL WEATHER SERVICE EUREKA CA
410 AM PST SUN FEB 25 2018


...................................

...THE CRESCENT CITY CA CLIMATE SUMMARY FOR FEBRUARY 24 2018...

CLIMATE NORMAL PERIOD 1981 TO 2010
CLIMATE RECORD PERIOD 1894 TO 2018


WEATHER ITEM   OBSERVED TIME   RECORD YEAR NORMAL DEPARTURE LAST
                VALUE   (LST)  VALUE       VALUE  FROM      YEAR
                                                  NORMAL
..................................................................
TEMPERATURE (F)
 YESTERDAY
  MAXIMUM         53    107 PM  73    1991  54     -1       44
  MINIMUM         40   1047 PM  30    1982  42     -2       34
  AVERAGE         47                        48     -1       39

PRECIPITATION (IN)
  YESTERDAY        0.23          5.40 1986   0.31  -0.08     0.73
  MONTH TO DATE    1.33                      7.67  -6.34    13.12
  SINCE OCT 1     25.95                     43.30 -17.35    70.44
  SINCE JAN 1     11.93                     18.06  -6.13    25.34

SNOWFALL (IN)
  YESTERDAY       MM            MM      MM  MM     MM       MM
  MONTH TO DATE    0.0                      MM     MM        0.0
  SINCE DEC 1      0.0                      MM     MM        0.0
  SINCE JUL 1      0.0                      MM     MM        0.0
  SNOW DEPTH       0

DEGREE DAYS
 HEATING
  YESTERDAY       18                        17      1       26
  MONTH TO DATE  373                       422    -49      322
  SINCE DEC 1   1237                      1491   -254     1514
  SINCE JUL 1   2727                      3108   -381     2847

 COOLING
  YESTERDAY        0                         0      0        0
  MONTH TO DATE    0                         0      0        0
  SINCE DEC 1      0                         0      0        0
  SINCE JAN 1      0                         0      0        0
..................................................................


WIND (MPH)
  HIGHEST WIND SPEED    20   HIGHEST WIND DIRECTION    NW (310)
  HIGHEST GUST SPEED    26   HIGHEST GUST DIRECTION    SE (150)
  AVERAGE WIND SPEED    10.8


SKY COVER
  AVERAGE SKY COVER 0.9


WEATHER CONDITIONS
 THE FOLLOWING WEATHER WAS RECORDED YESTERDAY.
  LIGHT RAIN
  FOG
  HAZE


RELATIVE HUMIDITY (PERCENT)
 HIGHEST    89
 LOWEST     58
 AVERAGE    74

..........................................................


THE CRESCENT CITY CA CLIMATE NORMALS FOR TODAY
                         NORMAL    RECORD    YEAR
 MAXIMUM TEMPERATURE (F)   54        75      1992
 MINIMUM TEMPERATURE (F)   42        30      1962


SUNRISE AND SUNSET
FEBRUARY 25 2018......SUNRISE   658 AM PST   SUNSET   603 PM PST
FEBRUARY 26 2018......SUNRISE   656 AM PST   SUNSET   604 PM PST


-  INDICATES NEGATIVE NUMBERS.
R  INDICATES RECORD WAS SET OR TIED.
MM INDICATES DATA IS MISSING.
T  INDICATES TRACE AMOUNT.




$$
