000
CDUS46 KEKA 290111
CLICEC


CLIMATE REPORT
NATIONAL WEATHER SERVICE EUREKA CA
511 PM PST SUN DEC 28 2014


...................................

...THE CRESCENT CITY CA CLIMATE SUMMARY FOR DECEMBER 28 2014...
VALID TODAY AS OF 0500 PM LOCAL TIME.

CLIMATE NORMAL PERIOD 1981 TO 2010
CLIMATE RECORD PERIOD 1894 TO 2014


WEATHER ITEM   OBSERVED TIME   RECORD YEAR NORMAL DEPARTURE LAST
                VALUE   (LST)  VALUE       VALUE  FROM      YEAR
                                                  NORMAL
..................................................................
TEMPERATURE (F)
 TODAY
  MAXIMUM         54    223 PM  68    1993  55     -1       54
  MINIMUM         46    808 AM  30    1955  41      5       34
  AVERAGE         50                        48      2       44

PRECIPITATION (IN)
  TODAY            0.03          4.27 1965   0.39  -0.36     0.00
  MONTH TO DATE   10.62                     10.14   0.48     1.31
  SINCE JUL 1     24.35                     25.97  -1.62     8.99
  SINCE JAN 1     48.94                     62.90 -13.96    28.92

SNOWFALL (IN)
  TODAY           MM            MM      MM  MM     MM        0.0
  MONTH TO DATE    0.0                      MM     MM        0.0
  SINCE DEC 1      0.0                      MM     MM        0.0
  SINCE JUL 1      0.0                      MM     MM        0.0
  SNOW DEPTH       0

..................................................................


WIND (MPH)
  HIGHEST WIND SPEED    15   HIGHEST WIND DIRECTION     N (340)
  HIGHEST GUST SPEED    20   HIGHEST GUST DIRECTION     N (340)
  AVERAGE WIND SPEED     5.1


SKY COVER
  AVERAGE SKY COVER 0.7


WEATHER CONDITIONS
 THE FOLLOWING WEATHER WAS RECORDED TODAY.
  LIGHT RAIN
  FOG


RELATIVE HUMIDITY (PERCENT)
 HIGHEST   100
 LOWEST     64
 AVERAGE    82

..........................................................


THE CRESCENT CITY CA CLIMATE NORMALS FOR TOMORROW
                         NORMAL    RECORD    YEAR
 MAXIMUM TEMPERATURE (F)   55        68      1993
 MINIMUM TEMPERATURE (F)   41        25      1990


SUNRISE AND SUNSET
DECEMBER 28 2014......SUNRISE   744 AM PST   SUNSET   454 PM PST
DECEMBER 29 2014......SUNRISE   744 AM PST   SUNSET   454 PM PST


-  INDICATES NEGATIVE NUMBERS.
R  INDICATES RECORD WAS SET OR TIED.
MM INDICATES DATA IS MISSING.
T  INDICATES TRACE AMOUNT.




$$
