000
CDUS46 KEKA 261212
CLICEC


CLIMATE REPORT
NATIONAL WEATHER SERVICE EUREKA CA
510 AM PDT SAT JUL 26 2014


...................................

...THE CRESCENT CITY CA CLIMATE SUMMARY FOR JULY 25 2014...

CLIMATE NORMAL PERIOD 1981 TO 2010
CLIMATE RECORD PERIOD 1894 TO 2014


WEATHER ITEM   OBSERVED TIME   RECORD YEAR NORMAL DEPARTURE LAST
                VALUE   (LST)  VALUE       VALUE  FROM      YEAR
                                                  NORMAL
..................................................................
TEMPERATURE (F)
 YESTERDAY
  MAXIMUM         64    210 PM  73    1974  61      3       62
  MINIMUM         52    541 AM  42    1949  52      0       53
  AVERAGE         58                        56      2       58

PRECIPITATION (IN)
  YESTERDAY        0.00          0.03 1989   0.00   0.00     0.00
  MONTH TO DATE    0.20                      0.37  -0.17     0.00
  SINCE JUL 1      0.20                      0.37  -0.17     0.00
  SINCE JAN 1     24.79                     37.30 -12.51    19.93

SNOWFALL (IN)
  YESTERDAY        0.0          MM      MM  MM     MM        0.0
  MONTH TO DATE    0.0                      MM     MM        0.0
  SINCE JUN 1      0.0                      MM     MM        0.0
  SINCE JUL 1      0.0                      MM     MM        0.0
  SNOW DEPTH       0

DEGREE DAYS
 HEATING
  YESTERDAY        7                         8     -1        7
  MONTH TO DATE  164                       224    -60      251
  SINCE JUN 1    485                       533    -48      547
  SINCE JUL 1    164                       224    -60      251

 COOLING
  YESTERDAY        0                         0      0        0
  MONTH TO DATE    0                         0      0        0
  SINCE JUN 1      0                         0      0        0
  SINCE JAN 1      0                         0      0        2
..................................................................


WIND (MPH)
  HIGHEST WIND SPEED    22   HIGHEST WIND DIRECTION    NW (330)
  HIGHEST GUST SPEED    30   HIGHEST GUST DIRECTION    NW (330)
  AVERAGE WIND SPEED    12.1


SKY COVER
  AVERAGE SKY COVER 0.0


WEATHER CONDITIONS
 THE FOLLOWING WEATHER WAS RECORDED YESTERDAY.
  FOG


RELATIVE HUMIDITY (PERCENT)
 HIGHEST   100
 LOWEST     67
 AVERAGE    84

..........................................................


THE CRESCENT CITY CA CLIMATE NORMALS FOR TODAY
                         NORMAL    RECORD    YEAR
 MAXIMUM TEMPERATURE (F)   62        73      1974
 MINIMUM TEMPERATURE (F)   52        42      1987


SUNRISE AND SUNSET
JULY 26 2014..........SUNRISE   605 AM PDT   SUNSET   841 PM PDT
JULY 27 2014..........SUNRISE   606 AM PDT   SUNSET   840 PM PDT


-  INDICATES NEGATIVE NUMBERS.
R  INDICATES RECORD WAS SET OR TIED.
MM INDICATES DATA IS MISSING.
T  INDICATES TRACE AMOUNT.




$$
