880
CDUS46 KEKA 240013
CLICEC


CLIMATE REPORT
NATIONAL WEATHER SERVICE EUREKA CA
513 PM PDT MON MAY 23 2016


...................................

...THE CRESCENT CITY CA CLIMATE SUMMARY FOR MAY 23 2016...
VALID TODAY AS OF 0500 PM LOCAL TIME.

CLIMATE NORMAL PERIOD 1981 TO 2010
CLIMATE RECORD PERIOD 1894 TO 2016


WEATHER ITEM   OBSERVED TIME   RECORD YEAR NORMAL DEPARTURE LAST
                VALUE   (LST)  VALUE       VALUE  FROM      YEAR
                                                  NORMAL
..................................................................
TEMPERATURE (F)
 TODAY
  MAXIMUM         59    302 PM  71    1992  59      0       59
  MINIMUM         50    551 AM  37    2002  47      3       50
  AVERAGE         55                        53      2       55

PRECIPITATION (IN)
  TODAY            0.00          1.02 1989   0.08  -0.08     0.00
  MONTH TO DATE    0.38                      2.34  -1.96      T
  SINCE OCT 1     66.15                     59.91   6.24    41.20
  SINCE JAN 1     31.47                     34.67  -3.20    20.37

SNOWFALL (IN)
  TODAY            0.0          MM      MM  MM     MM        0.0
  MONTH TO DATE    0.0                      MM     MM        0.0
  SINCE MAR 1      0.0                      MM     MM        0.0
  SINCE JUL 1      0.0                      MM     MM        0.0
  SNOW DEPTH       0

..................................................................


WIND (MPH)
  HIGHEST WIND SPEED    10   HIGHEST WIND DIRECTION     W (270)
  HIGHEST GUST SPEED    13   HIGHEST GUST DIRECTION     W (290)
  AVERAGE WIND SPEED     5.2


SKY COVER
  AVERAGE SKY COVER 0.8


WEATHER CONDITIONS
 THE FOLLOWING WEATHER WAS RECORDED TODAY.
  NO SIGNIFICANT WEATHER WAS OBSERVED.


RELATIVE HUMIDITY (PERCENT)
 HIGHEST    96
 LOWEST     72
 AVERAGE    84

..........................................................


THE CRESCENT CITY CA CLIMATE NORMALS FOR TOMORROW
                         NORMAL    RECORD    YEAR
 MAXIMUM TEMPERATURE (F)   59        81      1982
 MINIMUM TEMPERATURE (F)   48        38      1962


SUNRISE AND SUNSET
MAY 23 2016...........SUNRISE   550 AM PDT   SUNSET   838 PM PDT
MAY 24 2016...........SUNRISE   549 AM PDT   SUNSET   839 PM PDT


-  INDICATES NEGATIVE NUMBERS.
R  INDICATES RECORD WAS SET OR TIED.
MM INDICATES DATA IS MISSING.
T  INDICATES TRACE AMOUNT.




$$
