000
CDUS45 KGJT 240917
CLICEZ


CLIMATE REPORT
NATIONAL WEATHER SERVICE GRAND JUNCTION CO
214 AM MST TUE JAN 24 2017


...................................

...THE CORTEZ CO CLIMATE SUMMARY FOR JANUARY 23 2017...

CLIMATE NORMAL PERIOD 1981 TO 2010
CLIMATE RECORD PERIOD 9999 TO 9999


WEATHER ITEM   OBSERVED TIME   RECORD YEAR NORMAL DEPARTURE LAST
                VALUE   (LST)  VALUE       VALUE  FROM      YEAR
                                                  NORMAL
..................................................................
TEMPERATURE (F)
 YESTERDAY
  MAXIMUM         40    309 PM  MM      MM  42     -2       46
  MINIMUM         24   1159 PM  MM      MM  15      9       11
  AVERAGE         32                        28      4       29

PRECIPITATION (IN)
  YESTERDAY        0.26         MM      MM   0.03   0.23     0.00
  MONTH TO DATE    1.92                      0.70   1.22     0.88
  SINCE DEC 1      3.68                      1.57   2.11     1.66
  SINCE JAN 1      1.92                      0.70   1.22     0.88

SNOWFALL (IN)
  YESTERDAY       MM            MM      MM  MM     MM       MM
  MONTH TO DATE   MM                        MM     MM       MM
  SINCE DEC 1     MM                        MM     MM       MM
  SINCE JUL 1     MM                        MM     MM       MM
  SNOW DEPTH      MM

DEGREE DAYS
 HEATING
  YESTERDAY       33                        37     -4       36
  MONTH TO DATE  737                       860   -123      981
  SINCE DEC 1   1789                      1993   -204     2188
  SINCE JUL 1   3023                      3518   -495     3393

 COOLING
  YESTERDAY        0                         0      0        0
  MONTH TO DATE    0                         0      0        0
  SINCE DEC 1      0                         0      0        0
  SINCE JAN 1      0                         0      0        0
..................................................................


WIND (MPH)
  HIGHEST WIND SPEED    26   HIGHEST WIND DIRECTION     S (200)
  HIGHEST GUST SPEED    31   HIGHEST GUST DIRECTION     S (190)
  AVERAGE WIND SPEED     9.0


SKY COVER
  POSSIBLE SUNSHINE  MM
  AVERAGE SKY COVER 1.0


WEATHER CONDITIONS
 THE FOLLOWING WEATHER WAS RECORDED YESTERDAY.
  LIGHT RAIN
  HEAVY SNOW
  SNOW
  LIGHT SNOW
  FOG
  FOG W/VISIBILITY <= 1/4 MILE


RELATIVE HUMIDITY (PERCENT)
 HIGHEST   100           900 PM
 LOWEST     64          1200 PM
 AVERAGE    82

..........................................................


THE CORTEZ CO CLIMATE NORMALS FOR TODAY
                         NORMAL    RECORD    YEAR
 MAXIMUM TEMPERATURE (F)   42        MM        MM
 MINIMUM TEMPERATURE (F)   15        MM        MM


SUNRISE AND SUNSET
JANUARY 24 2017.......SUNRISE   723 AM MST   SUNSET   531 PM MST
JANUARY 25 2017.......SUNRISE   723 AM MST   SUNSET   532 PM MST


-  INDICATES NEGATIVE NUMBERS.
R  INDICATES RECORD WAS SET OR TIED.
MM INDICATES DATA IS MISSING.
T  INDICATES TRACE AMOUNT.




$$
