000
CDUS43 KPAH 230640
CLICGI


CLIMATE REPORT
NATIONAL WEATHER SERVICE PADUCAH KY
1237 AM CST THU FEB 23 2017


...................................

...THE CAPE GIRARDEAU MO CLIMATE SUMMARY FOR FEBRUARY 22 2017...

CLIMATE NORMAL PERIOD 1981 TO 2010
CLIMATE RECORD PERIOD 1960 TO 2017


WEATHER ITEM   OBSERVED TIME   RECORD YEAR NORMAL DEPARTURE LAST
                VALUE   (LST)  VALUE       VALUE  FROM      YEAR
                                                  NORMAL
..................................................................
TEMPERATURE (F)
 YESTERDAY
  MAXIMUM         71R   223 PM  68    1992  50     21       52
  MINIMUM         53    245 AM   0    1963  30     23       38
  AVERAGE         62                        40     22

PRECIPITATION (IN)
  YESTERDAY        0.00          2.46 1975   0.12  -0.12     0.00
  MONTH TO DATE    0.96                      2.68  -1.72     0.90
  SINCE DEC 1      6.26                     10.40  -4.14     4.95
  SINCE JAN 1      2.92                      6.15  -3.23     2.56

DEGREE DAYS
 HEATING
  YESTERDAY        3                        25    -22       20
  MONTH TO DATE  421                       616   -195      569
  SINCE DEC 1   2072                      2503   -431     2084
  SINCE JUL 1   2649                      3354   -705     2734

 COOLING
  YESTERDAY        0                         0      0        0
  MONTH TO DATE    0                         0      0        0
  SINCE DEC 1      0                         0      0        2
  SINCE JAN 1      0                         0      0        0
..................................................................


WIND (MPH)
  HIGHEST WIND SPEED    16   HIGHEST WIND DIRECTION     S (200)
  HIGHEST GUST SPEED    22   HIGHEST GUST DIRECTION    SW (220)
  AVERAGE WIND SPEED     6.2


SKY COVER
  AVERAGE SKY COVER 0.4


WEATHER CONDITIONS
 THE FOLLOWING WEATHER WAS RECORDED YESTERDAY.
  FOG


RELATIVE HUMIDITY (PERCENT)
 HIGHEST   100
 LOWEST     61
 AVERAGE    81

..........................................................


THE CAPE GIRARDEAU MO CLIMATE NORMALS FOR TODAY
                         NORMAL    RECORD    YEAR
 MAXIMUM TEMPERATURE (F)   51        76      1982
 MINIMUM TEMPERATURE (F)   30         9      1968


SUNRISE AND SUNSET
FEBRUARY 23 2017......SUNRISE   637 AM CST   SUNSET   547 PM CST
FEBRUARY 24 2017......SUNRISE   636 AM CST   SUNSET   548 PM CST


-  INDICATES NEGATIVE NUMBERS.
R  INDICATES RECORD WAS SET OR TIED.
MM INDICATES DATA IS MISSING.
T  INDICATES TRACE AMOUNT.




$$
