000
CDUS43 KPAH 090636
CLICGI


CLIMATE REPORT
NATIONAL WEATHER SERVICE PADUCAH KY
1234 AM CST TUE FEB 9 2016


...................................

...THE CAPE GIRARDEAU MO CLIMATE SUMMARY FOR FEBRUARY 8 2016...

CLIMATE NORMAL PERIOD 1981 TO 2010
CLIMATE RECORD PERIOD 1960 TO 2016


WEATHER ITEM   OBSERVED TIME   RECORD YEAR NORMAL DEPARTURE LAST
                VALUE   (LST)  VALUE       VALUE  FROM      YEAR
                                                  NORMAL
..................................................................
TEMPERATURE (F)
 YESTERDAY
  MAXIMUM         40    303 AM  66    1990  46     -6       64
  MINIMUM         28   1159 PM  -4    2003  26      2       46
  AVERAGE         34                        36     -2

PRECIPITATION (IN)
  YESTERDAY        T             0.40 1982   0.13  -0.13     0.00
  MONTH TO DATE    0.03                      0.99  -0.96     0.73
  SINCE DEC 1      4.08                      8.71  -4.63     8.31
  SINCE JAN 1      1.69                      4.46  -2.77     5.50

DEGREE DAYS
 HEATING
  YESTERDAY       31                        29      2       10
  MONTH TO DATE  180                       238    -58      228
  SINCE DEC 1   1695                      2125   -430     1941
  SINCE JUL 1   2345                      2976   -631     2937

 COOLING
  YESTERDAY        0                         0      0        0
  MONTH TO DATE    0                         0      0        0
  SINCE DEC 1      2                         0      2        0
  SINCE JAN 1      0                         0      0        0
..................................................................


WIND (MPH)
  HIGHEST WIND SPEED    26   HIGHEST WIND DIRECTION     W (290)
  HIGHEST GUST SPEED    35   HIGHEST GUST DIRECTION    NW (300)
  AVERAGE WIND SPEED    15.6


SKY COVER
  AVERAGE SKY COVER 0.9


WEATHER CONDITIONS
 THE FOLLOWING WEATHER WAS RECORDED YESTERDAY.
  LIGHT SNOW


RELATIVE HUMIDITY (PERCENT)
 HIGHEST    78
 LOWEST     40
 AVERAGE    59

..........................................................


THE CAPE GIRARDEAU MO CLIMATE NORMALS FOR TODAY
                         NORMAL    RECORD    YEAR
 MAXIMUM TEMPERATURE (F)   46        69      2009
 MINIMUM TEMPERATURE (F)   27        -2      1979


SUNRISE AND SUNSET
FEBRUARY  9 2016......SUNRISE   654 AM CST   SUNSET   531 PM CST
FEBRUARY 10 2016......SUNRISE   653 AM CST   SUNSET   532 PM CST


-  INDICATES NEGATIVE NUMBERS.
R  INDICATES RECORD WAS SET OR TIED.
MM INDICATES DATA IS MISSING.
T  INDICATES TRACE AMOUNT.




$$
