000
CDUS43 KPAH 050633
CLICGI


CLIMATE REPORT
NATIONAL WEATHER SERVICE PADUCAH KY
132 AM CDT SAT SEP 5 2015


...................................

...THE CAPE GIRARDEAU MO CLIMATE SUMMARY FOR SEPTEMBER 4 2015...

CLIMATE NORMAL PERIOD 1981 TO 2010
CLIMATE RECORD PERIOD 1960 TO 2015


WEATHER ITEM   OBSERVED TIME   RECORD YEAR NORMAL DEPARTURE LAST
                VALUE   (LST)  VALUE       VALUE  FROM      YEAR
                                                  NORMAL
..................................................................
TEMPERATURE (F)
 YESTERDAY
  MAXIMUM         93    107 PM  98    1999  86      7       91
  MINIMUM         65    448 AM  47    1997  61      4       66
  AVERAGE         79                        73      6

PRECIPITATION (IN)
  YESTERDAY        0.00          1.12 1991   0.11  -0.11     0.00
  MONTH TO DATE    0.00                      0.44  -0.44     0.00
  SINCE SEP 1      0.00                      0.44  -0.44     0.00
  SINCE JAN 1     43.55                     31.49  12.06    32.30

DEGREE DAYS
 HEATING
  YESTERDAY        0                         0      0        0
  MONTH TO DATE    0                         0      0        0
  SINCE SEP 1      0                         0      0        0
  SINCE JUL 1      0                         1     -1        0

 COOLING
  YESTERDAY       14                         9      5       14
  MONTH TO DATE   53                        36     17       49
  SINCE SEP 1     53                        36     17       49
  SINCE JAN 1   1382                      1296     86     1288
..................................................................


WIND (MPH)
  HIGHEST WIND SPEED     7   HIGHEST WIND DIRECTION     E (80)
  HIGHEST GUST SPEED     8   HIGHEST GUST DIRECTION     E (90)
  AVERAGE WIND SPEED     1.7


SKY COVER
  AVERAGE SKY COVER 0.1


WEATHER CONDITIONS
 THE FOLLOWING WEATHER WAS RECORDED YESTERDAY.
  FOG
  FOG W/VISIBILITY <= 1/4 MILE
  HAZE


RELATIVE HUMIDITY (PERCENT)
 HIGHEST   100
 LOWEST     46
 AVERAGE    73

..........................................................


THE CAPE GIRARDEAU MO CLIMATE NORMALS FOR TODAY
                         NORMAL    RECORD    YEAR
 MAXIMUM TEMPERATURE (F)   85        99      1990
 MINIMUM TEMPERATURE (F)   61        42      1997


SUNRISE AND SUNSET
SEPTEMBER  5 2015.....SUNRISE   632 AM CDT   SUNSET   721 PM CDT
SEPTEMBER  6 2015.....SUNRISE   633 AM CDT   SUNSET   720 PM CDT


-  INDICATES NEGATIVE NUMBERS.
R  INDICATES RECORD WAS SET OR TIED.
MM INDICATES DATA IS MISSING.
T  INDICATES TRACE AMOUNT.




$$
