000
CDUS43 KPAH 190631
CLICGI


CLIMATE REPORT
NATIONAL WEATHER SERVICE PADUCAH KY
128 AM CDT THU OCT 19 2017


...................................

...THE CAPE GIRARDEAU MO CLIMATE SUMMARY FOR OCTOBER 18 2017...

CLIMATE NORMAL PERIOD 1981 TO 2010
CLIMATE RECORD PERIOD 1960 TO 2017


WEATHER ITEM   OBSERVED TIME   RECORD YEAR NORMAL DEPARTURE LAST
                VALUE   (LST)  VALUE       VALUE  FROM      YEAR
                                                  NORMAL
..................................................................
TEMPERATURE (F)
 YESTERDAY
  MAXIMUM         74    251 PM  85    2016  70      4       85
                                      1963
  MINIMUM         35    626 AM  25    1976  44     -9       69
  AVERAGE         55                        57     -2

PRECIPITATION (IN)
  YESTERDAY        0.00          1.72 1994   0.13  -0.13     0.00
  MONTH TO DATE    1.01                      2.13  -1.12     0.40
  SINCE SEP 1      1.74                      5.41  -3.67     5.45
  SINCE JAN 1     27.49                     36.46  -8.97    42.15

DEGREE DAYS
 HEATING
  YESTERDAY       10                         9      1        0
  MONTH TO DATE   58                       120    -62       46
  SINCE SEP 1     74                       168    -94       65
  SINCE JUL 1     74                       169    -95       65

 COOLING
  YESTERDAY        0                         1     -1       12
  MONTH TO DATE   89                        25     64       68
  SINCE SEP 1    280                       187     93      325
  SINCE JAN 1   1482                      1447     35     1768
..................................................................


WIND (MPH)
  HIGHEST WIND SPEED    17   HIGHEST WIND DIRECTION    SW (220)
  HIGHEST GUST SPEED    21   HIGHEST GUST DIRECTION     S (200)
  AVERAGE WIND SPEED     6.6


SKY COVER
  AVERAGE SKY COVER 0.0


WEATHER CONDITIONS
 THE FOLLOWING WEATHER WAS RECORDED YESTERDAY.
  FOG


RELATIVE HUMIDITY (PERCENT)
 HIGHEST   100
 LOWEST     38
 AVERAGE    69

..........................................................


THE CAPE GIRARDEAU MO CLIMATE NORMALS FOR TODAY
                         NORMAL    RECORD    YEAR
 MAXIMUM TEMPERATURE (F)   70        90      2005
 MINIMUM TEMPERATURE (F)   44        32      1989


SUNRISE AND SUNSET
OCTOBER 19 2017.......SUNRISE   710 AM CDT   SUNSET   616 PM CDT
OCTOBER 20 2017.......SUNRISE   711 AM CDT   SUNSET   614 PM CDT


-  INDICATES NEGATIVE NUMBERS.
R  INDICATES RECORD WAS SET OR TIED.
MM INDICATES DATA IS MISSING.
T  INDICATES TRACE AMOUNT.




$$
