000
CDUS43 KPAH 240627
CLICGI


CLIMATE REPORT
NATIONAL WEATHER SERVICE PADUCAH KY
126 AM CDT SUN JUL 24 2016

...................................

...THE CAPE GIRARDEAU MO CLIMATE SUMMARY FOR JULY 23 2016...

CLIMATE NORMAL PERIOD 1981 TO 2010
CLIMATE RECORD PERIOD 1960 TO 2016

WEATHER ITEM   OBSERVED TIME   RECORD YEAR NORMAL DEPARTURE LAST
                VALUE   (LST)  VALUE       VALUE  FROM      YEAR
                                                  NORMAL
..................................................................
TEMPERATURE (F)
 YESTERDAY
  MAXIMUM         93    303 PM 103    1983  89      4       87
  MINIMUM         73    541 AM  54    2007  68      5       73
  AVERAGE         83                        79      4

PRECIPITATION (IN)
  YESTERDAY        0.00          2.24 1971   0.11  -0.11     0.02
  MONTH TO DATE    3.29                      2.50   0.79     8.83
  SINCE JUN 1      4.57                      6.07  -1.50    13.15
  SINCE JAN 1     27.85                     27.17   0.68    38.59

DEGREE DAYS
 HEATING
  YESTERDAY        0                         0      0        0
  MONTH TO DATE    0                         0      0        0
  SINCE JUN 1      0                         4     -4        5
  SINCE JUL 1      0                         0      0        0

 COOLING
  YESTERDAY       18                        14      4       15
  MONTH TO DATE  350                       319     31      335
  SINCE JUN 1    761                       631    130      716
  SINCE JAN 1    882                       783     99      893
..................................................................

WIND (MPH)
  HIGHEST WIND SPEED     9   HIGHEST WIND DIRECTION    SE (130)
  HIGHEST GUST SPEED    12   HIGHEST GUST DIRECTION    SE (120)
  AVERAGE WIND SPEED     3.2

SKY COVER
  AVERAGE SKY COVER 0.4

WEATHER CONDITIONS
 THE FOLLOWING WEATHER WAS RECORDED YESTERDAY.
  FOG
  FOG W/VISIBILITY <= 1/4 MILE

RELATIVE HUMIDITY (PERCENT)
 HIGHEST   100
 LOWEST     56
 AVERAGE    78
..........................................................

THE CAPE GIRARDEAU MO CLIMATE NORMALS FOR TODAY
                         NORMAL    RECORD    YEAR
 MAXIMUM TEMPERATURE (F)   89       102      1965
 MINIMUM TEMPERATURE (F)   68        51      2000

SUNRISE AND SUNSET
JULY 24 2016..........SUNRISE   557 AM CDT   SUNSET   812 PM CDT
JULY 25 2016..........SUNRISE   558 AM CDT   SUNSET   811 PM CDT

-  INDICATES NEGATIVE NUMBERS.
R  INDICATES RECORD WAS SET OR TIED.
MM INDICATES DATA IS MISSING.
T  INDICATES TRACE AMOUNT.

$$
