000
CDUS44 KMRX 011231
CLICHA

CLIMATE REPORT NATIONAL WEATHER SERVICE MORRISTOWN TN
831 AM EDT MON SEP 1 2014

...................................

...THE CHATTANOOGA CLIMATE SUMMARY FOR AUGUST 31 2014...

CLIMATE NORMAL PERIOD 1981 TO 2010
CLIMATE RECORD PERIOD 1879 TO 2014


WEATHER ITEM   OBSERVED TIME   RECORD YEAR NORMAL DEPARTURE LAST
                VALUE   (LST)  VALUE       VALUE  FROM      YEAR
                                                  NORMAL
..................................................................
TEMPERATURE (F)
 YESTERDAY
  MAXIMUM         84    304 PM  99    1993  88     -4       93
  MINIMUM         69    543 AM  50    1946  67      2       74
  AVERAGE         77                        78     -1       84

PRECIPITATION (IN)
  YESTERDAY        0.17          1.68 1917   0.10   0.07     0.00
  MONTH TO DATE    3.80                      3.48   0.32     6.57
  SINCE JUN 1     11.36                     12.44  -1.08    19.53
  SINCE JAN 1     28.65                     35.26  -6.61    54.20

SNOWFALL (IN)
  YESTERDAY        0.0                       0.0    0.0      0.0
  MONTH TO DATE    0.0                       0.0    0.0      0.0
  SINCE JUN 1      0.0                       0.0    0.0      0.0
  SINCE JUL 1      0.0                       0.0    0.0      0.0
  SNOW DEPTH       0

DEGREE DAYS
 HEATING
  YESTERDAY        0                         0      0        0
  MONTH TO DATE    0                         0      0        0
  SINCE JUN 1      0                         2     -2        0
  SINCE JUL 1      0                         0      0        0

 COOLING
  YESTERDAY       12                        12      0       19
  MONTH TO DATE  447                       446      1      412
  SINCE JUN 1   1243                      1254    -11     1216
  SINCE JAN 1   1501                      1450     51     1392
..................................................................


WIND (MPH)
  HIGHEST WIND SPEED    20   HIGHEST WIND DIRECTION     W (290)
  HIGHEST GUST SPEED    29   HIGHEST GUST DIRECTION     W (290)
  AVERAGE WIND SPEED     3.2


SKY COVER
  POSSIBLE SUNSHINE  MM
  AVERAGE SKY COVER  MM


WEATHER CONDITIONS
 THE FOLLOWING WEATHER WAS RECORDED YESTERDAY.
  THUNDERSTORM
  HEAVY RAIN
  RAIN
  LIGHT RAIN
  FOG
  HAZE


RELATIVE HUMIDITY (PERCENT)
 HIGHEST   100           700 AM
 LOWEST     65          1200 PM
 AVERAGE    83

..........................................................


THE CHATTANOOGA  ASOS CLIMATE NORMALS FOR TODAY
                         NORMAL    RECORD    YEAR
 MAXIMUM TEMPERATURE (F)   88       100      1957
                                             1951
 MINIMUM TEMPERATURE (F)   67        49      1946


SUNRISE AND SUNSET
SEPTEMBER  1 2014.....SUNRISE   713 AM EDT   SUNSET   807 PM EDT
SEPTEMBER  2 2014.....SUNRISE   714 AM EDT   SUNSET   806 PM EDT


-  INDICATES NEGATIVE NUMBERS.
R  INDICATES RECORD WAS SET OR TIED.
MM INDICATES DATA IS MISSING.
T  INDICATES TRACE AMOUNT.

&&

THE LOW TEMPERATURE THIS MORNING WAS 72.
THERE HAS BEEN A TRACE OF A PRECIPITATION SINCE MIDNIGHT.


$$
