000
CDUS44 KMRX 182128
CLICHA

CLIMATE REPORT NATIONAL WEATHER SERVICE MORRISTOWN TN
528 PM EDT THU SEP 18 2014

...................................

...THE CHATTANOOGA CLIMATE SUMMARY FOR SEPTEMBER 18 2014... VALID
TODAY AS OF 0500 PM LOCAL TIME.

CLIMATE NORMAL PERIOD 1981 TO 2010
CLIMATE RECORD PERIOD 1879 TO 2014


WEATHER ITEM   OBSERVED TIME   RECORD YEAR NORMAL DEPARTURE LAST
                VALUE   (LST)  VALUE       VALUE  FROM      YEAR
                                                  NORMAL
..................................................................
TEMPERATURE (F)
 TODAY
  MAXIMUM         83    341 PM  98    1927  83      0       80
                                      1925
                                      1896
  MINIMUM         60    652 AM  47    1981  61     -1       66
  AVERAGE         72                        72      0       73

PRECIPITATION (IN)
  TODAY            0.00          3.65 2012   0.13  -0.13     0.00
  MONTH TO DATE    2.31                      2.36  -0.05     0.31
  SINCE SEP 1      2.31                      2.36  -0.05     0.31
  SINCE JAN 1     30.96                     37.62  -6.66    54.51

SNOWFALL (IN)
  TODAY            0.0                       0.0    0.0      0.0
  MONTH TO DATE    0.0                       0.0    0.0      0.0
  SINCE SEP 1      0.0                       0.0    0.0      0.0
  SINCE JUL 1      0.0                       0.0    0.0      0.0
  SNOW DEPTH       0

DEGREE DAYS
 HEATING
  TODAY            0                         0      0        0
  MONTH TO DATE    0                         0      0        0
  SINCE SEP 1      0                         0      0        0
  SINCE JUL 1      0                         0      0        0

 COOLING
  TODAY            7                         7      0        8
  MONTH TO DATE  241                       176     65      221
  SINCE SEP 1    241                       176     65      221
  SINCE JAN 1   1742                      1626    116     1613
..................................................................


WIND (MPH)
  HIGHEST WIND SPEED    10   HIGHEST WIND DIRECTION    NE (30)
  HIGHEST GUST SPEED    14   HIGHEST GUST DIRECTION    NW (330)
  AVERAGE WIND SPEED     2.6


SKY COVER
  POSSIBLE SUNSHINE  MM
  AVERAGE SKY COVER  MM


WEATHER CONDITIONS
 THE FOLLOWING WEATHER WAS RECORDED TODAY.
  NO SIGNIFICANT WEATHER WAS OBSERVED.


RELATIVE HUMIDITY (PERCENT)
 HIGHEST    90           400 AM
 LOWEST     31           300 PM
 AVERAGE    61

..........................................................


THE CHATTANOOGA  ASOS CLIMATE NORMALS FOR TOMORROW
                         NORMAL    RECORD    YEAR
 MAXIMUM TEMPERATURE (F)   82       100      1925
 MINIMUM TEMPERATURE (F)   61        42      1981


SUNRISE AND SUNSET
SEPTEMBER 18 2014.....SUNRISE   726 AM EDT   SUNSET   743 PM EDT
SEPTEMBER 19 2014.....SUNRISE   727 AM EDT   SUNSET   742 PM EDT


-  INDICATES NEGATIVE NUMBERS.
R  INDICATES RECORD WAS SET OR TIED.
MM INDICATES DATA IS MISSING.
T  INDICATES TRACE AMOUNT.




$$
