000
CDUS44 KMRX 282129
CLICHA


CLIMATE REPORT
NATIONAL WEATHER SERVICE MORRISTOWN TN
529 PM EDT SUN MAY 28 2017


...................................

...THE CHATTANOOGA  ASOS CLIMATE SUMMARY FOR MAY 28 2017...
VALID TODAY AS OF 0500 PM LOCAL TIME.

CLIMATE NORMAL PERIOD 1981 TO 2010
CLIMATE RECORD PERIOD 1879 TO 2017


WEATHER ITEM   OBSERVED TIME   RECORD YEAR NORMAL DEPARTURE LAST
                VALUE   (LST)  VALUE       VALUE  FROM      YEAR
                                                  NORMAL
..................................................................
TEMPERATURE (F)
 TODAY
  MAXIMUM         82    359 PM  95    1962  83     -1       89
                                      1941
  MINIMUM         64    444 AM  43    1961  61      3       65
  AVERAGE         73                        72      1       77

PRECIPITATION (IN)
  TODAY            0.57          2.29 1924   0.12   0.45     0.00
  MONTH TO DATE    5.07                      3.71   1.36     1.43
  SINCE MAR 1     19.63                     12.68   6.95     6.50
  SINCE JAN 1     28.06                     22.43   5.63    17.24

SNOWFALL (IN)
  TODAY            0.0                       0.0    0.0      0.0
  MONTH TO DATE    0.0                       0.0    0.0      0.0
  SINCE MAR 1      T                         1.3   -1.3       T
  SINCE JUL 1      0.3                       3.9   -3.6      0.5
  SNOW DEPTH       0

DEGREE DAYS
 HEATING
  TODAY            0                         0      0        0
  MONTH TO DATE   25                        38    -13       29
  SINCE MAR 1    408                       616   -208      399
  SINCE JUL 1   2219                      3238  -1019     2484

 COOLING
  TODAY            8                         7      1       12
  MONTH TO DATE  172                       126     46      155
  SINCE MAR 1    298                       172    126      234
  SINCE JAN 1    298                       172    126      234
..................................................................


WIND (MPH)
  HIGHEST WIND SPEED    16   HIGHEST WIND DIRECTION    SW (220)
  HIGHEST GUST SPEED    18   HIGHEST GUST DIRECTION    SW (230)
  AVERAGE WIND SPEED     7.1


SKY COVER
  POSSIBLE SUNSHINE  MM
  AVERAGE SKY COVER 0.8


WEATHER CONDITIONS
 THE FOLLOWING WEATHER WAS RECORDED TODAY.
  THUNDERSTORM
  RAIN
  LIGHT RAIN
  FOG


RELATIVE HUMIDITY (PERCENT)
 HIGHEST   100           900 AM
 LOWEST     51           400 PM
 AVERAGE    76

..........................................................


THE CHATTANOOGA  ASOS CLIMATE NORMALS FOR TOMORROW
                         NORMAL    RECORD    YEAR
 MAXIMUM TEMPERATURE (F)   83        99      1941
 MINIMUM TEMPERATURE (F)   61        47      1984


SUNRISE AND SUNSET
MAY 28 2017...........SUNRISE   629 AM EDT   SUNSET   847 PM EDT
MAY 29 2017...........SUNRISE   629 AM EDT   SUNSET   848 PM EDT


-  INDICATES NEGATIVE NUMBERS.
R  INDICATES RECORD WAS SET OR TIED.
MM INDICATES DATA IS MISSING.
T  INDICATES TRACE AMOUNT.




$$
