000
CDUS44 KMRX 211235
CLICHA

CLIMATE REPORT NATIONAL WEATHER SERVICE MORRISTOWN TN
835 AM EDT THU AUG 21 2014

...................................

...THE CHATTANOOGA CLIMATE SUMMARY FOR AUGUST 20 2014...

CLIMATE NORMAL PERIOD 1981 TO 2010
CLIMATE RECORD PERIOD 1879 TO 2014


WEATHER ITEM   OBSERVED TIME   RECORD YEAR NORMAL DEPARTURE LAST
                VALUE   (LST)  VALUE       VALUE  FROM      YEAR
                                                  NORMAL
..................................................................
TEMPERATURE (F)
 YESTERDAY
  MAXIMUM         95    328 PM 102    1983  90      5       85
  MINIMUM         72   1159 PM  56    1976  69      3       70
                                      1940
  AVERAGE         84                        79      5       78

PRECIPITATION (IN)
  YESTERDAY        0.30          1.71 1994   0.11   0.19     0.00
  MONTH TO DATE    2.51                      2.34   0.17     5.40
  SINCE JUN 1     10.07                     11.30  -1.23    18.36
  SINCE JAN 1     27.36                     34.12  -6.76    53.03

SNOWFALL (IN)
  YESTERDAY        0.0                       0.0    0.0      0.0
  MONTH TO DATE    0.0                       0.0    0.0      0.0
  SINCE JUN 1      0.0                       0.0    0.0      0.0
  SINCE JUL 1      0.0                       0.0    0.0      0.0
  SNOW DEPTH       0

DEGREE DAYS
 HEATING
  YESTERDAY        0                         0      0        0
  MONTH TO DATE    0                         0      0        0
  SINCE JUN 1      0                         2     -2        0
  SINCE JUL 1      0                         0      0        0

 COOLING
  YESTERDAY       19                        14      5       13
  MONTH TO DATE  274                       298    -24      249
  SINCE JUN 1   1070                      1106    -36     1053
  SINCE JAN 1   1328                      1302     26     1229
..................................................................


WIND (MPH)
  HIGHEST WIND SPEED    47   HIGHEST WIND DIRECTION     W (250)
  HIGHEST GUST SPEED    62   HIGHEST GUST DIRECTION     W (270)
  AVERAGE WIND SPEED     4.6


SKY COVER
  POSSIBLE SUNSHINE  MM
  AVERAGE SKY COVER  MM


WEATHER CONDITIONS
 THE FOLLOWING WEATHER WAS RECORDED YESTERDAY.
  THUNDERSTORM
  HEAVY RAIN
  LIGHT RAIN
  FOG
  HAZE


RELATIVE HUMIDITY (PERCENT)
 HIGHEST    87          1200 AM
 LOWEST     46           400 PM
 AVERAGE    67

..........................................................


THE CHATTANOOGA  ASOS CLIMATE NORMALS FOR TODAY
                         NORMAL    RECORD    YEAR
 MAXIMUM TEMPERATURE (F)   90       103      1983
 MINIMUM TEMPERATURE (F)   69        56      1927


SUNRISE AND SUNSET
AUGUST 21 2014........SUNRISE   705 AM EDT   SUNSET   822 PM EDT
AUGUST 22 2014........SUNRISE   706 AM EDT   SUNSET   821 PM EDT


-  INDICATES NEGATIVE NUMBERS.
R  INDICATES RECORD WAS SET OR TIED.
MM INDICATES DATA IS MISSING.
T  INDICATES TRACE AMOUNT.

&&

THE LOW TEMPERATURE THIS MORNING WAS 70.
THERE HAS BEEN NO PRECIPITATION SINCE MIDNIGHT.


$$
