000
CDUS44 KMRX 020826
CLICHA


CLIMATE REPORT
NATIONAL WEATHER SERVICE MORRISTOWN TN
425 AM EDT WED SEP 2 2015


...................................

...THE CHATTANOOGA  ASOS CLIMATE SUMMARY FOR SEPTEMBER 1 2015...

CLIMATE NORMAL PERIOD 1981 TO 2010
CLIMATE RECORD PERIOD 1879 TO 2015


WEATHER ITEM   OBSERVED TIME   RECORD YEAR NORMAL DEPARTURE LAST
                VALUE   (LST)  VALUE       VALUE  FROM      YEAR
                                                  NORMAL
..................................................................
TEMPERATURE (F)
 YESTERDAY
  MAXIMUM         90    440 PM 100    1957  88      2       92
                                      1951
  MINIMUM         67    647 AM  49    1946  67      0       72
  AVERAGE         79                        77      2       82

PRECIPITATION (IN)
  YESTERDAY        0.00          2.62 1950   0.11  -0.11      T
  MONTH TO DATE    0.00                      0.11  -0.11      T
  SINCE SEP 1      0.00                      0.11  -0.11      T
  SINCE JAN 1     40.68                     35.37   5.31    28.65

DEGREE DAYS
 COOLING
  YESTERDAY       14                        12      2       17
  MONTH TO DATE   14                        12      2       17
  SINCE SEP 1     14                        12      2       17
  SINCE JAN 1   1661                      1462    199     1518
..................................................................


WIND (MPH)
  HIGHEST WIND SPEED    10   HIGHEST WIND DIRECTION     N (10)
  HIGHEST GUST SPEED    16   HIGHEST GUST DIRECTION     N (360)
  AVERAGE WIND SPEED     2.6


SKY COVER
  POSSIBLE SUNSHINE  MM
  AVERAGE SKY COVER 0.4


WEATHER CONDITIONS
 THE FOLLOWING WEATHER WAS RECORDED YESTERDAY.
  FOG


RELATIVE HUMIDITY (PERCENT)
 HIGHEST    93           500 AM
 LOWEST     44           500 PM
 AVERAGE    69

..........................................................


THE CHATTANOOGA  ASOS CLIMATE NORMALS FOR TODAY
                         NORMAL    RECORD    YEAR
 MAXIMUM TEMPERATURE (F)   87       100      2011
 MINIMUM TEMPERATURE (F)   67        53      1987
                                             1954


SUNRISE AND SUNSET
SEPTEMBER  2 2015.....SUNRISE   714 AM EDT   SUNSET   806 PM EDT
SEPTEMBER  3 2015.....SUNRISE   715 AM EDT   SUNSET   805 PM EDT


-  INDICATES NEGATIVE NUMBERS.
R  INDICATES RECORD WAS SET OR TIED.
MM INDICATES DATA IS MISSING.
T  INDICATES TRACE AMOUNT.




$$
