000
CDUS44 KMRX 270930
CLICHA


CLIMATE REPORT
NATIONAL WEATHER SERVICE MORRISTOWN TN
430 AM EST MON FEB 27 2017


...................................

...THE CHATTANOOGA  ASOS CLIMATE SUMMARY FOR FEBRUARY 26 2017...

CLIMATE NORMAL PERIOD 1981 TO 2010
CLIMATE RECORD PERIOD 1879 TO 2017


WEATHER ITEM   OBSERVED TIME   RECORD YEAR NORMAL DEPARTURE LAST
                VALUE   (LST)  VALUE       VALUE  FROM      YEAR
                                                  NORMAL
..................................................................
TEMPERATURE (F)
 YESTERDAY
  MAXIMUM         57    539 PM  79    1977  58     -1       53
  MINIMUM         31    717 AM  10    1967  37     -6       36
  AVERAGE         44                        47     -3       45

PRECIPITATION (IN)
  YESTERDAY        0.00          2.68 1944   0.18  -0.18      T
  MONTH TO DATE    2.20                      4.49  -2.29     7.07
  SINCE DEC 1     12.24                     14.30  -2.06    21.15
  SINCE JAN 1      7.19                      9.40  -2.21    10.74

SNOWFALL (IN)
  YESTERDAY        0.0                       0.0    0.0      0.0
  MONTH TO DATE    0.0                       0.5   -0.5      0.3
  SINCE DEC 1      0.3                       2.5   -2.2      0.5
  SINCE JUL 1      0.3                       2.5   -2.2      0.5
  SNOW DEPTH       0

DEGREE DAYS
 HEATING
  YESTERDAY       21                        18      3       20
  MONTH TO DATE  357                       542   -185      517
  SINCE DEC 1   1461                      1998   -537     1666
  SINCE JUL 1   1781                      2587   -806     2046
..................................................................


WIND (MPH)
  HIGHEST WIND SPEED    13   HIGHEST WIND DIRECTION    NE (50)
  HIGHEST GUST SPEED    17   HIGHEST GUST DIRECTION     N (10)
  AVERAGE WIND SPEED     3.2


SKY COVER
  POSSIBLE SUNSHINE  MM
  AVERAGE SKY COVER 0.2


WEATHER CONDITIONS
 THE FOLLOWING WEATHER WAS RECORDED YESTERDAY.
  HAZE


RELATIVE HUMIDITY (PERCENT)
 HIGHEST    72           400 AM
 LOWEST     20           400 PM
 AVERAGE    46

..........................................................


THE CHATTANOOGA  ASOS CLIMATE NORMALS FOR TODAY
                         NORMAL    RECORD    YEAR
 MAXIMUM TEMPERATURE (F)   58        78      1962
 MINIMUM TEMPERATURE (F)   37        10      1963


SUNRISE AND SUNSET
FEBRUARY 27 2017......SUNRISE   712 AM EST   SUNSET   635 PM EST
FEBRUARY 28 2017......SUNRISE   711 AM EST   SUNSET   636 PM EST


-  INDICATES NEGATIVE NUMBERS.
R  INDICATES RECORD WAS SET OR TIED.
MM INDICATES DATA IS MISSING.
T  INDICATES TRACE AMOUNT.




$$
