000
CDUS44 KMRX 020935
CLICHA


CLIMATE REPORT
NATIONAL WEATHER SERVICE MORRISTOWN TN
435 AM EST FRI DEC 2 2016


...................................

...THE CHATTANOOGA  ASOS CLIMATE SUMMARY FOR DECEMBER 1 2016...

CLIMATE NORMAL PERIOD 1981 TO 2010
CLIMATE RECORD PERIOD 1879 TO 2016


WEATHER ITEM   OBSERVED TIME   RECORD YEAR NORMAL DEPARTURE LAST
                VALUE   (LST)  VALUE       VALUE  FROM      YEAR
                                                  NORMAL
..................................................................
TEMPERATURE (F)
 YESTERDAY
  MAXIMUM         55    424 PM  72    2006  56     -1       63
  MINIMUM         37   1159 PM  15    1929  36      1       59
  AVERAGE         46                        46      0       61

PRECIPITATION (IN)
  YESTERDAY        0.00          2.32 2015   0.18  -0.18     2.32
  MONTH TO DATE    0.00                      0.18  -0.18     2.32
  SINCE DEC 1      0.00                      0.18  -0.18     2.32
  SINCE JAN 1     30.53                     47.76 -17.23    58.69

SNOWFALL (IN)
  YESTERDAY        0.0                       0.0    0.0      0.0
  MONTH TO DATE    0.0                       0.0    0.0      0.0
  SINCE DEC 1      0.0                       0.0    0.0      0.0
  SINCE JUL 1      0.0                       T      0.0      0.0
  SNOW DEPTH       0

DEGREE DAYS
 HEATING
  YESTERDAY       19                        19      0        4
  MONTH TO DATE   19                        19      0        4
  SINCE DEC 1     19                        19      0        4
  SINCE JUL 1    339                       608   -269      384
..................................................................


WIND (MPH)
  HIGHEST WIND SPEED    16   HIGHEST WIND DIRECTION     W (270)
  HIGHEST GUST SPEED    22   HIGHEST GUST DIRECTION     W (280)
  AVERAGE WIND SPEED     3.8


SKY COVER
  POSSIBLE SUNSHINE  MM
  AVERAGE SKY COVER 0.0


WEATHER CONDITIONS
 THE FOLLOWING WEATHER WAS RECORDED YESTERDAY.
  NO SIGNIFICANT WEATHER WAS OBSERVED.


RELATIVE HUMIDITY (PERCENT)
 HIGHEST    85          1100 PM
 LOWEST     32           400 PM
 AVERAGE    59

..........................................................


THE CHATTANOOGA  ASOS CLIMATE NORMALS FOR TODAY
                         NORMAL    RECORD    YEAR
 MAXIMUM TEMPERATURE (F)   56        74      1998
 MINIMUM TEMPERATURE (F)   36        17      1929


SUNRISE AND SUNSET
DECEMBER  2 2016......SUNRISE   732 AM EST   SUNSET   529 PM EST
DECEMBER  3 2016......SUNRISE   733 AM EST   SUNSET   529 PM EST


-  INDICATES NEGATIVE NUMBERS.
R  INDICATES RECORD WAS SET OR TIED.
MM INDICATES DATA IS MISSING.
T  INDICATES TRACE AMOUNT.




$$
