000
CDUS44 KMRX 240922
CLICHA

CLIMATE REPORT
NATIONAL WEATHER SERVICE MORRISTOWN TN
422 AM EST MON NOV 24 2014


...................................

...THE CHATTANOOGA CLIMATE SUMMARY FOR NOVEMBER 23 2014...

CLIMATE NORMAL PERIOD 1981 TO 2010
CLIMATE RECORD PERIOD 1879 TO 2014


WEATHER ITEM   OBSERVED TIME   RECORD YEAR NORMAL DEPARTURE LAST
                VALUE   (LST)  VALUE       VALUE  FROM      YEAR
                                                  NORMAL
..................................................................
TEMPERATURE (F)
 YESTERDAY
  MAXIMUM         61   1159 PM  77    1973  59      2       55
  MINIMUM         49   1159 AM  17    1970  38     11       36
  AVERAGE         55                        49      6       46

PRECIPITATION (IN)
  YESTERDAY        1.37          2.26 1983   0.18   1.19      T
  MONTH TO DATE    3.43                      3.67  -0.24     1.08
  SINCE SEP 1     12.21                     10.99   1.22     3.49
  SINCE JAN 1     40.86                     46.25  -5.39    57.69

SNOWFALL (IN)
  YESTERDAY        0                         0.0    0.0      0.0
  MONTH TO DATE    T                         0.0    0.0      0.0
  SINCE SEP 1      T                         0.0    0.0      0.0
  SINCE JUL 1      T                         0.0    0.0      0.0
  SNOW DEPTH       0

DEGREE DAYS
 HEATING
  YESTERDAY       10                        16     -6       19
  MONTH TO DATE  436                       291    145      304
  SINCE SEP 1    556                       463     93      433
  SINCE JUL 1    556                       463     93      433

 COOLING
  YESTERDAY        0                         0      0        0
  MONTH TO DATE    0                         0      0        0
  SINCE SEP 1    409                       287    122      360
  SINCE JAN 1   1910                      1737    173     1752
..................................................................


WIND (MPH)
  HIGHEST WIND SPEED    17   HIGHEST WIND DIRECTION     S (180)
  HIGHEST GUST SPEED    24   HIGHEST GUST DIRECTION     S (180)
  AVERAGE WIND SPEED     6.7


SKY COVER
  POSSIBLE SUNSHINE  MM
  AVERAGE SKY COVER  MM


WEATHER CONDITIONS
 THE FOLLOWING WEATHER WAS RECORDED YESTERDAY.
  HEAVY RAIN
  RAIN
  LIGHT RAIN
  FOG


RELATIVE HUMIDITY (PERCENT)
 HIGHEST   100          1200 PM
 LOWEST     32          1200 AM
 AVERAGE    66

..........................................................


THE CHATTANOOGA CLIMATE NORMALS FOR TODAY
                         NORMAL    RECORD    YEAR
 MAXIMUM TEMPERATURE (F)   59        75      1958
                                             1921
 MINIMUM TEMPERATURE (F)   38        11      1950


SUNRISE AND SUNSET
NOVEMBER 24 2014......SUNRISE   724 AM EST   SUNSET   531 PM EST
NOVEMBER 25 2014......SUNRISE   725 AM EST   SUNSET   530 PM EST


-  INDICATES NEGATIVE NUMBERS.
R  INDICATES RECORD WAS SET OR TIED.
MM INDICATES DATA IS MISSING.
T  INDICATES TRACE AMOUNT.




$$
