000
CDUS44 KMRX 060820
CLICHA


CLIMATE REPORT
NATIONAL WEATHER SERVICE MORRISTOWN TN
420 AM EDT FRI MAY 6 2016


...................................

...THE CHATTANOOGA  ASOS CLIMATE SUMMARY FOR MAY 5 2016...

CLIMATE NORMAL PERIOD 1981 TO 2010
CLIMATE RECORD PERIOD 1879 TO 2016


WEATHER ITEM   OBSERVED TIME   RECORD YEAR NORMAL DEPARTURE LAST
                VALUE   (LST)  VALUE       VALUE  FROM      YEAR
                                                  NORMAL
..................................................................
TEMPERATURE (F)
 YESTERDAY
  MAXIMUM         62    126 PM  92    2012  77    -15       84
                                      1952
                                      1949
  MINIMUM         48   1139 PM  38    1957  54     -6       55
  AVERAGE         55                        66    -11       70

PRECIPITATION (IN)
  YESTERDAY        T             2.45 2003   0.14  -0.14     0.00
  MONTH TO DATE    0.60                      0.71  -0.11     0.00
  SINCE MAR 1      5.67                      9.68  -4.01    13.48
  SINCE JAN 1     16.41                     19.43  -3.02    20.47

DEGREE DAYS
 COOLING
  YESTERDAY        0                         3     -3        5
  MONTH TO DATE   17                        13      4        8
  SINCE MAR 1     96                        59     37       55
  SINCE JAN 1     96                        59     37       55
..................................................................


WIND (MPH)
  HIGHEST WIND SPEED    26   HIGHEST WIND DIRECTION     N (340)
  HIGHEST GUST SPEED    33   HIGHEST GUST DIRECTION     N (340)
  AVERAGE WIND SPEED     8.9


SKY COVER
  POSSIBLE SUNSHINE  MM
  AVERAGE SKY COVER 0.5


WEATHER CONDITIONS
 THE FOLLOWING WEATHER WAS RECORDED YESTERDAY.
  NO SIGNIFICANT WEATHER WAS OBSERVED.


RELATIVE HUMIDITY (PERCENT)
 HIGHEST    89          1200 AM
 LOWEST     42          1200 PM
 AVERAGE    66

..........................................................


THE CHATTANOOGA  ASOS CLIMATE NORMALS FOR TODAY
                         NORMAL    RECORD    YEAR
 MAXIMUM TEMPERATURE (F)   78        94      1952
 MINIMUM TEMPERATURE (F)   54        36      1968


SUNRISE AND SUNSET
MAY  6 2016...........SUNRISE   644 AM EDT   SUNSET   831 PM EDT
MAY  7 2016...........SUNRISE   643 AM EDT   SUNSET   832 PM EDT


-  INDICATES NEGATIVE NUMBERS.
R  INDICATES RECORD WAS SET OR TIED.
MM INDICATES DATA IS MISSING.
T  INDICATES TRACE AMOUNT.




$$
