000
CDUS41 KLWX 030539
CLICHO


CLIMATE REPORT
NATIONAL WEATHER SERVICE BALTIMORE MD/WASHINGTON DC
137 AM EDT TUE MAY 3 2016


...................................

...THE CHARLOTTESVILLE VA CLIMATE SUMMARY FOR MAY 2 2016...

CLIMATE NORMAL PERIOD 1981 TO 2010
CLIMATE RECORD PERIOD 1889 TO 2016


WEATHER ITEM   OBSERVED TIME   RECORD YEAR NORMAL DEPARTURE LAST
                VALUE   (LST)  VALUE       VALUE  FROM      YEAR
                                                  NORMAL
..................................................................
TEMPERATURE (F)
 YESTERDAY
  MAXIMUM         87    318 PM  MM      MM  72     15       72
  MINIMUM         60    605 AM  MM      MM  47     13       47
  AVERAGE         74                        60     14       60

PRECIPITATION (IN)
  YESTERDAY        0.24                      0.10   0.14     0.00
  MONTH TO DATE    0.93                      0.20   0.73     0.32
  SINCE MAR 1      5.79                      7.22  -1.43     8.50
  SINCE JAN 1     11.91                     12.69  -0.78    11.16

DEGREE DAYS
 HEATING
  YESTERDAY        0                         6     -6        5
  MONTH TO DATE    4                        13     -9       13
  SINCE MAR 1    607                       913   -306      863
  SINCE JUL 1   3365                      4325   -960     4378

 COOLING
  YESTERDAY        9                         1      8        0
  MONTH TO DATE    9                         2      7        0
  SINCE MAR 1     36                        23     13        8
  SINCE JAN 1     36                        23     13        8
..................................................................


WIND (MPH)
  HIGHEST WIND SPEED    18   HIGHEST WIND DIRECTION     S (190)
  HIGHEST GUST SPEED    25   HIGHEST GUST DIRECTION     S (200)
  AVERAGE WIND SPEED     4.6


SKY COVER
  POSSIBLE SUNSHINE  MM
  AVERAGE SKY COVER 0.6


WEATHER CONDITIONS
 THE FOLLOWING WEATHER WAS RECORDED YESTERDAY.
  THUNDERSTORM
  RAIN
  LIGHT RAIN
  FOG
  FOG W/VISIBILITY <= 1/4 MILE
  HAZE


RELATIVE HUMIDITY (PERCENT)
 HIGHEST   100           100 AM
 LOWEST     36           300 PM
 AVERAGE    68

..........................................................


THE CHARLOTTESVILLE VA CLIMATE NORMALS FOR TODAY
                         NORMAL    RECORD    YEAR
 MAXIMUM TEMPERATURE (F)   72        MM        MM
 MINIMUM TEMPERATURE (F)   48        MM        MM


SUNRISE AND SUNSET
MAY  3 2016...........SUNRISE   615 AM EDT   SUNSET   807 PM EDT
MAY  4 2016...........SUNRISE   613 AM EDT   SUNSET   808 PM EDT


-  INDICATES NEGATIVE NUMBERS.
R  INDICATES RECORD WAS SET OR TIED.
MM INDICATES DATA IS MISSING.
T  INDICATES TRACE AMOUNT.




$$
