000
CDUS41 KLWX 270524
CLICHO


CLIMATE REPORT
NATIONAL WEATHER SERVICE BALTIMORE MD/WASHINGTON DC
123 AM EDT WED MAY 27 2015


...................................

...THE CHARLOTTESVILLE VA CLIMATE SUMMARY FOR MAY 26 2015...

CLIMATE NORMAL PERIOD 1981 TO 2010
CLIMATE RECORD PERIOD 1889 TO 2015


WEATHER ITEM   OBSERVED TIME   RECORD YEAR NORMAL DEPARTURE LAST
                VALUE   (LST)  VALUE       VALUE  FROM      YEAR
                                                  NORMAL
..................................................................
TEMPERATURE (F)
 YESTERDAY
  MAXIMUM         87    305 PM  MM      MM  77     10       86
  MINIMUM         61    449 AM  MM      MM  55      6       54
  AVERAGE         74                        66      8       70

PRECIPITATION (IN)
  YESTERDAY        0.00                      0.14  -0.14     0.00
  MONTH TO DATE    1.65                      3.22  -1.57     4.26
  SINCE MAR 1      9.83                     10.24  -0.41    12.58
  SINCE JAN 1     12.49                     15.71  -3.22    17.67

DEGREE DAYS
 HEATING
  YESTERDAY        0                         2     -2        0
  MONTH TO DATE   43                       112    -69       55
  SINCE MAR 1    893                      1012   -119     1077
  SINCE JUL 1   4408                      4424    -16     4586

 COOLING
  YESTERDAY        9                         3      6        5
  MONTH TO DATE  114                        47     67       84
  SINCE MAR 1    122                        68     54       93
  SINCE JAN 1    122                        68     54       93
..................................................................


WIND (MPH)
  HIGHEST WIND SPEED    17   HIGHEST WIND DIRECTION     S (190)
  HIGHEST GUST SPEED    21   HIGHEST GUST DIRECTION     S (190)
  AVERAGE WIND SPEED     8.0


SKY COVER
  POSSIBLE SUNSHINE  MM
  AVERAGE SKY COVER 0.1


WEATHER CONDITIONS
 THE FOLLOWING WEATHER WAS RECORDED YESTERDAY.
  THUNDERSTORM


RELATIVE HUMIDITY (PERCENT)
 HIGHEST    84           600 AM
 LOWEST     50           300 PM
 AVERAGE    67

..........................................................


THE CHARLOTTESVILLE VA CLIMATE NORMALS FOR TODAY
                         NORMAL    RECORD    YEAR
 MAXIMUM TEMPERATURE (F)   78        MM        MM
 MINIMUM TEMPERATURE (F)   55        MM        MM


SUNRISE AND SUNSET
MAY 27 2015...........SUNRISE   555 AM EDT   SUNSET   827 PM EDT
MAY 28 2015...........SUNRISE   554 AM EDT   SUNSET   828 PM EDT


-  INDICATES NEGATIVE NUMBERS.
R  INDICATES RECORD WAS SET OR TIED.
MM INDICATES DATA IS MISSING.
T  INDICATES TRACE AMOUNT.




$$
