000
CDUS41 KLWX 200527
CLICHO


CLIMATE REPORT
NATIONAL WEATHER SERVICE BALTIMORE MD/WASHINGTON DC
126 AM EDT FRI OCT 20 2017


...................................

...THE CHARLOTTESVILLE VA CLIMATE SUMMARY FOR OCTOBER 19 2017...

CLIMATE NORMAL PERIOD 1981 TO 2010
CLIMATE RECORD PERIOD 1998 TO 2017


WEATHER ITEM   OBSERVED TIME   RECORD YEAR NORMAL DEPARTURE LAST
                VALUE   (LST)  VALUE       VALUE  FROM      YEAR
                                                  NORMAL
..................................................................
TEMPERATURE (F)
 YESTERDAY
  MAXIMUM         77    309 PM  MM      MM  67     10       91
  MINIMUM         40    532 AM  MM      MM  43     -3       62
  AVERAGE         59                        55      4       77

PRECIPITATION (IN)
  YESTERDAY        0.00                      0.09  -0.09     0.00
  MONTH TO DATE    0.82                      1.98  -1.16     0.71
  SINCE SEP 1      2.77                      6.46  -3.69     4.37
  SINCE JAN 1     30.11                     34.60  -4.49    30.33

DEGREE DAYS
 HEATING
  YESTERDAY        6                        10     -4        0
  MONTH TO DATE   54                       147    -93       60
  SINCE SEP 1     81                       202   -121       61
  SINCE JUL 1     81                       205   -124       61

 COOLING
  YESTERDAY        0                         0      0       12
  MONTH TO DATE   84                        12     72       34
  SINCE SEP 1    272                       123    149      328
  SINCE JAN 1   1590                      1033    557     1672
..................................................................


WIND (MPH)
  HIGHEST WIND SPEED    12   HIGHEST WIND DIRECTION     S (170)
  HIGHEST GUST SPEED    14   HIGHEST GUST DIRECTION     S (180)
  AVERAGE WIND SPEED     3.8


SKY COVER
  POSSIBLE SUNSHINE  MM
  AVERAGE SKY COVER 0.0


WEATHER CONDITIONS
 THE FOLLOWING WEATHER WAS RECORDED YESTERDAY.
  NO SIGNIFICANT WEATHER WAS OBSERVED.


RELATIVE HUMIDITY (PERCENT)
 HIGHEST    96           700 AM
 LOWEST     31           200 PM
 AVERAGE    64

..........................................................


THE CHARLOTTESVILLE VA CLIMATE NORMALS FOR TODAY
                         NORMAL    RECORD    YEAR
 MAXIMUM TEMPERATURE (F)   67        MM        MM
 MINIMUM TEMPERATURE (F)   43        MM        MM


SUNRISE AND SUNSET
OCTOBER 20 2017.......SUNRISE   728 AM EDT   SUNSET   629 PM EDT
OCTOBER 21 2017.......SUNRISE   729 AM EDT   SUNSET   628 PM EDT


-  INDICATES NEGATIVE NUMBERS.
R  INDICATES RECORD WAS SET OR TIED.
MM INDICATES DATA IS MISSING.
T  INDICATES TRACE AMOUNT.




$$
