000
CDUS42 KCHS 270530
CLICHS


CLIMATE REPORT
NATIONAL WEATHER SERVICE CHARLESTON SC
130 AM EDT WED AUG 27 2014


...................................

...THE NORTH CHARLESTON SC CLIMATE SUMMARY FOR AUGUST 26 2014...

CLIMATE NORMAL PERIOD 1981 TO 2010
CLIMATE RECORD PERIOD 1938 TO 2014


WEATHER ITEM   OBSERVED TIME   RECORD YEAR NORMAL DEPARTURE LAST
                VALUE   (LST)  VALUE       VALUE  FROM      YEAR
                                                  NORMAL
..................................................................
TEMPERATURE (F)
 YESTERDAY
  MAXIMUM         89    332 PM  97    1954  89      0       86
  MINIMUM         70    619 AM  60    1952  72     -2       68
                                      1942
  AVERAGE         80                        80      0       77

PRECIPITATION (IN)
  YESTERDAY        0.00          3.26 1958   0.26  -0.26     0.00
  MONTH TO DATE    7.08                      5.92   1.16     3.95
  SINCE JUN 1     18.08                     18.10  -0.02    22.62
  SINCE JAN 1     35.33                     34.41   0.92    46.06

DEGREE DAYS
 HEATING
  YESTERDAY        0                         0      0        0
  MONTH TO DATE    0                         0      0        0
  SINCE JUN 1      0                         1     -1        0
  SINCE JUL 1      0                         0      0        0

 COOLING
  YESTERDAY       15                        15      0       12
  MONTH TO DATE  486                       420     66      430
  SINCE JUN 1   1570                      1370    200     1423
  SINCE JAN 1   2080                      1732    348     1770
..................................................................


WIND (MPH)
  HIGHEST WIND SPEED    16   HIGHEST WIND DIRECTION     N (10)
  HIGHEST GUST SPEED    22   HIGHEST GUST DIRECTION     N (10)
  AVERAGE WIND SPEED    10.0


SKY COVER
  POSSIBLE SUNSHINE  MM
  AVERAGE SKY COVER 0.4


WEATHER CONDITIONS
 THE FOLLOWING WEATHER WAS RECORDED YESTERDAY.
  NO SIGNIFICANT WEATHER WAS OBSERVED.


RELATIVE HUMIDITY (PERCENT)
 HIGHEST    78           600 AM
 LOWEST     40           500 PM
 AVERAGE    59

..........................................................


THE NORTH CHARLESTON SC CLIMATE NORMALS FOR TODAY
                         NORMAL    RECORD    YEAR
 MAXIMUM TEMPERATURE (F)   88        99      1954
 MINIMUM TEMPERATURE (F)   71        61      1966
                                             1945
                                             1942


SUNRISE AND SUNSET
AUGUST 27 2014........SUNRISE   651 AM EDT   SUNSET   751 PM EDT
AUGUST 28 2014........SUNRISE   652 AM EDT   SUNSET   750 PM EDT


-  INDICATES NEGATIVE NUMBERS.
R  INDICATES RECORD WAS SET OR TIED.
MM INDICATES DATA IS MISSING.
T  INDICATES TRACE AMOUNT.




$$
