000
CDUS42 KCHS 272115
CLICHS


CLIMATE REPORT
NATIONAL WEATHER SERVICE CHARLESTON SC
508 PM EDT MON JUL 27 2015


...................................

...THE NORTH CHARLESTON SC CLIMATE SUMMARY FOR JULY 27 2015...
VALID TODAY AS OF 0500 PM LOCAL TIME.

CLIMATE NORMAL PERIOD 1981 TO 2010
CLIMATE RECORD PERIOD 1938 TO 2015


WEATHER ITEM   OBSERVED TIME   RECORD YEAR NORMAL DEPARTURE LAST
                VALUE   (LST)  VALUE       VALUE  FROM      YEAR
                                                  NORMAL
..................................................................
TEMPERATURE (F)
 TODAY
  MAXIMUM         91    324 PM 100    2005  91      0       95
  MINIMUM         75    421 AM  68    1959  73      2       80
                                      1947
  AVERAGE         83                        82      1       88

PRECIPITATION (IN)
  TODAY            0.00          3.85 2001   0.20  -0.20     0.00
  MONTH TO DATE    7.72                      5.71   2.01     5.36
  SINCE JUN 1     15.41                     11.36   4.05     8.95
  SINCE JAN 1     30.63                     27.67   2.96    26.20

SNOWFALL (IN)
  TODAY            0.0                       0.0    0.0
  SINCE JUN 1      0.0                       0.0    0.0
  SINCE JUL 1      0.0                       0.0    0.0

DEGREE DAYS
 HEATING
  TODAY            0                         0      0        0
  MONTH TO DATE    0                         0      0        0
  SINCE JUN 1      0                         1     -1        0
  SINCE JUL 1      0                         0      0        0

 COOLING
  TODAY           18                        17      1       23
  MONTH TO DATE  497                       456     41      494
  SINCE JUN 1   1025                       877    148     1012
  SINCE JAN 1   1458                      1239    219     1522
..................................................................


WIND (MPH)
  HIGHEST WIND SPEED    15   HIGHEST WIND DIRECTION    SE (120)
  HIGHEST GUST SPEED    20   HIGHEST GUST DIRECTION    SE (130)
  AVERAGE WIND SPEED     4.3


SKY COVER
  POSSIBLE SUNSHINE  MM
  AVERAGE SKY COVER 0.7


WEATHER CONDITIONS
 THE FOLLOWING WEATHER WAS RECORDED TODAY.
  FOG


RELATIVE HUMIDITY (PERCENT)
 HIGHEST   100           400 AM
 LOWEST     63           100 PM
 AVERAGE    82

..........................................................


THE NORTH CHARLESTON SC CLIMATE NORMALS FOR TOMORROW
                         NORMAL    RECORD    YEAR
 MAXIMUM TEMPERATURE (F)   91       101      1949
 MINIMUM TEMPERATURE (F)   73        65      1954


SUNRISE AND SUNSET
JULY 27 2015..........SUNRISE   630 AM EDT   SUNSET   823 PM EDT
JULY 28 2015..........SUNRISE   631 AM EDT   SUNSET   822 PM EDT


-  INDICATES NEGATIVE NUMBERS.
R  INDICATES RECORD WAS SET OR TIED.
MM INDICATES DATA IS MISSING.
T  INDICATES TRACE AMOUNT.




$$
