000
CDUS42 KCHS 272138
CLICHS


CLIMATE REPORT
NATIONAL WEATHER SERVICE CHARLESTON SC
537 PM EDT THU JUL 27 2017


...................................

...THE NORTH CHARLESTON SC CLIMATE SUMMARY FOR JULY 27 2017...
VALID TODAY AS OF 0500 PM LOCAL TIME.

CLIMATE NORMAL PERIOD 1981 TO 2010
CLIMATE RECORD PERIOD 1938 TO 2017


WEATHER ITEM   OBSERVED TIME   RECORD YEAR NORMAL DEPARTURE LAST
                VALUE   (LST)  VALUE       VALUE  FROM      YEAR
                                                  NORMAL
..................................................................
TEMPERATURE (F)
 TODAY
  MAXIMUM         89    231 PM 100    2005  91     -2       96
  MINIMUM         73    520 AM  68    1959  73      0       79
                                      1947
  AVERAGE         81                        82     -1       88

PRECIPITATION (IN)
  TODAY            0.20          3.85 2001   0.20   0.00     0.00
  MONTH TO DATE    8.46                      5.71   2.75     4.32
  SINCE JUN 1     14.93                     11.36   3.57     7.46
  SINCE JAN 1     30.09                     27.67   2.42    28.21

SNOWFALL (IN)
  TODAY            0.0                       0.0    0.0
  SINCE JUN 1      0.0                       0.0    0.0
  SINCE JUL 1      0.0                       0.0    0.0

DEGREE DAYS
 HEATING
  TODAY            0                         0      0        0
  MONTH TO DATE    0                         0      0        0
  SINCE JUN 1      0                         1     -1        0
  SINCE JUL 1      0                         0      0        0

 COOLING
  TODAY           16                        17     -1       23
  MONTH TO DATE  481                       456     25      569
  SINCE JUN 1    891                       877     14     1094
  SINCE JAN 1   1466                      1239    227     1589
..................................................................


WIND (MPH)
  HIGHEST WIND SPEED    15   HIGHEST WIND DIRECTION     S (180)
  HIGHEST GUST SPEED    19   HIGHEST GUST DIRECTION     S (180)
  AVERAGE WIND SPEED     4.1


SKY COVER
  POSSIBLE SUNSHINE  MM
  AVERAGE SKY COVER 0.4


WEATHER CONDITIONS
 THE FOLLOWING WEATHER WAS RECORDED TODAY.
  HEAVY RAIN
  FOG


RELATIVE HUMIDITY (PERCENT)
 HIGHEST   100           200 AM
 LOWEST     55           300 PM
 AVERAGE    78

..........................................................


THE NORTH CHARLESTON SC CLIMATE NORMALS FOR TOMORROW
                         NORMAL    RECORD    YEAR
 MAXIMUM TEMPERATURE (F)   91       101      1949
 MINIMUM TEMPERATURE (F)   73        65      1954


SUNRISE AND SUNSET
JULY 27 2017..........SUNRISE   631 AM EDT   SUNSET   822 PM EDT
JULY 28 2017..........SUNRISE   631 AM EDT   SUNSET   822 PM EDT


-  INDICATES NEGATIVE NUMBERS.
R  INDICATES RECORD WAS SET OR TIED.
MM INDICATES DATA IS MISSING.
T  INDICATES TRACE AMOUNT.




$$
