000
CDUS42 KCHS 260525
CLICHS


CLIMATE REPORT
NATIONAL WEATHER SERVICE CHARLESTON SC
125 AM EDT SAT JUL 26 2014


...................................

...THE NORTH CHARLESTON SC CLIMATE SUMMARY FOR JULY 25 2014...

CLIMATE NORMAL PERIOD 1981 TO 2010
CLIMATE RECORD PERIOD 1938 TO 2014


WEATHER ITEM   OBSERVED TIME   RECORD YEAR NORMAL DEPARTURE LAST
                VALUE   (LST)  VALUE       VALUE  FROM      YEAR
                                                  NORMAL
..................................................................
TEMPERATURE (F)
 YESTERDAY
  MAXIMUM         93   1256 PM  98    1940  91      2       94
  MINIMUM         74   1159 PM  68    1977  73      1       74
                                      1949
  AVERAGE         84                        82      2       84

PRECIPITATION (IN)
  YESTERDAY        0.41          4.57 1980   0.21   0.20     0.00
  MONTH TO DATE    5.36                      5.30   0.06     3.65
  SINCE JUN 1      8.95                     10.95  -2.00    16.97
  SINCE JAN 1     26.20                     27.26  -1.06    40.41

DEGREE DAYS
 HEATING
  YESTERDAY        0                         0      0        0
  MONTH TO DATE    0                         0      0        0
  SINCE JUN 1      0                         1     -1        0
  SINCE JUL 1      0                         0      0        0

 COOLING
  YESTERDAY       19                        17      2       19
  MONTH TO DATE  452                       422     30      425
  SINCE JUN 1    970                       843    127      889
  SINCE JAN 1   1480                      1205    275     1236
..................................................................


WIND (MPH)
  HIGHEST WIND SPEED    25   HIGHEST WIND DIRECTION    NW (320)
  HIGHEST GUST SPEED    30   HIGHEST GUST DIRECTION    NW (330)
  AVERAGE WIND SPEED     6.3


SKY COVER
  POSSIBLE SUNSHINE  MM
  AVERAGE SKY COVER 0.5


WEATHER CONDITIONS
 THE FOLLOWING WEATHER WAS RECORDED YESTERDAY.
  THUNDERSTORM
  HEAVY RAIN
  LIGHT RAIN
  FOG


RELATIVE HUMIDITY (PERCENT)
 HIGHEST    88          1200 AM
 LOWEST     52           100 PM
 AVERAGE    70

..........................................................


THE NORTH CHARLESTON SC CLIMATE NORMALS FOR TODAY
                         NORMAL    RECORD    YEAR
 MAXIMUM TEMPERATURE (F)   91        99      2010
                                             1940
 MINIMUM TEMPERATURE (F)   73        67      1959


SUNRISE AND SUNSET
JULY 26 2014..........SUNRISE   630 AM EDT   SUNSET   823 PM EDT
JULY 27 2014..........SUNRISE   630 AM EDT   SUNSET   823 PM EDT


-  INDICATES NEGATIVE NUMBERS.
R  INDICATES RECORD WAS SET OR TIED.
MM INDICATES DATA IS MISSING.
T  INDICATES TRACE AMOUNT.




$$
