000
CDUS42 KCHS 300601
CLICHS


CLIMATE REPORT
NATIONAL WEATHER SERVICE CHARLESTON SC
201 AM EDT TUE JUN 30 2015


...................................

...THE NORTH CHARLESTON SC CLIMATE SUMMARY FOR JUNE 29 2015...

CLIMATE NORMAL PERIOD 1981 TO 2010
CLIMATE RECORD PERIOD 1938 TO 2015


WEATHER ITEM   OBSERVED TIME   RECORD YEAR NORMAL DEPARTURE LAST
                VALUE   (LST)  VALUE       VALUE  FROM      YEAR
                                                  NORMAL
..................................................................
TEMPERATURE (F)
 YESTERDAY
  MAXIMUM         90    159 PM  99    1998  90      0       91
                                      1959
  MINIMUM         74    621 AM  60    1981  72      2       74
  AVERAGE         82                        81      1       83

PRECIPITATION (IN)
  YESTERDAY        0.00          1.54 2000   0.22  -0.22     0.11
  MONTH TO DATE    7.64                      5.43   2.21     3.59
  SINCE JUN 1      7.64                      5.43   2.21     3.59
  SINCE JAN 1     22.86                     21.74   1.12    20.84

DEGREE DAYS
 HEATING
  YESTERDAY        0                         0      0        0
  MONTH TO DATE    0                         0      0        0
  SINCE JUN 1      0                         0      0        0
  SINCE JUL 1   1947                      1975    -28     1875

 COOLING
  YESTERDAY       17                        16      1       18
  MONTH TO DATE  511                       405    106      501
  SINCE JUN 1    511                       405    106      501
  SINCE JAN 1    944                       767    177     1011
..................................................................


WIND (MPH)
  HIGHEST WIND SPEED    15   HIGHEST WIND DIRECTION     W (260)
  HIGHEST GUST SPEED    21   HIGHEST GUST DIRECTION     W (250)
  AVERAGE WIND SPEED     8.1


SKY COVER
  POSSIBLE SUNSHINE  MM
  AVERAGE SKY COVER 0.5


WEATHER CONDITIONS
 THE FOLLOWING WEATHER WAS RECORDED YESTERDAY.
  NO SIGNIFICANT WEATHER WAS OBSERVED.


RELATIVE HUMIDITY (PERCENT)
 HIGHEST    94          1200 AM
 LOWEST     34           200 PM
 AVERAGE    64

..........................................................


THE NORTH CHARLESTON SC CLIMATE NORMALS FOR TODAY
                         NORMAL    RECORD    YEAR
 MAXIMUM TEMPERATURE (F)   90       100      1998
 MINIMUM TEMPERATURE (F)   72        58      1970


SUNRISE AND SUNSET
JUNE 30 2015..........SUNRISE   615 AM EDT   SUNSET   833 PM EDT
JULY  1 2015..........SUNRISE   615 AM EDT   SUNSET   832 PM EDT


-  INDICATES NEGATIVE NUMBERS.
R  INDICATES RECORD WAS SET OR TIED.
MM INDICATES DATA IS MISSING.
T  INDICATES TRACE AMOUNT.




$$
