000
CDUS42 KCHS 260612
CLICHS


CLIMATE REPORT
NATIONAL WEATHER SERVICE CHARLESTON SC
212 AM EDT FRI MAY 26 2017


...................................

...THE NORTH CHARLESTON SC CLIMATE SUMMARY FOR MAY 25 2017...

CLIMATE NORMAL PERIOD 1981 TO 2010
CLIMATE RECORD PERIOD 1938 TO 2017


WEATHER ITEM   OBSERVED TIME   RECORD YEAR NORMAL DEPARTURE LAST
                VALUE   (LST)  VALUE       VALUE  FROM      YEAR
                                                  NORMAL
..................................................................
TEMPERATURE (F)
 YESTERDAY
  MAXIMUM         77    434 PM  97    2000  85     -8       90
                                      1953
  MINIMUM         65   1159 PM  47    1967  65      0       65
                                      1951
  AVERAGE         71                        75     -4       78

PRECIPITATION (IN)
  YESTERDAY        0.00          1.83 1970   0.11  -0.11     0.00
  MONTH TO DATE    3.74                      2.33   1.41     1.39
  SINCE MAR 1     10.98                      8.95   2.03     7.19
  SINCE JAN 1     15.16                     15.62  -0.46    15.48

DEGREE DAYS
 HEATING
  YESTERDAY        0                         0      0        0
  MONTH TO DATE    3                         8     -5        4
  SINCE MAR 1    260                       335    -75      180
  SINCE JUL 1   1228                      1971   -743     1357

 COOLING
  YESTERDAY        6                        10     -4       13
  MONTH TO DATE  216                       181     35      219
  SINCE MAR 1    457                       292    165      419
  SINCE JAN 1    492                       299    193      427
..................................................................


WIND (MPH)
  HIGHEST WIND SPEED    24   HIGHEST WIND DIRECTION     W (260)
  HIGHEST GUST SPEED    35   HIGHEST GUST DIRECTION     W (260)
  AVERAGE WIND SPEED    12.6


SKY COVER
  POSSIBLE SUNSHINE  MM
  AVERAGE SKY COVER 0.4


WEATHER CONDITIONS
 THE FOLLOWING WEATHER WAS RECORDED YESTERDAY.
  NO SIGNIFICANT WEATHER WAS OBSERVED.


RELATIVE HUMIDITY (PERCENT)
 HIGHEST    87           400 AM
 LOWEST     38           500 PM
 AVERAGE    63

..........................................................


THE NORTH CHARLESTON SC CLIMATE NORMALS FOR TODAY
                         NORMAL    RECORD    YEAR
 MAXIMUM TEMPERATURE (F)   85        98      1953
 MINIMUM TEMPERATURE (F)   65        50      1979


SUNRISE AND SUNSET
MAY 26 2017...........SUNRISE   615 AM EDT   SUNSET   820 PM EDT
MAY 27 2017...........SUNRISE   614 AM EDT   SUNSET   821 PM EDT


-  INDICATES NEGATIVE NUMBERS.
R  INDICATES RECORD WAS SET OR TIED.
MM INDICATES DATA IS MISSING.
T  INDICATES TRACE AMOUNT.




$$
