000
CDUS42 KCHS 040609
CLICHS


CLIMATE REPORT
NATIONAL WEATHER SERVICE CHARLESTON SC
109 AM EST SUN DEC 4 2016


...................................

...THE NORTH CHARLESTON SC CLIMATE SUMMARY FOR DECEMBER 3 2016...

CLIMATE NORMAL PERIOD 1981 TO 2010
CLIMATE RECORD PERIOD 1938 TO 2016


WEATHER ITEM   OBSERVED TIME   RECORD YEAR NORMAL DEPARTURE LAST
                VALUE   (LST)  VALUE       VALUE  FROM      YEAR
                                                  NORMAL
..................................................................
TEMPERATURE (F)
 YESTERDAY
  MAXIMUM         59    303 PM  79    1998  65     -6       64
                                      1982
  MINIMUM         38    645 AM  17    1960  43     -5       49
  AVERAGE         49                        54     -5       57

PRECIPITATION (IN)
  YESTERDAY        0.00          1.77 1968   0.09  -0.09     0.00
  MONTH TO DATE    0.11                      0.27  -0.16     0.30
  SINCE DEC 1      0.11                      0.27  -0.16     0.30
  SINCE JAN 1     54.96                     48.19   6.77    72.05

SNOWFALL (IN)
  YESTERDAY        0.0                       0.0    0.0
  SINCE DEC 1      0.0                       0.0    0.0
  SINCE JUL 1      0.0                       0.0    0.0

DEGREE DAYS
 HEATING
  YESTERDAY       16                        12      4        8
  MONTH TO DATE   33                        34     -1        8
  SINCE DEC 1     33                        34     -1        8
  SINCE JUL 1    248                       326    -78      154

 COOLING
  YESTERDAY        0                         0      0        0
  MONTH TO DATE    0                         0      0        7
  SINCE DEC 1      0                         0      0        7
  SINCE JAN 1   2958                      2297    661     2614
..................................................................


WIND (MPH)
  HIGHEST WIND SPEED    14   HIGHEST WIND DIRECTION    NE (40)
  HIGHEST GUST SPEED    20   HIGHEST GUST DIRECTION    NE (30)
  AVERAGE WIND SPEED     4.8


SKY COVER
  POSSIBLE SUNSHINE  MM
  AVERAGE SKY COVER 0.5


WEATHER CONDITIONS
 THE FOLLOWING WEATHER WAS RECORDED YESTERDAY.
  NO SIGNIFICANT WEATHER WAS OBSERVED.


RELATIVE HUMIDITY (PERCENT)
 HIGHEST    86           200 AM
 LOWEST     40           100 PM
 AVERAGE    63

..........................................................


THE NORTH CHARLESTON SC CLIMATE NORMALS FOR TODAY
                         NORMAL    RECORD    YEAR
 MAXIMUM TEMPERATURE (F)   65        80      2013
                                             1982
 MINIMUM TEMPERATURE (F)   43        21      1960


SUNRISE AND SUNSET
DECEMBER  4 2016......SUNRISE   708 AM EST   SUNSET   513 PM EST
DECEMBER  5 2016......SUNRISE   708 AM EST   SUNSET   513 PM EST


-  INDICATES NEGATIVE NUMBERS.
R  INDICATES RECORD WAS SET OR TIED.
MM INDICATES DATA IS MISSING.
T  INDICATES TRACE AMOUNT.




$$
