000
CDUS43 KDVN 282123
CLICID


CLIMATE REPORT
NATIONAL WEATHER SERVICE QUAD CITIES IA IL
422 PM CDT TUE JUL 28 2015


...................................

...THE CEDAR RAPIDS IA CLIMATE SUMMARY FOR JULY 28 2015...
VALID TODAY AS OF 0400 PM LOCAL TIME.

CLIMATE NORMAL PERIOD 1981 TO 2010
CLIMATE RECORD PERIOD 1891 TO 2015


WEATHER ITEM   OBSERVED TIME   RECORD YEAR NORMAL DEPARTURE LAST
                VALUE   (LST)  VALUE       VALUE  FROM      YEAR
                                                  NORMAL
..................................................................
TEMPERATURE (F)
 TODAY
  MAXIMUM         79    234 PM 103    1931  83     -4       75
  MINIMUM         69   1150 AM  47    1925  62      7       57
  AVERAGE         74                        73      1       66

PRECIPITATION (IN)
  TODAY            2.06         MM      MM   0.13   1.93     0.00
  MONTH TO DATE    5.29                      4.07   1.22     3.57
  SINCE JUN 1     14.14                      8.99   5.15    16.86
  SINCE JAN 1     23.34                     20.43   2.91    28.10

DEGREE DAYS
 HEATING
  TODAY            0                         0      0        0
  MONTH TO DATE    4                         0      4       19
  SINCE JUN 1     13                        29    -16       24
  SINCE JUL 1      4                         0      4       19

 COOLING
  TODAY            9                         8      1        1
  MONTH TO DATE  198                       224    -26      128
  SINCE JUN 1    343                       390    -47      311
  SINCE JAN 1    393                       439    -46      391
..................................................................


WIND (MPH)
  HIGHEST WIND SPEED    25   HIGHEST WIND DIRECTION     N (350)
  HIGHEST GUST SPEED    32   HIGHEST GUST DIRECTION     N (350)
  AVERAGE WIND SPEED     7.5


SKY COVER
  POSSIBLE SUNSHINE  MM
  AVERAGE SKY COVER 0.3


WEATHER CONDITIONS
 THE FOLLOWING WEATHER WAS RECORDED TODAY.
  THUNDERSTORM
  HEAVY RAIN
  RAIN
  LIGHT RAIN
  FOG
  HAZE


RELATIVE HUMIDITY (PERCENT)
 HIGHEST   100          1200 AM
 LOWEST     85           300 PM
 AVERAGE    93

..........................................................


THE CEDAR RAPIDS IA CLIMATE NORMALS FOR TOMORROW
                         NORMAL    RECORD    YEAR
 MAXIMUM TEMPERATURE (F)   83       104      1913
 MINIMUM TEMPERATURE (F)   62        44      1925


SUNRISE AND SUNSET
JULY 28 2015..........SUNRISE   556 AM CDT   SUNSET   830 PM CDT
JULY 29 2015..........SUNRISE   557 AM CDT   SUNSET   829 PM CDT


-  INDICATES NEGATIVE NUMBERS.
R  INDICATES RECORD WAS SET OR TIED.
MM INDICATES DATA IS MISSING.
T  INDICATES TRACE AMOUNT.




$$
