000
CDUS43 KDVN 220920
CLICID


CLIMATE REPORT
NATIONAL WEATHER SERVICE QUAD CITIES IA IL
420 AM CDT FRI AUG 22 2014


...................................

...THE CEDAR RAPIDS IA CLIMATE SUMMARY FOR AUGUST 21 2014...

CLIMATE NORMAL PERIOD 1981 TO 2010
CLIMATE RECORD PERIOD 1891 TO 2014


WEATHER ITEM   OBSERVED TIME   RECORD YEAR NORMAL DEPARTURE LAST
                VALUE   (LST)  VALUE       VALUE  FROM      YEAR
                                                  NORMAL
..................................................................
TEMPERATURE (F)
 YESTERDAY
  MAXIMUM         81    542 PM  99    1916  81      0       89
  MINIMUM         69    218 AM  45    1950  60      9       66
  AVERAGE         75                        71      4       78

PRECIPITATION (IN)
  YESTERDAY        0.30         MM      MM   0.15   0.15     0.00
  MONTH TO DATE    0.78                      3.08  -2.30     0.06
  SINCE JUN 1     17.64                     12.46   5.18     9.16
  SINCE JAN 1     28.88                     23.90   4.98    29.35

DEGREE DAYS
 HEATING
  YESTERDAY        0                         1     -1        0
  MONTH TO DATE    0                         2     -2        6
  SINCE JUN 1     24                        35    -11       47
  SINCE JUL 1     19                         6     13       19

 COOLING
  YESTERDAY       10                         6      4       13
  MONTH TO DATE  117                       145    -28       94
  SINCE JUN 1    434                       563   -129      500
  SINCE JAN 1    514                       612    -98      574
..................................................................


WIND (MPH)
  HIGHEST WIND SPEED    15   HIGHEST WIND DIRECTION     S (170)
  HIGHEST GUST SPEED    21   HIGHEST GUST DIRECTION     S (160)
  AVERAGE WIND SPEED     6.8


SKY COVER
  POSSIBLE SUNSHINE  MM
  AVERAGE SKY COVER 0.4


WEATHER CONDITIONS
 THE FOLLOWING WEATHER WAS RECORDED YESTERDAY.
  THUNDERSTORM
  HEAVY RAIN
  RAIN
  LIGHT RAIN
  FOG


RELATIVE HUMIDITY (PERCENT)
 HIGHEST   100          1200 AM
 LOWEST     79           600 PM
 AVERAGE    90

..........................................................


THE CEDAR RAPIDS IA CLIMATE NORMALS FOR TODAY
                         NORMAL    RECORD    YEAR
 MAXIMUM TEMPERATURE (F)   81       100      1936
 MINIMUM TEMPERATURE (F)   60        47      1891


SUNRISE AND SUNSET
AUGUST 22 2014........SUNRISE   622 AM CDT   SUNSET   756 PM CDT
AUGUST 23 2014........SUNRISE   623 AM CDT   SUNSET   755 PM CDT


-  INDICATES NEGATIVE NUMBERS.
R  INDICATES RECORD WAS SET OR TIED.
MM INDICATES DATA IS MISSING.
T  INDICATES TRACE AMOUNT.




$$
