000
CDUS43 KDVN 310902
CLICID


CLIMATE REPORT
NATIONAL WEATHER SERVICE QUAD CITIES IA IL
401 AM CDT THU JUL 31 2014


...................................

...THE CEDAR RAPIDS IA CLIMATE SUMMARY FOR JULY 30 2014...

CLIMATE NORMAL PERIOD 1981 TO 2010
CLIMATE RECORD PERIOD 1891 TO 2014


WEATHER ITEM   OBSERVED TIME   RECORD YEAR NORMAL DEPARTURE LAST
                VALUE   (LST)  VALUE       VALUE  FROM      YEAR
                                                  NORMAL
..................................................................
TEMPERATURE (F)
 YESTERDAY
  MAXIMUM         80    312 PM 106    1913  83     -3       67
  MINIMUM         53    445 AM  47    1971  62     -9       62
  AVERAGE         67                        72     -5       65

PRECIPITATION (IN)
  YESTERDAY        0.00         MM      MM   0.13  -0.13     0.02
  MONTH TO DATE    3.57                      4.33  -0.76     2.78
  SINCE JUN 1     16.86                      9.25   7.61     9.10
  SINCE JAN 1     28.10                     20.69   7.41    29.29

DEGREE DAYS
 HEATING
  YESTERDAY        0                         0      0        0
  MONTH TO DATE   19                         0     19       13
  SINCE JUN 1     24                        29     -5       41
  SINCE JUL 1     19                         0     19       13

 COOLING
  YESTERDAY        2                         8     -6        0
  MONTH TO DATE  130                       240   -110      227
  SINCE JUN 1    313                       406    -93      399
  SINCE JAN 1    393                       455    -62      473
..................................................................


WIND (MPH)
  HIGHEST WIND SPEED    15   HIGHEST WIND DIRECTION    NW (300)
  HIGHEST GUST SPEED    18   HIGHEST GUST DIRECTION    NW (300)
  AVERAGE WIND SPEED     6.1


SKY COVER
  POSSIBLE SUNSHINE  MM
  AVERAGE SKY COVER 0.1


WEATHER CONDITIONS
 THE FOLLOWING WEATHER WAS RECORDED YESTERDAY.
  FOG
  HAZE


RELATIVE HUMIDITY (PERCENT)
 HIGHEST    93           500 AM
 LOWEST     48           200 PM
 AVERAGE    71

..........................................................


THE CEDAR RAPIDS IA CLIMATE NORMALS FOR TODAY
                         NORMAL    RECORD    YEAR
 MAXIMUM TEMPERATURE (F)   83       104      1988
 MINIMUM TEMPERATURE (F)   62        48      1971


SUNRISE AND SUNSET
JULY 31 2014..........SUNRISE   600 AM CDT   SUNSET   826 PM CDT
AUGUST  1 2014........SUNRISE   601 AM CDT   SUNSET   825 PM CDT


-  INDICATES NEGATIVE NUMBERS.
R  INDICATES RECORD WAS SET OR TIED.
MM INDICATES DATA IS MISSING.
T  INDICATES TRACE AMOUNT.




$$
