000
CDUS43 KDVN 160927
CLICID


CLIMATE REPORT
NATIONAL WEATHER SERVICE QUAD CITIES IA IL
425 AM CDT WED APR 16 2014


...................................

...THE CEDAR RAPIDS IA CLIMATE SUMMARY FOR APRIL 15 2014...

CLIMATE NORMAL PERIOD 1981 TO 2010
CLIMATE RECORD PERIOD 1891 TO 2014


WEATHER ITEM   OBSERVED TIME   RECORD YEAR NORMAL DEPARTURE LAST
                VALUE   (LST)  VALUE       VALUE  FROM      YEAR
                                                  NORMAL
..................................................................
TEMPERATURE (F)
 YESTERDAY
  MAXIMUM         40    510 PM  94    1896  61    -21       53
  MINIMUM         24    550 AM  17    1928  38    -14       37
  AVERAGE         32                        49    -17       45

PRECIPITATION (IN)
  YESTERDAY        0.00         MM      MM   0.10  -0.10      T
  MONTH TO DATE    4.07                      1.36   2.71     4.45
  SINCE MAR 1      4.46                      3.46   1.00     6.79
  SINCE JAN 1      6.21                      5.60   0.61     8.74

DEGREE DAYS
 HEATING
  YESTERDAY       33                        16     17       20
  MONTH TO DATE  303                       283     20      321
  SINCE MAR 1   1373                      1164    209     1431
  SINCE JUL 1   7412                      6447    965     6543

 COOLING
  YESTERDAY        0                         0      0        0
  MONTH TO DATE    4                         0      4        0
  SINCE MAR 1      4                         0      4        0
  SINCE JAN 1      4                         0      4        0
..................................................................


WIND (MPH)
  HIGHEST WIND SPEED    20   HIGHEST WIND DIRECTION    NW (320)
  HIGHEST GUST SPEED    23   HIGHEST GUST DIRECTION     W (280)
  AVERAGE WIND SPEED    10.4


SKY COVER
  POSSIBLE SUNSHINE  MM
  AVERAGE SKY COVER 0.0


WEATHER CONDITIONS
 THE FOLLOWING WEATHER WAS RECORDED YESTERDAY.
  NO SIGNIFICANT WEATHER WAS OBSERVED.


RELATIVE HUMIDITY (PERCENT)
 HIGHEST    75          1200 AM
 LOWEST     30           500 PM
 AVERAGE    53

..........................................................


THE CEDAR RAPIDS IA CLIMATE NORMALS FOR TODAY
                         NORMAL    RECORD    YEAR
 MAXIMUM TEMPERATURE (F)   61        94      1896
 MINIMUM TEMPERATURE (F)   38        17      1949


SUNRISE AND SUNSET
APRIL 16 2014.........SUNRISE   625 AM CDT   SUNSET   749 PM CDT
APRIL 17 2014.........SUNRISE   623 AM CDT   SUNSET   750 PM CDT


-  INDICATES NEGATIVE NUMBERS.
R  INDICATES RECORD WAS SET OR TIED.
MM INDICATES DATA IS MISSING.
T  INDICATES TRACE AMOUNT.




$$
