110
CDUS43 KDVN 202225
CLICID


CLIMATE REPORT
NATIONAL WEATHER SERVICE QUAD CITIES IA IL
421 PM CST MON FEB 20 2017


...................................

...THE CEDAR RAPIDS IA CLIMATE SUMMARY FOR FEBRUARY 20 2017...
VALID TODAY AS OF 0400 PM LOCAL TIME.

CLIMATE NORMAL PERIOD 1981 TO 2010
CLIMATE RECORD PERIOD 1891 TO 2017


WEATHER ITEM   OBSERVED TIME   RECORD YEAR NORMAL DEPARTURE LAST
                VALUE   (LST)  VALUE       VALUE  FROM      YEAR
                                                  NORMAL
..................................................................
TEMPERATURE (F)
 TODAY
  MAXIMUM         61R  1216 PM  60    1981  35     26       50
  MINIMUM         50    625 AM -23    1929  17     33       34
  AVERAGE         56                        26     30       42

PRECIPITATION (IN)
  TODAY            0.10         MM      MM   0.05   0.05     0.00
  MONTH TO DATE    0.39                      0.81  -0.42     0.23
  SINCE DEC 1      3.14                      3.15  -0.01     4.67
  SINCE JAN 1      1.89                      1.73   0.16     0.60

DEGREE DAYS
 HEATING
  TODAY            9                        39    -30       23
  MONTH TO DATE  636                       839   -203      784
  SINCE DEC 1   3170                      3541   -371     3042
  SINCE JUL 1   4087                      4987   -900     4073

 COOLING
  TODAY            0                         0      0        0
  MONTH TO DATE    0                         0      0        0
  SINCE DEC 1      0                         0      0        0
  SINCE JAN 1      0                         0      0        0
..................................................................


WIND (MPH)
  HIGHEST WIND SPEED    21   HIGHEST WIND DIRECTION     S (160)
  HIGHEST GUST SPEED    29   HIGHEST GUST DIRECTION    SE (150)
  AVERAGE WIND SPEED    11.3


SKY COVER
  POSSIBLE SUNSHINE  MM
  AVERAGE SKY COVER 0.5


WEATHER CONDITIONS
 THE FOLLOWING WEATHER WAS RECORDED TODAY.
  HEAVY RAIN
  LIGHT RAIN
  FOG
  HAZE


RELATIVE HUMIDITY (PERCENT)
 HIGHEST   100           800 AM
 LOWEST     77          1200 AM
 AVERAGE    89

..........................................................


THE CEDAR RAPIDS IA CLIMATE NORMALS FOR TOMORROW
                         NORMAL    RECORD    YEAR
 MAXIMUM TEMPERATURE (F)   35        68      1930
 MINIMUM TEMPERATURE (F)   18       -10      1963


SUNRISE AND SUNSET
FEBRUARY 20 2017......SUNRISE   655 AM CST   SUNSET   547 PM CST
FEBRUARY 21 2017......SUNRISE   654 AM CST   SUNSET   548 PM CST


-  INDICATES NEGATIVE NUMBERS.
R  INDICATES RECORD WAS SET OR TIED.
MM INDICATES DATA IS MISSING.
T  INDICATES TRACE AMOUNT.




$$
