000
CDUS41 KCLE 252211
CLICLE


CLIMATE REPORT
NATIONAL WEATHER SERVICE CLEVELAND OH
511 PM EST SUN FEB 25 2018


...................................

...THE CLEVELAND OH CLIMATE SUMMARY FOR FEBRUARY 25 2018...
VALID TODAY AS OF 0500 PM LOCAL TIME.

CLIMATE NORMAL PERIOD 1981 TO 2010
CLIMATE RECORD PERIOD 1871 TO 2018


WEATHER ITEM   OBSERVED TIME   RECORD YEAR NORMAL DEPARTURE LAST
                VALUE   (LST)  VALUE       VALUE  FROM      YEAR
                                                  NORMAL
..................................................................
TEMPERATURE (F)
 TODAY
  MAXIMUM         60    647 AM  70    1930  40     20       61
  MINIMUM         46    351 PM  -5    1993  25     21       27
  AVERAGE         53                        32     21       44

PRECIPITATION (IN)
  TODAY            0.18                      0.09   0.09     0.19
  MONTH TO DATE    3.11                      2.07   1.04     2.67
  SINCE DEC 1      7.11                      7.89  -0.78    10.10
  SINCE JAN 1      5.38                      4.79   0.59     7.45

SNOWFALL (IN)
  TODAY            0.0                       0.6   -0.6       T
  MONTH TO DATE    7.1                      13.4   -6.3      2.9
  SINCE DEC 1     36.3                      46.2   -9.9     24.0
  SINCE JUL 1     37.1                      50.7  -13.6     24.9
  SNOW DEPTH       0

DEGREE DAYS
 HEATING
  TODAY           12                        32    -20       21
  MONTH TO DATE  748                       868   -120      591
  SINCE DEC 1   3037                      3025     12     2528
  SINCE JUL 1   3927                      4120   -193     3244

 COOLING
  TODAY            0                         0      0        0
  MONTH TO DATE    3                         0      3        0
  SINCE DEC 1      3                         0      3        0
  SINCE JAN 1      3                         0      3        0
..................................................................


WIND (MPH)
  HIGHEST WIND SPEED    39   HIGHEST WIND DIRECTION     W (260)
  HIGHEST GUST SPEED    53   HIGHEST GUST DIRECTION     W (260)


SKY COVER
  POSSIBLE SUNSHINE  MM
  AVERAGE SKY COVER 0.9


WEATHER CONDITIONS
 THE FOLLOWING WEATHER WAS RECORDED TODAY.
  LIGHT RAIN


RELATIVE HUMIDITY (PERCENT)
 HIGHEST    96           400 AM
 LOWEST     60           200 PM
 AVERAGE    78

..........................................................


THE CLEVELAND OH CLIMATE NORMALS FOR TOMORROW
                         NORMAL    RECORD    YEAR
 MAXIMUM TEMPERATURE (F)   40        74      2000
 MINIMUM TEMPERATURE (F)   25       -15      1963


SUNRISE AND SUNSET
FEBRUARY 25 2018......SUNRISE   708 AM EST   SUNSET   613 PM EST
FEBRUARY 26 2018......SUNRISE   706 AM EST   SUNSET   615 PM EST


-  INDICATES NEGATIVE NUMBERS.
R  INDICATES RECORD WAS SET OR TIED.
MM INDICATES DATA IS MISSING.
T  INDICATES TRACE AMOUNT.




$$
