000
CDUS41 KCLE 240545
CLICLE


CLIMATE REPORT
NATIONAL WEATHER SERVICE CLEVELAND OH
145 AM EDT SUN SEP 24 2017


...................................

...THE CLEVELAND OH CLIMATE SUMMARY FOR SEPTEMBER 23 2017...

CLIMATE NORMAL PERIOD 1981 TO 2010
CLIMATE RECORD PERIOD 1871 TO 2017


WEATHER ITEM   OBSERVED TIME   RECORD YEAR NORMAL DEPARTURE LAST
                VALUE   (LST)  VALUE       VALUE  FROM      YEAR
                                                  NORMAL
..................................................................
TEMPERATURE (F)
 YESTERDAY
  MAXIMUM         91R   334 PM  89    2010  71     20       88
  MINIMUM         62    452 AM  36    1995  53      9       66
  AVERAGE         77                        62     15       77

PRECIPITATION (IN)
  YESTERDAY        0.00                      0.13  -0.13     0.00
  MONTH TO DATE    0.81                      2.93  -2.12     3.40
  SINCE SEP 1      0.81                      2.93  -2.12     3.40
  SINCE JAN 1     32.44                     28.47   3.97    26.77

SNOWFALL (IN)
  YESTERDAY        0.0                       0.0    0.0      0.0
  MONTH TO DATE    0.0                       0.0    0.0      0.0
  SINCE SEP 1      0.0                       0.0    0.0      0.0
  SINCE JUL 1      0.0                       0.0    0.0      0.0
  SNOW DEPTH       0

DEGREE DAYS
 HEATING
  YESTERDAY        0                         5     -5        0
  MONTH TO DATE   28                        50    -22        0
  SINCE SEP 1     28                        50    -22        0
  SINCE JUL 1     30                        62    -32        0

 COOLING
  YESTERDAY       12                         2     10       12
  MONTH TO DATE  120                        79     41      184
  SINCE SEP 1    120                        79     41      184
  SINCE JAN 1   1011                       794    217     1268
..................................................................


WIND (MPH)
  HIGHEST WIND SPEED    13   HIGHEST WIND DIRECTION     N (10)
  HIGHEST GUST SPEED    18   HIGHEST GUST DIRECTION     N (20)
  AVERAGE WIND SPEED     3.6


SKY COVER
  POSSIBLE SUNSHINE  MM
  AVERAGE SKY COVER 0.0


WEATHER CONDITIONS
 THE FOLLOWING WEATHER WAS RECORDED YESTERDAY.
  NO SIGNIFICANT WEATHER WAS OBSERVED.


RELATIVE HUMIDITY (PERCENT)
 HIGHEST    90           300 AM
 LOWEST     26           300 PM
 AVERAGE    58

..........................................................


THE CLEVELAND OH CLIMATE NORMALS FOR TODAY
                         NORMAL    RECORD    YEAR
 MAXIMUM TEMPERATURE (F)   71        90      2010
 MINIMUM TEMPERATURE (F)   53        36      1995
                                             1983
                                             1981


SUNRISE AND SUNSET
SEPTEMBER 24 2017.....SUNRISE   717 AM EDT   SUNSET   721 PM EDT
SEPTEMBER 25 2017.....SUNRISE   718 AM EDT   SUNSET   719 PM EDT


-  INDICATES NEGATIVE NUMBERS.
R  INDICATES RECORD WAS SET OR TIED.
MM INDICATES DATA IS MISSING.
T  INDICATES TRACE AMOUNT.




$$
