000
CDUS41 KCLE 310545
CLICLE


CLIMATE REPORT
NATIONAL WEATHER SERVICE CLEVELAND OH
145 AM EDT THU JUL 31 2014


...................................

...THE CLEVELAND OH CLIMATE SUMMARY FOR JULY 30 2014...

CLIMATE NORMAL PERIOD 1981 TO 2010
CLIMATE RECORD PERIOD 1871 TO 2014


WEATHER ITEM   OBSERVED TIME   RECORD YEAR NORMAL DEPARTURE LAST
                VALUE   (LST)  VALUE       VALUE  FROM      YEAR
                                                  NORMAL
..................................................................
TEMPERATURE (F)
 YESTERDAY
  MAXIMUM         74    340 PM  96    1941  82     -8       77
  MINIMUM         58    624 AM  50    1981  64     -6       56
  AVERAGE         66                        73     -7       67

PRECIPITATION (IN)
  YESTERDAY        0.28                      0.11   0.17     0.00
  MONTH TO DATE    3.99                      3.34   0.65     4.91
  SINCE JUN 1     10.25                      6.77   3.48    12.81
  SINCE JAN 1     26.52                     21.91   4.61    25.40

SNOWFALL (IN)
  YESTERDAY        0.0                       0.0    0.0      0.0
  MONTH TO DATE    0.0                       0.0    0.0      0.0
  SINCE JUN 1      0.0                       0.0    0.0      0.0
  SINCE JUL 1      0.0                       0.0    0.0      0.0
  SNOW DEPTH       0

DEGREE DAYS
 HEATING
  YESTERDAY        0                         0      0        0
  MONTH TO DATE   14                         0     14        3
  SINCE JUN 1     34                        42     -8       42
  SINCE JUL 1     14                         0     14        3

 COOLING
  YESTERDAY        1                         8     -7        2
  MONTH TO DATE  149                       260   -111      279
  SINCE JUN 1    331                       428    -97      443
  SINCE JAN 1    397                       487    -90      557
..................................................................


WIND (MPH)
  HIGHEST WIND SPEED    16   HIGHEST WIND DIRECTION    NW (300)
  HIGHEST GUST SPEED    21   HIGHEST GUST DIRECTION    SW (230)
  AVERAGE WIND SPEED     7.0


SKY COVER
  POSSIBLE SUNSHINE  MM
  AVERAGE SKY COVER 0.7


WEATHER CONDITIONS
 THE FOLLOWING WEATHER WAS RECORDED YESTERDAY.
  THUNDERSTORM
  RAIN
  LIGHT RAIN
  FOG


RELATIVE HUMIDITY (PERCENT)
 HIGHEST    90          1000 PM
 LOWEST     66          1200 PM
 AVERAGE    78

..........................................................


THE CLEVELAND OH CLIMATE NORMALS FOR TODAY
                         NORMAL    RECORD    YEAR
 MAXIMUM TEMPERATURE (F)   82        97      1955
 MINIMUM TEMPERATURE (F)   64        51      1891


SUNRISE AND SUNSET
JULY 31 2014..........SUNRISE   621 AM EDT   SUNSET   846 PM EDT
AUGUST  1 2014........SUNRISE   622 AM EDT   SUNSET   844 PM EDT


-  INDICATES NEGATIVE NUMBERS.
R  INDICATES RECORD WAS SET OR TIED.
MM INDICATES DATA IS MISSING.
T  INDICATES TRACE AMOUNT.




$$
