000
CDUS41 KCLE 312111
CLICLE


CLIMATE REPORT
NATIONAL WEATHER SERVICE CLEVELAND OH
511 PM EDT FRI OCT 31 2014


...................................

...THE CLEVELAND OH CLIMATE SUMMARY FOR OCTOBER 31 2014...
VALID TODAY AS OF 0500 PM LOCAL TIME.

CLIMATE NORMAL PERIOD 1981 TO 2010
CLIMATE RECORD PERIOD 1871 TO 2014


WEATHER ITEM   OBSERVED TIME   RECORD YEAR NORMAL DEPARTURE LAST
                VALUE   (LST)  VALUE       VALUE  FROM      YEAR
                                                  NORMAL
..................................................................
TEMPERATURE (F)
 TODAY
  MAXIMUM         47    138 PM  82    1950  57    -10       67
  MINIMUM         43    633 AM  19    1988  41      2       61
  AVERAGE         45                        49     -4       64

PRECIPITATION (IN)
  TODAY            0.03                      0.10  -0.07     0.49
  MONTH TO DATE    2.69                      3.07  -0.38     4.70
  SINCE SEP 1      7.16                      6.88   0.28     6.66
  SINCE JAN 1     38.27                     32.42   5.85    34.87

SNOWFALL (IN)
  TODAY            0.0                       0.0    0.0      0.0
  MONTH TO DATE    0.0                       0.2   -0.2       T
  SINCE SEP 1      0.0                       0.2   -0.2       T
  SINCE JUL 1      0.0                       0.2   -0.2       T
  SNOW DEPTH       0

DEGREE DAYS
 HEATING
  TODAY           20                        16      4        1
  MONTH TO DATE  357                       356      1      317
  SINCE SEP 1    475                       448     27      404
  SINCE JUL 1    500                       460     40      411

 COOLING
  TODAY            0                         0      0        0
  MONTH TO DATE    4                        12     -8       34
  SINCE SEP 1     67                       101    -34      127
  SINCE JAN 1    657                       816   -159      889
..................................................................


WIND (MPH)
  HIGHEST WIND SPEED    10   HIGHEST WIND DIRECTION     S (200)
  HIGHEST GUST SPEED    13   HIGHEST GUST DIRECTION     S (200)


SKY COVER
  POSSIBLE SUNSHINE  MM
  AVERAGE SKY COVER 1.0


WEATHER CONDITIONS
 THE FOLLOWING WEATHER WAS RECORDED TODAY.
  LIGHT RAIN


RELATIVE HUMIDITY (PERCENT)
 HIGHEST    83           400 PM
 LOWEST     65          1100 AM
 AVERAGE    74

..........................................................


THE CLEVELAND OH CLIMATE NORMALS FOR TOMORROW
                         NORMAL    RECORD    YEAR
 MAXIMUM TEMPERATURE (F)   57        82      1950
 MINIMUM TEMPERATURE (F)   41        25      1954


SUNRISE AND SUNSET
OCTOBER 31 2014.......SUNRISE   758 AM EDT   SUNSET   624 PM EDT
NOVEMBER  1 2014......SUNRISE   759 AM EDT   SUNSET   622 PM EDT


-  INDICATES NEGATIVE NUMBERS.
R  INDICATES RECORD WAS SET OR TIED.
MM INDICATES DATA IS MISSING.
T  INDICATES TRACE AMOUNT.




$$
