000
CDUS44 KHGX 270718
CLICLL


CLIMATE REPORT
NATIONAL WEATHER SERVICE HOUSTON/GALVESTON TX
117 AM CST MON FEB 27 2017


...................................

...THE COLLEGE STATION CLIMATE SUMMARY FOR FEBRUARY 26 2017...

CLIMATE NORMAL PERIOD 1981 TO 2010
CLIMATE RECORD PERIOD 1902 TO 2017


WEATHER ITEM   OBSERVED TIME   RECORD YEAR NORMAL DEPARTURE LAST
                VALUE   (LST)  VALUE       VALUE  FROM      YEAR
                                                  NORMAL
..................................................................
TEMPERATURE (F)
 YESTERDAY
  MAXIMUM         73    303 PM  88    1954  67      6       63
                                      1918
                                      1917
  MINIMUM         45    704 AM  24    1960  47     -2       40
  AVERAGE         59                        57      2       52

PRECIPITATION (IN)
  YESTERDAY        T             1.99 1966   0.09  -0.09     0.00
  MONTH TO DATE    3.26                      2.65   0.61     1.32
  SINCE DEC 1      9.77                      9.12   0.65    10.70
  SINCE JAN 1      7.00                      5.89   1.11     2.62

SNOWFALL (IN)
  YESTERDAY       MM
  MONTH TO DATE    0.0
  SINCE JUL 1      T

DEGREE DAYS
 HEATING
  YESTERDAY        6                         9     -3       13
  MONTH TO DATE  103                       291   -188      202
  SINCE DEC 1    700                      1144   -444      888
  SINCE JUL 1    769                      1369   -600     1035

 COOLING
  YESTERDAY        0                         1     -1        0
  MONTH TO DATE   73                        23     50       18
  SINCE DEC 1    152                        50    102       58
  SINCE JAN 1    108                        34     74       22
..................................................................


WIND (MPH)
  HIGHEST WIND SPEED    21   HIGHEST WIND DIRECTION    SE (150)
  HIGHEST GUST SPEED    27   HIGHEST GUST DIRECTION    SE (150)
  AVERAGE WIND SPEED    10.6


SKY COVER
  AVERAGE SKY COVER 0.6


WEATHER CONDITIONS
 THE FOLLOWING WEATHER WAS RECORDED YESTERDAY.
  LIGHT RAIN


RELATIVE HUMIDITY (PERCENT)
 HIGHEST    87          1100 PM
 LOWEST     46          1200 AM
 AVERAGE    67

..........................................................


THE COLLEGE STATION CLIMATE NORMALS FOR TODAY
                         NORMAL    RECORD    YEAR
 MAXIMUM TEMPERATURE (F)   67        87      1917
 MINIMUM TEMPERATURE (F)   47        17      2002


SUNRISE AND SUNSET
FEBRUARY 27 2017......SUNRISE   654 AM CST   SUNSET   623 PM CST
FEBRUARY 28 2017......SUNRISE   653 AM CST   SUNSET   624 PM CST


-  INDICATES NEGATIVE NUMBERS.
R  INDICATES RECORD WAS SET OR TIED.
MM INDICATES DATA IS MISSING.
T  INDICATES TRACE AMOUNT.




$$
