000
CDUS44 KHGX 232138
CLICLL


CLIMATE REPORT
NATIONAL WEATHER SERVICE HOUSTON/GALVESTON TX
437 PM CDT TUE SEP 23 2014


...................................

...THE COLLEGE STATION CLIMATE SUMMARY FOR SEPTEMBER 23 2014...
VALID TODAY AS OF 400 PM LOCAL TIME.

CLIMATE NORMAL PERIOD 1981 TO 2010
CLIMATE RECORD PERIOD 1902 TO 2014


WEATHER ITEM   OBSERVED TIME   RECORD YEAR NORMAL DEPARTURE LAST
                VALUE   (LST)  VALUE       VALUE  FROM      YEAR
                                                  NORMAL
..................................................................
TEMPERATURE (F)
 TODAY
  MAXIMUM         84    219 PM  99    2000  88     -4       89
  MINIMUM         63    654 AM  47    1994  67     -4       69
  AVERAGE         74                        78     -4       79

PRECIPITATION (IN)
  TODAY            0.00          2.53 1997   0.11  -0.11     0.00
  MONTH TO DATE    6.56                      2.46   4.10     3.19
  SINCE SEP 1      6.56                      2.46   4.10     3.19
  SINCE JAN 1     29.33                     27.98   1.35    22.92

SNOWFALL (IN)
  TODAY            0.0
  MONTH TO DATE    0.0
  SINCE JUL 1      0.0

DEGREE DAYS
 HEATING
  TODAY            0                         0      0        0
  MONTH TO DATE    0                         0      0        0
  SINCE SEP 1      0                         0      0        0
  SINCE JUL 1      0                         0      0        0

 COOLING
  TODAY            9                        13     -4       14
  MONTH TO DATE  390                       368     22      449
  SINCE SEP 1    390                       368     22      449
  SINCE JAN 1   2597                      2714   -117     2926
..................................................................


WIND (MPH)
  HIGHEST WIND SPEED    14   HIGHEST WIND DIRECTION     N (20)
  HIGHEST GUST SPEED    19   HIGHEST GUST DIRECTION     N (20)
  AVERAGE WIND SPEED     7.9


SKY COVER
  AVERAGE SKY COVER 0.0


WEATHER CONDITIONS
 THE FOLLOWING WEATHER WAS RECORDED TODAY.
  NO SIGNIFICANT WEATHER WAS OBSERVED.


RELATIVE HUMIDITY (PERCENT)
 HIGHEST    78           600 AM
 LOWEST     37           200 PM
 AVERAGE    58

..........................................................


THE COLLEGE STATION CLIMATE NORMALS FOR TOMORROW
                         NORMAL    RECORD    YEAR
 MAXIMUM TEMPERATURE (F)   88        99      1912
 MINIMUM TEMPERATURE (F)   67        51      1975


SUNRISE AND SUNSET
SEPTEMBER 23 2014.....SUNRISE   714 AM CDT   SUNSET   721 PM CDT
SEPTEMBER 24 2014.....SUNRISE   715 AM CDT   SUNSET   719 PM CDT


-  INDICATES NEGATIVE NUMBERS.
R  INDICATES RECORD WAS SET OR TIED.
MM INDICATES DATA IS MISSING.
T  INDICATES TRACE AMOUNT.


$$
