000
CDUS44 KHGX 262243
CLICLL


CLIMATE REPORT
NATIONAL WEATHER SERVICE HOUSTON/GALVESTON TX
438 PM CST FRI DEC 26 2014


...................................

...THE COLLEGE STATION CLIMATE SUMMARY FOR DECEMBER 26 2014...
VALID TODAY AS OF 400 PM LOCAL TIME.

CLIMATE NORMAL PERIOD 1981 TO 2010
CLIMATE RECORD PERIOD 1902 TO 2014


WEATHER ITEM   OBSERVED TIME   RECORD YEAR NORMAL DEPARTURE LAST
                VALUE   (LST)  VALUE       VALUE  FROM      YEAR
                                                  NORMAL
..................................................................
TEMPERATURE (F)
 TODAY
  MAXIMUM         66    154 PM  80    1916  61      5       58
  MINIMUM         56    105 AM  12    1983  41     15       38
  AVERAGE         61                        51     10       48

PRECIPITATION (IN)
  TODAY            0.03          1.73 1990   0.11  -0.08     0.00
  MONTH TO DATE    1.79                      2.72  -0.93     0.76
  SINCE DEC 1      1.79                      2.72  -0.93     0.76
  SINCE JAN 1     38.83                     39.55  -0.72    39.35

SNOWFALL (IN)
  TODAY            0.0
  MONTH TO DATE    0.0
  SINCE JUL 1      0.0

DEGREE DAYS
 HEATING
  TODAY            4                        15    -11       17
  MONTH TO DATE  208                       337   -129      420
  SINCE DEC 1    208                       337   -129      420
  SINCE JUL 1    503                       562    -59      722

 COOLING
  TODAY            0                         0      0        0
  MONTH TO DATE   10                        13     -3       14
  SINCE DEC 1     10                        13     -3       14
  SINCE JAN 1   2943                      3086   -143     3282
..................................................................


WIND (MPH)
  HIGHEST WIND SPEED    21   HIGHEST WIND DIRECTION     S (170)
  HIGHEST GUST SPEED    25   HIGHEST GUST DIRECTION     S (160)
  AVERAGE WIND SPEED    12.5


SKY COVER
  AVERAGE SKY COVER 1.0


WEATHER CONDITIONS
 THE FOLLOWING WEATHER WAS RECORDED TODAY.
  LIGHT RAIN
  FOG


RELATIVE HUMIDITY (PERCENT)
 HIGHEST   100           300 PM
 LOWEST     72          1200 AM
 AVERAGE    86

..........................................................


THE COLLEGE STATION CLIMATE NORMALS FOR TOMORROW
                         NORMAL    RECORD    YEAR
 MAXIMUM TEMPERATURE (F)   61        79      1971
 MINIMUM TEMPERATURE (F)   41        20      1924


SUNRISE AND SUNSET
DECEMBER 26 2014......SUNRISE   721 AM CST   SUNSET   531 PM CST
DECEMBER 27 2014......SUNRISE   721 AM CST   SUNSET   532 PM CST


-  INDICATES NEGATIVE NUMBERS.
R  INDICATES RECORD WAS SET OR TIED.
MM INDICATES DATA IS MISSING.
T  INDICATES TRACE AMOUNT.


$$
