000
CDUS44 KHGX 270930
CLICLL


CLIMATE REPORT
NATIONAL WEATHER SERVICE HOUSTON/GALVESTON TX
320 AM CST FRI FEB 27 2015


...................................

...THE COLLEGE STATION CLIMATE SUMMARY FOR FEBRUARY 26 2015...

CLIMATE NORMAL PERIOD 1981 TO 2010
CLIMATE RECORD PERIOD 1902 TO 2015


WEATHER ITEM   OBSERVED TIME   RECORD YEAR NORMAL DEPARTURE LAST
                VALUE   (LST)  VALUE       VALUE  FROM      YEAR
                                                  NORMAL
..................................................................
TEMPERATURE (F)
 YESTERDAY
  MAXIMUM         48    449 PM  88    1917  67    -19       51
  MINIMUM         31    740 AM  24    1960  47    -16       33
  AVERAGE         40                        57    -17       42

PRECIPITATION (IN)
  YESTERDAY        0.00          1.99 1966   0.09  -0.09     0.32
  MONTH TO DATE    0.74                      2.65  -1.91     0.89
  SINCE DEC 1      9.97                      9.12   0.85     2.94
  SINCE JAN 1      7.40                      5.89   1.51     2.18

SNOWFALL (IN)
  YESTERDAY        0.0
  MONTH TO DATE    T
  SINCE JUL 1      T

DEGREE DAYS
 HEATING
  YESTERDAY       25                         9     16       23
  MONTH TO DATE  349                       291     58      343
  SINCE DEC 1   1198                      1144     54     1390
  SINCE JUL 1   1493                      1369    124     1692

 COOLING
  YESTERDAY        0                         1     -1        0
  MONTH TO DATE    1                        23    -22       21
  SINCE DEC 1     11                        50    -39       35
  SINCE JAN 1      1                        34    -33       21
..................................................................


WIND (MPH)
  HIGHEST WIND SPEED    18   HIGHEST WIND DIRECTION     N (350)
  HIGHEST GUST SPEED    23   HIGHEST GUST DIRECTION     N (350)
  AVERAGE WIND SPEED    10.4


SKY COVER
  AVERAGE SKY COVER 0.3


WEATHER CONDITIONS
 THE FOLLOWING WEATHER WAS RECORDED YESTERDAY.
  FOG
  HAZE


RELATIVE HUMIDITY (PERCENT)
 HIGHEST    96           300 AM
 LOWEST     56           400 PM
 AVERAGE    76

..........................................................


THE COLLEGE STATION CLIMATE NORMALS FOR TODAY
                         NORMAL    RECORD    YEAR
 MAXIMUM TEMPERATURE (F)   67        87      1917
 MINIMUM TEMPERATURE (F)   47        17      2002


SUNRISE AND SUNSET
FEBRUARY 27 2015......SUNRISE   654 AM CST   SUNSET   623 PM CST
FEBRUARY 28 2015......SUNRISE   653 AM CST   SUNSET   623 PM CST


-  INDICATES NEGATIVE NUMBERS.
R  INDICATES RECORD WAS SET OR TIED.
MM INDICATES DATA IS MISSING.
T  INDICATES TRACE AMOUNT.




$$
