000
CDUS42 KGSP 202135 RRA
CLICLT

CLIMATE REPORT
NATIONAL WEATHER SERVICE GREENVILLE-SPARTANBURG SC
435 PM EST THU NOV 20 2014


...................................

...THE CHARLOTTE NC CLIMATE SUMMARY FOR NOVEMBER 20 2014...
VALID TODAY AS OF 0435 PM LOCAL TIME.

CLIMATE NORMAL PERIOD 1981 TO 2010
CLIMATE RECORD PERIOD 1878 TO 2014


WEATHER ITEM   OBSERVED TIME   RECORD YEAR NORMAL DEPARTURE LAST
                VALUE   (LST)  VALUE       VALUE  FROM      YEAR
                                                  NORMAL
..................................................................
TEMPERATURE (F)
 TODAY
  MAXIMUM         59    259 PM  79    1942  61     -2       54
  MINIMUM         34    721 AM  18    1951  38     -4       36
  AVERAGE         47                        49     -2       45

PRECIPITATION (IN)
  TODAY            0.00          1.36 1921   0.11  -0.11     0.00
  MONTH TO DATE    0.96                      2.04  -1.08     0.94
  SINCE SEP 1      6.30                      8.68  -2.38     4.48
  SINCE JAN 1     40.06                     37.28   2.78    39.80

SNOWFALL (IN)
  TODAY            0.0           T    1914   0.0    0.0      0.0
  MONTH TO DATE    0.0                       0.1   -0.1       T
  SINCE SEP 1      T                         0.1   -0.1       T
  SINCE JUL 1      T                         0.1   -0.1       T
  SNOW DEPTH       0

DEGREE DAYS
 HEATING
  TODAY           18                        16      2       20
  MONTH TO DATE  359                       256    103      277
  SINCE SEP 1    491                       462     29      409
  SINCE JUL 1    491                       462     29      410

 COOLING
  TODAY            0                         0      0        0
  MONTH TO DATE    0                         0      0        1
  SINCE SEP 1    298                       236     62      289
  SINCE JAN 1   1653                      1513    140     1577
..................................................................


WIND (MPH)
  HIGHEST WIND SPEED    17   HIGHEST WIND DIRECTION    SW (220)
  HIGHEST GUST SPEED    24   HIGHEST GUST DIRECTION    SW (230)
  AVERAGE WIND SPEED     9.3


SKY COVER
  POSSIBLE SUNSHINE  MM
  AVERAGE SKY COVER 0.2


WEATHER CONDITIONS
 THE FOLLOWING WEATHER WAS RECORDED TODAY.
  NO SIGNIFICANT WEATHER WAS OBSERVED.


RELATIVE HUMIDITY (PERCENT)
 HIGHEST    47           600 AM
 LOWEST     28           200 PM
 AVERAGE    38

..........................................................


THE CHARLOTTE NC CLIMATE NORMALS FOR TOMORROW
                         NORMAL    RECORD    YEAR
 MAXIMUM TEMPERATURE (F)   61        78      1942
 MINIMUM TEMPERATURE (F)   38        19      1914


SUNRISE AND SUNSET
NOVEMBER 20 2014......SUNRISE   704 AM EST   SUNSET   515 PM EST
NOVEMBER 21 2014......SUNRISE   705 AM EST   SUNSET   515 PM EST


-  INDICATES NEGATIVE NUMBERS.
R  INDICATES RECORD WAS SET OR TIED.
MM INDICATES DATA IS MISSING.
T  INDICATES TRACE AMOUNT.

$$

OUTLAW
