000
CDUS42 KGSP 060633
CLICLT

CLIMATE REPORT
NATIONAL WEATHER SERVICE GREENVILLE-SPARTANBURG SC
133 AM EST SAT FEB 6 2016


...................................

...THE CHARLOTTE NC CLIMATE SUMMARY FOR FEBRUARY 5 2016...

CLIMATE NORMAL PERIOD 1981 TO 2010
CLIMATE RECORD PERIOD 1878 TO 2016


WEATHER ITEM   OBSERVED TIME   RECORD YEAR NORMAL DEPARTURE LAST
                VALUE   (LST)  VALUE       VALUE  FROM      YEAR
                                                  NORMAL
..................................................................
TEMPERATURE (F)
 YESTERDAY
  MAXIMUM         49    356 PM  78    1927  53     -4       52
                                      1890
  MINIMUM         28   1159 PM   6    1886  31     -3       27
  AVERAGE         39                        42     -3       40

PRECIPITATION (IN)
  YESTERDAY        T             2.00 2010   0.11  -0.11     0.00
  MONTH TO DATE    0.74                      0.56   0.18     0.40
  SINCE DEC 1     11.72                      7.22   4.50     5.77
  SINCE JAN 1      3.02                      3.97  -0.95     3.20

SNOWFALL (IN)
  YESTERDAY        T             3.5  1929   0.1   -0.1      0.0
  MONTH TO DATE    T                         0.3   -0.3      0.0
  SINCE DEC 1      3.3                       2.7    0.6      0.0
  SINCE JUL 1      3.3                       2.8    0.5       T
  SNOW DEPTH       0

DEGREE DAYS
 HEATING
  YESTERDAY       26                        23      3       25
  MONTH TO DATE   55                       116    -61      121
  SINCE DEC 1   1143                      1587   -444     1470
  SINCE JUL 1   1609                      2223   -614     2128

 COOLING
  YESTERDAY        0                         0      0        0
  MONTH TO DATE    0                         0      0        0
  SINCE DEC 1     12                         1     11        0
  SINCE JAN 1      0                         0      0        0
..................................................................


WIND (MPH)
  HIGHEST WIND SPEED    24   HIGHEST WIND DIRECTION     N (360)
  HIGHEST GUST SPEED    32   HIGHEST GUST DIRECTION     N (20)
  AVERAGE WIND SPEED    10.2


SKY COVER
  POSSIBLE SUNSHINE  MM
  AVERAGE SKY COVER 0.4


WEATHER CONDITIONS
 THE FOLLOWING WEATHER WAS RECORDED YESTERDAY.
  RAIN
  LIGHT SNOW


RELATIVE HUMIDITY (PERCENT)
 HIGHEST    51          1100 PM
 LOWEST     21           400 PM
 AVERAGE    36

..........................................................


THE CHARLOTTE NC CLIMATE NORMALS FOR TODAY
                         NORMAL    RECORD    YEAR
 MAXIMUM TEMPERATURE (F)   53        79      1927
 MINIMUM TEMPERATURE (F)   31        13      1977


SUNRISE AND SUNSET
FEBRUARY  6 2016......SUNRISE   719 AM EST   SUNSET   557 PM EST
FEBRUARY  7 2016......SUNRISE   718 AM EST   SUNSET   558 PM EST


-  INDICATES NEGATIVE NUMBERS.
R  INDICATES RECORD WAS SET OR TIED.
MM INDICATES DATA IS MISSING.
T  INDICATES TRACE AMOUNT.

$$
