000
CDUS42 KGSP 110627
CLICLT

CLIMATE REPORT
NATIONAL WEATHER SERVICE GREENVILLE-SPARTANBURG SC
226 AM EDT FRI JUL 11 2014


...................................

...THE CHARLOTTE NC CLIMATE SUMMARY FOR JULY 10 2014...

CLIMATE NORMAL PERIOD 1981 TO 2010
CLIMATE RECORD PERIOD 1878 TO 2014


WEATHER ITEM   OBSERVED TIME   RECORD YEAR NORMAL DEPARTURE LAST
                VALUE   (LST)  VALUE       VALUE  FROM      YEAR
                                                  NORMAL
..................................................................
TEMPERATURE (F)
 YESTERDAY
  MAXIMUM         85    216 PM 101    1926  89     -4       87
  MINIMUM         71   1044 PM  53    1961  68      3       69
  AVERAGE         78                        79     -1       78

PRECIPITATION (IN)
  YESTERDAY        T             2.45 1941   0.11  -0.11     0.18
  MONTH TO DATE    0.29                      1.06  -0.77     3.06
  SINCE JUN 1      3.14                      4.80  -1.66    10.37
  SINCE JAN 1     25.93                     21.76   4.17    29.12

SNOWFALL (IN)
  YESTERDAY        0.0           0.0    MM   0.0    0.0      0.0
  MONTH TO DATE    0.0                       0.0    0.0      0.0
  SINCE JUN 1      0.0                       0.0    0.0      0.0
  SINCE JUL 1      0.0                       0.0    0.0      0.0
  SNOW DEPTH       0

DEGREE DAYS
 HEATING
  YESTERDAY        0                         0      0        0
  MONTH TO DATE    0                         0      0        0
  SINCE JUN 1      0                         3     -3        0
  SINCE JUL 1      0                         0      0        0

 COOLING
  YESTERDAY       13                        14     -1       13
  MONTH TO DATE  139                       133      6      134
  SINCE JUN 1    512                       444     68      481
  SINCE JAN 1    740                       607    133      650
..................................................................


WIND (MPH)
  HIGHEST WIND SPEED    15   HIGHEST WIND DIRECTION     N (340)
  HIGHEST GUST SPEED    22   HIGHEST GUST DIRECTION    NW (320)
  AVERAGE WIND SPEED     3.8


SKY COVER
  POSSIBLE SUNSHINE  MM
  AVERAGE SKY COVER 0.8


WEATHER CONDITIONS
 THE FOLLOWING WEATHER WAS RECORDED YESTERDAY.
  LIGHT RAIN
  FOG


RELATIVE HUMIDITY (PERCENT)
 HIGHEST    93           300 AM
 LOWEST     62           100 PM
 AVERAGE    78

..........................................................


THE CHARLOTTE NC CLIMATE NORMALS FOR TODAY
                         NORMAL    RECORD    YEAR
 MAXIMUM TEMPERATURE (F)   89       100      1986
 MINIMUM TEMPERATURE (F)   68        55      1963
                                             1961


SUNRISE AND SUNSET
JULY 11 2014..........SUNRISE   618 AM EDT   SUNSET   840 PM EDT
JULY 12 2014..........SUNRISE   619 AM EDT   SUNSET   840 PM EDT


-  INDICATES NEGATIVE NUMBERS.
R  INDICATES RECORD WAS SET OR TIED.
MM INDICATES DATA IS MISSING.
T  INDICATES TRACE AMOUNT.

$$
07
