645
CDUS42 KGSP 162131 RRA
CLICLT

CLIMATE REPORT
NATIONAL WEATHER SERVICE GREENVILLE-SPARTANBURG SC
430 PM EST MON JAN 16 2017

...................................

...THE CHARLOTTE NC CLIMATE SUMMARY FOR JANUARY 16 2017...
VALID TODAY AS OF 0400 PM LOCAL TIME.

CLIMATE NORMAL PERIOD 1981 TO 2010
CLIMATE RECORD PERIOD 1878 TO 2017


WEATHER ITEM   OBSERVED TIME   RECORD YEAR NORMAL DEPARTURE LAST
                VALUE   (LST)  VALUE       VALUE  FROM      YEAR
                                                  NORMAL
..................................................................
TEMPERATURE (F)
 TODAY
  MAXIMUM         54    428 PM  74    1974  50      4       60
  MINIMUM         50    853 AM   5    1893  29     21       41
  AVERAGE         52                        40     12       51

PRECIPITATION (IN)
  TODAY            0.00          1.69 1954   0.11  -0.11     0.00
  MONTH TO DATE    2.71                      1.80   0.91     1.35
  SINCE DEC 1      5.62                      5.05   0.57    10.05
  SINCE JAN 1      2.71                      1.80   0.91     1.35

SNOWFALL (IN)
  TODAY            0.0          10.0  1965   0.1   -0.1      0.0
  MONTH TO DATE    1.1                       1.0    0.1      0.0
  SINCE DEC 1      1.1                       1.3   -0.2      0.0
  SINCE JUL 1      1.1                       1.4   -0.3      0.0
  SNOW DEPTH       0

DEGREE DAYS
 HEATING
  TODAY           13                        25    -12       14
  MONTH TO DATE  323                       400    -77      380
  SINCE DEC 1    948                      1101   -153      681
  SINCE JUL 1   1366                      1737   -371     1147

 COOLING
  TODAY            0                         0      0        0
  MONTH TO DATE    0                         0      0        0
  SINCE DEC 1      0                         1     -1       12
  SINCE JAN 1      0                         0      0        0
..................................................................


WIND (MPH)
  HIGHEST WIND SPEED     9   HIGHEST WIND DIRECTION     E (90)
  HIGHEST GUST SPEED    17   HIGHEST GUST DIRECTION     E (80)
  AVERAGE WIND SPEED     5.7


SKY COVER
  POSSIBLE SUNSHINE  MM
  AVERAGE SKY COVER 1.0


WEATHER CONDITIONS
 THE FOLLOWING WEATHER WAS RECORDED TODAY.
  NO SIGNIFICANT WEATHER WAS OBSERVED.


RELATIVE HUMIDITY (PERCENT)
 HIGHEST    86           700 AM
 LOWEST     71          1200 AM
 AVERAGE    79

..........................................................


THE CHARLOTTE NC CLIMATE NORMALS FOR TOMORROW
                         NORMAL    RECORD    YEAR
 MAXIMUM TEMPERATURE (F)   51        75      1943
 MINIMUM TEMPERATURE (F)   29         5      1977


SUNRISE AND SUNSET
JANUARY 16 2017.......SUNRISE   731 AM EST   SUNSET   536 PM EST
JANUARY 17 2017.......SUNRISE   731 AM EST   SUNSET   537 PM EST


-  INDICATES NEGATIVE NUMBERS.
R  INDICATES RECORD WAS SET OR TIED.
MM INDICATES DATA IS MISSING.
T  INDICATES TRACE AMOUNT.

$$
