000
CDUS42 KGSP 220629 RRA
CLICLT

CLIMATE REPORT
NATIONAL WEATHER SERVICE GREENVILLE-SPARTANBURG SC
128 AM EST MON DEC 22 2014


...................................

...THE CHARLOTTE NC CLIMATE SUMMARY FOR DECEMBER 21 2014...

CLIMATE NORMAL PERIOD 1981 TO 2010
CLIMATE RECORD PERIOD 1878 TO 2014


WEATHER ITEM   OBSERVED TIME   RECORD YEAR NORMAL DEPARTURE LAST
                VALUE   (LST)  VALUE       VALUE  FROM      YEAR
                                                  NORMAL
..................................................................
TEMPERATURE (F)
 YESTERDAY
  MAXIMUM         51    241 PM  73    2013  52     -1       73
  MINIMUM         42    808 AM  10    1901  31     11       48
  AVERAGE         47                        41      6       61

PRECIPITATION (IN)
  YESTERDAY        T             2.19 1878   0.10  -0.10     0.00
  MONTH TO DATE    0.42                      2.20  -1.78     1.93
  SINCE DEC 1      0.42                      2.20  -1.78     1.93
  SINCE JAN 1     43.31                     40.58   2.73    44.42

SNOWFALL (IN)
  YESTERDAY        0.0           1.0  1973   0.0    0.0      0.0
                                      1981
  MONTH TO DATE    0.0                       0.1   -0.1      0.0
  SINCE DEC 1      0.0                       0.1   -0.1      0.0
  SINCE JUL 1      T                         0.2   -0.2       T
  SNOW DEPTH       0

DEGREE DAYS
 HEATING
  YESTERDAY       18                        24     -6        4
  MONTH TO DATE  395                       456    -61      367
  SINCE DEC 1    395                       456    -61      367
  SINCE JUL 1   1053                      1092    -39     1017

 COOLING
  YESTERDAY        0                         0      0        0
  MONTH TO DATE    0                         0      0        6
  SINCE DEC 1      0                         0      0        6
  SINCE JAN 1   1655                      1517    138     1583
..................................................................


WIND (MPH)
  HIGHEST WIND SPEED    13   HIGHEST WIND DIRECTION     E (70)
  HIGHEST GUST SPEED    20   HIGHEST GUST DIRECTION     E (90)
  AVERAGE WIND SPEED     4.3


SKY COVER
  POSSIBLE SUNSHINE  MM
  AVERAGE SKY COVER 1.0


WEATHER CONDITIONS
 THE FOLLOWING WEATHER WAS RECORDED YESTERDAY.
  LIGHT RAIN


RELATIVE HUMIDITY (PERCENT)
 HIGHEST    70          1200 AM
 LOWEST     56           100 PM
 AVERAGE    63

..........................................................


THE CHARLOTTE NC CLIMATE NORMALS FOR TODAY
                         NORMAL    RECORD    YEAR
 MAXIMUM TEMPERATURE (F)   51        72      1889
 MINIMUM TEMPERATURE (F)   31        11      1960


SUNRISE AND SUNSET
DECEMBER 22 2014......SUNRISE   729 AM EST   SUNSET   516 PM EST
DECEMBER 23 2014......SUNRISE   729 AM EST   SUNSET   516 PM EST


-  INDICATES NEGATIVE NUMBERS.
R  INDICATES RECORD WAS SET OR TIED.
MM INDICATES DATA IS MISSING.
T  INDICATES TRACE AMOUNT.

$$
