000
CDUS42 KGSP 182135 RRA
CLICLT

CLIMATE REPORT
NATIONAL WEATHER SERVICE GREENVILLE-SPARTANBURG SC
434 PM EST SUN FEB 18 2018

...................................

...THE CHARLOTTE NC CLIMATE SUMMARY FOR FEBRUARY 18 2018...
VALID TODAY AS OF 0400 PM LOCAL TIME.

CLIMATE NORMAL PERIOD 1981 TO 2010
CLIMATE RECORD PERIOD 1878 TO 2018


WEATHER ITEM   OBSERVED TIME   RECORD YEAR NORMAL DEPARTURE LAST
                VALUE   (LST)  VALUE       VALUE  FROM      YEAR
                                                  NORMAL
..................................................................
TEMPERATURE (F)
 TODAY
  MAXIMUM         64    257 PM  78    2011  56      8       69
                                      1891
  MINIMUM         42    804 AM   5    1958  33      9       38
  AVERAGE         53                        44      9       54

PRECIPITATION (IN)
  TODAY            0.00          1.89 1883   0.12  -0.12     0.01
  MONTH TO DATE    2.57                      2.03   0.54     1.12
  SINCE DEC 1      7.25                      8.69  -1.44     9.75
  SINCE JAN 1      5.13                      5.44  -0.31     6.84

SNOWFALL (IN)
  TODAY            0.0          10.0  1979   0.1   -0.1      0.0
  MONTH TO DATE    0.0                       0.8   -0.8      0.0
  SINCE DEC 1      4.0                       3.2    0.8      1.1
  SINCE JUL 1      4.0                       3.3    0.7      1.1
  SNOW DEPTH       0

DEGREE DAYS
 HEATING
  TODAY           12                        21     -9       11
  MONTH TO DATE  268                       400   -132      242
  SINCE DEC 1   1716                      1871   -155     1401
  SINCE JUL 1   2242                      2507   -265     1819

 COOLING
  TODAY            0                         0      0        0
  MONTH TO DATE   11                         0     11        5
  SINCE DEC 1     11                         1     10        5
  SINCE JAN 1     11                         0     11        5
..................................................................


WIND (MPH)
  HIGHEST WIND SPEED    15   HIGHEST WIND DIRECTION     N (20)
  HIGHEST GUST SPEED    22   HIGHEST GUST DIRECTION    NE (40)
  AVERAGE WIND SPEED     4.9


SKY COVER
  POSSIBLE SUNSHINE  MM
  AVERAGE SKY COVER 0.7


WEATHER CONDITIONS
 THE FOLLOWING WEATHER WAS RECORDED TODAY.
  FOG
  FOG W/VISIBILITY <= 1/4 MILE


RELATIVE HUMIDITY (PERCENT)
 HIGHEST   100           100 AM
 LOWEST     34           300 PM
 AVERAGE    67

..........................................................


THE CHARLOTTE NC CLIMATE NORMALS FOR TOMORROW
                         NORMAL    RECORD    YEAR
 MAXIMUM TEMPERATURE (F)   56        76      2014
                                             1939
 MINIMUM TEMPERATURE (F)   34         8      1958


SUNRISE AND SUNSET
FEBRUARY 18 2018......SUNRISE   707 AM EST   SUNSET   609 PM EST
FEBRUARY 19 2018......SUNRISE   706 AM EST   SUNSET   610 PM EST


-  INDICATES NEGATIVE NUMBERS.
R  INDICATES RECORD WAS SET OR TIED.
MM INDICATES DATA IS MISSING.
T  INDICATES TRACE AMOUNT.

$$
