553
CDUS46 KLOX 261311
CLICMA


CLIMATE REPORT
NATIONAL WEATHER SERVICE LOS ANGELES/OXNARD CA
611 AM PDT MON SEP 26 2016


...................................

...THE CAMARILLO AIRPORT CA CLIMATE SUMMARY FOR SEPTEMBER 25 2016...

CLIMATE NORMAL PERIOD 1981 TO 2010
CLIMATE RECORD PERIOD 1948 TO 2016


WEATHER ITEM   OBSERVED TIME   RECORD YEAR NORMAL DEPARTURE LAST
                VALUE   (LST)  VALUE       VALUE  FROM      YEAR
                                                  NORMAL
..................................................................
TEMPERATURE (F)
 YESTERDAY
  MAXIMUM        104R   216 PM 104    2016  76     28       87
  MINIMUM         57    309 AM  45    1948  56      1       69
  AVERAGE         81                        66     15       78

PRECIPITATION (IN)
  YESTERDAY        0.00          0.02 2011   0.01  -0.01     0.00
  MONTH TO DATE    T                         0.13  -0.13     0.36
  SINCE OCT 1      5.98                     15.17  -9.19     9.32
  SINCE JAN 1      5.42                     11.17  -5.75     4.41

SNOWFALL (IN)
  YESTERDAY        0.0
  MONTH TO DATE    0.0
  SINCE SEP 1      0.0
  SINCE JUL 1      0.0

DEGREE DAYS
 HEATING
  YESTERDAY        0                         1     -1        0
  MONTH TO DATE    4                         7     -3        0
  SINCE SEP 1      4                         7     -3        0
  SINCE JUL 1      4                        22    -18        0

 COOLING
  YESTERDAY       16                         2     14       13
  MONTH TO DATE   89                        63     26      259
  SINCE SEP 1     89                        63     26      259
  SINCE JAN 1    554                       275    279      864
..................................................................


WIND (MPH)
  HIGHEST WIND SPEED    26   HIGHEST WIND DIRECTION     E (80)
  HIGHEST GUST SPEED    34   HIGHEST GUST DIRECTION    NE (60)
  AVERAGE WIND SPEED     8.0


SKY COVER
  POSSIBLE SUNSHINE  MM
  AVERAGE SKY COVER 0.0


WEATHER CONDITIONS
 THE FOLLOWING WEATHER WAS RECORDED YESTERDAY.
  HAZE
  SANDSTORM


RELATIVE HUMIDITY (PERCENT)
 HIGHEST    63          1000 PM
 LOWEST      6           100 PM
 AVERAGE    35

..........................................................


THE CAMARILLO AIRPORT CA CLIMATE NORMALS FOR TODAY
                         NORMAL    RECORD    YEAR
 MAXIMUM TEMPERATURE (F)   76       101      1963
 MINIMUM TEMPERATURE (F)   56        44      1948


SUNRISE AND SUNSET
SEPTEMBER 26 2016.....SUNRISE   648 AM PDT   SUNSET   647 PM PDT
SEPTEMBER 27 2016.....SUNRISE   648 AM PDT   SUNSET   645 PM PDT


-  INDICATES NEGATIVE NUMBERS.
R  INDICATES RECORD WAS SET OR TIED.
MM INDICATES DATA IS MISSING.
T  INDICATES TRACE AMOUNT.




$$
