000
CDUS46 KLOX 230903
CLICMA


CLIMATE REPORT
NATIONAL WEATHER SERVICE LOS ANGELES/OXNARD CA
203 AM PDT WED AUG 23 2017


...................................

...THE CAMARILLO AIRPORT CA CLIMATE SUMMARY FOR AUGUST 22 2017...

CLIMATE NORMAL PERIOD 1981 TO 2010
CLIMATE RECORD PERIOD 1923 TO 2017


WEATHER ITEM   OBSERVED TIME   RECORD YEAR NORMAL DEPARTURE LAST
                VALUE   (LST)  VALUE       VALUE  FROM      YEAR
                                                  NORMAL
..................................................................
TEMPERATURE (F)
 YESTERDAY
  MAXIMUM         80   1231 PM  86    1972  77      3       79
  MINIMUM         59    402 AM  47    1936  59      0       61
  AVERAGE         70                        68      2       70

PRECIPITATION (IN)
  YESTERDAY        0.00          T    1967   0.00   0.00     0.00
                                      1962
                                      1953
  MONTH TO DATE    0.00                      0.02  -0.02     0.00
  SINCE OCT 1     19.44                     15.02   4.42     5.98
  SINCE JAN 1     14.78                     11.02   3.76     5.42

SNOWFALL (IN)
  YESTERDAY        0.0
  MONTH TO DATE    0.0
  SINCE JUN 1      0.0
  SINCE JUL 1      0.0

DEGREE DAYS
 HEATING
  YESTERDAY        0                         0      0        0
  MONTH TO DATE    0                         0      0        0
  SINCE JUN 1     20                        53    -33       17
  SINCE JUL 1      1                        10     -9        0

 COOLING
  YESTERDAY        5                         3      2        5
  MONTH TO DATE  142                        66     76      109
  SINCE JUN 1    383                       160    223      355
  SINCE JAN 1    424                       191    233      426
..................................................................


WIND (MPH)
  HIGHEST WIND SPEED    14   HIGHEST WIND DIRECTION     W (270)
  HIGHEST GUST SPEED    17   HIGHEST GUST DIRECTION    SW (230)
  AVERAGE WIND SPEED     5.1


SKY COVER
  POSSIBLE SUNSHINE  MM
  AVERAGE SKY COVER 0.2


WEATHER CONDITIONS
 THE FOLLOWING WEATHER WAS RECORDED YESTERDAY.
  NO SIGNIFICANT WEATHER WAS OBSERVED.


RELATIVE HUMIDITY (PERCENT)
 HIGHEST    87          1200 AM
 LOWEST     54          1100 AM
 AVERAGE    71

..........................................................


THE CAMARILLO AIRPORT CA CLIMATE NORMALS FOR TODAY
                         NORMAL    RECORD    YEAR
 MAXIMUM TEMPERATURE (F)   77        94      1968
 MINIMUM TEMPERATURE (F)   59        48      1947
                                             1933
                                             1925


SUNRISE AND SUNSET
AUGUST 23 2017........SUNRISE   624 AM PDT   SUNSET   734 PM PDT
AUGUST 24 2017........SUNRISE   624 AM PDT   SUNSET   732 PM PDT


-  INDICATES NEGATIVE NUMBERS.
R  INDICATES RECORD WAS SET OR TIED.
MM INDICATES DATA IS MISSING.
T  INDICATES TRACE AMOUNT.




$$
