000
CDUS46 KLOX 010117
CLICMA


CLIMATE REPORT
NATIONAL WEATHER SERVICE LOS ANGELES/OXNARD CA
617 PM PDT FRI JUL 31 2015


...................................

...THE CAMARILLO CLIMATE SUMMARY FOR JULY 31 2015...
VALID TODAY AS OF 0600 PM LOCAL TIME.

CLIMATE NORMAL PERIOD 1981 TO 2010
CLIMATE RECORD PERIOD 1948 TO 2015


WEATHER ITEM   OBSERVED TIME   RECORD YEAR NORMAL DEPARTURE LAST
                VALUE   (LST)  VALUE       VALUE  FROM      YEAR
                                                  NORMAL
..................................................................
TEMPERATURE (F)
 TODAY
  MAXIMUM         83    314 PM  84    1971  77      6       82
  MINIMUM         68    417 AM  50    1970  58     10       65
  AVERAGE         76                        67      9       74

PRECIPITATION (IN)
  TODAY            0.00          T    1956   0.00   0.00     0.00
  MONTH TO DATE    0.53                      0.02   0.51      T
  SINCE OCT 1      8.96                     15.00  -6.04     4.97
  SINCE JAN 1      4.05                     11.00  -6.95     4.19

SNOWFALL (IN)
  TODAY            0.0
  MONTH TO DATE    0.0
  SINCE JUN 1      0.0
  SINCE JUL 1      0.0

DEGREE DAYS
 HEATING
  TODAY            0                         0      0        0
  MONTH TO DATE    0                         1     -1        0
  SINCE JUN 1      4                        53    -49       12
  SINCE JUL 1      0                        10    -10        0

 COOLING
  TODAY           11                         3      8        9
  MONTH TO DATE  180                        71    109      225
  SINCE JUN 1    240                        94    146      270
  SINCE JAN 1    349                       125    224      418
..................................................................


WIND (MPH)
  HIGHEST WIND SPEED    15   HIGHEST WIND DIRECTION     S (200)
  HIGHEST GUST SPEED    20   HIGHEST GUST DIRECTION    SW (220)
  AVERAGE WIND SPEED     5.9


SKY COVER
  POSSIBLE SUNSHINE  MM
  AVERAGE SKY COVER 0.2


WEATHER CONDITIONS
 THE FOLLOWING WEATHER WAS RECORDED TODAY.
  NO SIGNIFICANT WEATHER WAS OBSERVED.


RELATIVE HUMIDITY (PERCENT)
 HIGHEST    79           600 AM
 LOWEST     58          1100 AM
 AVERAGE    69

..........................................................


THE CAMARILLO CLIMATE NORMALS FOR TOMORROW
                         NORMAL    RECORD    YEAR
 MAXIMUM TEMPERATURE (F)   77        86      1980
 MINIMUM TEMPERATURE (F)   58        51      1962


SUNRISE AND SUNSET
JULY 31 2015..........SUNRISE   607 AM PDT   SUNSET   759 PM PDT
AUGUST  1 2015........SUNRISE   607 AM PDT   SUNSET   758 PM PDT


-  INDICATES NEGATIVE NUMBERS.
R  INDICATES RECORD WAS SET OR TIED.
MM INDICATES DATA IS MISSING.
T  INDICATES TRACE AMOUNT.




$$
