000
CDUS41 KILN 020626
CLICMH


CLIMATE REPORT
NATIONAL WEATHER SERVICE WILMINGTON OH
225 AM EDT WED SEP 2 2015


...................................

...THE COLUMBUS OH CLIMATE SUMMARY FOR SEPTEMBER 1 2015...

CLIMATE NORMAL PERIOD 1981 TO 2010
CLIMATE RECORD PERIOD 1869 TO 2015


WEATHER ITEM   OBSERVED TIME   RECORD YEAR NORMAL DEPARTURE LAST
                VALUE   (LST)  VALUE       VALUE  FROM      YEAR
                                                  NORMAL
..................................................................
TEMPERATURE (F)
 YESTERDAY
  MAXIMUM         88    357 PM  99    1953  82      6       87
                                      1932
  MINIMUM         67    547 AM  42    1967  62      5       73
  AVERAGE         78                        72      6       80

PRECIPITATION (IN)
  YESTERDAY        0.00          2.36 2003   0.10  -0.10     0.15
  MONTH TO DATE    0.00                      0.10  -0.10     0.15
  SINCE SEP 1      0.00                      0.10  -0.10     0.15
  SINCE JAN 1     31.86                     27.79   4.07    30.66

SNOWFALL (IN)
  YESTERDAY        0.0           0.0         0.0    0.0      0.0
  MONTH TO DATE    0.0                       0.0    0.0      0.0
  SINCE SEP 1      0.0                       0.0    0.0      0.0
  SINCE JUL 1      0.0                       0.0    0.0      0.0
  SNOW DEPTH       0

DEGREE DAYS
 HEATING
  YESTERDAY        0                         0      0        0
  MONTH TO DATE    0                         0      0        0
  SINCE SEP 1      0                         0      0        0
  SINCE JUL 1      5                         0      5        0

 COOLING
  YESTERDAY       13                         7      6       15
  MONTH TO DATE   13                         7      6       15
  SINCE SEP 1     13                         7      6       15
  SINCE JAN 1    869                       896    -27     1037
..................................................................


WIND (MPH)
  RESULTANT WIND SPEED   1   RESULTANT WIND DIRECTION  SW (240)
  HIGHEST WIND SPEED    10   HIGHEST WIND DIRECTION     S (180)
  HIGHEST GUST SPEED    14   HIGHEST GUST DIRECTION     S (180)
  AVERAGE WIND SPEED     1.9


SKY COVER
  POSSIBLE SUNSHINE  MM
  AVERAGE SKY COVER 0.4


WEATHER CONDITIONS
 THE FOLLOWING WEATHER WAS RECORDED YESTERDAY.
  FOG
  HAZE


RELATIVE HUMIDITY (PERCENT)
 HIGHEST    97           200 AM
 LOWEST     46           400 PM
 AVERAGE    72

..........................................................


THE COLUMBUS OH CLIMATE NORMALS FOR TODAY
                         NORMAL    RECORD    YEAR
 MAXIMUM TEMPERATURE (F)   82       100      1953
 MINIMUM TEMPERATURE (F)   61        43      1967


SUNRISE AND SUNSET
SEPTEMBER  2 2015.....SUNRISE   700 AM EDT   SUNSET   802 PM EDT
SEPTEMBER  3 2015.....SUNRISE   701 AM EDT   SUNSET   800 PM EDT


-  INDICATES NEGATIVE NUMBERS.
R  INDICATES RECORD WAS SET OR TIED.
MM INDICATES DATA IS MISSING.
T  INDICATES TRACE AMOUNT.




$$
