000
CDUS41 KILN 270559
CLICMH


CLIMATE REPORT
NATIONAL WEATHER SERVICE WILMINGTON OH
1258 AM EST FRI FEB 27 2015


...................................

...THE COLUMBUS OH CLIMATE SUMMARY FOR FEBRUARY 26 2015...

CLIMATE NORMAL PERIOD 1981 TO 2010
CLIMATE RECORD PERIOD 1869 TO 2015


WEATHER ITEM   OBSERVED TIME   RECORD YEAR NORMAL DEPARTURE LAST
                VALUE   (LST)  VALUE       VALUE  FROM      YEAR
                                                  NORMAL
..................................................................
TEMPERATURE (F)
 YESTERDAY
  MAXIMUM         22    106 AM  75    2000  44    -22       25
  MINIMUM          9   1159 PM -10    1963  27    -18       13
  AVERAGE         16                        36    -20       19

PRECIPITATION (IN)
  YESTERDAY        T             1.55 1887   0.09  -0.09      T
  MONTH TO DATE    1.69                      2.09  -0.40     2.39
  SINCE DEC 1      7.26                      7.79  -0.53     9.09
  SINCE JAN 1      4.56                      4.82  -0.26     4.79

SNOWFALL (IN)
  YESTERDAY        T             5.2  1894   0.2   -0.2       T
  MONTH TO DATE   15.3                       5.7    9.6     15.8
  SINCE DEC 1     23.7                      19.9    3.8     46.2
  SINCE JUL 1     27.8                      21.0    6.8     50.9
  SNOW DEPTH       4

DEGREE DAYS
 HEATING
  YESTERDAY       49                        29     20       46
  MONTH TO DATE 1167                       845    322      993
  SINCE DEC 1   3263                      2923    340     3228
  SINCE JUL 1   4448                      3937    511     4290

 COOLING
  YESTERDAY        0                         0      0        0
  MONTH TO DATE    0                         0      0        0
  SINCE DEC 1      0                         0      0        0
  SINCE JAN 1      0                         0      0        0
..................................................................


WIND (MPH)
  RESULTANT WIND SPEED  11   RESULTANT WIND DIRECTION   N (0)
  HIGHEST WIND SPEED    18   HIGHEST WIND DIRECTION     N (340)
  HIGHEST GUST SPEED    23   HIGHEST GUST DIRECTION     N (10)
  AVERAGE WIND SPEED    11.5


SKY COVER
  POSSIBLE SUNSHINE  MM
  AVERAGE SKY COVER 0.9


WEATHER CONDITIONS
 THE FOLLOWING WEATHER WAS RECORDED YESTERDAY.
  LIGHT SNOW
  HAZE


RELATIVE HUMIDITY (PERCENT)
 HIGHEST    76           800 PM
 LOWEST     54          1200 AM
 AVERAGE    65

..........................................................


THE COLUMBUS OH CLIMATE NORMALS FOR TODAY
                         NORMAL    RECORD    YEAR
 MAXIMUM TEMPERATURE (F)   44        71      1996
 MINIMUM TEMPERATURE (F)   28       -11      1963


SUNRISE AND SUNSET
FEBRUARY 27 2015......SUNRISE   708 AM EST   SUNSET   621 PM EST
FEBRUARY 28 2015......SUNRISE   707 AM EST   SUNSET   622 PM EST


-  INDICATES NEGATIVE NUMBERS.
R  INDICATES RECORD WAS SET OR TIED.
MM INDICATES DATA IS MISSING.
T  INDICATES TRACE AMOUNT.




$$
