000
CDUS41 KILN 190535
CLICMH


CLIMATE REPORT
NATIONAL WEATHER SERVICE WILMINGTON OH
135 AM EDT SAT APR 19 2014


...................................

...THE COLUMBUS OH CLIMATE SUMMARY FOR APRIL 18 2014...

CLIMATE NORMAL PERIOD 1981 TO 2010
CLIMATE RECORD PERIOD 1869 TO 2014


WEATHER ITEM   OBSERVED TIME   RECORD YEAR NORMAL DEPARTURE LAST
                VALUE   (LST)  VALUE       VALUE  FROM      YEAR
                                                  NORMAL
..................................................................
TEMPERATURE (F)
 YESTERDAY
  MAXIMUM         71    340 PM  89    1896  65      6       86
  MINIMUM         44    421 AM  22    1953  43      1       61
  AVERAGE         58                        54      4       74

PRECIPITATION (IN)
  YESTERDAY        0.00          1.61 1885   0.11  -0.11     0.00
  MONTH TO DATE    2.68                      2.03   0.65     1.83
  SINCE MAR 1      5.27                      5.05   0.22     4.95
  SINCE JAN 1     10.06                     10.03   0.03     9.02

SNOWFALL (IN)
  YESTERDAY        0.0           4.1  1953   0.1   -0.1      0.0
  MONTH TO DATE    0.9                       1.0   -0.1       T
  SINCE MAR 1      5.4                       5.2    0.2     12.2
  SINCE JUL 1     56.4                      26.6   29.8     41.2
  SNOW DEPTH       0

DEGREE DAYS
 HEATING
  YESTERDAY        7                        11     -4        0
  MONTH TO DATE  211                       257    -46      207
  SINCE MAR 1   1048                       973     75     1058
  SINCE JUL 1   5432                      4968    464     4916

 COOLING
  YESTERDAY        0                         0      0        9
  MONTH TO DATE    6                         0      6       23
  SINCE MAR 1      6                         0      6       23
  SINCE JAN 1      6                         0      6       23
..................................................................


WIND (MPH)
  RESULTANT WIND SPEED   2   RESULTANT WIND DIRECTION   W (270)
  HIGHEST WIND SPEED    13   HIGHEST WIND DIRECTION    SW (240)
  HIGHEST GUST SPEED    18   HIGHEST GUST DIRECTION    SW (240)
  AVERAGE WIND SPEED     2.7


SKY COVER
  POSSIBLE SUNSHINE  MM
  AVERAGE SKY COVER 0.7


WEATHER CONDITIONS
 THE FOLLOWING WEATHER WAS RECORDED YESTERDAY.
  NO SIGNIFICANT WEATHER WAS OBSERVED.


RELATIVE HUMIDITY (PERCENT)
 HIGHEST    65           200 AM
 LOWEST     26           200 PM
 AVERAGE    46

..........................................................


THE COLUMBUS OH CLIMATE NORMALS FOR TODAY
                         NORMAL    RECORD    YEAR
 MAXIMUM TEMPERATURE (F)   65        85      2002
                                             1958
 MINIMUM TEMPERATURE (F)   44        21      1953


SUNRISE AND SUNSET
APRIL 19 2014.........SUNRISE   648 AM EDT   SUNSET   814 PM EDT
APRIL 20 2014.........SUNRISE   646 AM EDT   SUNSET   815 PM EDT


-  INDICATES NEGATIVE NUMBERS.
R  INDICATES RECORD WAS SET OR TIED.
MM INDICATES DATA IS MISSING.
T  INDICATES TRACE AMOUNT.




$$
