000
CDUS41 KILN 010533
CLICMH


CLIMATE REPORT
NATIONAL WEATHER SERVICE WILMINGTON OH
1232 AM EST WED MAR 1 2017


...................................

...THE COLUMBUS OH CLIMATE SUMMARY FOR FEBRUARY 28 2017...

CLIMATE NORMAL PERIOD 1981 TO 2010
CLIMATE RECORD PERIOD 1869 TO 2017


WEATHER ITEM   OBSERVED TIME   RECORD YEAR NORMAL DEPARTURE LAST
                VALUE   (LST)  VALUE       VALUE  FROM      YEAR
                                                  NORMAL
..................................................................
TEMPERATURE (F)
 YESTERDAY
  MAXIMUM         61   1057 PM  65    2016  45     16       65
                                      1955
                                      1939
  MINIMUM         40    121 AM   0    2015  28     12       38
  AVERAGE         51                        36     15       52

PRECIPITATION (IN)
  YESTERDAY        0.18          0.56 1954   0.08   0.10      T
  MONTH TO DATE    2.63                      2.25   0.38     3.22
  SINCE DEC 1      8.55                      7.95   0.60     9.22
  SINCE JAN 1      5.46                      4.98   0.48     4.34

SNOWFALL (IN)
  YESTERDAY        0.0           7.2  1984   0.2   -0.2      0.0
  MONTH TO DATE    0.6                       6.1   -5.5      9.1
  SINCE DEC 1      7.6                      20.3  -12.7     14.5
  SINCE JUL 1      7.6                      21.4  -13.8     14.5
  SNOW DEPTH       0

DEGREE DAYS
 HEATING
  YESTERDAY       14                        29    -15       13
  MONTH TO DATE  635                       903   -268      868
  SINCE DEC 1   2503                      2981   -478     2618
  SINCE JUL 1   3269                      3995   -726     3423

 COOLING
  YESTERDAY        0                         0      0        0
  MONTH TO DATE    4                         0      4        0
  SINCE DEC 1      4                         0      4        0
  SINCE JAN 1      4                         0      4        0
..................................................................


WIND (MPH)
  RESULTANT WIND SPEED   8   RESULTANT WIND DIRECTION   S (170)
  HIGHEST WIND SPEED    20   HIGHEST WIND DIRECTION     S (180)
  HIGHEST GUST SPEED    26   HIGHEST GUST DIRECTION    SW (210)
  AVERAGE WIND SPEED    10.3


SKY COVER
  POSSIBLE SUNSHINE  MM
  AVERAGE SKY COVER 1.0


WEATHER CONDITIONS
 THE FOLLOWING WEATHER WAS RECORDED YESTERDAY.
  HEAVY RAIN
  RAIN
  LIGHT RAIN
  FOG


RELATIVE HUMIDITY (PERCENT)
 HIGHEST    93           600 PM
 LOWEST     71           700 AM
 AVERAGE    82

..........................................................


THE COLUMBUS OH CLIMATE NORMALS FOR TODAY
                         NORMAL    RECORD    YEAR
 MAXIMUM TEMPERATURE (F)   45        65      1997
                                             1972
 MINIMUM TEMPERATURE (F)   28        -2      1967


SUNRISE AND SUNSET
MARCH  1 2017.........SUNRISE   704 AM EST   SUNSET   624 PM EST
MARCH  2 2017.........SUNRISE   703 AM EST   SUNSET   625 PM EST


-  INDICATES NEGATIVE NUMBERS.
R  INDICATES RECORD WAS SET OR TIED.
MM INDICATES DATA IS MISSING.
T  INDICATES TRACE AMOUNT.




$$
