000
CDUS41 KILN 280600
CLICMH


CLIMATE REPORT
NATIONAL WEATHER SERVICE WILMINGTON OH
154 AM EDT THU JUL 28 2016


...................................

...THE COLUMBUS OH CLIMATE SUMMARY FOR JULY 27 2016...

CLIMATE NORMAL PERIOD 1981 TO 2010
CLIMATE RECORD PERIOD 1869 TO 2016


WEATHER ITEM   OBSERVED TIME   RECORD YEAR NORMAL DEPARTURE LAST
                VALUE   (LST)  VALUE       VALUE  FROM      YEAR
                                                  NORMAL
..................................................................
TEMPERATURE (F)
 YESTERDAY
  MAXIMUM         91    243 PM 102    1936  85      6       87
  MINIMUM         72    545 AM  45    1962  66      6       70
  AVERAGE         82                        75      7       79

PRECIPITATION (IN)
  YESTERDAY        0.00          2.49 1926   0.15  -0.15      T
  MONTH TO DATE    2.33                      4.25  -1.92     5.33
  SINCE JUN 1      7.55                      8.26  -0.71    12.05
  SINCE JAN 1     21.28                     23.83  -2.55    28.19

SNOWFALL (IN)
  YESTERDAY        0.0           0.0         0.0    0.0      0.0
  MONTH TO DATE    0.0                       0.0    0.0      0.0
  SINCE JUN 1      0.0                       0.0    0.0      0.0
  SINCE JUL 1      0.0                       0.0    0.0      0.0
  SNOW DEPTH       0

DEGREE DAYS
 HEATING
  YESTERDAY        0                         0      0        0
  MONTH TO DATE    0                         0      0        0
  SINCE JUN 1      4                        19    -15       20
  SINCE JUL 1      0                         0      0        0

 COOLING
  YESTERDAY       17                        10      7       14
  MONTH TO DATE  321                       270     51      206
  SINCE JUN 1    580                       486     94      426
  SINCE JAN 1    645                       568     77      579
..................................................................


WIND (MPH)
  RESULTANT WIND SPEED   3   RESULTANT WIND DIRECTION   E (70)
  HIGHEST WIND SPEED    10   HIGHEST WIND DIRECTION     N (360)
  HIGHEST GUST SPEED    13   HIGHEST GUST DIRECTION     N (10)
  AVERAGE WIND SPEED     3.1


SKY COVER
  POSSIBLE SUNSHINE  MM
  AVERAGE SKY COVER 0.7


WEATHER CONDITIONS
 THE FOLLOWING WEATHER WAS RECORDED YESTERDAY.
  NO SIGNIFICANT WEATHER WAS OBSERVED.


RELATIVE HUMIDITY (PERCENT)
 HIGHEST    87          1200 AM
 LOWEST     44           200 PM
 AVERAGE    66

..........................................................


THE COLUMBUS OH CLIMATE NORMALS FOR TODAY
                         NORMAL    RECORD    YEAR
 MAXIMUM TEMPERATURE (F)   85       100      1952
 MINIMUM TEMPERATURE (F)   65        50      1962


SUNRISE AND SUNSET
JULY 28 2016..........SUNRISE   627 AM EDT   SUNSET   849 PM EDT
JULY 29 2016..........SUNRISE   628 AM EDT   SUNSET   848 PM EDT


-  INDICATES NEGATIVE NUMBERS.
R  INDICATES RECORD WAS SET OR TIED.
MM INDICATES DATA IS MISSING.
T  INDICATES TRACE AMOUNT.




$$
