000
CDUS41 KILN 220605
CLICMH


CLIMATE REPORT
NATIONAL WEATHER SERVICE WILMINGTON OH
104 AM EST SAT NOV 22 2014


...................................

...THE COLUMBUS OH CLIMATE SUMMARY FOR NOVEMBER 21 2014...

CLIMATE NORMAL PERIOD 1981 TO 2010
CLIMATE RECORD PERIOD 1869 TO 2014


WEATHER ITEM   OBSERVED TIME   RECORD YEAR NORMAL DEPARTURE LAST
                VALUE   (LST)  VALUE       VALUE  FROM      YEAR
                                                  NORMAL
..................................................................
TEMPERATURE (F)
 YESTERDAY
  MAXIMUM         27    417 PM  73    1934  50    -23       56
  MINIMUM         14    703 AM   5    1880  34    -20       40
  AVERAGE         21                        42    -21       48

PRECIPITATION (IN)
  YESTERDAY        0.00          1.18 1883   0.12  -0.12     0.14
  MONTH TO DATE    1.05                      2.23  -1.18     1.52
  SINCE SEP 1      4.47                      7.68  -3.21     9.95
  SINCE JAN 1     34.98                     35.37  -0.39    36.59

SNOWFALL (IN)
  YESTERDAY        0.0           1.9  1995   0.0    0.0      0.0
  MONTH TO DATE    4.0                       0.4    3.6      1.2
  SINCE SEP 1      4.0                       0.6    3.4      1.2
  SINCE JUL 1      4.0                       0.6    3.4      1.2
  SNOW DEPTH       1

DEGREE DAYS
 HEATING
  YESTERDAY       44                        23     21       17
  MONTH TO DATE  591                       397    194      403
  SINCE SEP 1    967                       791    176      752
  SINCE JUL 1    967                       791    176      756

 COOLING
  YESTERDAY        0                         0      0        0
  MONTH TO DATE    0                         0      0        0
  SINCE SEP 1    141                       135      6      178
  SINCE JAN 1   1163                      1024    139     1179
..................................................................


WIND (MPH)
  RESULTANT WIND SPEED   2   RESULTANT WIND DIRECTION   W (250)
  HIGHEST WIND SPEED    12   HIGHEST WIND DIRECTION     W (290)
  HIGHEST GUST SPEED    15   HIGHEST GUST DIRECTION     W (290)
  AVERAGE WIND SPEED     4.6


SKY COVER
  POSSIBLE SUNSHINE  MM
  AVERAGE SKY COVER 0.1


WEATHER CONDITIONS
 THE FOLLOWING WEATHER WAS RECORDED YESTERDAY.
  NO SIGNIFICANT WEATHER WAS OBSERVED.


RELATIVE HUMIDITY (PERCENT)
 HIGHEST    68           100 AM
 LOWEST     50           100 PM
 AVERAGE    59

..........................................................


THE COLUMBUS OH CLIMATE NORMALS FOR TODAY
                         NORMAL    RECORD    YEAR
 MAXIMUM TEMPERATURE (F)   50        74      1931
 MINIMUM TEMPERATURE (F)   34        -5      1880


SUNRISE AND SUNSET
NOVEMBER 22 2014......SUNRISE   725 AM EST   SUNSET   510 PM EST
NOVEMBER 23 2014......SUNRISE   726 AM EST   SUNSET   510 PM EST


-  INDICATES NEGATIVE NUMBERS.
R  INDICATES RECORD WAS SET OR TIED.
MM INDICATES DATA IS MISSING.
T  INDICATES TRACE AMOUNT.




$$
