000
CDUS41 KILN 292054
CLICMH


CLIMATE REPORT
NATIONAL WEATHER SERVICE WILMINGTON OH
453 PM EDT SUN MAR 29 2015


...................................

...THE COLUMBUS OH CLIMATE SUMMARY FOR MARCH 29 2015...
VALID TODAY AS OF 0400 PM LOCAL TIME.

CLIMATE NORMAL PERIOD 1981 TO 2010
CLIMATE RECORD PERIOD 1869 TO 2015


WEATHER ITEM   OBSERVED TIME   RECORD YEAR NORMAL DEPARTURE LAST
                VALUE   (LST)  VALUE       VALUE  FROM      YEAR
                                                  NORMAL
..................................................................
TEMPERATURE (F)
 TODAY
  MAXIMUM         47    333 PM  83    1910  57    -10       41
  MINIMUM         18    559 AM  14    1887  37    -19       34
  AVERAGE         33                        47    -14       38

PRECIPITATION (IN)
  TODAY            0.00          2.18 1974   0.11  -0.11     1.24
  MONTH TO DATE    3.85                      2.79   1.06     2.59
  SINCE MAR 1      3.85                      2.79   1.06     2.59
  SINCE JAN 1      8.42                      7.77   0.65     7.38

SNOWFALL (IN)
  TODAY            0.0           1.9  1970   0.1   -0.1      1.2
  MONTH TO DATE    5.4                       4.1    1.3      4.5
  SINCE MAR 1      5.4                       4.1    1.3      4.5
  SINCE JUL 1     33.4                      25.5    7.9     55.5
  SNOW DEPTH       0

DEGREE DAYS
 HEATING
  TODAY           32                        18     14       27
  MONTH TO DATE  800                       680    120      796
  SINCE MAR 1    800                       680    120      796
  SINCE JUL 1   5354                      4675    679     5180

 COOLING
  TODAY            0                         0      0        0
  MONTH TO DATE    0                         0      0        0
  SINCE MAR 1      0                         0      0        0
  SINCE JAN 1      0                         0      0        0
..................................................................


WIND (MPH)
  HIGHEST WIND SPEED    22   HIGHEST WIND DIRECTION     S (180)
  HIGHEST GUST SPEED    28   HIGHEST GUST DIRECTION     S (200)
  AVERAGE WIND SPEED     6.6


SKY COVER
  POSSIBLE SUNSHINE  MM
  AVERAGE SKY COVER 0.3


WEATHER CONDITIONS
 THE FOLLOWING WEATHER WAS RECORDED TODAY.
  NO SIGNIFICANT WEATHER WAS OBSERVED.


RELATIVE HUMIDITY (PERCENT)
 HIGHEST    84           200 AM
 LOWEST     25           300 PM
 AVERAGE    55

..........................................................


THE COLUMBUS OH CLIMATE NORMALS FOR TOMORROW
                         NORMAL    RECORD    YEAR
 MAXIMUM TEMPERATURE (F)   57        82      1998
                                             1986
 MINIMUM TEMPERATURE (F)   37        16      1915
                                             1887


SUNRISE AND SUNSET
MARCH 29 2015.........SUNRISE   721 AM EDT   SUNSET   753 PM EDT
MARCH 30 2015.........SUNRISE   719 AM EDT   SUNSET   754 PM EDT


-  INDICATES NEGATIVE NUMBERS.
R  INDICATES RECORD WAS SET OR TIED.
MM INDICATES DATA IS MISSING.
T  INDICATES TRACE AMOUNT.




$$
