000
CDUS41 KILN 120544
CLICMH


CLIMATE REPORT
NATIONAL WEATHER SERVICE WILMINGTON OH
1244 AM EST TUE DEC 12 2017


...................................

...THE COLUMBUS OH CLIMATE SUMMARY FOR DECEMBER 11 2017...

CLIMATE NORMAL PERIOD 1981 TO 2010
CLIMATE RECORD PERIOD 1869 TO 2017


WEATHER ITEM   OBSERVED TIME   RECORD YEAR NORMAL DEPARTURE LAST
                VALUE   (LST)  VALUE       VALUE  FROM      YEAR
                                                  NORMAL
..................................................................
TEMPERATURE (F)
 YESTERDAY
  MAXIMUM         39   1159 PM  66    2007  41     -2       35
                                      1931
  MINIMUM         31    853 AM  -9    1917  28      3       24
  AVERAGE         35                        34      1       30

PRECIPITATION (IN)
  YESTERDAY        T             1.26 1964   0.10  -0.10     0.27
  MONTH TO DATE    0.59                      1.09  -0.50     0.89
  SINCE DEC 1      0.59                      1.09  -0.50     0.89
  SINCE JAN 1     45.44                     37.43   8.01    35.58

SNOWFALL (IN)
  YESTERDAY        T             4.6  1960   0.1   -0.1      1.1
  MONTH TO DATE    1.5                       1.3    0.2      1.6
  SINCE DEC 1      1.5                       1.3    0.2      1.6
  SINCE JUL 1      1.5                       2.4   -0.9      1.6
  SNOW DEPTH       0

DEGREE DAYS
 HEATING
  YESTERDAY       30                        30      0       35
  MONTH TO DATE  320                       315      5      348
  SINCE DEC 1    320                       315      5      348
  SINCE JUL 1   1239                      1329    -90     1114

 COOLING
  YESTERDAY        0                         0      0        0
  MONTH TO DATE    0                         0      0        0
  SINCE DEC 1      0                         0      0        0
  SINCE JAN 1   1095                      1024     71     1327
..................................................................


WIND (MPH)
  RESULTANT WIND SPEED   3   RESULTANT WIND DIRECTION   S (190)
  HIGHEST WIND SPEED    21   HIGHEST WIND DIRECTION    NW (320)
  HIGHEST GUST SPEED    24   HIGHEST GUST DIRECTION    NW (310)
  AVERAGE WIND SPEED     8.3


SKY COVER
  POSSIBLE SUNSHINE  MM
  AVERAGE SKY COVER 1.0


WEATHER CONDITIONS
 THE FOLLOWING WEATHER WAS RECORDED YESTERDAY.
  LIGHT SNOW


RELATIVE HUMIDITY (PERCENT)
 HIGHEST    70           600 PM
 LOWEST     59           300 PM
 AVERAGE    65

..........................................................


THE COLUMBUS OH CLIMATE NORMALS FOR TODAY
                         NORMAL    RECORD    YEAR
 MAXIMUM TEMPERATURE (F)   41        68      2015
 MINIMUM TEMPERATURE (F)   28        -2      1962


SUNRISE AND SUNSET
DECEMBER 12 2017......SUNRISE   744 AM EST   SUNSET   507 PM EST
DECEMBER 13 2017......SUNRISE   745 AM EST   SUNSET   507 PM EST


-  INDICATES NEGATIVE NUMBERS.
R  INDICATES RECORD WAS SET OR TIED.
MM INDICATES DATA IS MISSING.
T  INDICATES TRACE AMOUNT.




$$
