000
CDUS41 KILN 070608
CLICMH


CLIMATE REPORT
NATIONAL WEATHER SERVICE WILMINGTON OH
105 AM EST WED DEC 7 2016


...................................

...THE COLUMBUS OH CLIMATE SUMMARY FOR DECEMBER 6 2016...

CLIMATE NORMAL PERIOD 1981 TO 2010
CLIMATE RECORD PERIOD 1869 TO 2016


WEATHER ITEM   OBSERVED TIME   RECORD YEAR NORMAL DEPARTURE LAST
                VALUE   (LST)  VALUE       VALUE  FROM      YEAR
                                                  NORMAL
..................................................................
TEMPERATURE (F)
 YESTERDAY
  MAXIMUM         44    412 PM  73    1998  43      1       47
  MINIMUM         34   1217 AM   3    1977  29      5       22
  AVERAGE         39                        36      3       35

PRECIPITATION (IN)
  YESTERDAY        0.42          1.10 1971   0.10   0.32     0.00
  MONTH TO DATE    0.62                      0.58   0.04     0.24
  SINCE DEC 1      0.62                      0.58   0.04     0.24
  SINCE JAN 1     35.31                     36.92  -1.61    40.36

SNOWFALL (IN)
  YESTERDAY        0.0           5.1  2013   0.1   -0.1      0.0
  MONTH TO DATE    0.0                       0.6   -0.6       T
  SINCE DEC 1      0.0                       0.6   -0.6       T
  SINCE JUL 1      T                         1.7   -1.7       T
  SNOW DEPTH       0

DEGREE DAYS
 HEATING
  YESTERDAY       26                        29     -3       30
  MONTH TO DATE  164                       167     -3      158
  SINCE DEC 1    164                       167     -3      158
  SINCE JUL 1    930                      1181   -251      963

 COOLING
  YESTERDAY        0                         0      0        0
  MONTH TO DATE    0                         0      0        0
  SINCE DEC 1      0                         0      0        0
  SINCE JAN 1   1327                      1024    303     1028
..................................................................


WIND (MPH)
  RESULTANT WIND SPEED   4   RESULTANT WIND DIRECTION   E (90)
  HIGHEST WIND SPEED    23   HIGHEST WIND DIRECTION     W (290)
  HIGHEST GUST SPEED    27   HIGHEST GUST DIRECTION     W (290)
  AVERAGE WIND SPEED     9.6


SKY COVER
  POSSIBLE SUNSHINE  MM
  AVERAGE SKY COVER 0.9


WEATHER CONDITIONS
 THE FOLLOWING WEATHER WAS RECORDED YESTERDAY.
  RAIN
  LIGHT RAIN
  FOG


RELATIVE HUMIDITY (PERCENT)
 HIGHEST   100          1100 AM
 LOWEST     76           600 AM
 AVERAGE    88

..........................................................


THE COLUMBUS OH CLIMATE NORMALS FOR TODAY
                         NORMAL    RECORD    YEAR
 MAXIMUM TEMPERATURE (F)   43        69      1998
 MINIMUM TEMPERATURE (F)   29        -1      1882


SUNRISE AND SUNSET
DECEMBER  7 2016......SUNRISE   740 AM EST   SUNSET   506 PM EST
DECEMBER  8 2016......SUNRISE   741 AM EST   SUNSET   506 PM EST


-  INDICATES NEGATIVE NUMBERS.
R  INDICATES RECORD WAS SET OR TIED.
MM INDICATES DATA IS MISSING.
T  INDICATES TRACE AMOUNT.




$$
