574
CDUS41 KILN 170554
CLICMH


CLIMATE REPORT
NATIONAL WEATHER SERVICE WILMINGTON OH
1246 AM EST TUE JAN 17 2017


...................................

...THE COLUMBUS OH CLIMATE SUMMARY FOR JANUARY 16 2017...

CLIMATE NORMAL PERIOD 1981 TO 2010
CLIMATE RECORD PERIOD 1869 TO 2017


WEATHER ITEM   OBSERVED TIME   RECORD YEAR NORMAL DEPARTURE LAST
                VALUE   (LST)  VALUE       VALUE  FROM      YEAR
                                                  NORMAL
..................................................................
TEMPERATURE (F)
 YESTERDAY
  MAXIMUM         47   1159 PM  60    1949  36     11       41
  MINIMUM         32    119 AM -13    1977  22     10       30
  AVERAGE         40                        29     11       36

PRECIPITATION (IN)
  YESTERDAY        0.08          1.29 1885   0.09  -0.01      T
  MONTH TO DATE    1.72                      1.46   0.26     0.98
  SINCE DEC 1      4.81                      4.43   0.38     5.86
  SINCE JAN 1      1.72                      1.46   0.26     0.98

SNOWFALL (IN)
  YESTERDAY       MM             4.8  1936   0.3   MM         T
  MONTH TO DATE    0.9                       4.7   -3.8      3.4
  SINCE DEC 1      6.3                       9.7   -3.4      3.4
  SINCE JUL 1      6.3                      10.8   -4.5      3.4
  SNOW DEPTH       0

DEGREE DAYS
 HEATING
  YESTERDAY       25                        36    -11       29
  MONTH TO DATE  507                       569    -62      560
  SINCE DEC 1   1508                      1546    -38     1184
  SINCE JUL 1   2274                      2560   -286     1989

 COOLING
  YESTERDAY        0                         0      0        0
  MONTH TO DATE    0                         0      0        0
  SINCE DEC 1      0                         0      0        0
  SINCE JAN 1      0                         0      0        0
..................................................................


WIND (MPH)
  RESULTANT WIND SPEED   4   RESULTANT WIND DIRECTION   E (110)
  HIGHEST WIND SPEED     9   HIGHEST WIND DIRECTION     E (110)
  HIGHEST GUST SPEED    11   HIGHEST GUST DIRECTION    SE (130)
  AVERAGE WIND SPEED     4.6


SKY COVER
  POSSIBLE SUNSHINE  MM
  AVERAGE SKY COVER 1.0


WEATHER CONDITIONS
 THE FOLLOWING WEATHER WAS RECORDED YESTERDAY.
  LIGHT RAIN
  FOG
  HAZE


RELATIVE HUMIDITY (PERCENT)
 HIGHEST   100           800 PM
 LOWEST     73          1100 AM
 AVERAGE    87

..........................................................


THE COLUMBUS OH CLIMATE NORMALS FOR TODAY
                         NORMAL    RECORD    YEAR
 MAXIMUM TEMPERATURE (F)   36        62      1952
 MINIMUM TEMPERATURE (F)   22       -19      1977


SUNRISE AND SUNSET
JANUARY 17 2017.......SUNRISE   750 AM EST   SUNSET   533 PM EST
JANUARY 18 2017.......SUNRISE   750 AM EST   SUNSET   534 PM EST


-  INDICATES NEGATIVE NUMBERS.
R  INDICATES RECORD WAS SET OR TIED.
MM INDICATES DATA IS MISSING.
T  INDICATES TRACE AMOUNT.




$$
