000
CDUS41 KILN 200803
CLICMH


CLIMATE REPORT
NATIONAL WEATHER SERVICE WILMINGTON OH
357 AM EDT WED AUG 20 2014


...................................

...THE COLUMBUS OH CLIMATE SUMMARY FOR AUGUST 19 2014...

CLIMATE NORMAL PERIOD 1981 TO 2010
CLIMATE RECORD PERIOD 1869 TO 2014


WEATHER ITEM   OBSERVED TIME   RECORD YEAR NORMAL DEPARTURE LAST
                VALUE   (LST)  VALUE       VALUE  FROM      YEAR
                                                  NORMAL
..................................................................
TEMPERATURE (F)
 YESTERDAY
  MAXIMUM         91    322 PM 101    1936  84      7       85
  MINIMUM         67    542 AM  49    1977  64      3       65
                                      1964
                                      1953
  AVERAGE         79                        74      5       75

PRECIPITATION (IN)
  YESTERDAY        0.00          1.83 1880   0.11  -0.11     0.00
  MONTH TO DATE    1.60                      2.05  -0.45     1.71
  SINCE JUN 1     10.36                     10.85  -0.49    13.04
  SINCE JAN 1     27.21                     26.42   0.79    25.51

SNOWFALL (IN)
  YESTERDAY        0.0           0.0    MM   0.0    0.0      0.0
  MONTH TO DATE    0.0                       0.0    0.0      0.0
  SINCE JUN 1      0.0                       0.0    0.0      0.0
  SINCE JUL 1      0.0                       0.0    0.0      0.0
  SNOW DEPTH       0

DEGREE DAYS
 HEATING
  YESTERDAY        0                         0      0        0
  MONTH TO DATE    0                         0      0        4
  SINCE JUN 1      1                        19    -18       10
  SINCE JUL 1      0                         0      0        4

 COOLING
  YESTERDAY       14                         9      5       10
  MONTH TO DATE  171                       182    -11      134
  SINCE JUN 1    711                       708      3      692
  SINCE JAN 1    866                       790     76      853
..................................................................


WIND (MPH)
  RESULTANT WIND SPEED   3   RESULTANT WIND DIRECTION   S (200)
  HIGHEST WIND SPEED    15   HIGHEST WIND DIRECTION    SW (240)
  HIGHEST GUST SPEED    18   HIGHEST GUST DIRECTION    SW (230)
  AVERAGE WIND SPEED     4.8


SKY COVER
  POSSIBLE SUNSHINE  MM
  AVERAGE SKY COVER 0.4


WEATHER CONDITIONS
 THE FOLLOWING WEATHER WAS RECORDED YESTERDAY.
  NO SIGNIFICANT WEATHER WAS OBSERVED.


RELATIVE HUMIDITY (PERCENT)
 HIGHEST    79          1200 AM
 LOWEST     41           200 PM
 AVERAGE    60

..........................................................


THE COLUMBUS OH CLIMATE NORMALS FOR TODAY
                         NORMAL    RECORD    YEAR
 MAXIMUM TEMPERATURE (F)   84       101      1983
 MINIMUM TEMPERATURE (F)   64        50      1977
                                             1949


SUNRISE AND SUNSET
AUGUST 20 2014........SUNRISE   648 AM EDT   SUNSET   821 PM EDT
AUGUST 21 2014........SUNRISE   649 AM EDT   SUNSET   820 PM EDT


-  INDICATES NEGATIVE NUMBERS.
R  INDICATES RECORD WAS SET OR TIED.
MM INDICATES DATA IS MISSING.
T  INDICATES TRACE AMOUNT.




$$
