000
CDUS41 KILN 210553
CLICMH


CLIMATE REPORT
NATIONAL WEATHER SERVICE WILMINGTON OH
152 AM EDT SUN SEP 21 2014


...................................

...THE COLUMBUS OH CLIMATE SUMMARY FOR SEPTEMBER 20 2014...

CLIMATE NORMAL PERIOD 1981 TO 2010
CLIMATE RECORD PERIOD 1869 TO 2014


WEATHER ITEM   OBSERVED TIME   RECORD YEAR NORMAL DEPARTURE LAST
                VALUE   (LST)  VALUE       VALUE  FROM      YEAR
                                                  NORMAL
..................................................................
TEMPERATURE (F)
 YESTERDAY
  MAXIMUM         85    408 PM  97    1895  75     10       87
  MINIMUM         59    401 AM  37    1956  55      4       67
  AVERAGE         72                        65      7       77

PRECIPITATION (IN)
  YESTERDAY        0.00          0.92 2000   0.09  -0.09      T
  MONTH TO DATE    0.61                      1.93  -1.32     0.99
  SINCE SEP 1      0.61                      1.93  -1.32     0.99
  SINCE JAN 1     31.12                     29.62   1.50    27.63

SNOWFALL (IN)
  YESTERDAY        0.0          MM      MM   0.0    0.0      0.0
  MONTH TO DATE    0.0                       0.0    0.0      0.0
  SINCE SEP 1      0.0                       0.0    0.0      0.0
  SINCE JUL 1      0.0                       0.0    0.0      0.0
  SNOW DEPTH       0

DEGREE DAYS
 HEATING
  YESTERDAY        0                         3     -3        0
  MONTH TO DATE   29                        26      3       22
  SINCE SEP 1     29                        26      3       22
  SINCE JUL 1     29                        26      3       26

 COOLING
  YESTERDAY        7                         3      4       12
  MONTH TO DATE  114                       100     14      125
  SINCE SEP 1    114                       100     14      125
  SINCE JAN 1   1136                       989    147     1126
..................................................................


WIND (MPH)
  RESULTANT WIND SPEED   8   RESULTANT WIND DIRECTION  SW (210)
  HIGHEST WIND SPEED    20   HIGHEST WIND DIRECTION    SW (230)
  HIGHEST GUST SPEED    25   HIGHEST GUST DIRECTION    SW (220)
  AVERAGE WIND SPEED     8.3


SKY COVER
  POSSIBLE SUNSHINE  MM
  AVERAGE SKY COVER 0.6


WEATHER CONDITIONS
 THE FOLLOWING WEATHER WAS RECORDED YESTERDAY.
  FOG
  HAZE


RELATIVE HUMIDITY (PERCENT)
 HIGHEST    90           600 AM
 LOWEST     43           300 PM
 AVERAGE    67

..........................................................


THE COLUMBUS OH CLIMATE NORMALS FOR TODAY
                         NORMAL    RECORD    YEAR
 MAXIMUM TEMPERATURE (F)   75        96      1895
 MINIMUM TEMPERATURE (F)   54        31      1962


SUNRISE AND SUNSET
SEPTEMBER 21 2014.....SUNRISE   718 AM EDT   SUNSET   730 PM EDT
SEPTEMBER 22 2014.....SUNRISE   719 AM EDT   SUNSET   729 PM EDT


-  INDICATES NEGATIVE NUMBERS.
R  INDICATES RECORD WAS SET OR TIED.
MM INDICATES DATA IS MISSING.
T  INDICATES TRACE AMOUNT.




$$
