000
CDUS43 KILX 230656
CLICMI


CLIMATE REPORT
NATIONAL WEATHER SERVICE LINCOLN IL
155 AM CDT SAT AUG 23 2014


...................................

...THE CHAMPAIGN IL AIRPORT CLIMATE SUMMARY FOR AUGUST 22 2014...

CLIMATE NORMAL PERIOD 1981 TO 2010
CLIMATE RECORD PERIOD 9999 TO 9999


WEATHER ITEM   OBSERVED TIME   RECORD YEAR NORMAL DEPARTURE LAST
                VALUE   (LST)  VALUE       VALUE  FROM      YEAR
                                                  NORMAL
..................................................................
TEMPERATURE (F)
 YESTERDAY
  MAXIMUM         84    455 PM  MM      MM  83      1       87
  MINIMUM         73   1159 PM  MM      MM  61     12       68
  AVERAGE         79                        72      7       78

PRECIPITATION (IN)
  YESTERDAY        0.11         MM      MM   0.14  -0.03     0.01
  MONTH TO DATE    0.85                      2.35  -1.50     0.09
  SINCE JUN 1     13.17                     10.86   2.31     8.37
  SINCE JAN 1     27.71                     26.02   1.69    24.05

DEGREE DAYS
 HEATING
  YESTERDAY        0                         0      0        0
  MONTH TO DATE    2                         0      2        7
  SINCE JUN 1      9                        19    -10       28
  SINCE JUL 1      9                         2      7       15

 COOLING
  YESTERDAY       14                         7      7       13
  MONTH TO DATE  146                       171    -25      138
  SINCE JUN 1    586                       676    -90      607
  SINCE JAN 1    738                       768    -30      739
..................................................................


WIND (MPH)
  HIGHEST WIND SPEED    14   HIGHEST WIND DIRECTION    SW (240)
  HIGHEST GUST SPEED    29   HIGHEST GUST DIRECTION    SE (140)
  AVERAGE WIND SPEED     5.8


SKY COVER
  POSSIBLE SUNSHINE  MM
  AVERAGE SKY COVER 0.4


WEATHER CONDITIONS
 THE FOLLOWING WEATHER WAS RECORDED YESTERDAY.
  THUNDERSTORM
  LIGHT RAIN
  FOG


RELATIVE HUMIDITY (PERCENT)
 HIGHEST    94          1200 AM
 LOWEST     74           300 PM
 AVERAGE    84

..........................................................


THE CHAMPAIGN IL AIRPORT CLIMATE NORMALS FOR TODAY
                         NORMAL    RECORD    YEAR
 MAXIMUM TEMPERATURE (F)   83        MM        MM
 MINIMUM TEMPERATURE (F)   61        MM        MM


SUNRISE AND SUNSET
AUGUST 23 2014........SUNRISE   612 AM CDT   SUNSET   738 PM CDT
AUGUST 24 2014........SUNRISE   613 AM CDT   SUNSET   737 PM CDT


-  INDICATES NEGATIVE NUMBERS.
R  INDICATES RECORD WAS SET OR TIED.
MM INDICATES DATA IS MISSING.
T  INDICATES TRACE AMOUNT.




$$
