000
CDUS43 KILX 300653
CLICMI


CLIMATE REPORT
NATIONAL WEATHER SERVICE LINCOLN IL
150 AM CDT TUE MAY 30 2017


...................................

...THE CHAMPAIGN IL AIRPORT CLIMATE SUMMARY FOR MAY 29 2017...

CLIMATE NORMAL PERIOD 1981 TO 2010
CLIMATE RECORD PERIOD 9999 TO 9999


WEATHER ITEM   OBSERVED TIME   RECORD YEAR NORMAL DEPARTURE LAST
                VALUE   (LST)  VALUE       VALUE  FROM      YEAR
                                                  NORMAL
..................................................................
TEMPERATURE (F)
 YESTERDAY
  MAXIMUM         84    152 PM  MM      MM  80      4       87
  MINIMUM         58    435 AM  MM      MM  55      3       62
  AVERAGE         71                        68      3       75

PRECIPITATION (IN)
  YESTERDAY        0.00         MM      MM   0.14  -0.14     0.00
  MONTH TO DATE    5.48                      4.27   1.21     2.43
  SINCE MAR 1     13.37                     10.81   2.56     8.75
  SINCE JAN 1     16.11                     14.88   1.23    10.41

DEGREE DAYS
 HEATING
  YESTERDAY        0                         2     -2        0
  MONTH TO DATE  148                       137     11      153
  SINCE MAR 1   1053                      1299   -246     1072
  SINCE JUL 1   4572                      5801  -1229     4759

 COOLING
  YESTERDAY        6                         4      2       10
  MONTH TO DATE   71                        72     -1       66
  SINCE MAR 1     95                        83     12       80
  SINCE JAN 1     95                        83     12       80
..................................................................


WIND (MPH)
  HIGHEST WIND SPEED    28   HIGHEST WIND DIRECTION     W (270)
  HIGHEST GUST SPEED    34   HIGHEST GUST DIRECTION     W (260)
  AVERAGE WIND SPEED    12.0


SKY COVER
  POSSIBLE SUNSHINE  MM
  AVERAGE SKY COVER 0.2


WEATHER CONDITIONS
 THE FOLLOWING WEATHER WAS RECORDED YESTERDAY.
  NO SIGNIFICANT WEATHER WAS OBSERVED.


RELATIVE HUMIDITY (PERCENT)
 HIGHEST    80           500 AM
 LOWEST     24          1100 AM
 AVERAGE    52

..........................................................


THE CHAMPAIGN IL AIRPORT CLIMATE NORMALS FOR TODAY
                         NORMAL    RECORD    YEAR
 MAXIMUM TEMPERATURE (F)   80        MM        MM
 MINIMUM TEMPERATURE (F)   56        MM        MM


SUNRISE AND SUNSET
MAY 30 2017...........SUNRISE   527 AM CDT   SUNSET   815 PM CDT
MAY 31 2017...........SUNRISE   527 AM CDT   SUNSET   815 PM CDT


-  INDICATES NEGATIVE NUMBERS.
R  INDICATES RECORD WAS SET OR TIED.
MM INDICATES DATA IS MISSING.
T  INDICATES TRACE AMOUNT.




$$
