000
CDUS43 KILX 222146
CLICMI


CLIMATE REPORT
NATIONAL WEATHER SERVICE LINCOLN IL
435 PM CDT FRI MAY 22 2015


...................................

...THE CHAMPAIGN IL AIRPORT CLIMATE SUMMARY FOR MAY 22 2015...
VALID TODAY AS OF 0400 PM LOCAL TIME.

CLIMATE NORMAL PERIOD 1981 TO 2010
CLIMATE RECORD PERIOD 9999 TO 9999


WEATHER ITEM   OBSERVED TIME   RECORD YEAR NORMAL DEPARTURE LAST
                VALUE   (LST)  VALUE       VALUE  FROM      YEAR
                                                  NORMAL
..................................................................
TEMPERATURE (F)
 TODAY
  MAXIMUM         79    239 PM  MM      MM  77      2       77
  MINIMUM         48    505 AM  MM      MM  53     -5       56
  AVERAGE         64                        65     -1       67

PRECIPITATION (IN)
  TODAY            0.00         MM      MM   0.14  -0.14     0.00
  MONTH TO DATE    2.79                      3.30  -0.51     5.46
  SINCE MAR 1      6.94                      9.84  -2.90    10.61
  SINCE JAN 1      8.61                     13.91  -5.30    13.36

DEGREE DAYS
 HEATING
  TODAY            1                         3     -2        0
  MONTH TO DATE   77                       120    -43      134
  SINCE MAR 1   1278                      1282     -4     1405
  SINCE JUL 1   6154                      5784    370     6486

 COOLING
  TODAY            0                         3     -3        2
  MONTH TO DATE   91                        44     47       73
  SINCE MAR 1     94                        55     39       76
  SINCE JAN 1     94                        55     39       76
..................................................................


WIND (MPH)
  HIGHEST WIND SPEED    15   HIGHEST WIND DIRECTION     W (270)
  HIGHEST GUST SPEED    17   HIGHEST GUST DIRECTION     W (270)
  AVERAGE WIND SPEED     8.5


SKY COVER
  POSSIBLE SUNSHINE  MM
  AVERAGE SKY COVER 0.0


WEATHER CONDITIONS
 THE FOLLOWING WEATHER WAS RECORDED TODAY.
  NO SIGNIFICANT WEATHER WAS OBSERVED.


RELATIVE HUMIDITY (PERCENT)
 HIGHEST    86           300 AM
 LOWEST     24           300 PM
 AVERAGE    55

..........................................................


THE CHAMPAIGN IL AIRPORT CLIMATE NORMALS FOR TOMORROW
                         NORMAL    RECORD    YEAR
 MAXIMUM TEMPERATURE (F)   78        MM        MM
 MINIMUM TEMPERATURE (F)   54        MM        MM


SUNRISE AND SUNSET
MAY 22 2015...........SUNRISE   532 AM CDT   SUNSET   808 PM CDT
MAY 23 2015...........SUNRISE   532 AM CDT   SUNSET   809 PM CDT


-  INDICATES NEGATIVE NUMBERS.
R  INDICATES RECORD WAS SET OR TIED.
MM INDICATES DATA IS MISSING.
T  INDICATES TRACE AMOUNT.




$$
