000
CDUS43 KILX 050646
CLICMI


CLIMATE REPORT
NATIONAL WEATHER SERVICE LINCOLN IL
1246 AM CST MON DEC 5 2016


...................................

...THE CHAMPAIGN IL AIRPORT CLIMATE SUMMARY FOR DECEMBER 4 2016...

CLIMATE NORMAL PERIOD 1981 TO 2010
CLIMATE RECORD PERIOD 9999 TO 9999


WEATHER ITEM   OBSERVED TIME   RECORD YEAR NORMAL DEPARTURE LAST
                VALUE   (LST)  VALUE       VALUE  FROM      YEAR
                                                  NORMAL
..................................................................
TEMPERATURE (F)
 YESTERDAY
  MAXIMUM         35   1058 AM  MM      MM  41     -6       39
  MINIMUM         32    200 AM  MM      MM  25      7       30
  AVERAGE         34                        33      1       35

PRECIPITATION (IN)
  YESTERDAY        0.40         MM      MM   0.09   0.31     0.00
  MONTH TO DATE    0.40                      0.36   0.04     0.07
  SINCE DEC 1      0.40                      0.36   0.04     0.07
  SINCE JAN 1     36.01                     37.56  -1.55    36.67

DEGREE DAYS
 HEATING
  YESTERDAY       31                        32     -1       30
  MONTH TO DATE  114                       126    -12      120
  SINCE DEC 1    114                       126    -12      120
  SINCE JUL 1    847                      1290   -443      987

 COOLING
  YESTERDAY        0                         0      0        0
  MONTH TO DATE    0                         0      0        0
  SINCE DEC 1      0                         0      0        0
  SINCE JAN 1   1284                       945    339     1085
..................................................................


WIND (MPH)
  HIGHEST WIND SPEED    17   HIGHEST WIND DIRECTION     W (270)
  HIGHEST GUST SPEED    20   HIGHEST GUST DIRECTION     W (260)
  AVERAGE WIND SPEED     8.8


SKY COVER
  POSSIBLE SUNSHINE  MM
  AVERAGE SKY COVER 1.0


WEATHER CONDITIONS
 THE FOLLOWING WEATHER WAS RECORDED YESTERDAY.
  RAIN
  LIGHT RAIN
  HEAVY SNOW
  SNOW
  LIGHT SNOW
  FOG
  FOG W/VISIBILITY <= 1/4 MILE
  HAZE


RELATIVE HUMIDITY (PERCENT)
 HIGHEST    96           400 PM
 LOWEST     82           300 AM
 AVERAGE    89

..........................................................


THE CHAMPAIGN IL AIRPORT CLIMATE NORMALS FOR TODAY
                         NORMAL    RECORD    YEAR
 MAXIMUM TEMPERATURE (F)   40        MM        MM
 MINIMUM TEMPERATURE (F)   24        MM        MM


SUNRISE AND SUNSET
DECEMBER  5 2016......SUNRISE   700 AM CST   SUNSET   428 PM CST
DECEMBER  6 2016......SUNRISE   701 AM CST   SUNSET   428 PM CST


-  INDICATES NEGATIVE NUMBERS.
R  INDICATES RECORD WAS SET OR TIED.
MM INDICATES DATA IS MISSING.
T  INDICATES TRACE AMOUNT.




$$
