000
CDUS43 KICT 010641
CLICNU


CLIMATE REPORT
NATIONAL WEATHER SERVICE WICHITA KS
141 AM CDT MON JUN 1 2015


...................................

...THE CHANUTE KS CLIMATE SUMMARY FOR MAY 31 2015...

CLIMATE NORMAL PERIOD 1981 TO 2010
CLIMATE RECORD PERIOD 1894 TO 2015


WEATHER ITEM   OBSERVED TIME   RECORD YEAR NORMAL DEPARTURE LAST
                VALUE   (LST)  VALUE       VALUE  FROM      YEAR
                                                  NORMAL
..................................................................
TEMPERATURE (F)
 YESTERDAY
  MAXIMUM         68    514 PM  99    1934  80    -12       84
  MINIMUM         58   1254 AM  42    1930  60     -2       66
  AVERAGE         63                        70     -7       75

PRECIPITATION (IN)
  YESTERDAY        T             4.00 1928   0.21  -0.21      T
  MONTH TO DATE   11.58                      5.80   5.78     5.52
  SINCE MAR 1     16.66                     13.24   3.42     8.49
  SINCE JAN 1     17.97                     16.40   1.57     9.46

DEGREE DAYS
 HEATING
  YESTERDAY        2                         1      1        0
  MONTH TO DATE   83                        76      7       97
  SINCE MAR 1    765                       905   -140     1070
  SINCE JUL 1   4455                      4477    -22     5090

 COOLING
  YESTERDAY        0                         6     -6       10
  MONTH TO DATE   87                       102    -15      176
  SINCE MAR 1    109                       133    -24      192
  SINCE JAN 1    109                       133    -24      192
..................................................................


WIND (MPH)
  HIGHEST WIND SPEED    13   HIGHEST WIND DIRECTION     E (80)
  HIGHEST GUST SPEED    17   HIGHEST GUST DIRECTION     N (360)
  AVERAGE WIND SPEED     6.0


SKY COVER
  POSSIBLE SUNSHINE  MM
  AVERAGE SKY COVER 1.0


WEATHER CONDITIONS
 THE FOLLOWING WEATHER WAS RECORDED YESTERDAY.
  FOG


RELATIVE HUMIDITY (PERCENT)
 HIGHEST    93           100 AM
 LOWEST     68           200 PM
 AVERAGE    81

..........................................................


THE CHANUTE KS CLIMATE NORMALS FOR TODAY
                         NORMAL    RECORD    YEAR
 MAXIMUM TEMPERATURE (F)   80        97      1934
 MINIMUM TEMPERATURE (F)   61        45      2001


SUNRISE AND SUNSET
JUNE  1 2015..........SUNRISE   602 AM CDT   SUNSET   838 PM CDT
JUNE  2 2015..........SUNRISE   602 AM CDT   SUNSET   838 PM CDT


-  INDICATES NEGATIVE NUMBERS.
R  INDICATES RECORD WAS SET OR TIED.
MM INDICATES DATA IS MISSING.
T  INDICATES TRACE AMOUNT.




$$
