000
CDUS43 KICT 280624
CLICNU

CLIMATE REPORT
NATIONAL WEATHER SERVICE WICHITA KS
123 AM CDT SAT MAY 28 2016


...................................

...THE CHANUTE KS CLIMATE SUMMARY FOR MAY 27 2016...

CLIMATE NORMAL PERIOD 1981 TO 2010
CLIMATE RECORD PERIOD 1894 TO 2016


WEATHER ITEM   OBSERVED TIME   RECORD YEAR NORMAL DEPARTURE LAST
                VALUE   (LST)  VALUE       VALUE  FROM      YEAR
                                                  NORMAL
..................................................................
TEMPERATURE (F)
 YESTERDAY
  MAXIMUM         76    456 PM  92    1927  79     -3       83
  MINIMUM         59    521 AM  44    1961  59      0       59
  AVERAGE         68                        69     -1       71

PRECIPITATION (IN)
  YESTERDAY        0.98          2.30 1916   0.22   0.76     0.00
  MONTH TO DATE    3.82                      4.93  -1.11     9.73
  SINCE MAR 1     10.70                     12.37  -1.67    14.81
  SINCE JAN 1     11.78                     15.53  -3.75    16.12

DEGREE DAYS
 HEATING
  YESTERDAY        0                         1     -1        0
  MONTH TO DATE  119                        72     47       78
  SINCE MAR 1    682                       902   -220      760
  SINCE JUL 1   3647                      4474   -827     4450

 COOLING
  YESTERDAY        3                         5     -2        6
  MONTH TO DATE   59                        80    -21       80
  SINCE MAR 1     83                       111    -28      102
  SINCE JAN 1     83                       111    -28      102
..................................................................


WIND (MPH)
  HIGHEST WIND SPEED    38   HIGHEST WIND DIRECTION    NW (310)
  HIGHEST GUST SPEED    50   HIGHEST GUST DIRECTION    NW (320)
  AVERAGE WIND SPEED     8.3


SKY COVER
  POSSIBLE SUNSHINE  MM
  AVERAGE SKY COVER 0.6


WEATHER CONDITIONS
 THE FOLLOWING WEATHER WAS RECORDED YESTERDAY.
  THUNDERSTORM
  HEAVY RAIN
  RAIN
  LIGHT RAIN
  FOG
  HAZE


RELATIVE HUMIDITY (PERCENT)
 HIGHEST    93           400 AM
 LOWEST     69           400 PM
 AVERAGE    81

..........................................................


THE CHANUTE KS CLIMATE NORMALS FOR TODAY
                         NORMAL    RECORD    YEAR
 MAXIMUM TEMPERATURE (F)   79        93      2012
                                             1966
 MINIMUM TEMPERATURE (F)   59        40      1947


SUNRISE AND SUNSET
MAY 28 2016...........SUNRISE   603 AM CDT   SUNSET   835 PM CDT
MAY 29 2016...........SUNRISE   603 AM CDT   SUNSET   836 PM CDT


-  INDICATES NEGATIVE NUMBERS.
R  INDICATES RECORD WAS SET OR TIED.
MM INDICATES DATA IS MISSING.
T  INDICATES TRACE AMOUNT.




$$
