000
CDUS41 KGYX 300802
CLICON


CLIMATE REPORT
NATIONAL WEATHER SERVICE GRAY ME
401 AM EDT SAT MAY 30 2015


...................................

...THE CONCORD NH CLIMATE SUMMARY FOR MAY 29 2015...

CLIMATE NORMAL PERIOD 1981 TO 2010
CLIMATE RECORD PERIOD 1868 TO 2015


WEATHER ITEM   OBSERVED TIME   RECORD YEAR NORMAL DEPARTURE LAST
                VALUE   (LST)  VALUE       VALUE  FROM      YEAR
                                                  NORMAL
..................................................................
TEMPERATURE (F)
 YESTERDAY
  MAXIMUM         82    319 PM  94    1978  73      9       70
  MINIMUM         53    436 AM  29    1970  47      6       39
  AVERAGE         68                        60      8       55

PRECIPITATION (IN)
  YESTERDAY        0.00          2.42 1984   0.12  -0.12     0.00
  MONTH TO DATE    0.18                      3.40  -3.22     3.44
  SINCE MAR 1      3.92                     10.08  -6.16    10.29
  SINCE JAN 1      9.98                     15.40  -5.42    17.61

SNOWFALL (IN)
  YESTERDAY        0.0           0.0  2002   0.0    0.0      0.0
                                      2001
                                      2000
  MONTH TO DATE    0.0                       0.2   -0.2      0.0
  SINCE MAR 1      7.9                      14.1   -6.2     10.6
  SINCE JUL 1     92.1                      61.6   30.5     80.4
  SNOW DEPTH       0

DEGREE DAYS
 HEATING
  YESTERDAY        0                         6     -6       10
  MONTH TO DATE  151                       292   -141      248
  SINCE MAR 1   1908                      1879     29     2081
  SINCE JUL 1   7362                      7139    223     7550

 COOLING
  YESTERDAY        3                         1      2        0
  MONTH TO DATE   58                        12     46        2
  SINCE MAR 1     58                        14     44        2
  SINCE JAN 1     58                        14     44        2
..................................................................


WIND (MPH)
  RESULTANT WIND SPEED   3   RESULTANT WIND DIRECTION  SE (140)
  HIGHEST WIND SPEED    13   HIGHEST WIND DIRECTION     S (170)
  HIGHEST GUST SPEED    17   HIGHEST GUST DIRECTION    SE (140)
  AVERAGE WIND SPEED     4.5


SKY COVER
  AVERAGE SKY COVER 0.2


WEATHER CONDITIONS
 THE FOLLOWING WEATHER WAS RECORDED YESTERDAY.
  NO SIGNIFICANT WEATHER WAS OBSERVED.


RELATIVE HUMIDITY (PERCENT)
 HIGHEST    93           300 AM
 LOWEST     45           200 PM
 AVERAGE    69

..........................................................


THE CONCORD NH CLIMATE NORMALS FOR TODAY
                         NORMAL    RECORD    YEAR
 MAXIMUM TEMPERATURE (F)   73        95      1929
 MINIMUM TEMPERATURE (F)   47        30      1967


SUNRISE AND SUNSET
MAY 30 2015...........SUNRISE   510 AM EDT   SUNSET   817 PM EDT
MAY 31 2015...........SUNRISE   510 AM EDT   SUNSET   818 PM EDT


-  INDICATES NEGATIVE NUMBERS.
R  INDICATES RECORD WAS SET OR TIED.
MM INDICATES DATA IS MISSING.
T  INDICATES TRACE AMOUNT.




$$
