000
CDUS41 KGYX 180908
CLICON


CLIMATE REPORT
NATIONAL WEATHER SERVICE GRAY ME
408 AM EST THU DEC 18 2014


...................................

...THE CONCORD NH CLIMATE SUMMARY FOR DECEMBER 17 2014...

CLIMATE NORMAL PERIOD 1981 TO 2010
CLIMATE RECORD PERIOD 1868 TO 2014


WEATHER ITEM   OBSERVED TIME   RECORD YEAR NORMAL DEPARTURE LAST
                VALUE   (LST)  VALUE       VALUE  FROM      YEAR
                                                  NORMAL
..................................................................
TEMPERATURE (F)
 YESTERDAY
  MAXIMUM         43    210 PM  59    2000  36      7       13
                                      1928
  MINIMUM         33    428 AM -22    1951  17     16      -13
  AVERAGE         38                        26     12        0

PRECIPITATION (IN)
  YESTERDAY        0.65          1.57 2003   0.10   0.55     0.33
                                      1973
  MONTH TO DATE    3.81                      1.84   1.97     1.75
  SINCE DEC 1      3.81                      1.84   1.97     1.75
  SINCE JAN 1     44.68                     39.25   5.43    39.15

SNOWFALL (IN)
  YESTERDAY       MM             8.6  1970   0.5   MM        4.3
  MONTH TO DATE    1.8                       7.2   -5.4     17.2
  SINCE DEC 1      1.8                       7.2   -5.4     17.2
  SINCE JUL 1     14.7                       9.8    4.9     17.4
  SNOW DEPTH       5

DEGREE DAYS
 HEATING
  YESTERDAY       27                        39    -12       65
  MONTH TO DATE  584                       608    -24      718
  SINCE DEC 1    584                       608    -24      718
  SINCE JUL 1   2088                      2168    -80     2235

 COOLING
  YESTERDAY        0                         0      0        0
  MONTH TO DATE    0                         0      0        0
  SINCE DEC 1      0                         0      0        0
  SINCE JAN 1    387                       452    -65      537
..................................................................


WIND (MPH)
  RESULTANT WIND SPEED   6   RESULTANT WIND DIRECTION  NW (310)
  HIGHEST WIND SPEED    13   HIGHEST WIND DIRECTION     W (290)
  HIGHEST GUST SPEED    16   HIGHEST GUST DIRECTION     W (290)
  AVERAGE WIND SPEED     6.7


SKY COVER
  AVERAGE SKY COVER 1.0


WEATHER CONDITIONS
 THE FOLLOWING WEATHER WAS RECORDED YESTERDAY.
  RAIN
  LIGHT RAIN
  FOG


RELATIVE HUMIDITY (PERCENT)
 HIGHEST   100           100 AM
 LOWEST     86           400 PM
 AVERAGE    93

..........................................................


THE CONCORD NH CLIMATE NORMALS FOR TODAY
                         NORMAL    RECORD    YEAR
 MAXIMUM TEMPERATURE (F)   35        59      1928
 MINIMUM TEMPERATURE (F)   16       -10      1980
                                             1969
                                             1919


SUNRISE AND SUNSET
DECEMBER 18 2014......SUNRISE   713 AM EST   SUNSET   412 PM EST
DECEMBER 19 2014......SUNRISE   714 AM EST   SUNSET   413 PM EST


-  INDICATES NEGATIVE NUMBERS.
R  INDICATES RECORD WAS SET OR TIED.
MM INDICATES DATA IS MISSING.
T  INDICATES TRACE AMOUNT.




$$
