000
CDUS41 KGYX 270711
CLICON


CLIMATE REPORT
NATIONAL WEATHER SERVICE GRAY ME
311 AM EDT THU APR 27 2017


...................................

...THE CONCORD NH CLIMATE SUMMARY FOR APRIL 26 2017...

CLIMATE NORMAL PERIOD 1981 TO 2010
CLIMATE RECORD PERIOD 1868 TO 2017


WEATHER ITEM   OBSERVED TIME   RECORD YEAR NORMAL DEPARTURE LAST
                VALUE   (LST)  VALUE       VALUE  FROM      YEAR
                                                  NORMAL
..................................................................
TEMPERATURE (F)
 YESTERDAY
  MAXIMUM         57        MM  85    1915  62     -5       50
  MINIMUM         44        MM  19    1893  36      8       31
  AVERAGE         51                        49      2       41

PRECIPITATION (IN)
  YESTERDAY        0.37          1.12 1910   0.11   0.26     0.35
  MONTH TO DATE    4.22                      2.94   1.28     1.65
  SINCE MAR 1      8.20                      6.21   1.99     4.32
  SINCE JAN 1     13.15                     11.53   1.62    10.07

SNOWFALL (IN)
  YESTERDAY        0.0           6.0  1874   0.0    0.0       T
  MONTH TO DATE    6.9                       2.7    4.2      2.7
  SINCE MAR 1     29.3                      13.8   15.5      5.0
  SINCE JUL 1     86.3                      61.3   25.0     29.7
  SNOW DEPTH       0

DEGREE DAYS
 HEATING
  YESTERDAY       14                        16     -2       24
  MONTH TO DATE  452                       540    -88      553
  SINCE MAR 1   1556                      1527     29     1335
  SINCE JUL 1   6054                      6787   -733     5684

 COOLING
  YESTERDAY        0                         0      0        0
  MONTH TO DATE    2                         0      2        0
  SINCE MAR 1      2                         0      2        0
  SINCE JAN 1      2                         0      2        0
..................................................................


WIND (MPH)
  RESULTANT WIND SPEED   6   RESULTANT WIND DIRECTION  NE (30)
  HIGHEST WIND SPEED    10   HIGHEST WIND DIRECTION     N (20)
  HIGHEST GUST SPEED    MM   HIGHEST GUST DIRECTION    MM
  AVERAGE WIND SPEED     7.0


SKY COVER
  AVERAGE SKY COVER 1.0


WEATHER CONDITIONS
 THE FOLLOWING WEATHER WAS RECORDED YESTERDAY.
  RAIN
  LIGHT RAIN
  FOG


RELATIVE HUMIDITY (PERCENT)
 HIGHEST   100           300 PM
 LOWEST     86           400 PM
 AVERAGE    93

..........................................................


THE CONCORD NH CLIMATE NORMALS FOR TODAY
                         NORMAL    RECORD    YEAR
 MAXIMUM TEMPERATURE (F)   63        92      1990
 MINIMUM TEMPERATURE (F)   36        21      1974
                                             1972


SUNRISE AND SUNSET
APRIL 27 2017.........SUNRISE   545 AM EDT   SUNSET   743 PM EDT
APRIL 28 2017.........SUNRISE   543 AM EDT   SUNSET   744 PM EDT


-  INDICATES NEGATIVE NUMBERS.
R  INDICATES RECORD WAS SET OR TIED.
MM INDICATES DATA IS MISSING.
T  INDICATES TRACE AMOUNT.




$$
