000
CDUS41 KGYX 222042
CLICON


CLIMATE REPORT
NATIONAL WEATHER SERVICE GRAY ME
442 PM EDT THU JUN 22 2017


...................................

...THE CONCORD NH CLIMATE SUMMARY FOR JUNE 22 2017...
VALID TODAY AS OF 0400 PM LOCAL TIME.

CLIMATE NORMAL PERIOD 1981 TO 2010
CLIMATE RECORD PERIOD 1868 TO 2017


WEATHER ITEM   OBSERVED TIME   RECORD YEAR NORMAL DEPARTURE LAST
                VALUE   (LST)  VALUE       VALUE  FROM      YEAR
                                                  NORMAL
..................................................................
TEMPERATURE (F)
 TODAY
  MAXIMUM         82    244 PM  95    1954  79      3       74
  MINIMUM         51    441 AM  37    1940  55     -4       48
                                      1871
  AVERAGE         67                        67      0       61

PRECIPITATION (IN)
  TODAY            0.00          2.27 1953   0.11  -0.11     0.03
  MONTH TO DATE    3.58                      2.80   0.78     1.11
  SINCE JUN 1      3.58                      2.80   0.78     1.11
  SINCE JAN 1     22.65                     18.46   4.19    13.81

SNOWFALL (IN)
  TODAY            0.0           0.0  2002   0.0    0.0      0.0
                                      2001
                                      2000
  MONTH TO DATE    0.0                       0.0    0.0      0.0
  SINCE JUN 1      0.0                       0.0    0.0      0.0
  SINCE JUL 1     86.3                      61.4   24.9     29.7
  SNOW DEPTH       0

DEGREE DAYS
 HEATING
  TODAY            0                         2     -2        4
  MONTH TO DATE   67                        75     -8       41
  SINCE JUN 1     67                        75     -8       41
  SINCE JUL 1   6464                      7225   -761     6060

 COOLING
  TODAY            2                         3     -1        0
  MONTH TO DATE   82                        50     32       39
  SINCE JUN 1     82                        50     32       39
  SINCE JAN 1    114                        68     46       79
..................................................................


WIND (MPH)
  HIGHEST WIND SPEED    14   HIGHEST WIND DIRECTION     W (260)
  HIGHEST GUST SPEED    18   HIGHEST GUST DIRECTION     W (270)
  AVERAGE WIND SPEED     4.6


SKY COVER
  POSSIBLE SUNSHINE  MM
  AVERAGE SKY COVER 0.1


WEATHER CONDITIONS
 THE FOLLOWING WEATHER WAS RECORDED TODAY.
  NO SIGNIFICANT WEATHER WAS OBSERVED.


RELATIVE HUMIDITY (PERCENT)
 HIGHEST    93           300 AM
 LOWEST     33           300 PM
 AVERAGE    63

..........................................................


THE CONCORD NH CLIMATE NORMALS FOR TOMORROW
                         NORMAL    RECORD    YEAR
 MAXIMUM TEMPERATURE (F)   79        94      1975
                                             1888
 MINIMUM TEMPERATURE (F)   55        39      1940
                                             1919


SUNRISE AND SUNSET
JUNE 22 2017..........SUNRISE   506 AM EDT   SUNSET   830 PM EDT
JUNE 23 2017..........SUNRISE   507 AM EDT   SUNSET   830 PM EDT


-  INDICATES NEGATIVE NUMBERS.
R  INDICATES RECORD WAS SET OR TIED.
MM INDICATES DATA IS MISSING.
T  INDICATES TRACE AMOUNT.




$$
