000
CDUS41 KGYX 290803
CLICON


CLIMATE REPORT
NATIONAL WEATHER SERVICE GRAY ME
403 AM EDT TUE JUL 29 2014


...................................

...THE CONCORD NH CLIMATE SUMMARY FOR JULY 28 2014...

CLIMATE NORMAL PERIOD 1981 TO 2010
CLIMATE RECORD PERIOD 1868 TO 2014


WEATHER ITEM   OBSERVED TIME   RECORD YEAR NORMAL DEPARTURE LAST
                VALUE   (LST)  VALUE       VALUE  FROM      YEAR
                                                  NORMAL
..................................................................
TEMPERATURE (F)
 YESTERDAY
  MAXIMUM         83    306 PM  97    1949  83      0       80
  MINIMUM         64   1159 PM  40    1977  58      6       58
  AVERAGE         74                        70      4       69

PRECIPITATION (IN)
  YESTERDAY        0.60          1.88 1938   0.12   0.48     0.08
  MONTH TO DATE    7.24                      3.36   3.88     6.69
  SINCE JUN 1     11.07                      7.05   4.02    13.47
  SINCE JAN 1     28.81                     22.71   6.10    26.23

SNOWFALL (IN)
  YESTERDAY        0.0           0.0  2002   0.0    0.0      0.0
                                      2001
                                      2000
  MONTH TO DATE    0.0                       0.0    0.0      0.0
  SINCE JUN 1      0.0                       0.0    0.0      0.0
  SINCE JUL 1      0.0                       0.0    0.0      0.0
  SNOW DEPTH       0

DEGREE DAYS
 HEATING
  YESTERDAY        0                         0      0        0
  MONTH TO DATE    0                        13    -13        2
  SINCE JUN 1     56                        98    -42       74
  SINCE JUL 1      0                        13    -13        2

 COOLING
  YESTERDAY        9                         6      3        4
  MONTH TO DATE  173                       158     15      252
  SINCE JUN 1    246                       242      4      361
  SINCE JAN 1    248                       260    -12      382
..................................................................


WIND (MPH)
  RESULTANT WIND SPEED   5   RESULTANT WIND DIRECTION   S (170)
  HIGHEST WIND SPEED    24   HIGHEST WIND DIRECTION    SW (220)
  HIGHEST GUST SPEED    34   HIGHEST GUST DIRECTION     S (200)
  AVERAGE WIND SPEED     6.7


SKY COVER
  AVERAGE SKY COVER 0.6


WEATHER CONDITIONS
 THE FOLLOWING WEATHER WAS RECORDED YESTERDAY.
  THUNDERSTORM
  HEAVY RAIN
  RAIN
  LIGHT RAIN
  FOG


RELATIVE HUMIDITY (PERCENT)
 HIGHEST   100          1200 AM
 LOWEST     58           300 PM
 AVERAGE    79

..........................................................


THE CONCORD NH CLIMATE NORMALS FOR TODAY
                         NORMAL    RECORD    YEAR
 MAXIMUM TEMPERATURE (F)   83        95      1949
 MINIMUM TEMPERATURE (F)   58        43      1978


SUNRISE AND SUNSET
JULY 29 2014..........SUNRISE   533 AM EDT   SUNSET   811 PM EDT
JULY 30 2014..........SUNRISE   534 AM EDT   SUNSET   810 PM EDT


-  INDICATES NEGATIVE NUMBERS.
R  INDICATES RECORD WAS SET OR TIED.
MM INDICATES DATA IS MISSING.
T  INDICATES TRACE AMOUNT.




$$
