000
CDUS41 KGYX 110911
CLICON


CLIMATE REPORT
NATIONAL WEATHER SERVICE GRAY ME
411 AM EST SUN DEC 11 2016


...................................

...THE CONCORD NH CLIMATE SUMMARY FOR DECEMBER 10 2016...

CLIMATE NORMAL PERIOD 1981 TO 2010
CLIMATE RECORD PERIOD 1868 TO 2016


WEATHER ITEM   OBSERVED TIME   RECORD YEAR NORMAL DEPARTURE LAST
                VALUE   (LST)  VALUE       VALUE  FROM      YEAR
                                                  NORMAL
..................................................................
TEMPERATURE (F)
 YESTERDAY
  MAXIMUM         27    127 PM  63    1907  38    -11       53
  MINIMUM          8   1159 PM -13    1949  20    -12       40
  AVERAGE         18                        29    -11       47

PRECIPITATION (IN)
  YESTERDAY        0.00          1.80 1957   0.12  -0.12     0.04
  MONTH TO DATE    1.07                      1.11  -0.04     0.50
  SINCE DEC 1      1.07                      1.11  -0.04     0.50
  SINCE JAN 1     30.82                     38.52  -7.70    34.03

SNOWFALL (IN)
  YESTERDAY        0.0           5.5  1905   0.4   -0.4      0.0
  MONTH TO DATE    2.7                       3.9   -1.2      0.0
  SINCE DEC 1      2.7                       3.9   -1.2      0.0
  SINCE JUL 1      3.4                       6.5   -3.1      0.0
  SNOW DEPTH       1

DEGREE DAYS
 HEATING
  YESTERDAY       47                        36     11       18
  MONTH TO DATE  321                       343    -22      273
  SINCE DEC 1    321                       343    -22      273
  SINCE JUL 1   1573                      1903   -330     1553

 COOLING
  YESTERDAY        0                         0      0        0
  MONTH TO DATE    0                         0      0        0
  SINCE DEC 1      0                         0      0        0
  SINCE JAN 1    715                       452    263      595
..................................................................


WIND (MPH)
  RESULTANT WIND SPEED   9   RESULTANT WIND DIRECTION  NW (310)
  HIGHEST WIND SPEED    22   HIGHEST WIND DIRECTION    NW (310)
  HIGHEST GUST SPEED    27   HIGHEST GUST DIRECTION    NW (330)
  AVERAGE WIND SPEED     8.4


SKY COVER
  AVERAGE SKY COVER 0.1


WEATHER CONDITIONS
 THE FOLLOWING WEATHER WAS RECORDED YESTERDAY.
  NO SIGNIFICANT WEATHER WAS OBSERVED.


RELATIVE HUMIDITY (PERCENT)
 HIGHEST    80          1100 PM
 LOWEST     37          1200 PM
 AVERAGE    59

..........................................................


THE CONCORD NH CLIMATE NORMALS FOR TODAY
                         NORMAL    RECORD    YEAR
 MAXIMUM TEMPERATURE (F)   38        64      1911
 MINIMUM TEMPERATURE (F)   19       -15      1977


SUNRISE AND SUNSET
DECEMBER 11 2016......SUNRISE   708 AM EST   SUNSET   411 PM EST
DECEMBER 12 2016......SUNRISE   709 AM EST   SUNSET   411 PM EST


-  INDICATES NEGATIVE NUMBERS.
R  INDICATES RECORD WAS SET OR TIED.
MM INDICATES DATA IS MISSING.
T  INDICATES TRACE AMOUNT.




$$
