000
CDUS41 KGYX 201141
CLICON


CLIMATE REPORT
NATIONAL WEATHER SERVICE GRAY ME
741 AM EDT MON OCT 20 2014


...................................

...THE CONCORD NH CLIMATE SUMMARY FOR OCTOBER 19 2014...

CLIMATE NORMAL PERIOD 1981 TO 2010
CLIMATE RECORD PERIOD 1868 TO 2014


WEATHER ITEM   OBSERVED TIME   RECORD YEAR NORMAL DEPARTURE LAST
                VALUE   (LST)  VALUE       VALUE  FROM      YEAR
                                                  NORMAL
..................................................................
TEMPERATURE (F)
 YESTERDAY
  MAXIMUM         53   1215 AM  82    1963  59     -6       66
  MINIMUM         37   1159 PM  11    1974  35      2       32
  AVERAGE         45                        47     -2       49

PRECIPITATION (IN)
  YESTERDAY        T             1.18 1916   0.13  -0.13      T
  MONTH TO DATE    2.65                      2.49   0.16     1.16
  SINCE SEP 1      3.07                      5.87  -2.80     5.97
  SINCE JAN 1     35.95                     32.14   3.81    34.26

SNOWFALL (IN)
  YESTERDAY       MM             T    1922   0.0   MM        0.0
                                      1992
  MONTH TO DATE    0.0                       0.0    0.0      0.0
  SINCE SEP 1      0.0                       0.0    0.0      0.0
  SINCE JUL 1      0.0                       0.0    0.0      0.0
  SNOW DEPTH       0

DEGREE DAYS
 HEATING
  YESTERDAY       20                        18      2       16
  MONTH TO DATE  199                       284    -85      199
  SINCE SEP 1    388                       471    -83      398
  SINCE JUL 1    420                       519    -99      428

 COOLING
  YESTERDAY        0                         0      0        0
  MONTH TO DATE    6                         0      6        0
  SINCE SEP 1     56                        37     19       46
  SINCE JAN 1    387                       450    -63      537
..................................................................


WIND (MPH)
  RESULTANT WIND SPEED  14   RESULTANT WIND DIRECTION  NW (320)
  HIGHEST WIND SPEED    24   HIGHEST WIND DIRECTION    NW (310)
  HIGHEST GUST SPEED    32   HIGHEST GUST DIRECTION    NW (320)
  AVERAGE WIND SPEED    13.8


SKY COVER
  AVERAGE SKY COVER 0.9


WEATHER CONDITIONS
 THE FOLLOWING WEATHER WAS RECORDED YESTERDAY.
  NO SIGNIFICANT WEATHER WAS OBSERVED.


RELATIVE HUMIDITY (PERCENT)
 HIGHEST    71          1200 AM
 LOWEST     44          1200 PM
 AVERAGE    58

..........................................................


THE CONCORD NH CLIMATE NORMALS FOR TODAY
                         NORMAL    RECORD    YEAR
 MAXIMUM TEMPERATURE (F)   59        77      1916
 MINIMUM TEMPERATURE (F)   34        12      1972


SUNRISE AND SUNSET
OCTOBER 20 2014.......SUNRISE   706 AM EDT   SUNSET   555 PM EDT
OCTOBER 21 2014.......SUNRISE   707 AM EDT   SUNSET   554 PM EDT


-  INDICATES NEGATIVE NUMBERS.
R  INDICATES RECORD WAS SET OR TIED.
MM INDICATES DATA IS MISSING.
T  INDICATES TRACE AMOUNT.




$$
