000
CDUS41 KGYX 200807
CLICON


CLIMATE REPORT
NATIONAL WEATHER SERVICE GRAY ME
406 AM EDT FRI OCT 20 2017


...................................

...THE CONCORD NH CLIMATE SUMMARY FOR OCTOBER 19 2017...

CLIMATE NORMAL PERIOD 1981 TO 2010
CLIMATE RECORD PERIOD 1868 TO 2017


WEATHER ITEM   OBSERVED TIME   RECORD YEAR NORMAL DEPARTURE LAST
                VALUE   (LST)  VALUE       VALUE  FROM      YEAR
                                                  NORMAL
..................................................................
TEMPERATURE (F)
 YESTERDAY
  MAXIMUM         76    130 PM  82    1963  59     17       78
  MINIMUM         32    559 AM  11    1974  35     -3       44
  AVERAGE         54                        47      7       61

PRECIPITATION (IN)
  YESTERDAY        0.00          1.18 1916   0.13  -0.13      T
  MONTH TO DATE    0.88                      2.49  -1.61     1.02
  SINCE SEP 1      3.94                      5.87  -1.93     3.96
  SINCE JAN 1     32.46                     32.14   0.32    22.14

SNOWFALL (IN)
  YESTERDAY        0.0           T    1922   0.0    0.0      0.0
                                      1992
  MONTH TO DATE    0.0                       0.0    0.0      0.0
  SINCE SEP 1      0.0                       0.0    0.0      0.0
  SINCE JUL 1      0.0                       0.0    0.0      0.0
  SNOW DEPTH       0

DEGREE DAYS
 HEATING
  YESTERDAY       11                        18     -7        4
  MONTH TO DATE  152                       284   -132      203
  SINCE SEP 1    240                       471   -231      305
  SINCE JUL 1    293                       519   -226      317

 COOLING
  YESTERDAY        0                         0      0        0
  MONTH TO DATE   11                         0     11        0
  SINCE SEP 1    116                        37     79       91
  SINCE JAN 1    561                       450    111      715
..................................................................


WIND (MPH)
  RESULTANT WIND SPEED   5   RESULTANT WIND DIRECTION   S (190)
  HIGHEST WIND SPEED    18   HIGHEST WIND DIRECTION     S (200)
  HIGHEST GUST SPEED    24   HIGHEST GUST DIRECTION     S (170)
  AVERAGE WIND SPEED     5.4


SKY COVER
  AVERAGE SKY COVER 0.1


WEATHER CONDITIONS
 THE FOLLOWING WEATHER WAS RECORDED YESTERDAY.
  FOG
  FOG W/VISIBILITY <= 1/4 MILE


RELATIVE HUMIDITY (PERCENT)
 HIGHEST    93           800 AM
 LOWEST     29           200 PM
 AVERAGE    61

..........................................................


THE CONCORD NH CLIMATE NORMALS FOR TODAY
                         NORMAL    RECORD    YEAR
 MAXIMUM TEMPERATURE (F)   59        77      1916
                                             1884
 MINIMUM TEMPERATURE (F)   34        12      1972


SUNRISE AND SUNSET
OCTOBER 20 2017.......SUNRISE   706 AM EDT   SUNSET   555 PM EDT
OCTOBER 21 2017.......SUNRISE   707 AM EDT   SUNSET   553 PM EDT


-  INDICATES NEGATIVE NUMBERS.
R  INDICATES RECORD WAS SET OR TIED.
MM INDICATES DATA IS MISSING.
T  INDICATES TRACE AMOUNT.




$$
