000
CDUS41 KGYX 270807
CLICON


CLIMATE REPORT
NATIONAL WEATHER SERVICE GRAY ME
407 AM EDT WED JUL 27 2016


...................................

...THE CONCORD NH CLIMATE SUMMARY FOR JULY 26 2016...

CLIMATE NORMAL PERIOD 1981 TO 2010
CLIMATE RECORD PERIOD 1868 TO 2016


WEATHER ITEM   OBSERVED TIME   RECORD YEAR NORMAL DEPARTURE LAST
                VALUE   (LST)  VALUE       VALUE  FROM      YEAR
                                                  NORMAL
..................................................................
TEMPERATURE (F)
 YESTERDAY
  MAXIMUM         92    328 PM  99    1963  83      9       79
  MINIMUM         65   1159 PM  39    1976  58      7       60
  AVERAGE         79                        70      9       70

PRECIPITATION (IN)
  YESTERDAY        0.00          1.45 1995   0.13  -0.13     0.01
  MONTH TO DATE    1.71                      3.12  -1.41     1.95
  SINCE JUN 1      3.12                      6.81  -3.69     7.25
  SINCE JAN 1     15.82                     22.47  -6.65    17.70

SNOWFALL (IN)
  YESTERDAY        0.0           0.0  2002   0.0    0.0      0.0
                                      2001
                                      2000
  MONTH TO DATE    0.0                       0.0    0.0      0.0
  SINCE JUN 1      0.0                       0.0    0.0      0.0
  SINCE JUL 1      0.0                       0.0    0.0      0.0
  SNOW DEPTH       0

DEGREE DAYS
 HEATING
  YESTERDAY        0                         0      0        0
  MONTH TO DATE   11                        13     -2        8
  SINCE JUN 1     53                        98    -45      103
  SINCE JUL 1     11                        13     -2        8

 COOLING
  YESTERDAY       14                         6      8        5
  MONTH TO DATE  200                       146     54      135
  SINCE JUN 1    282                       230     52      200
  SINCE JAN 1    322                       248     74      266
..................................................................


WIND (MPH)
  RESULTANT WIND SPEED   6   RESULTANT WIND DIRECTION  NW (310)
  HIGHEST WIND SPEED    20   HIGHEST WIND DIRECTION    NW (320)
  HIGHEST GUST SPEED    26   HIGHEST GUST DIRECTION    NW (330)
  AVERAGE WIND SPEED     7.1


SKY COVER
  AVERAGE SKY COVER 0.1


WEATHER CONDITIONS
 THE FOLLOWING WEATHER WAS RECORDED YESTERDAY.
  FOG


RELATIVE HUMIDITY (PERCENT)
 HIGHEST    93           400 AM
 LOWEST     34           300 PM
 AVERAGE    64

..........................................................


THE CONCORD NH CLIMATE NORMALS FOR TODAY
                         NORMAL    RECORD    YEAR
 MAXIMUM TEMPERATURE (F)   83        97      1963
 MINIMUM TEMPERATURE (F)   58        37      1977


SUNRISE AND SUNSET
JULY 27 2016..........SUNRISE   532 AM EDT   SUNSET   813 PM EDT
JULY 28 2016..........SUNRISE   533 AM EDT   SUNSET   812 PM EDT


-  INDICATES NEGATIVE NUMBERS.
R  INDICATES RECORD WAS SET OR TIED.
MM INDICATES DATA IS MISSING.
T  INDICATES TRACE AMOUNT.




$$
