000
CDUS41 KGYX 012143
CLICON


CLIMATE REPORT
NATIONAL WEATHER SERVICE GRAY ME
443 PM EST SUN FEB 1 2015


...................................

...THE CONCORD NH CLIMATE SUMMARY FOR FEBRUARY 1 2015...
VALID TODAY AS OF 0400 PM LOCAL TIME.

CLIMATE NORMAL PERIOD 1981 TO 2010
CLIMATE RECORD PERIOD 1868 TO 2015


WEATHER ITEM   OBSERVED TIME   RECORD YEAR NORMAL DEPARTURE LAST
                VALUE   (LST)  VALUE       VALUE  FROM      YEAR
                                                  NORMAL
..................................................................
TEMPERATURE (F)
 TODAY
  MAXIMUM         22    259 PM  62    1989  32    -10       40
  MINIMUM          1    645 AM -26    1971  11    -10       19
  AVERAGE         12                        21     -9       30

PRECIPITATION (IN)
  TODAY            0.00          1.16 2008   0.09  -0.09      T
  MONTH TO DATE    0.00                      0.09  -0.09      T
  SINCE DEC 1      8.43                      5.99   2.44     6.60
  SINCE JAN 1      3.27                      2.79   0.48     3.21

SNOWFALL (IN)
  TODAY            0.0          12.0  1898   0.5   -0.5       T
  MONTH TO DATE    0.0                       0.5   -0.5       T
  SINCE DEC 1     28.8                      33.1   -4.3     34.3
  SINCE JUL 1     41.7                      35.7    6.0     34.5
  SNOW DEPTH      12

DEGREE DAYS
 HEATING
  TODAY           53                        44      9       35
  MONTH TO DATE   53                        44      9       35
  SINCE DEC 1   2530                      2606    -76     2715
  SINCE JUL 1   4034                      4166   -132     4232

 COOLING
  TODAY            0                         0      0        0
  MONTH TO DATE    0                         0      0        0
  SINCE DEC 1      0                         0      0        0
  SINCE JAN 1      0                         0      0        0
..................................................................


WIND (MPH)
  HIGHEST WIND SPEED    24   HIGHEST WIND DIRECTION    NW (310)
  HIGHEST GUST SPEED    32   HIGHEST GUST DIRECTION    NW (310)
  AVERAGE WIND SPEED     9.4


SKY COVER
  POSSIBLE SUNSHINE  MM
  AVERAGE SKY COVER 0.0


WEATHER CONDITIONS
 THE FOLLOWING WEATHER WAS RECORDED TODAY.
  NO SIGNIFICANT WEATHER WAS OBSERVED.


RELATIVE HUMIDITY (PERCENT)
 HIGHEST    87           800 AM
 LOWEST     31           300 PM
 AVERAGE    59

..........................................................


THE CONCORD NH CLIMATE NORMALS FOR TOMORROW
                         NORMAL    RECORD    YEAR
 MAXIMUM TEMPERATURE (F)   32        52      1981
                                             1877
 MINIMUM TEMPERATURE (F)   11       -28      1874


SUNRISE AND SUNSET
FEBRUARY  1 2015......SUNRISE   702 AM EST   SUNSET   458 PM EST
FEBRUARY  2 2015......SUNRISE   701 AM EST   SUNSET   459 PM EST


-  INDICATES NEGATIVE NUMBERS.
R  INDICATES RECORD WAS SET OR TIED.
MM INDICATES DATA IS MISSING.
T  INDICATES TRACE AMOUNT.




$$
