000
CDUS41 KGYX 262041
CLICON


CLIMATE REPORT
NATIONAL WEATHER SERVICE GRAY ME
441 PM EDT SUN MAR 26 2017


...................................

...THE CONCORD NH CLIMATE SUMMARY FOR MARCH 26 2017...
VALID TODAY AS OF 0400 PM LOCAL TIME.

CLIMATE NORMAL PERIOD 1981 TO 2010
CLIMATE RECORD PERIOD 1868 TO 2017


WEATHER ITEM   OBSERVED TIME   RECORD YEAR NORMAL DEPARTURE LAST
                VALUE   (LST)  VALUE       VALUE  FROM      YEAR
                                                  NORMAL
..................................................................
TEMPERATURE (F)
 TODAY
  MAXIMUM         39   1238 PM  74    1949  48     -9       54
                                      1945
  MINIMUM         18    544 AM  -4    1960  26     -8       28
  AVERAGE         29                        37     -8       41

PRECIPITATION (IN)
  TODAY            0.00          1.02 1953   0.11  -0.11     0.00
  MONTH TO DATE    2.00                      2.72  -0.72     2.08
  SINCE MAR 1      2.00                      2.72  -0.72     2.08
  SINCE JAN 1      6.95                      8.04  -1.09     7.83

SNOWFALL (IN)
  TODAY            0.0           3.5  1978   0.3   -0.3      0.0
  MONTH TO DATE   16.5                       9.9    6.6      2.3
  SINCE MAR 1     16.5                       9.9    6.6      2.3
  SINCE JUL 1     73.5                      57.4   16.1     27.0
  SNOW DEPTH       9

DEGREE DAYS
 HEATING
  TODAY           36                        28      8       24
  MONTH TO DATE  967                       852    115      675
  SINCE MAR 1    967                       852    115      675
  SINCE JUL 1   5465                      6112   -647     5024

 COOLING
  TODAY            0                         0      0        0
  MONTH TO DATE    0                         0      0        0
  SINCE MAR 1      0                         0      0        0
  SINCE JAN 1      0                         0      0        0
..................................................................


WIND (MPH)
  HIGHEST WIND SPEED    14   HIGHEST WIND DIRECTION     E (90)
  HIGHEST GUST SPEED    17   HIGHEST GUST DIRECTION     E (110)
  AVERAGE WIND SPEED     4.1


SKY COVER
  POSSIBLE SUNSHINE  MM
  AVERAGE SKY COVER 0.3


WEATHER CONDITIONS
 THE FOLLOWING WEATHER WAS RECORDED TODAY.
  FOG


RELATIVE HUMIDITY (PERCENT)
 HIGHEST    96          1200 AM
 LOWEST     41           900 AM
 AVERAGE    69

..........................................................


THE CONCORD NH CLIMATE NORMALS FOR TOMORROW
                         NORMAL    RECORD    YEAR
 MAXIMUM TEMPERATURE (F)   48        76      1998
 MINIMUM TEMPERATURE (F)   26         9      1975
                                             1956


SUNRISE AND SUNSET
MARCH 26 2017.........SUNRISE   638 AM EDT   SUNSET   706 PM EDT
MARCH 27 2017.........SUNRISE   636 AM EDT   SUNSET   707 PM EDT


-  INDICATES NEGATIVE NUMBERS.
R  INDICATES RECORD WAS SET OR TIED.
MM INDICATES DATA IS MISSING.
T  INDICATES TRACE AMOUNT.




$$
