000
CDUS45 KPUB 041051
CLICOS


CLIMATE REPORT
NATIONAL WEATHER SERVICE PUEBLO
451 AM MDT SAT JUL 4 2015


...................................

...THE COLORADO SPRINGS CO CLIMATE SUMMARY FOR JULY 3 2015...

CLIMATE NORMAL PERIOD 1981 TO 2010
CLIMATE RECORD PERIOD 1872 TO 2015


WEATHER ITEM   OBSERVED TIME   RECORD YEAR NORMAL DEPARTURE LAST
                VALUE   (LST)  VALUE       VALUE  FROM      YEAR
                                                  NORMAL
..................................................................
TEMPERATURE (F)
 YESTERDAY
  MAXIMUM         82    336 PM  98    1957  84     -2       89
  MINIMUM         55    456 AM  45    1908  56     -1       50
  AVERAGE         69                        70     -1       70

PRECIPITATION (IN)
  YESTERDAY        0.32          1.19 1919   0.07   0.25     0.48
  MONTH TO DATE    0.41                      0.21   0.20     0.48
  SINCE JUN 1      6.13                      2.71   3.42     1.77
  SINCE JAN 1     18.36                      7.82  10.54     6.56

SNOWFALL (IN)
  YESTERDAY        0.0           T    2014   0.0    0.0       T
                                      2007
  MONTH TO DATE    0.0                       0.0    0.0       T
  SINCE JUN 1      T                         0.0    0.0       T
  SINCE JUL 1      0.0                       0.0    0.0       T
  SNOW DEPTH       0

DEGREE DAYS
 HEATING
  YESTERDAY        0                         1     -1        0
  MONTH TO DATE    0                         3     -3        4
  SINCE JUN 1     10                        82    -72       43
  SINCE JUL 1      0                         3     -3        4

 COOLING
  YESTERDAY        4                         6     -2        5
  MONTH TO DATE   16                        16      0        5
  SINCE JUN 1    138                        99     39      109
  SINCE JAN 1    138                       109     29      122
..................................................................


WIND (MPH)
  HIGHEST WIND SPEED    33   HIGHEST WIND DIRECTION     N (340)
  HIGHEST GUST SPEED    41   HIGHEST GUST DIRECTION    NW (330)
  AVERAGE WIND SPEED     6.8


SKY COVER
  POSSIBLE SUNSHINE  MM
  AVERAGE SKY COVER 0.5


WEATHER CONDITIONS
 THE FOLLOWING WEATHER WAS RECORDED YESTERDAY.
  THUNDERSTORM
  HEAVY RAIN
  RAIN
  LIGHT RAIN


RELATIVE HUMIDITY (PERCENT)
 HIGHEST    83           500 AM
 LOWEST     36           400 PM
 AVERAGE    60

..........................................................


THE COLORADO SPRINGS CO CLIMATE NORMALS FOR TODAY
                         NORMAL    RECORD    YEAR
 MAXIMUM TEMPERATURE (F)   85        99      1964
 MINIMUM TEMPERATURE (F)   56        37      1903


SUNRISE AND SUNSET
JULY  4 2015..........SUNRISE   539 AM MDT   SUNSET   827 PM MDT
JULY  5 2015..........SUNRISE   539 AM MDT   SUNSET   827 PM MDT


-  INDICATES NEGATIVE NUMBERS.
R  INDICATES RECORD WAS SET OR TIED.
MM INDICATES DATA IS MISSING.
T  INDICATES TRACE AMOUNT.




$$
