000
CDUS45 KPUB 250025
CLICOS


CLIMATE REPORT
NATIONAL WEATHER SERVICE PUEBLO
625 PM MDT THU APR 24 2014


...................................

...THE COLORADO SPRINGS CO CLIMATE SUMMARY FOR APRIL 24 2014...
VALID TODAY AS OF 0500 PM LOCAL TIME.

CLIMATE NORMAL PERIOD 1981 TO 2010
CLIMATE RECORD PERIOD 1872 TO 2014


WEATHER ITEM   OBSERVED TIME   RECORD YEAR NORMAL DEPARTURE LAST
                VALUE   (LST)  VALUE       VALUE  FROM      YEAR
                                                  NORMAL
..................................................................
TEMPERATURE (F)
 TODAY
  MAXIMUM         63    303 PM  84    2012  62      1       52
                                      1996
  MINIMUM         33    404 AM  18    2013  36     -3       18
  AVERAGE         48                        49     -1       35

PRECIPITATION (IN)
  TODAY            0.00          2.00 1997   0.05  -0.05     0.00
  MONTH TO DATE    0.90                      1.06  -0.16     0.33
  SINCE MAR 1      1.32                      2.06  -0.74     0.51
  SINCE JAN 1      2.21                      2.72  -0.51     1.59

SNOWFALL (IN)
  TODAY            0.0          11.1  1997   0.2   -0.2      0.0
  MONTH TO DATE    7.5                       4.2    3.3      3.6
  SINCE MAR 1     10.3                      12.3   -2.0      7.8
  SINCE JUL 1     34.4                      36.3   -1.9     27.8
  SNOW DEPTH       0

DEGREE DAYS
 HEATING
  TODAY           17                        16      1       30
  MONTH TO DATE  418                       464    -46      610
  SINCE MAR 1   1199                      1269    -70     1422
  SINCE JUL 1   5686                      5832   -146     5766

 COOLING
  TODAY            0                         0      0        0
  MONTH TO DATE    0                         0      0        0
  SINCE MAR 1      0                         0      0        0
  SINCE JAN 1      0                         0      0        0
..................................................................


WIND (MPH)
  HIGHEST WIND SPEED    25   HIGHEST WIND DIRECTION    SE (150)
  HIGHEST GUST SPEED    39   HIGHEST GUST DIRECTION    SE (140)
  AVERAGE WIND SPEED    11.6


SKY COVER
  POSSIBLE SUNSHINE  MM
  AVERAGE SKY COVER 0.4


WEATHER CONDITIONS
 THE FOLLOWING WEATHER WAS RECORDED TODAY.
  NO SIGNIFICANT WEATHER WAS OBSERVED.


RELATIVE HUMIDITY (PERCENT)
 HIGHEST    89           400 AM
 LOWEST     14           200 PM
 AVERAGE    52

..........................................................


THE COLORADO SPRINGS CO CLIMATE NORMALS FOR TOMORROW
                         NORMAL    RECORD    YEAR
 MAXIMUM TEMPERATURE (F)   63        81      2012
                                             1981
                                             1949
 MINIMUM TEMPERATURE (F)   36        20      1924
                                             1907


SUNRISE AND SUNSET
APRIL 24 2014.........SUNRISE   610 AM MDT   SUNSET   745 PM MDT
APRIL 25 2014.........SUNRISE   609 AM MDT   SUNSET   746 PM MDT


-  INDICATES NEGATIVE NUMBERS.
R  INDICATES RECORD WAS SET OR TIED.
MM INDICATES DATA IS MISSING.
T  INDICATES TRACE AMOUNT.




$$
