000
CDUS45 KPUB 271058
CLICOS


CLIMATE REPORT
NATIONAL WEATHER SERVICE PUEBLO
457 AM MDT FRI MAY 27 2016


...................................

...THE COLORADO SPRINGS CO CLIMATE SUMMARY FOR MAY 26 2016...

CLIMATE NORMAL PERIOD 1981 TO 2010
CLIMATE RECORD PERIOD 1872 TO 2016


WEATHER ITEM   OBSERVED TIME   RECORD YEAR NORMAL DEPARTURE LAST
                VALUE   (LST)  VALUE       VALUE  FROM      YEAR
                                                  NORMAL
..................................................................
TEMPERATURE (F)
 YESTERDAY
  MAXIMUM         68   1137 AM  90    2012  72     -4       67
  MINIMUM         44    850 PM  28    1950  46     -2       41
  AVERAGE         56                        59     -3       54

PRECIPITATION (IN)
  YESTERDAY        0.61          1.63 1990   0.08   0.53     0.26
  MONTH TO DATE    1.64                      1.63   0.01     7.66
  SINCE MAR 1      4.65                      4.05   0.60     9.44
  SINCE JAN 1      6.19                      4.71   1.48    11.76

SNOWFALL (IN)
  YESTERDAY        T             0.3  1950   0.0    0.0       T
  MONTH TO DATE    T                         0.7   -0.7       T
  SINCE MAR 1     23.6                      13.7    9.9      5.6
  SINCE JUL 1     50.7                      37.7   13.0     46.5
  SNOW DEPTH       0

DEGREE DAYS
 HEATING
  YESTERDAY        9                         7      2       11
  MONTH TO DATE  277                       261     16      359
  SINCE MAR 1   1530                      1620    -90     1517
  SINCE JUL 1   5433                      6183   -750     5738

 COOLING
  YESTERDAY        0                         1     -1        0
  MONTH TO DATE    2                         2      0        0
  SINCE MAR 1      2                         3     -1        0
  SINCE JAN 1      2                         3     -1        0
..................................................................


WIND (MPH)
  HIGHEST WIND SPEED    24   HIGHEST WIND DIRECTION     E (80)
  HIGHEST GUST SPEED    33   HIGHEST GUST DIRECTION     E (70)
  AVERAGE WIND SPEED    11.3


SKY COVER
  POSSIBLE SUNSHINE  MM
  AVERAGE SKY COVER 0.8


WEATHER CONDITIONS
 THE FOLLOWING WEATHER WAS RECORDED YESTERDAY.
  THUNDERSTORM
  HEAVY RAIN
  RAIN
  LIGHT RAIN
  HAIL
  FOG
  HAZE


RELATIVE HUMIDITY (PERCENT)
 HIGHEST    92           600 PM
 LOWEST     40          1100 AM
 AVERAGE    66

..........................................................


THE COLORADO SPRINGS CO CLIMATE NORMALS FOR TODAY
                         NORMAL    RECORD    YEAR
 MAXIMUM TEMPERATURE (F)   72        89      2010
 MINIMUM TEMPERATURE (F)   46        34      1917


SUNRISE AND SUNSET
MAY 27 2016...........SUNRISE   538 AM MDT   SUNSET   815 PM MDT
MAY 28 2016...........SUNRISE   537 AM MDT   SUNSET   816 PM MDT


-  INDICATES NEGATIVE NUMBERS.
R  INDICATES RECORD WAS SET OR TIED.
MM INDICATES DATA IS MISSING.
T  INDICATES TRACE AMOUNT.




$$
